74.7.242.0 - - [25/Dec/2025:00:29:10 -0500] "GET /getattachment/k-mobilnym-telefonom/Drzaky/YSM-501MG/30015243_10.jpg.aspx?path=//proc/thread-self/root/homepages/32/d331707702/htdocs HTTP/1.1" 200 12991 www.noticias-web.online "-" "Mozilla/5.0 AppleWebKit/537.36 (KHTML, like Gecko; compatible; GPTBot/1.3; +https://openai.com/gptbot)" "-"
2a03:2880:f800:: - - [25/Dec/2025:00:29:11 -0500] "GET /assuntos-gerais/site-oficial-aqui-no-brasil-apostas-esportivas-e-cassino-online-3/?path=/homepages/16/d859685805/.config HTTP/1.1" 200 12769 noticias-web.online "-" "meta-externalagent/1.1 (+https://developers.facebook.com/docs/sharing/webmasters/crawler)" "-"
74.7.243.0 - - [25/Dec/2025:00:29:13 -0500] "GET /cdn-cgi/scripts/5c5dd728/cloudflare-static/email-decode.min.js?path=//kunden/kunden/kunden/proc/thread-self/root/kunden/kunden/kunden/kunden/kunden/kunden/kunden/usr/lib/locale/sq_AL HTTP/1.1" 200 35867 noticias-web.online "-" "Mozilla/5.0 AppleWebKit/537.36 (KHTML, like Gecko; compatible; GPTBot/1.3; +https://openai.com/gptbot)" "-"
34.196.114.0 - - [25/Dec/2025:00:29:13 -0500] "GET /n?fileloc=//kunden/kunden/lib/locale/th_TH/LC_COLLATE&path=//kunden/kunden/lib/locale/th_TH HTTP/1.1" 200 12424 noticias-web.online "-" "Mozilla/5.0 AppleWebKit/537.36 (KHTML, like Gecko; compatible; Amazonbot/0.1; +https://developer.amazon.com/support/amazonbot) Chrome/119.0.6045.214 Safari/537.36" "-"
74.7.242.0 - - [25/Dec/2025:00:29:13 -0500] "GET /getattachment/k-mobilnym-telefonom/Drzaky/YSM-501MG/30015243_10.jpg.aspx?path=//proc/thread-self/root/homepages/32/d331707702/.oneclick HTTP/1.1" 200 12997 www.noticias-web.online "-" "Mozilla/5.0 AppleWebKit/537.36 (KHTML, like Gecko; compatible; GPTBot/1.3; +https://openai.com/gptbot)" "-"
2a03:2880:f800:: - - [25/Dec/2025:00:29:14 -0500] "GET /goods875676800?path=/homepages/4/d853070120 HTTP/1.1" 200 24001 noticias-web.online "-" "meta-externalagent/1.1 (+https://developers.facebook.com/docs/sharing/webmasters/crawler)" "-"
216.73.216.0 - - [25/Dec/2025:00:29:14 -0500] "GET /goods1189106112?fileloc=%2Fhomepages%2F4%2Fd860090557%2Fhtdocs%2Fclickandbuilds%2FNotciasWebOnline%2Fwp-includes%2Fclass-json.php&path=%2Fhomepages%2F4%2Fd860090557%2Fhtdocs%2Fclickandbuilds%2FNotciasWebOnline%2Fwp-includes HTTP/1.1" 429 227 noticias-web.online "-" "Mozilla/5.0 AppleWebKit/537.36 (KHTML, like Gecko; compatible; ClaudeBot/1.0; +claudebot@anthropic.com)" "-"
2a03:2880:f800:: - - [25/Dec/2025:00:29:14 -0500] "GET /wp-json/wp/v2/posts/2830?fileloc=//kunden/bin/pgrep&path=//kunden/bin HTTP/1.1" 200 12236 noticias-web.online "-" "meta-externalagent/1.1 (+https://developers.facebook.com/docs/sharing/webmasters/crawler)" "-"
2a03:2880:f800:: - - [25/Dec/2025:00:29:14 -0500] "GET /goods705106624?kg=0704226041 HTTP/1.1" 200 87787 noticias-web.online "-" "meta-externalagent/1.1 (+https://developers.facebook.com/docs/sharing/webmasters/crawler)" "-"
2a03:2880:f800:: - - [25/Dec/2025:00:29:15 -0500] "GET /assuntos-gerais/mostbet-stavki-na-sport-i-ikh-vliianie-na-azartnye-igry/?fileloc=//lib/locale/fil_PH/LC_PAPER&path=//lib/locale/fil_PH HTTP/1.1" 200 12290 noticias-web.online "-" "meta-externalagent/1.1 (+https://developers.facebook.com/docs/sharing/webmasters/crawler)" "-"
2a03:2880:f800:: - - [25/Dec/2025:00:29:15 -0500] "GET /wp-json/wp/v2/posts/3007?fileloc=//sbin/nologin&path=//sbin HTTP/1.1" 200 12191 noticias-web.online "-" "meta-externalagent/1.1 (+https://developers.facebook.com/docs/sharing/webmasters/crawler)" "-"
2a03:2880:f800:: - - [25/Dec/2025:00:29:16 -0500] "GET /assuntos-gerais/site-oficial-em-nosso-pais-apostas-esportivas-electronic-cassino-online-2/feed/?path=/homepages/5/d857889172/.oneclick HTTP/1.1" 200 12769 noticias-web.online "-" "meta-externalagent/1.1 (+https://developers.facebook.com/docs/sharing/webmasters/crawler)" "-"
74.7.243.0 - - [25/Dec/2025:00:29:16 -0500] "GET /cdn-cgi/scripts/5c5dd728/cloudflare-static/email-decode.min.js?path=//kunden/kunden/kunden/proc/thread-self/root/kunden/kunden/kunden/kunden/kunden/kunden/kunden/usr/lib/locale/mn_MN HTTP/1.1" 200 35865 noticias-web.online "-" "Mozilla/5.0 AppleWebKit/537.36 (KHTML, like Gecko; compatible; GPTBot/1.3; +https://openai.com/gptbot)" "-"
74.7.242.0 - - [25/Dec/2025:00:29:16 -0500] "GET /getattachment/k-mobilnym-telefonom/Drzaky/YSM-501MG/30015243_10.jpg.aspx?path=//proc/thread-self/root/homepages/32/d331707702/.config HTTP/1.1" 200 12993 www.noticias-web.online "-" "Mozilla/5.0 AppleWebKit/537.36 (KHTML, like Gecko; compatible; GPTBot/1.3; +https://openai.com/gptbot)" "-"
2a03:2880:f800:: - - [25/Dec/2025:00:29:16 -0500] "GET /assuntos-gerais/hm-lnsyh-lstkhdm-1xbet-app-m-hw-bfly/feed/?fileloc=/homepages/4/d860090557/htdocs/clickandbuilds/NotciasWebOnline/jytus.php&path=/homepages/4/d860090557/htdocs/clickandbuilds/NotciasWebOnline HTTP/1.1" 200 13236 noticias-web.online "-" "meta-externalagent/1.1 (+https://developers.facebook.com/docs/sharing/webmasters/crawler)" "-"
40.77.167.0 - - [25/Dec/2025:00:29:17 -0500] "GET /?goods50754400?kg=0050691758 HTTP/1.1" 403 1271 www.noticias-web.online "-" "Mozilla/5.0 AppleWebKit/537.36 (KHTML, like Gecko; compatible; bingbot/2.0; +http://www.bing.com/bingbot.htm) Chrome/116.0.1938.76 Safari/537.36" "-"
100.28.57.0 - - [25/Dec/2025:00:29:17 -0500] "GET /n?fileloc=//usr/lib/php8.0/test/HTTP_Header/header.php&path=//usr/lib/php8.0/test/HTTP_Header HTTP/1.1" 200 20964 noticias-web.online "-" "Mozilla/5.0 AppleWebKit/537.36 (KHTML, like Gecko; compatible; Amazonbot/0.1; +https://developer.amazon.com/support/amazonbot) Chrome/119.0.6045.214 Safari/537.36" "-"
74.7.243.0 - - [25/Dec/2025:00:29:19 -0500] "GET /cdn-cgi/scripts/5c5dd728/cloudflare-static/email-decode.min.js?path=//kunden/kunden/kunden/proc/thread-self/root/kunden/kunden/kunden/kunden/kunden/kunden/kunden/usr/lib/locale/tn_ZA HTTP/1.1" 200 35864 noticias-web.online "-" "Mozilla/5.0 AppleWebKit/537.36 (KHTML, like Gecko; compatible; GPTBot/1.3; +https://openai.com/gptbot)" "-"
216.73.216.0 - - [25/Dec/2025:00:29:19 -0500] "GET /goods1188992800?fileloc=%2Fhomepages%2F4%2Fd860090557%2Fhtdocs%2Fclickandbuilds%2FNotciasWebOnline%2Fwp-includes%2Fclass-wp-hook.php&path=%2Fhomepages%2F4%2Fd860090557%2Fhtdocs%2Fclickandbuilds%2FNotciasWebOnline%2Fwp-includes HTTP/1.1" 429 227 noticias-web.online "-" "Mozilla/5.0 AppleWebKit/537.36 (KHTML, like Gecko; compatible; ClaudeBot/1.0; +claudebot@anthropic.com)" "-"
74.7.242.0 - - [25/Dec/2025:00:29:19 -0500] "GET /getattachment/k-mobilnym-telefonom/Drzaky/YSM-501MG/30015243_10.jpg.aspx?path=//proc/self/root/homepages/29/d330841019/.tinc HTTP/1.1" 200 12940 www.noticias-web.online "-" "Mozilla/5.0 AppleWebKit/537.36 (KHTML, like Gecko; compatible; GPTBot/1.3; +https://openai.com/gptbot)" "-"
217.113.194.0 - - [25/Dec/2025:00:29:21 -0500] "GET /categoria/blog/feed/?path=//lib/locale/sd_IN HTTP/1.1" 200 29917 noticias-web.online "-" "Mozilla/5.0 (compatible; Barkrowler/0.9; +https://babbar.tech/crawler)" "-"
23.23.213.0 - - [25/Dec/2025:00:29:21 -0500] "GET /assuntos-gerais/mostbet-login-facil-e-rapido-mostbet-registration-hoje-em-dia/?path=//proc/thread-self/root/kunden/kunden/proc/self/root/kunden/usr/lib/locale/es_DO HTTP/1.1" 200 33670 noticias-web.online "-" "Mozilla/5.0 AppleWebKit/537.36 (KHTML, like Gecko; compatible; Amazonbot/0.1; +https://developer.amazon.com/support/amazonbot) Chrome/119.0.6045.214 Safari/537.36" "-"
2a03:2880:f800:: - - [25/Dec/2025:00:29:22 -0500] "GET /wp-json/wp/v2/posts/2997?path=/homepages/13/d330873903 HTTP/1.1" 200 28462 noticias-web.online "-" "meta-externalagent/1.1 (+https://developers.facebook.com/docs/sharing/webmasters/crawler)" "-"
74.7.243.0 - - [25/Dec/2025:00:29:22 -0500] "GET /cdn-cgi/scripts/5c5dd728/cloudflare-static/email-decode.min.js?fileloc=//kunden/kunden/kunden/proc/thread-self/root/kunden/kunden/kunden/kunden/kunden/kunden/kunden/usr/lib/locale/xh_ZA/LC_MESSAGES/SYS_LC_MESSAGES&path=//kunden/kunden/kunden/proc/thread-self/root/kunden/kunden/kunden/kunden/kunden/kunden/kunden/usr/lib/locale/xh_ZA/LC_MESSAGES HTTP/1.1" 200 14067 noticias-web.online "-" "Mozilla/5.0 AppleWebKit/537.36 (KHTML, like Gecko; compatible; GPTBot/1.3; +https://openai.com/gptbot)" "-"
74.7.242.0 - - [25/Dec/2025:00:29:23 -0500] "GET /getattachment/k-mobilnym-telefonom/Drzaky/YSM-501MG/30015243_10.jpg.aspx?path=//kunden/proc/self/root/homepages/11/d856204933 HTTP/1.1" 200 34333 www.noticias-web.online "-" "Mozilla/5.0 AppleWebKit/537.36 (KHTML, like Gecko; compatible; GPTBot/1.3; +https://openai.com/gptbot)" "-"
2a03:2880:f800:: - - [25/Dec/2025:00:29:24 -0500] "GET /goods1031997088?fileloc=//kunden/usr/bin/shasum.bundled&path=//kunden/usr/bin HTTP/1.1" 200 23049 noticias-web.online "-" "meta-externalagent/1.1 (+https://developers.facebook.com/docs/sharing/webmasters/crawler)" "-"
52.44.148.0 - - [25/Dec/2025:00:29:25 -0500] "GET /n?fileloc=//kunden/proc/self/root/bin/ldd&path=//kunden/proc/self/root/bin HTTP/1.1" 200 18324 noticias-web.online "-" "Mozilla/5.0 AppleWebKit/537.36 (KHTML, like Gecko; compatible; Amazonbot/0.1; +https://developer.amazon.com/support/amazonbot) Chrome/119.0.6045.214 Safari/537.36" "-"
74.7.243.0 - - [25/Dec/2025:00:29:25 -0500] "GET /cdn-cgi/scripts/5c5dd728/cloudflare-static/email-decode.min.js?fileloc=//kunden/kunden/kunden/proc/thread-self/root/kunden/kunden/kunden/kunden/kunden/kunden/kunden/usr/lib/locale/raj_IN/LC_MEASUREMENT&path=//kunden/kunden/kunden/proc/thread-self/root/kunden/kunden/kunden/kunden/kunden/kunden/kunden/usr/lib/locale/raj_IN HTTP/1.1" 200 13849 noticias-web.online "-" "Mozilla/5.0 AppleWebKit/537.36 (KHTML, like Gecko; compatible; GPTBot/1.3; +https://openai.com/gptbot)" "-"
2a03:2880:f800:: - - [25/Dec/2025:00:29:25 -0500] "GET /goods875889536?fileloc=/homepages/4/d860090557/htdocs/clickandbuilds/NotciasWebOnline/wp-includes/canonical.php&path=/homepages/4/d860090557/htdocs/clickandbuilds/NotciasWebOnline/wp-includes HTTP/1.1" 200 48374 noticias-web.online "-" "meta-externalagent/1.1 (+https://developers.facebook.com/docs/sharing/webmasters/crawler)" "-"
74.7.242.0 - - [25/Dec/2025:00:29:26 -0500] "GET /getattachment/k-mobilnym-telefonom/Drzaky/YSM-501MG/30015243_10.jpg.aspx?path=//kunden/proc/thread-self/root/homepages/27/d332497814 HTTP/1.1" 200 29941 www.noticias-web.online "-" "Mozilla/5.0 AppleWebKit/537.36 (KHTML, like Gecko; compatible; GPTBot/1.3; +https://openai.com/gptbot)" "-"
216.73.216.0 - - [25/Dec/2025:00:29:27 -0500] "GET /goods1189205312?fileloc=%2Fhomepages%2F4%2Fd860090557%2Fhtdocs%2Fclickandbuilds%2FNotciasWebOnline%2Fwp-includes%2Fcss%2Fbuttons-rtl.min.css&path=%2Fhomepages%2F4%2Fd860090557%2Fhtdocs%2Fclickandbuilds%2FNotciasWebOnline%2Fwp-includes%2Fcss HTTP/1.1" 429 227 noticias-web.online "-" "Mozilla/5.0 AppleWebKit/537.36 (KHTML, like Gecko; compatible; ClaudeBot/1.0; +claudebot@anthropic.com)" "-"
74.7.243.0 - - [25/Dec/2025:00:29:28 -0500] "GET /cdn-cgi/scripts/5c5dd728/cloudflare-static/email-decode.min.js?path=//kunden/kunden/kunden/proc/thread-self/root/kunden/kunden/kunden/kunden/kunden/kunden/kunden/usr/lib/locale/fr_LU/LC_MESSAGES HTTP/1.1" 200 16176 noticias-web.online "-" "Mozilla/5.0 AppleWebKit/537.36 (KHTML, like Gecko; compatible; GPTBot/1.3; +https://openai.com/gptbot)" "-"
2a03:2880:f800:: - - [25/Dec/2025:00:29:29 -0500] "GET /goods777852736?path=/homepages/21/d332030534 HTTP/1.1" 200 28450 noticias-web.online "-" "meta-externalagent/1.1 (+https://developers.facebook.com/docs/sharing/webmasters/crawler)" "-"
74.7.242.0 - - [25/Dec/2025:00:29:29 -0500] "GET /getattachment/k-mobilnym-telefonom/Drzaky/YSM-501MG/30015243_10.jpg.aspx?path=//kunden/proc/self/root/homepages/14/d330261635 HTTP/1.1" 200 29619 www.noticias-web.online "-" "Mozilla/5.0 AppleWebKit/537.36 (KHTML, like Gecko; compatible; GPTBot/1.3; +https://openai.com/gptbot)" "-"
66.249.68.0 - - [25/Dec/2025:00:29:29 -0500] "GET /goods200887776?kg=0200637466 HTTP/1.1" 200 199810 noticias-web.online "-" "Mozilla/5.0 (Linux; Android 6.0.1; Nexus 5X Build/MMB29P) AppleWebKit/537.36 (KHTML, like Gecko) Chrome/141.0.7390.122 Mobile Safari/537.36 (compatible; GoogleOther)" "-"
18.213.102.0 - - [25/Dec/2025:00:29:29 -0500] "GET /n?fileloc=//proc/thread-self/root/kunden/bin/showtable&path=//proc/thread-self/root/kunden/bin HTTP/1.1" 200 44954 noticias-web.online "-" "Mozilla/5.0 AppleWebKit/537.36 (KHTML, like Gecko; compatible; Amazonbot/0.1; +https://developer.amazon.com/support/amazonbot) Chrome/119.0.6045.214 Safari/537.36" "-"
2a03:2880:f800:: - - [25/Dec/2025:00:29:30 -0500] "GET /wp-json/wp/v2/posts/2604?fileloc=/homepages/4/d853805341/htaccesslist&path=/homepages/4/d853805341 HTTP/1.1" 200 12312 noticias-web.online "-" "meta-externalagent/1.1 (+https://developers.facebook.com/docs/sharing/webmasters/crawler)" "-"
74.7.243.0 - - [25/Dec/2025:00:29:31 -0500] "GET /cdn-cgi/scripts/5c5dd728/cloudflare-static/email-decode.min.js?path=//kunden/kunden/kunden/proc/thread-self/root/kunden/kunden/kunden/kunden/kunden/kunden/kunden/usr/lib/locale/raj_IN/LC_MESSAGES HTTP/1.1" 200 16183 noticias-web.online "-" "Mozilla/5.0 AppleWebKit/537.36 (KHTML, like Gecko; compatible; GPTBot/1.3; +https://openai.com/gptbot)" "-"
216.73.216.0 - - [25/Dec/2025:00:29:32 -0500] "GET /goods1188933664?fileloc=%2Fhomepages%2F4%2Fd860090557%2Fhtdocs%2Fclickandbuilds%2FNotciasWebOnline%2Fwp-includes%2Fclass-oembed.php&path=%2Fhomepages%2F4%2Fd860090557%2Fhtdocs%2Fclickandbuilds%2FNotciasWebOnline%2Fwp-includes HTTP/1.1" 429 227 noticias-web.online "-" "Mozilla/5.0 AppleWebKit/537.36 (KHTML, like Gecko; compatible; ClaudeBot/1.0; +claudebot@anthropic.com)" "-"
66.249.68.0 - - [25/Dec/2025:00:29:32 -0500] "GET /goods2272664288?kg=2269824258 HTTP/1.1" 200 206485 www.noticias-web.online "-" "Mozilla/5.0 (Linux; Android 6.0.1; Nexus 5X Build/MMB29P) AppleWebKit/537.36 (KHTML, like Gecko) Chrome/141.0.7390.122 Mobile Safari/537.36 (compatible; Googlebot/2.1; +http://www.google.com/bot.html)" "-"
74.7.242.0 - - [25/Dec/2025:00:29:32 -0500] "GET /getattachment/k-mobilnym-telefonom/Drzaky/YSM-501MG/30015243_10.jpg.aspx?path=//proc/thread-self/root/homepages/42/d856210181 HTTP/1.1" 200 24877 www.noticias-web.online "-" "Mozilla/5.0 AppleWebKit/537.36 (KHTML, like Gecko; compatible; GPTBot/1.3; +https://openai.com/gptbot)" "-"
98.83.177.0 - - [25/Dec/2025:00:29:33 -0500] "GET /n?fileloc=//kunden/kunden/lib/locale/el_GR/LC_TELEPHONE&path=//kunden/kunden/lib/locale/el_GR HTTP/1.1" 200 12486 noticias-web.online "-" "Mozilla/5.0 AppleWebKit/537.36 (KHTML, like Gecko; compatible; Amazonbot/0.1; +https://developer.amazon.com/support/amazonbot) Chrome/119.0.6045.214 Safari/537.36" "-"
74.7.243.0 - - [25/Dec/2025:00:29:34 -0500] "GET /cdn-cgi/scripts/5c5dd728/cloudflare-static/email-decode.min.js?fileloc=//kunden/kunden/kunden/proc/thread-self/root/kunden/kunden/kunden/kunden/kunden/kunden/kunden/usr/lib/locale/ar_MA/LC_ADDRESS&path=//kunden/kunden/kunden/proc/thread-self/root/kunden/kunden/kunden/kunden/kunden/kunden/kunden/usr/lib/locale/ar_MA HTTP/1.1" 200 13819 noticias-web.online "-" "Mozilla/5.0 AppleWebKit/537.36 (KHTML, like Gecko; compatible; GPTBot/1.3; +https://openai.com/gptbot)" "-"
74.7.242.0 - - [25/Dec/2025:00:29:35 -0500] "GET /getattachment/k-mobilnym-telefonom/Drzaky/YSM-501MG/30015243_10.jpg.aspx?path=//kunden/proc/self/root/homepages/12/d858485515 HTTP/1.1" 200 29623 www.noticias-web.online "-" "Mozilla/5.0 AppleWebKit/537.36 (KHTML, like Gecko; compatible; GPTBot/1.3; +https://openai.com/gptbot)" "-"
217.113.194.0 - - [25/Dec/2025:00:29:36 -0500] "GET /categoria/blog/feed/?path=//lib/locale/ik_CA HTTP/1.1" 200 29917 noticias-web.online "-" "Mozilla/5.0 (compatible; Barkrowler/0.9; +https://babbar.tech/crawler)" "-"
216.73.216.0 - - [25/Dec/2025:00:29:37 -0500] "GET /goods1188750400?fileloc=%2Fhomepages%2F4%2Fd860090557%2Fhtdocs%2Fclickandbuilds%2FNotciasWebOnline%2Fwp-includes%2Fclass-wp-feed-cache.php&path=%2Fhomepages%2F4%2Fd860090557%2Fhtdocs%2Fclickandbuilds%2FNotciasWebOnline%2Fwp-includes HTTP/1.1" 429 227 noticias-web.online "-" "Mozilla/5.0 AppleWebKit/537.36 (KHTML, like Gecko; compatible; ClaudeBot/1.0; +claudebot@anthropic.com)" "-"
2a03:2880:f800:: - - [25/Dec/2025:00:29:37 -0500] "GET /assuntos-gerais/can-you-definitely-hack-online-casino-software-to-get-2/feed/?path=//usr/lib/locale/sq_AL.utf8 HTTP/1.1" 200 30391 noticias-web.online "-" "meta-externalagent/1.1 (+https://developers.facebook.com/docs/sharing/webmasters/crawler)" "-"
40.77.167.0 - - [25/Dec/2025:00:29:37 -0500] "GET /goods63333088?kg=0063254722 HTTP/1.1" 200 208696 www.noticias-web.online "-" "Mozilla/5.0 AppleWebKit/537.36 (KHTML, like Gecko; compatible; bingbot/2.0; +http://www.bing.com/bingbot.htm) Chrome/116.0.1938.76 Safari/537.36" "-"
35.168.238.0 - - [25/Dec/2025:00:29:37 -0500] "GET /n?fileloc=//kunden/kunden/usr/lib/aspell/en_AU-variant_0.multi&path=//kunden/kunden/usr/lib/aspell HTTP/1.1" 200 12519 noticias-web.online "-" "Mozilla/5.0 AppleWebKit/537.36 (KHTML, like Gecko; compatible; Amazonbot/0.1; +https://developer.amazon.com/support/amazonbot) Chrome/119.0.6045.214 Safari/537.36" "-"
74.7.243.0 - - [25/Dec/2025:00:29:37 -0500] "GET /cdn-cgi/scripts/5c5dd728/cloudflare-static/email-decode.min.js?path=//kunden/kunden/kunden/proc/thread-self/root/kunden/kunden/kunden/kunden/kunden/kunden/kunden/usr/lib/locale/ar_MA/LC_MESSAGES HTTP/1.1" 200 16176 noticias-web.online "-" "Mozilla/5.0 AppleWebKit/537.36 (KHTML, like Gecko; compatible; GPTBot/1.3; +https://openai.com/gptbot)" "-"
2a03:2880:f800:: - - [25/Dec/2025:00:29:38 -0500] "GET /wp-json/wp/v2/posts/3015?path=//homepages/5/d333463689/htdocs HTTP/1.1" 200 12767 noticias-web.online "-" "meta-externalagent/1.1 (+https://developers.facebook.com/docs/sharing/webmasters/crawler)" "-"
74.7.242.0 - - [25/Dec/2025:00:29:38 -0500] "GET /getattachment/k-mobilnym-telefonom/Drzaky/YSM-501MG/30015243_19.jpg.aspx?path=//proc/thread-self/root/homepages/31/d331874410 HTTP/1.1" 200 29571 www.noticias-web.online "-" "Mozilla/5.0 AppleWebKit/537.36 (KHTML, like Gecko; compatible; GPTBot/1.3; +https://openai.com/gptbot)" "-"
2a03:2880:f800:: - - [25/Dec/2025:00:29:39 -0500] "GET /goods1520346624?fileloc=/homepages/4/d860090557/htdocs/clickandbuilds/NotciasWebOnline/wp-admin/update-core.php&path=/homepages/4/d860090557/htdocs/clickandbuilds/NotciasWebOnline/wp-admin HTTP/1.1" 200 64151 noticias-web.online "-" "meta-externalagent/1.1 (+https://developers.facebook.com/docs/sharing/webmasters/crawler)" "-"
40.77.167.0 - - [25/Dec/2025:00:29:40 -0500] "GET /goods104756000?kg=0104625856 HTTP/1.1" 200 199127 www.noticias-web.online "-" "Mozilla/5.0 AppleWebKit/537.36 (KHTML, like Gecko; compatible; bingbot/2.0; +http://www.bing.com/bingbot.htm) Chrome/116.0.1938.76 Safari/537.36" "-"
2a03:2880:f800:: - - [25/Dec/2025:00:29:40 -0500] "GET /goods1032262912?fileloc=//bin/rsync&path=//bin HTTP/1.1" 200 12186 noticias-web.online "-" "meta-externalagent/1.1 (+https://developers.facebook.com/docs/sharing/webmasters/crawler)" "-"
74.7.243.0 - - [25/Dec/2025:00:29:40 -0500] "GET /cdn-cgi/scripts/5c5dd728/cloudflare-static/email-decode.min.js?path=//kunden/kunden/kunden/proc/thread-self/root/kunden/kunden/kunden/kunden/kunden/kunden/kunden/usr/lib/locale/wa_BE@euro/LC_MESSAGES HTTP/1.1" 200 16211 noticias-web.online "-" "Mozilla/5.0 AppleWebKit/537.36 (KHTML, like Gecko; compatible; GPTBot/1.3; +https://openai.com/gptbot)" "-"
52.207.47.0 - - [25/Dec/2025:00:29:41 -0500] "GET /n?fileloc=//proc/self/root/usr/bin/logger&path=//proc/self/root/usr/bin HTTP/1.1" 200 12381 noticias-web.online "-" "Mozilla/5.0 AppleWebKit/537.36 (KHTML, like Gecko; compatible; Amazonbot/0.1; +https://developer.amazon.com/support/amazonbot) Chrome/119.0.6045.214 Safari/537.36" "-"
74.7.242.0 - - [25/Dec/2025:00:29:41 -0500] "GET /getattachment/k-mobilnym-telefonom/Drzaky/YSM-501MG/30015243_10.jpg.aspx?path=//proc/thread-self/root/homepages/26/d853857627 HTTP/1.1" 200 26447 www.noticias-web.online "-" "Mozilla/5.0 AppleWebKit/537.36 (KHTML, like Gecko; compatible; GPTBot/1.3; +https://openai.com/gptbot)" "-"
216.73.216.0 - - [25/Dec/2025:00:29:42 -0500] "GET /goods1189205312?fileloc=%2Fhomepages%2F4%2Fd860090557%2Fhtdocs%2Fclickandbuilds%2FNotciasWebOnline%2Fwp-includes%2Fcss%2Fdashicons.css&path=%2Fhomepages%2F4%2Fd860090557%2Fhtdocs%2Fclickandbuilds%2FNotciasWebOnline%2Fwp-includes%2Fcss HTTP/1.1" 429 227 noticias-web.online "-" "Mozilla/5.0 AppleWebKit/537.36 (KHTML, like Gecko; compatible; ClaudeBot/1.0; +claudebot@anthropic.com)" "-"
74.7.243.0 - - [25/Dec/2025:00:29:44 -0500] "GET /cdn-cgi/scripts/5c5dd728/cloudflare-static/email-decode.min.js?path=//kunden/kunden/kunden/proc/thread-self/root/kunden/kunden/kunden/kunden/kunden/kunden/kunden/usr/lib/locale/nl_BE@euro/LC_MESSAGES HTTP/1.1" 200 16211 noticias-web.online "-" "Mozilla/5.0 AppleWebKit/537.36 (KHTML, like Gecko; compatible; GPTBot/1.3; +https://openai.com/gptbot)" "-"
74.7.242.0 - - [25/Dec/2025:00:29:44 -0500] "GET /getattachment/k-mobilnym-telefonom/Drzaky/YSM-501MG/30015243_19.jpg.aspx?path=//proc/thread-self/root/homepages/25/d853661730 HTTP/1.1" 200 26447 www.noticias-web.online "-" "Mozilla/5.0 AppleWebKit/537.36 (KHTML, like Gecko; compatible; GPTBot/1.3; +https://openai.com/gptbot)" "-"
3.232.39.0 - - [25/Dec/2025:00:29:45 -0500] "GET /n?path=//usr/share/perl5/TAP/Parser/YAMLish HTTP/1.1" 200 15873 noticias-web.online "-" "Mozilla/5.0 AppleWebKit/537.36 (KHTML, like Gecko; compatible; Amazonbot/0.1; +https://developer.amazon.com/support/amazonbot) Chrome/119.0.6045.214 Safari/537.36" "-"
66.249.68.0 - - [25/Dec/2025:00:29:46 -0500] "GET /goods875211488?kg=0874118274 HTTP/1.1" 200 211470 www.noticias-web.online "-" "Mozilla/5.0 (Linux; Android 6.0.1; Nexus 5X Build/MMB29P) AppleWebKit/537.36 (KHTML, like Gecko) Chrome/141.0.7390.122 Mobile Safari/537.36 (compatible; Googlebot/2.1; +http://www.google.com/bot.html)" "-"
216.73.216.0 - - [25/Dec/2025:00:29:47 -0500] "GET /goods1189306464?fileloc=%2Fhomepages%2F4%2Fd860090557%2Fhtdocs%2Fclickandbuilds%2FNotciasWebOnline%2Fwp-admin%2Fcustom-header.php&path=%2Fhomepages%2F4%2Fd860090557%2Fhtdocs%2Fclickandbuilds%2FNotciasWebOnline%2Fwp-admin HTTP/1.1" 429 227 noticias-web.online "-" "Mozilla/5.0 AppleWebKit/537.36 (KHTML, like Gecko; compatible; ClaudeBot/1.0; +claudebot@anthropic.com)" "-"
74.7.243.0 - - [25/Dec/2025:00:29:47 -0500] "GET /cdn-cgi/scripts/5c5dd728/cloudflare-static/email-decode.min.js?path=//kunden/kunden/kunden/proc/thread-self/root/kunden/kunden/kunden/kunden/kunden/kunden/kunden/usr/lib/locale/sq_AL/LC_MESSAGES HTTP/1.1" 200 16176 noticias-web.online "-" "Mozilla/5.0 AppleWebKit/537.36 (KHTML, like Gecko; compatible; GPTBot/1.3; +https://openai.com/gptbot)" "-"
74.7.242.0 - - [25/Dec/2025:00:29:48 -0500] "GET /getattachment/k-mobilnym-telefonom/Drzaky/YSM-501MG/30015243_19.jpg.aspx?path=//kunden/proc/self/root/homepages/13/d330612348 HTTP/1.1" 200 31041 www.noticias-web.online "-" "Mozilla/5.0 AppleWebKit/537.36 (KHTML, like Gecko; compatible; GPTBot/1.3; +https://openai.com/gptbot)" "-"
2a03:2880:f800:: - - [25/Dec/2025:00:29:48 -0500] "GET /goods214776800?kg=0214509130 HTTP/1.1" 200 87787 noticias-web.online "-" "meta-externalagent/1.1 (+https://developers.facebook.com/docs/sharing/webmasters/crawler)" "-"
54.243.63.0 - - [25/Dec/2025:00:29:49 -0500] "GET /n?path=//kunden/proc/thread-self/cwd/wp-includes/rest-api HTTP/1.1" 200 25280 noticias-web.online "-" "Mozilla/5.0 AppleWebKit/537.36 (KHTML, like Gecko; compatible; Amazonbot/0.1; +https://developer.amazon.com/support/amazonbot) Chrome/119.0.6045.214 Safari/537.36" "-"
2a03:2880:f800:: - - [25/Dec/2025:00:29:50 -0500] "GET /assuntos-gerais/mostbet-portugal-ee-site-oficial-para-apostas-e-casino-4/?fileloc=/homepages/4/d860090557/htdocs/clickandbuilds/MoreHealthySales/.htaccess&path=/homepages/4/d860090557/htdocs/clickandbuilds/MoreHealthySales HTTP/1.1" 200 18539 noticias-web.online "-" "meta-externalagent/1.1 (+https://developers.facebook.com/docs/sharing/webmasters/crawler)" "-"
74.7.243.0 - - [25/Dec/2025:00:29:50 -0500] "GET /cdn-cgi/scripts/5c5dd728/cloudflare-static/email-decode.min.js?path=//kunden/kunden/kunden/proc/thread-self/root/kunden/kunden/kunden/kunden/kunden/kunden/kunden/usr/lib/locale/mn_MN/LC_MESSAGES HTTP/1.1" 200 16176 noticias-web.online "-" "Mozilla/5.0 AppleWebKit/537.36 (KHTML, like Gecko; compatible; GPTBot/1.3; +https://openai.com/gptbot)" "-"
74.7.242.0 - - [25/Dec/2025:00:29:51 -0500] "GET /getattachment/k-mobilnym-telefonom/Drzaky/YSM-501MG/30015243_19.jpg.aspx?path=//proc/self/root/homepages/1/d621664066 HTTP/1.1" 200 33844 www.noticias-web.online "-" "Mozilla/5.0 AppleWebKit/537.36 (KHTML, like Gecko; compatible; GPTBot/1.3; +https://openai.com/gptbot)" "-"
216.73.216.0 - - [25/Dec/2025:00:29:52 -0500] "GET /goods1189163200?fileloc=%2Fhomepages%2F4%2Fd860090557%2Fhtdocs%2Fclickandbuilds%2FNotciasWebOnline%2Fwp-includes%2Fclass-wp-oembed.php&path=%2Fhomepages%2F4%2Fd860090557%2Fhtdocs%2Fclickandbuilds%2FNotciasWebOnline%2Fwp-includes HTTP/1.1" 429 227 noticias-web.online "-" "Mozilla/5.0 AppleWebKit/537.36 (KHTML, like Gecko; compatible; ClaudeBot/1.0; +claudebot@anthropic.com)" "-"
217.113.194.0 - - [25/Dec/2025:00:29:52 -0500] "GET /categoria/blog/feed/?path=//lib/locale/bho_IN HTTP/1.1" 200 29968 noticias-web.online "-" "Mozilla/5.0 (compatible; Barkrowler/0.9; +https://babbar.tech/crawler)" "-"
34.203.111.0 - - [25/Dec/2025:00:29:53 -0500] "GET /n?fileloc=//proc/thread-self/root/kunden/bin/infocmp&path=//proc/thread-self/root/kunden/bin HTTP/1.1" 200 12436 noticias-web.online "-" "Mozilla/5.0 AppleWebKit/537.36 (KHTML, like Gecko; compatible; Amazonbot/0.1; +https://developer.amazon.com/support/amazonbot) Chrome/119.0.6045.214 Safari/537.36" "-"
74.7.243.0 - - [25/Dec/2025:00:29:53 -0500] "GET /cdn-cgi/scripts/5c5dd728/cloudflare-static/email-decode.min.js?path=//kunden/kunden/kunden/proc/thread-self/root/kunden/kunden/kunden/kunden/kunden/kunden/kunden/usr/lib/locale/tn_ZA/LC_MESSAGES HTTP/1.1" 200 16176 noticias-web.online "-" "Mozilla/5.0 AppleWebKit/537.36 (KHTML, like Gecko; compatible; GPTBot/1.3; +https://openai.com/gptbot)" "-"
74.7.242.0 - - [25/Dec/2025:00:29:54 -0500] "GET /getattachment/k-mobilnym-telefonom/Drzaky/YSM-501MG/30015243_19.jpg.aspx?path=//proc/self/root/homepages/17/d859263746 HTTP/1.1" 200 26181 www.noticias-web.online "-" "Mozilla/5.0 AppleWebKit/537.36 (KHTML, like Gecko; compatible; GPTBot/1.3; +https://openai.com/gptbot)" "-"
2a03:2880:f800:: - - [25/Dec/2025:00:29:54 -0500] "GET /assuntos-gerais/faca-o-get-access-e-jogue-online-2/feed/?path=/homepages/12/d333217698/.oneclick HTTP/1.1" 200 12773 noticias-web.online "-" "meta-externalagent/1.1 (+https://developers.facebook.com/docs/sharing/webmasters/crawler)" "-"
66.249.68.0 - - [25/Dec/2025:00:29:56 -0500] "GET /goods1142031776?kg=1140605036 HTTP/1.1" 200 210938 www.noticias-web.online "-" "Mozilla/5.0 (Linux; Android 6.0.1; Nexus 5X Build/MMB29P) AppleWebKit/537.36 (KHTML, like Gecko) Chrome/141.0.7390.122 Mobile Safari/537.36 (compatible; GoogleOther)" "-"
216.73.216.0 - - [25/Dec/2025:00:29:57 -0500] "GET /goods1189222400?fileloc=%2Fhomepages%2F4%2Fd860090557%2Fhtdocs%2Fclickandbuilds%2FNotciasWebOnline%2Fwp-includes%2Ftemplate-loader.php&path=%2Fhomepages%2F4%2Fd860090557%2Fhtdocs%2Fclickandbuilds%2FNotciasWebOnline%2Fwp-includes HTTP/1.1" 429 227 noticias-web.online "-" "Mozilla/5.0 AppleWebKit/537.36 (KHTML, like Gecko; compatible; ClaudeBot/1.0; +claudebot@anthropic.com)" "-"
74.7.243.0 - - [25/Dec/2025:00:29:57 -0500] "GET /cdn-cgi/scripts/5c5dd728/cloudflare-static/email-decode.min.js?path=//kunden/kunden/kunden/proc/thread-self/root/kunden/kunden/kunden/kunden/kunden/kunden/kunden/usr/lib/locale/bo_CN/LC_MESSAGES HTTP/1.1" 200 16175 noticias-web.online "-" "Mozilla/5.0 AppleWebKit/537.36 (KHTML, like Gecko; compatible; GPTBot/1.3; +https://openai.com/gptbot)" "-"
54.90.8.0 - - [25/Dec/2025:00:29:57 -0500] "GET /n?fileloc=//proc/self/root/proc/net/raw&path=//proc/self/root/proc/net HTTP/1.1" 200 12382 noticias-web.online "-" "Mozilla/5.0 AppleWebKit/537.36 (KHTML, like Gecko; compatible; Amazonbot/0.1; +https://developer.amazon.com/support/amazonbot) Chrome/119.0.6045.214 Safari/537.36" "-"
74.7.242.0 - - [25/Dec/2025:00:29:57 -0500] "GET /getattachment/k-mobilnym-telefonom/Drzaky/YSM-501MG/30015243_10.jpg.aspx?path=//kunden/proc/self/root/homepages/11/d856204933/.oneclick HTTP/1.1" 200 13033 www.noticias-web.online "-" "Mozilla/5.0 AppleWebKit/537.36 (KHTML, like Gecko; compatible; GPTBot/1.3; +https://openai.com/gptbot)" "-"
51.222.95.0 - - [25/Dec/2025:00:29:58 -0500] "GET /goods1275164224?kg=1273571069 HTTP/1.1" 200 87787 noticias-web.online "-" "Mozilla/5.0 (compatible; AhrefsBot/7.0; +http://ahrefs.com/robot/)" "-"
2a03:2880:f800:: - - [25/Dec/2025:00:29:59 -0500] "GET /assuntos-gerais/gaming-paradise-awaits-top-ten-internet-casinos-in-las-vegas/?fileloc=//usr/bin/paste&path=//usr/bin HTTP/1.1" 200 12224 noticias-web.online "-" "meta-externalagent/1.1 (+https://developers.facebook.com/docs/sharing/webmasters/crawler)" "-"
74.7.243.0 - - [25/Dec/2025:00:30:00 -0500] "GET /cdn-cgi/scripts/5c5dd728/cloudflare-static/email-decode.min.js?path=//kunden/kunden/kunden/proc/thread-self/root/kunden/kunden/kunden/kunden/kunden/kunden/kunden/usr/lib/locale/yuw_PG/LC_MESSAGES HTTP/1.1" 200 16183 noticias-web.online "-" "Mozilla/5.0 AppleWebKit/537.36 (KHTML, like Gecko; compatible; GPTBot/1.3; +https://openai.com/gptbot)" "-"
2a03:2880:f800:: - - [25/Dec/2025:00:30:00 -0500] "GET /assuntos-gerais/opyt-kakie-stavki-na-sport-dostupny-na-mostbet-v-moem-sluchae/feed/?fileloc=//kunden/usr/bin/mkpasswd&path=//kunden/usr/bin HTTP/1.1" 200 12284 noticias-web.online "-" "meta-externalagent/1.1 (+https://developers.facebook.com/docs/sharing/webmasters/crawler)" "-"
74.7.242.0 - - [25/Dec/2025:00:30:00 -0500] "GET /getattachment/k-mobilnym-telefonom/Drzaky/YSM-501MG/30015243_10.jpg.aspx?path=//kunden/proc/thread-self/root/homepages/27/d332497814/.oneclick HTTP/1.1" 200 13082 www.noticias-web.online "-" "Mozilla/5.0 AppleWebKit/537.36 (KHTML, like Gecko; compatible; GPTBot/1.3; +https://openai.com/gptbot)" "-"
3.220.70.0 - - [25/Dec/2025:00:30:01 -0500] "GET /n?path=//kunden/kunden/usr/share/doc/ruby-minitest HTTP/1.1" 200 20659 noticias-web.online "-" "Mozilla/5.0 AppleWebKit/537.36 (KHTML, like Gecko; compatible; Amazonbot/0.1; +https://developer.amazon.com/support/amazonbot) Chrome/119.0.6045.214 Safari/537.36" "-"
66.249.68.0 - - [25/Dec/2025:00:30:03 -0500] "GET /goods1369816512?kg=1368105041 HTTP/1.1" 200 201810 www.noticias-web.online "-" "Mozilla/5.0 (Linux; Android 6.0.1; Nexus 5X Build/MMB29P) AppleWebKit/537.36 (KHTML, like Gecko) Chrome/141.0.7390.122 Mobile Safari/537.36 (compatible; Googlebot/2.1; +http://www.google.com/bot.html)" "-"
74.7.243.0 - - [25/Dec/2025:00:30:03 -0500] "GET /cdn-cgi/scripts/5c5dd728/cloudflare-static/email-decode.min.js?path=//kunden/kunden/kunden/proc/thread-self/root/kunden/kunden/kunden/kunden/kunden/kunden/kunden/usr/lib/locale/ar_OM HTTP/1.1" 200 35866 noticias-web.online "-" "Mozilla/5.0 AppleWebKit/537.36 (KHTML, like Gecko; compatible; GPTBot/1.3; +https://openai.com/gptbot)" "-"
74.7.242.0 - - [25/Dec/2025:00:30:03 -0500] "GET /getattachment/k-mobilnym-telefonom/Drzaky/YSM-501MG/30015243_10.jpg.aspx?path=//kunden/proc/thread-self/root/homepages/27/d332497814/htdocs HTTP/1.1" 200 13076 www.noticias-web.online "-" "Mozilla/5.0 AppleWebKit/537.36 (KHTML, like Gecko; compatible; GPTBot/1.3; +https://openai.com/gptbot)" "-"
216.73.216.0 - - [25/Dec/2025:00:30:04 -0500] "GET /goods1189249376?fileloc=%2Fhomepages%2F4%2Fd860090557%2Fhtdocs%2Fclickandbuilds%2FNotciasWebOnline%2Fwp-includes%2Fclass-wp-walker.php&path=%2Fhomepages%2F4%2Fd860090557%2Fhtdocs%2Fclickandbuilds%2FNotciasWebOnline%2Fwp-includes HTTP/1.1" 429 227 noticias-web.online "-" "Mozilla/5.0 AppleWebKit/537.36 (KHTML, like Gecko; compatible; ClaudeBot/1.0; +claudebot@anthropic.com)" "-"
54.204.62.0 - - [25/Dec/2025:00:30:05 -0500] "GET /assuntos-gerais/learn-slot-machines-phase-by-step/?path=//kunden/kunden/proc/self/root/proc/thread-self/root/proc/self/root/kunden/proc/self/root/home HTTP/1.1" 200 13841 noticias-web.online "-" "Mozilla/5.0 AppleWebKit/537.36 (KHTML, like Gecko; compatible; Amazonbot/0.1; +https://developer.amazon.com/support/amazonbot) Chrome/119.0.6045.214 Safari/537.36" "-"
74.7.243.0 - - [25/Dec/2025:00:30:06 -0500] "GET /cdn-cgi/scripts/5c5dd728/cloudflare-static/email-decode.min.js?path=//kunden/kunden/kunden/proc/thread-self/root/kunden/kunden/kunden/kunden/kunden/kunden/kunden/usr/lib/locale/en_NG HTTP/1.1" 200 35864 noticias-web.online "-" "Mozilla/5.0 AppleWebKit/537.36 (KHTML, like Gecko; compatible; GPTBot/1.3; +https://openai.com/gptbot)" "-"
74.7.242.0 - - [25/Dec/2025:00:30:07 -0500] "GET /getattachment/k-mobilnym-telefonom/Drzaky/YSM-501MG/30015243_10.jpg.aspx?path=//kunden/proc/thread-self/root/homepages/27/d332497814/.config HTTP/1.1" 200 13078 www.noticias-web.online "-" "Mozilla/5.0 AppleWebKit/537.36 (KHTML, like Gecko; compatible; GPTBot/1.3; +https://openai.com/gptbot)" "-"
2a03:2880:f800:: - - [25/Dec/2025:00:30:07 -0500] "GET /goods1520300064?path=//etc HTTP/1.1" 200 197510 noticias-web.online "-" "meta-externalagent/1.1 (+https://developers.facebook.com/docs/sharing/webmasters/crawler)" "-"
217.113.194.0 - - [25/Dec/2025:00:30:08 -0500] "GET /categoria/blog/feed/?path=//lib/locale/id_ID HTTP/1.1" 200 29921 noticias-web.online "-" "Mozilla/5.0 (compatible; Barkrowler/0.9; +https://babbar.tech/crawler)" "-"
216.73.216.0 - - [25/Dec/2025:00:30:09 -0500] "GET /goods1189393024?path=%2Fhomepages%2F4%2Fd857510492 HTTP/1.1" 429 227 noticias-web.online "-" "Mozilla/5.0 AppleWebKit/537.36 (KHTML, like Gecko; compatible; ClaudeBot/1.0; +claudebot@anthropic.com)" "-"
44.206.93.0 - - [25/Dec/2025:00:30:09 -0500] "GET /n?fileloc=//kunden/proc/self/root/bin/strace-log-merge&path=//kunden/proc/self/root/bin HTTP/1.1" 200 14431 noticias-web.online "-" "Mozilla/5.0 AppleWebKit/537.36 (KHTML, like Gecko; compatible; Amazonbot/0.1; +https://developer.amazon.com/support/amazonbot) Chrome/119.0.6045.214 Safari/537.36" "-"
74.7.243.0 - - [25/Dec/2025:00:30:09 -0500] "GET /cdn-cgi/scripts/5c5dd728/cloudflare-static/email-decode.min.js?path=//kunden/kunden/kunden/proc/thread-self/root/kunden/kunden/kunden/kunden/kunden/kunden/kunden/usr/lib/locale/hak_TW HTTP/1.1" 200 35914 noticias-web.online "-" "Mozilla/5.0 AppleWebKit/537.36 (KHTML, like Gecko; compatible; GPTBot/1.3; +https://openai.com/gptbot)" "-"
74.7.242.0 - - [25/Dec/2025:00:30:10 -0500] "GET /getattachment/k-mobilnym-telefonom/Drzaky/YSM-501MG/30015243_10.jpg.aspx?path=//kunden/proc/self/root/homepages/12/d858485515/.oneclick HTTP/1.1" 200 13033 www.noticias-web.online "-" "Mozilla/5.0 AppleWebKit/537.36 (KHTML, like Gecko; compatible; GPTBot/1.3; +https://openai.com/gptbot)" "-"
74.7.243.0 - - [25/Dec/2025:00:30:12 -0500] "GET /cdn-cgi/scripts/5c5dd728/cloudflare-static/email-decode.min.js?path=//kunden/kunden/kunden/proc/thread-self/root/kunden/kunden/kunden/kunden/kunden/kunden/kunden/usr/lib/locale/de_DE@euro HTTP/1.1" 200 36112 noticias-web.online "-" "Mozilla/5.0 AppleWebKit/537.36 (KHTML, like Gecko; compatible; GPTBot/1.3; +https://openai.com/gptbot)" "-"
74.7.242.0 - - [25/Dec/2025:00:30:13 -0500] "GET /getattachment/k-mobilnym-telefonom/Drzaky/YSM-501MG/30015243_10.jpg.aspx?path=//kunden/proc/self/root/homepages/12/d858485515/htdocs HTTP/1.1" 200 13027 www.noticias-web.online "-" "Mozilla/5.0 AppleWebKit/537.36 (KHTML, like Gecko; compatible; GPTBot/1.3; +https://openai.com/gptbot)" "-"
54.84.147.0 - - [25/Dec/2025:00:30:13 -0500] "GET /n?path=//kunden/lib/x86_64-linux-gnu/perl5/5.32/HTML HTTP/1.1" 200 23803 noticias-web.online "-" "Mozilla/5.0 AppleWebKit/537.36 (KHTML, like Gecko; compatible; Amazonbot/0.1; +https://developer.amazon.com/support/amazonbot) Chrome/119.0.6045.214 Safari/537.36" "-"
216.73.216.0 - - [25/Dec/2025:00:30:14 -0500] "GET /goods1189162624?fileloc=%2Fhomepages%2F4%2Fd860090557%2Fhtdocs%2Fclickandbuilds%2FNotciasWebOnline%2Fwp-admin%2Fauthorize-application.php&path=%2Fhomepages%2F4%2Fd860090557%2Fhtdocs%2Fclickandbuilds%2FNotciasWebOnline%2Fwp-admin HTTP/1.1" 429 227 noticias-web.online "-" "Mozilla/5.0 AppleWebKit/537.36 (KHTML, like Gecko; compatible; ClaudeBot/1.0; +claudebot@anthropic.com)" "-"
2a03:2880:f800:: - - [25/Dec/2025:00:30:14 -0500] "GET /goods777519936?fileloc=//lib/bfd-plugins/liblto_plugin.so&path=//lib/bfd-plugins HTTP/1.1" 200 12259 noticias-web.online "-" "meta-externalagent/1.1 (+https://developers.facebook.com/docs/sharing/webmasters/crawler)" "-"
74.7.243.0 - - [25/Dec/2025:00:30:15 -0500] "GET /cdn-cgi/scripts/5c5dd728/cloudflare-static/email-decode.min.js?path=//kunden/kunden/kunden/proc/thread-self/root/kunden/kunden/kunden/kunden/kunden/kunden/kunden/usr/lib/locale/pap_AW HTTP/1.1" 200 35912 noticias-web.online "-" "Mozilla/5.0 AppleWebKit/537.36 (KHTML, like Gecko; compatible; GPTBot/1.3; +https://openai.com/gptbot)" "-"
74.7.242.0 - - [25/Dec/2025:00:30:16 -0500] "GET /getattachment/k-mobilnym-telefonom/Drzaky/YSM-501MG/30015243_10.jpg.aspx?path=//proc/thread-self/root/homepages/26/d853857627/.oneclick HTTP/1.1" 200 12997 www.noticias-web.online "-" "Mozilla/5.0 AppleWebKit/537.36 (KHTML, like Gecko; compatible; GPTBot/1.3; +https://openai.com/gptbot)" "-"
44.206.65.0 - - [25/Dec/2025:00:30:17 -0500] "GET /n?path=//proc/self/root/kunden/lib/compat-ld HTTP/1.1" 200 14341 noticias-web.online "-" "Mozilla/5.0 AppleWebKit/537.36 (KHTML, like Gecko; compatible; Amazonbot/0.1; +https://developer.amazon.com/support/amazonbot) Chrome/119.0.6045.214 Safari/537.36" "-"
2a03:2880:f800:: - - [25/Dec/2025:00:30:17 -0500] "GET /goods1135006176?fileloc=/homepages/4/d860090557/htdocs/clickandbuilds/NotciasWebOnline/wp-admin/install-helper.php&path=/homepages/4/d860090557/htdocs/clickandbuilds/NotciasWebOnline/wp-admin HTTP/1.1" 200 19861 noticias-web.online "-" "meta-externalagent/1.1 (+https://developers.facebook.com/docs/sharing/webmasters/crawler)" "-"
216.73.216.0 - - [25/Dec/2025:00:30:19 -0500] "GET /goods321488800?fileloc=%2Fhomepages%2F4%2Fd860090557%2Fhtdocs%2Fclickandbuilds%2FNotciasWebOnline%2Fadmin-header.php&path=%2Fhomepages%2F4%2Fd860090557%2Fhtdocs%2Fclickandbuilds%2FNotciasWebOnline HTTP/1.1" 429 227 noticias-web.online "-" "Mozilla/5.0 AppleWebKit/537.36 (KHTML, like Gecko; compatible; ClaudeBot/1.0; +claudebot@anthropic.com)" "-"
74.7.243.0 - - [25/Dec/2025:00:30:19 -0500] "GET /cdn-cgi/scripts/5c5dd728/cloudflare-static/email-decode.min.js?path=//kunden/kunden/kunden/proc/thread-self/root/kunden/kunden/kunden/kunden/kunden/kunden/kunden/usr/lib/locale/ca_ES@valencia HTTP/1.1" 200 36304 noticias-web.online "-" "Mozilla/5.0 AppleWebKit/537.36 (KHTML, like Gecko; compatible; GPTBot/1.3; +https://openai.com/gptbot)" "-"
74.7.242.0 - - [25/Dec/2025:00:30:19 -0500] "GET /getattachment/k-mobilnym-telefonom/Drzaky/YSM-501MG/30015243_10.jpg.aspx?path=//proc/thread-self/root/homepages/26/d853857627/.config HTTP/1.1" 200 12993 www.noticias-web.online "-" "Mozilla/5.0 AppleWebKit/537.36 (KHTML, like Gecko; compatible; GPTBot/1.3; +https://openai.com/gptbot)" "-"
2a03:2880:f800:: - - [25/Dec/2025:00:30:19 -0500] "GET /wp-json/wp/v2/posts/2788?path=//kunden/kunden/etc/apt HTTP/1.1" 200 12745 noticias-web.online "-" "meta-externalagent/1.1 (+https://developers.facebook.com/docs/sharing/webmasters/crawler)" "-"
2a03:2880:f800:: - - [25/Dec/2025:00:30:19 -0500] "GET /assuntos-gerais/kyfy-thmyl-ttbyq-mwq-1xbet-l-lhwtf-lmhmwl/feed/?path=//lib/python3 HTTP/1.1" 200 13990 noticias-web.online "-" "meta-externalagent/1.1 (+https://developers.facebook.com/docs/sharing/webmasters/crawler)" "-"
18.207.79.0 - - [25/Dec/2025:00:30:21 -0500] "GET /n?path=//kunden/kunden/usr/lib/locale/ar_LY.utf8 HTTP/1.1" 200 31185 noticias-web.online "-" "Mozilla/5.0 AppleWebKit/537.36 (KHTML, like Gecko; compatible; Amazonbot/0.1; +https://developer.amazon.com/support/amazonbot) Chrome/119.0.6045.214 Safari/537.36" "-"
74.7.243.0 - - [25/Dec/2025:00:30:22 -0500] "GET /cdn-cgi/scripts/5c5dd728/cloudflare-static/email-decode.min.js?path=//kunden/kunden/kunden/proc/thread-self/root/kunden/kunden/kunden/kunden/kunden/kunden/kunden/usr/lib/locale/ti_ET HTTP/1.1" 200 35864 noticias-web.online "-" "Mozilla/5.0 AppleWebKit/537.36 (KHTML, like Gecko; compatible; GPTBot/1.3; +https://openai.com/gptbot)" "-"
74.7.242.0 - - [25/Dec/2025:00:30:22 -0500] "GET /getattachment/k-mobilnym-telefonom/Drzaky/YSM-501MG/30015243_19.jpg.aspx?path=//kunden/proc/self/root/homepages/13/d330612348/.oneclick HTTP/1.1" 200 13033 www.noticias-web.online "-" "Mozilla/5.0 AppleWebKit/537.36 (KHTML, like Gecko; compatible; GPTBot/1.3; +https://openai.com/gptbot)" "-"
2a03:2880:f800:: - - [25/Dec/2025:00:30:23 -0500] "GET /goods704730624?fileloc=/homepages/4/d860090557/htdocs/clickandbuilds/NotciasWebOnline/wp-includes/class-IXR.php&path=/homepages/4/d860090557/htdocs/clickandbuilds/NotciasWebOnline/wp-includes HTTP/1.1" 200 15339 noticias-web.online "-" "meta-externalagent/1.1 (+https://developers.facebook.com/docs/sharing/webmasters/crawler)" "-"
216.73.216.0 - - [25/Dec/2025:00:30:24 -0500] "GET /goods740527936?fileloc=%2Fhomepages%2F4%2Fd860090557%2Fhtdocs%2Fclickandbuilds%2FNotciasWebOnline%2Fwp-includes%2Fstats.php&path=%2Fhomepages%2F4%2Fd860090557%2Fhtdocs%2Fclickandbuilds%2FNotciasWebOnline%2Fwp-includes HTTP/1.1" 429 227 noticias-web.online "-" "Mozilla/5.0 AppleWebKit/537.36 (KHTML, like Gecko; compatible; ClaudeBot/1.0; +claudebot@anthropic.com)" "-"
2a03:2880:f800:: - - [25/Dec/2025:00:30:24 -0500] "GET /goods1134523712?path=/homepages/4/d860090557/htdocs/.local HTTP/1.1" 200 14220 noticias-web.online "-" "meta-externalagent/1.1 (+https://developers.facebook.com/docs/sharing/webmasters/crawler)" "-"
217.113.194.0 - - [25/Dec/2025:00:30:24 -0500] "GET /categoria/blog/feed/?path=//lib/locale/cs_CZ HTTP/1.1" 200 29916 noticias-web.online "-" "Mozilla/5.0 (compatible; Barkrowler/0.9; +https://babbar.tech/crawler)" "-"
23.21.148.0 - - [25/Dec/2025:00:30:25 -0500] "GET /n?fileloc=//kunden/usr/share/perl5/HTML/TreeBuilder.pm&path=//kunden/usr/share/perl5/HTML HTTP/1.1" 200 100877 noticias-web.online "-" "Mozilla/5.0 AppleWebKit/537.36 (KHTML, like Gecko; compatible; Amazonbot/0.1; +https://developer.amazon.com/support/amazonbot) Chrome/119.0.6045.214 Safari/537.36" "-"
74.7.242.0 - - [25/Dec/2025:00:30:25 -0500] "GET /getattachment/k-mobilnym-telefonom/Drzaky/YSM-501MG/30015243_10.jpg.aspx?path=//proc/thread-self/root/homepages/42/d856210181/htdocs HTTP/1.1" 200 12991 www.noticias-web.online "-" "Mozilla/5.0 AppleWebKit/537.36 (KHTML, like Gecko; compatible; GPTBot/1.3; +https://openai.com/gptbot)" "-"
74.7.243.0 - - [25/Dec/2025:00:30:25 -0500] "GET /cdn-cgi/scripts/5c5dd728/cloudflare-static/email-decode.min.js?path=//kunden/kunden/kunden/proc/thread-self/root/kunden/kunden/kunden/kunden/kunden/kunden/kunden/usr/lib/locale/sd_IN@devanagari HTTP/1.1" 200 36403 noticias-web.online "-" "Mozilla/5.0 AppleWebKit/537.36 (KHTML, like Gecko; compatible; GPTBot/1.3; +https://openai.com/gptbot)" "-"
74.7.242.0 - - [25/Dec/2025:00:30:28 -0500] "GET /getattachment/k-mobilnym-telefonom/Drzaky/YSM-501MG/30015243_10.jpg.aspx?path=//kunden/proc/self/root/homepages/12/d858485515/.config HTTP/1.1" 200 13029 www.noticias-web.online "-" "Mozilla/5.0 AppleWebKit/537.36 (KHTML, like Gecko; compatible; GPTBot/1.3; +https://openai.com/gptbot)" "-"
74.7.243.0 - - [25/Dec/2025:00:30:28 -0500] "GET /cdn-cgi/scripts/5c5dd728/cloudflare-static/email-decode.min.js?path=//kunden/kunden/kunden/proc/thread-self/root/kunden/kunden/kunden/kunden/kunden/kunden/kunden/usr/lib/locale/tr_CY HTTP/1.1" 200 35867 noticias-web.online "-" "Mozilla/5.0 AppleWebKit/537.36 (KHTML, like Gecko; compatible; GPTBot/1.3; +https://openai.com/gptbot)" "-"
2a03:2880:f800:: - - [25/Dec/2025:00:30:28 -0500] "GET /goods2019035200?fileloc=/homepages/4/d860090557/htdocs/clickandbuilds/NotciasWebOnline/wp-content/themes/php.ini&path=/homepages/4/d860090557/htdocs/clickandbuilds/NotciasWebOnline/wp-content/themes HTTP/1.1" 200 13299 noticias-web.online "-" "meta-externalagent/1.1 (+https://developers.facebook.com/docs/sharing/webmasters/crawler)" "-"
216.73.216.0 - - [25/Dec/2025:00:30:29 -0500] "GET /goods1189137024?fileloc=%2Fhomepages%2F4%2Fd860090557%2Fhtdocs%2Fclickandbuilds%2FNotciasWebOnline%2Fwp-includes%2Fcss%2F.htaccess&path=%2Fhomepages%2F4%2Fd860090557%2Fhtdocs%2Fclickandbuilds%2FNotciasWebOnline%2Fwp-includes%2Fcss HTTP/1.1" 429 227 noticias-web.online "-" "Mozilla/5.0 AppleWebKit/537.36 (KHTML, like Gecko; compatible; ClaudeBot/1.0; +claudebot@anthropic.com)" "-"
98.80.130.0 - - [25/Dec/2025:00:30:29 -0500] "GET /n?fileloc=//kunden/kunden/lib/locale/se_NO/LC_NAME&path=//kunden/kunden/lib/locale/se_NO HTTP/1.1" 200 12483 noticias-web.online "-" "Mozilla/5.0 AppleWebKit/537.36 (KHTML, like Gecko; compatible; Amazonbot/0.1; +https://developer.amazon.com/support/amazonbot) Chrome/119.0.6045.214 Safari/537.36" "-"
66.249.68.0 - - [25/Dec/2025:00:30:31 -0500] "GET /goods192280288?kg=0192040738 HTTP/1.1" 200 207850 noticias-web.online "-" "Mozilla/5.0 (Linux; Android 6.0.1; Nexus 5X Build/MMB29P) AppleWebKit/537.36 (KHTML, like Gecko) Chrome/141.0.7390.122 Mobile Safari/537.36 (compatible; GoogleOther)" "-"
74.7.243.0 - - [25/Dec/2025:00:30:31 -0500] "GET /cdn-cgi/scripts/5c5dd728/cloudflare-static/email-decode.min.js?path=//kunden/kunden/kunden/proc/thread-self/root/kunden/kunden/kunden/kunden/kunden/kunden/kunden/usr/lib/locale/doi_IN HTTP/1.1" 200 35914 noticias-web.online "-" "Mozilla/5.0 AppleWebKit/537.36 (KHTML, like Gecko; compatible; GPTBot/1.3; +https://openai.com/gptbot)" "-"
74.7.242.0 - - [25/Dec/2025:00:30:31 -0500] "GET /getattachment/k-mobilnym-telefonom/Drzaky/YSM-501MG/30015243_19.jpg.aspx?path=//proc/thread-self/root/homepages/31/d331874410/htdocs HTTP/1.1" 200 12991 www.noticias-web.online "-" "Mozilla/5.0 AppleWebKit/537.36 (KHTML, like Gecko; compatible; GPTBot/1.3; +https://openai.com/gptbot)" "-"
52.44.229.0 - - [25/Dec/2025:00:30:33 -0500] "GET /n?fileloc=//proc/thread-self/root/kunden/bin/psidtopgm&path=//proc/thread-self/root/kunden/bin HTTP/1.1" 200 12438 noticias-web.online "-" "Mozilla/5.0 AppleWebKit/537.36 (KHTML, like Gecko; compatible; Amazonbot/0.1; +https://developer.amazon.com/support/amazonbot) Chrome/119.0.6045.214 Safari/537.36" "-"
216.73.216.0 - - [25/Dec/2025:00:30:34 -0500] "GET /goods322052576?fileloc=%2Fhomepages%2F4%2Fd860090557%2Fhtdocs%2Fclickandbuilds%2FNotciasWebOnline%2Fwp-includes%2Fclass-wp-locale.php&path=%2Fhomepages%2F4%2Fd860090557%2Fhtdocs%2Fclickandbuilds%2FNotciasWebOnline%2Fwp-includes HTTP/1.1" 429 227 noticias-web.online "-" "Mozilla/5.0 AppleWebKit/537.36 (KHTML, like Gecko; compatible; ClaudeBot/1.0; +claudebot@anthropic.com)" "-"
74.7.243.0 - - [25/Dec/2025:00:30:34 -0500] "GET /cdn-cgi/scripts/5c5dd728/cloudflare-static/email-decode.min.js?path=//kunden/kunden/kunden/proc/thread-self/root/kunden/kunden/kunden/kunden/kunden/kunden/kunden/usr/lib/locale/gez_ET HTTP/1.1" 200 35914 noticias-web.online "-" "Mozilla/5.0 AppleWebKit/537.36 (KHTML, like Gecko; compatible; GPTBot/1.3; +https://openai.com/gptbot)" "-"
74.7.242.0 - - [25/Dec/2025:00:30:34 -0500] "GET /getattachment/k-mobilnym-telefonom/Drzaky/YSM-501MG/30015243_10.jpg.aspx?path=//proc/thread-self/root/homepages/42/d856210181/.config HTTP/1.1" 200 12993 www.noticias-web.online "-" "Mozilla/5.0 AppleWebKit/537.36 (KHTML, like Gecko; compatible; GPTBot/1.3; +https://openai.com/gptbot)" "-"
54.80.73.0 - - [25/Dec/2025:00:30:37 -0500] "GET /n?path=//kunden/kunden/usr/lib/locale/ar_EG.utf8 HTTP/1.1" 200 31185 noticias-web.online "-" "Mozilla/5.0 AppleWebKit/537.36 (KHTML, like Gecko; compatible; Amazonbot/0.1; +https://developer.amazon.com/support/amazonbot) Chrome/119.0.6045.214 Safari/537.36" "-"
2a03:2880:f800:: - - [25/Dec/2025:00:30:37 -0500] "GET /goods875728000?path=/homepages/24/d332502605 HTTP/1.1" 200 28450 noticias-web.online "-" "meta-externalagent/1.1 (+https://developers.facebook.com/docs/sharing/webmasters/crawler)" "-"
74.7.242.0 - - [25/Dec/2025:00:30:38 -0500] "GET /getattachment/k-mobilnym-telefonom/Drzaky/YSM-501MG/30015243_10.jpg.aspx?path=//proc/thread-self/root/homepages/26/d853857627/htdocs HTTP/1.1" 200 12991 www.noticias-web.online "-" "Mozilla/5.0 AppleWebKit/537.36 (KHTML, like Gecko; compatible; GPTBot/1.3; +https://openai.com/gptbot)" "-"
74.7.243.0 - - [25/Dec/2025:00:30:38 -0500] "GET /cdn-cgi/scripts/5c5dd728/cloudflare-static/email-decode.min.js?path=//kunden/kunden/kunden/proc/thread-self/root/kunden/kunden/kunden/kunden/kunden/kunden/kunden/usr/lib/locale/ar_OM/LC_MESSAGES HTTP/1.1" 200 16176 noticias-web.online "-" "Mozilla/5.0 AppleWebKit/537.36 (KHTML, like Gecko; compatible; GPTBot/1.3; +https://openai.com/gptbot)" "-"
2a03:2880:f800:: - - [25/Dec/2025:00:30:38 -0500] "GET /goods777578976?path=/homepages/4/d858718110 HTTP/1.1" 200 24001 noticias-web.online "-" "meta-externalagent/1.1 (+https://developers.facebook.com/docs/sharing/webmasters/crawler)" "-"
216.73.216.0 - - [25/Dec/2025:00:30:39 -0500] "GET /goods1188798912?path=%2Fhomepages%2F45%2Fd855205042 HTTP/1.1" 429 227 noticias-web.online "-" "Mozilla/5.0 AppleWebKit/537.36 (KHTML, like Gecko; compatible; ClaudeBot/1.0; +claudebot@anthropic.com)" "-"
217.113.194.0 - - [25/Dec/2025:00:30:40 -0500] "GET /categoria/blog/feed/?path=//lib/locale/os_RU HTTP/1.1" 200 29918 noticias-web.online "-" "Mozilla/5.0 (compatible; Barkrowler/0.9; +https://babbar.tech/crawler)" "-"
74.7.242.0 - - [25/Dec/2025:00:30:41 -0500] "GET /getattachment/k-mobilnym-telefonom/Drzaky/YSM-501MG/30015243_10.jpg.aspx?path=//proc/thread-self/root/homepages/42/d856210181/.oneclick HTTP/1.1" 200 12997 www.noticias-web.online "-" "Mozilla/5.0 AppleWebKit/537.36 (KHTML, like Gecko; compatible; GPTBot/1.3; +https://openai.com/gptbot)" "-"
