2a03:2880:f800:: - - [25/Dec/2025:00:42:40 -0500] "GET /goods1135028576?path=/homepages/oneclick/WebCalendar HTTP/1.1" 200 14094 noticias-web.online "-" "meta-externalagent/1.1 (+https://developers.facebook.com/docs/sharing/webmasters/crawler)" "-"
74.7.243.0 - - [25/Dec/2025:00:42:41 -0500] "GET /cdn-cgi/scripts/5c5dd728/cloudflare-static/email-decode.min.js?path=//kunden/kunden/kunden/proc/thread-self/root/kunden/kunden/kunden/kunden/kunden/kunden/kunden/usr/lib/locale/ro_RO/LC_MESSAGES HTTP/1.1" 200 16176 noticias-web.online "-" "Mozilla/5.0 AppleWebKit/537.36 (KHTML, like Gecko; compatible; GPTBot/1.3; +https://openai.com/gptbot)" "-"
2a03:2880:f800:: - - [25/Dec/2025:00:42:41 -0500] "GET /goods1031646400?fileloc=/homepages/4/d859256260/htpasswd&path=/homepages/4/d859256260 HTTP/1.1" 200 12308 noticias-web.online "-" "meta-externalagent/1.1 (+https://developers.facebook.com/docs/sharing/webmasters/crawler)" "-"
2a03:2880:f800:: - - [25/Dec/2025:00:42:42 -0500] "GET /goods854232512?path=/homepages/34 HTTP/1.1" 200 57940 noticias-web.online "-" "meta-externalagent/1.1 (+https://developers.facebook.com/docs/sharing/webmasters/crawler)" "-"
54.147.182.0 - - [25/Dec/2025:00:42:42 -0500] "GET /n?fileloc=//kunden/proc/self/root/bin/pnminterp&path=//kunden/proc/self/root/bin HTTP/1.1" 200 12402 noticias-web.online "-" "Mozilla/5.0 AppleWebKit/537.36 (KHTML, like Gecko; compatible; Amazonbot/0.1; +https://developer.amazon.com/support/amazonbot) Chrome/119.0.6045.214 Safari/537.36" "-"
2a03:2880:f800:: - - [25/Dec/2025:00:42:42 -0500] "GET /goods1520000000?path=/homepages/12/d331581722 HTTP/1.1" 200 32630 noticias-web.online "-" "meta-externalagent/1.1 (+https://developers.facebook.com/docs/sharing/webmasters/crawler)" "-"
74.7.242.0 - - [25/Dec/2025:00:42:42 -0500] "GET /getattachment/k-mobilnym-telefonom/Drzaky/YSM-501MG/30015243_19.jpg.aspx?path=//kunden/proc/self/root/homepages/13/d852244527 HTTP/1.1" 200 28061 www.noticias-web.online "-" "Mozilla/5.0 AppleWebKit/537.36 (KHTML, like Gecko; compatible; GPTBot/1.3; +https://openai.com/gptbot)" "-"
2a03:2880:f800:: - - [25/Dec/2025:00:42:42 -0500] "GET /assuntos-gerais/site-oficial-da-mostbet-brasil-apostas-esportivas-e-cassino-zero-brasil-3/feed/?fileloc=//lib/locale/quz_PE/LC_MONETARY&path=//lib/locale/quz_PE HTTP/1.1" 200 12293 noticias-web.online "-" "meta-externalagent/1.1 (+https://developers.facebook.com/docs/sharing/webmasters/crawler)" "-"
2a03:2880:f800:: - - [25/Dec/2025:00:42:43 -0500] "GET /assuntos-gerais/caesars-amusement-rebrands-ballys-as-horseshoe-las-vegas-2/feed/?fileloc=//usr/bin/mcdiff&path=//usr/bin HTTP/1.1" 200 12225 noticias-web.online "-" "meta-externalagent/1.1 (+https://developers.facebook.com/docs/sharing/webmasters/crawler)" "-"
2a03:2880:f800:: - - [25/Dec/2025:00:42:43 -0500] "GET /2025/10/26/?fileloc=//kunden/sbin/debugfs&path=//kunden/sbin HTTP/1.1" 200 12241 noticias-web.online "-" "meta-externalagent/1.1 (+https://developers.facebook.com/docs/sharing/webmasters/crawler)" "-"
74.7.243.0 - - [25/Dec/2025:00:42:44 -0500] "GET /cdn-cgi/scripts/5c5dd728/cloudflare-static/email-decode.min.js?path=//kunden/kunden/kunden/proc/thread-self/root/kunden/kunden/kunden/kunden/kunden/kunden/kunden/usr/lib/locale/br_FR/LC_MESSAGES HTTP/1.1" 200 16176 noticias-web.online "-" "Mozilla/5.0 AppleWebKit/537.36 (KHTML, like Gecko; compatible; GPTBot/1.3; +https://openai.com/gptbot)" "-"
2a03:2880:f800:: - - [25/Dec/2025:00:42:44 -0500] "GET /goods2019180224?path=/homepages/4/d860090557/htdocs/clickandbuilds/BesMarketHealth HTTP/1.1" 200 57874 noticias-web.online "-" "meta-externalagent/1.1 (+https://developers.facebook.com/docs/sharing/webmasters/crawler)" "-"
2a03:2880:f800:: - - [25/Dec/2025:00:42:44 -0500] "GET /wp-json/wp/v2/posts/3010?fileloc=/homepages/40/d857828248/htaccesslist&path=/homepages/40/d857828248 HTTP/1.1" 200 12316 noticias-web.online "-" "meta-externalagent/1.1 (+https://developers.facebook.com/docs/sharing/webmasters/crawler)" "-"
74.7.242.0 - - [25/Dec/2025:00:42:45 -0500] "GET /getattachment/k-mobilnym-telefonom/Drzaky/YSM-501MG/30015243_19.jpg.aspx?path=//proc/self/root/homepages/9/d851289718/.oneclick HTTP/1.1" 200 12944 www.noticias-web.online "-" "Mozilla/5.0 AppleWebKit/537.36 (KHTML, like Gecko; compatible; GPTBot/1.3; +https://openai.com/gptbot)" "-"
2a03:2880:f800:: - - [25/Dec/2025:00:42:46 -0500] "GET /assuntos-gerais/pin-up-online-casino-oyunlar-oyna-bonuslari-tut-v-real-nagd-pul-qazan/feed/?path=/homepages/25/d856930392/managed HTTP/1.1" 200 12769 noticias-web.online "-" "meta-externalagent/1.1 (+https://developers.facebook.com/docs/sharing/webmasters/crawler)" "-"
54.221.203.0 - - [25/Dec/2025:00:42:46 -0500] "GET /assuntos-gerais/learn-slot-machines-phase-by-step/?path=//proc/self/root/kunden/kunden/proc/thread-self/root/proc/self/root/kunden/kunden/lib/locale/en_AU HTTP/1.1" 200 34835 noticias-web.online "-" "Mozilla/5.0 AppleWebKit/537.36 (KHTML, like Gecko; compatible; Amazonbot/0.1; +https://developer.amazon.com/support/amazonbot) Chrome/119.0.6045.214 Safari/537.36" "-"
2a03:2880:f800:: - - [25/Dec/2025:00:42:46 -0500] "GET /assuntos-gerais/how-to-be-able-to-claim-and-employ-1win-casino-bonuses-2/feed/?fileloc=//usr/bin/fstopgm&path=//usr/bin HTTP/1.1" 200 12226 noticias-web.online "-" "meta-externalagent/1.1 (+https://developers.facebook.com/docs/sharing/webmasters/crawler)" "-"
2a03:2880:f800:: - - [25/Dec/2025:00:42:47 -0500] "GET /assuntos-gerais/quer-jogar-na-mostbet-com-3/?path=//kunden/homepages/2/d852930669 HTTP/1.1" 200 24285 noticias-web.online "-" "meta-externalagent/1.1 (+https://developers.facebook.com/docs/sharing/webmasters/crawler)" "-"
74.7.243.0 - - [25/Dec/2025:00:42:47 -0500] "GET /cdn-cgi/scripts/5c5dd728/cloudflare-static/email-decode.min.js?path=//kunden/kunden/kunden/proc/thread-self/root/kunden/kunden/kunden/kunden/kunden/kunden/kunden/usr/lib/locale/sv_FI@euro/LC_MESSAGES HTTP/1.1" 200 16211 noticias-web.online "-" "Mozilla/5.0 AppleWebKit/537.36 (KHTML, like Gecko; compatible; GPTBot/1.3; +https://openai.com/gptbot)" "-"
2a03:2880:f800:: - - [25/Dec/2025:00:42:48 -0500] "GET /assuntos-gerais/best-online-online-casino-australia-2025-genuine-money-casino-guide-2/?fileloc=//usr/lib/x86_64-linux-gnu/libgsasl.so.7&path=//usr/lib/x86_64-linux-gnu HTTP/1.1" 200 12313 noticias-web.online "-" "meta-externalagent/1.1 (+https://developers.facebook.com/docs/sharing/webmasters/crawler)" "-"
74.7.242.0 - - [25/Dec/2025:00:42:48 -0500] "GET /getattachment/k-mobilnym-telefonom/Drzaky/YSM-501MG/30015243_19.jpg.aspx?path=//proc/thread-self/root/homepages/15/d330634581/.oneclick HTTP/1.1" 200 12997 www.noticias-web.online "-" "Mozilla/5.0 AppleWebKit/537.36 (KHTML, like Gecko; compatible; GPTBot/1.3; +https://openai.com/gptbot)" "-"
2a03:2880:f800:: - - [25/Dec/2025:00:42:49 -0500] "GET /goods1134639264?fileloc=/homepages/14/d854326628/htpasswd&path=/homepages/14/d854326628 HTTP/1.1" 200 12312 noticias-web.online "-" "meta-externalagent/1.1 (+https://developers.facebook.com/docs/sharing/webmasters/crawler)" "-"
2a03:2880:f800:: - - [25/Dec/2025:00:42:49 -0500] "GET /mini-reviews/alles-uber-die-direkte-deutsche-casino-lizenz/?path=/homepages/26/d331242396 HTTP/1.1" 200 29819 noticias-web.online "-" "meta-externalagent/1.1 (+https://developers.facebook.com/docs/sharing/webmasters/crawler)" "-"
100.29.160.0 - - [25/Dec/2025:00:42:50 -0500] "GET /n?fileloc=//proc/self/root/usr/bin/slabtop&path=//proc/self/root/usr/bin HTTP/1.1" 200 12382 noticias-web.online "-" "Mozilla/5.0 AppleWebKit/537.36 (KHTML, like Gecko; compatible; Amazonbot/0.1; +https://developer.amazon.com/support/amazonbot) Chrome/119.0.6045.214 Safari/537.36" "-"
74.7.243.0 - - [25/Dec/2025:00:42:51 -0500] "GET /cdn-cgi/scripts/5c5dd728/cloudflare-static/email-decode.min.js?path=//kunden/kunden/kunden/proc/thread-self/root/kunden/kunden/kunden/kunden/kunden/kunden/kunden/usr/lib/locale/ha_NG/LC_MESSAGES HTTP/1.1" 200 16176 noticias-web.online "-" "Mozilla/5.0 AppleWebKit/537.36 (KHTML, like Gecko; compatible; GPTBot/1.3; +https://openai.com/gptbot)" "-"
217.113.194.0 - - [25/Dec/2025:00:42:51 -0500] "GET /categoria/blog/feed/?path=//usr/share/quota HTTP/1.1" 200 19814 noticias-web.online "-" "Mozilla/5.0 (compatible; Barkrowler/0.9; +https://babbar.tech/crawler)" "-"
74.7.242.0 - - [25/Dec/2025:00:42:51 -0500] "GET /getattachment/k-mobilnym-telefonom/Drzaky/YSM-501MG/30015243_19.jpg.aspx?path=//proc/thread-self/root/homepages/15/d330634581/.config HTTP/1.1" 200 12993 www.noticias-web.online "-" "Mozilla/5.0 AppleWebKit/537.36 (KHTML, like Gecko; compatible; GPTBot/1.3; +https://openai.com/gptbot)" "-"
66.249.68.0 - - [25/Dec/2025:00:42:52 -0500] "GET /?goods2303172224?kg=2300294059 HTTP/1.1" 403 1271 www.noticias-web.online "-" "Mozilla/5.0 (Linux; Android 6.0.1; Nexus 5X Build/MMB29P) AppleWebKit/537.36 (KHTML, like Gecko) Chrome/141.0.7390.122 Mobile Safari/537.36 (compatible; Googlebot/2.1; +http://www.google.com/bot.html)" "-"
66.249.68.0 - - [25/Dec/2025:00:42:52 -0500] "GET /?goods2301190688?kg=2298315000 HTTP/1.1" 403 1271 www.noticias-web.online "-" "Mozilla/5.0 (Linux; Android 6.0.1; Nexus 5X Build/MMB29P) AppleWebKit/537.36 (KHTML, like Gecko) Chrome/141.0.7390.122 Mobile Safari/537.36 (compatible; Googlebot/2.1; +http://www.google.com/bot.html)" "-"
66.249.68.0 - - [25/Dec/2025:00:42:52 -0500] "GET /?goods2301270688?kg=2298394900 HTTP/1.1" 403 1271 www.noticias-web.online "-" "Mozilla/5.0 (Linux; Android 6.0.1; Nexus 5X Build/MMB29P) AppleWebKit/537.36 (KHTML, like Gecko) Chrome/141.0.7390.122 Mobile Safari/537.36 (compatible; Googlebot/2.1; +http://www.google.com/bot.html)" "-"
2a03:2880:f800:: - - [25/Dec/2025:00:42:52 -0500] "GET /casino/casino-giris-ince-ayrintilari-okumak/?fileloc=/homepages/32/d849215161/.created&path=/homepages/32/d849215161 HTTP/1.1" 200 12323 noticias-web.online "-" "meta-externalagent/1.1 (+https://developers.facebook.com/docs/sharing/webmasters/crawler)" "-"
2a03:2880:f800:: - - [25/Dec/2025:00:42:53 -0500] "GET /assuntos-gerais/install-mostbet-app-bangladesh-on-android-plus-ios-get-apk-grab-320/?fileloc=//homepages/29/d333845729/phpinilist&path=//homepages/29/d333845729 HTTP/1.1" 200 12318 noticias-web.online "-" "meta-externalagent/1.1 (+https://developers.facebook.com/docs/sharing/webmasters/crawler)" "-"
2a03:2880:f800:: - - [25/Dec/2025:00:42:53 -0500] "GET /goods854271936?path=/homepages/4/d860090557/htdocs/logs HTTP/1.1" 200 53877 noticias-web.online "-" "meta-externalagent/1.1 (+https://developers.facebook.com/docs/sharing/webmasters/crawler)" "-"
2a03:2880:f800:: - - [25/Dec/2025:00:42:53 -0500] "GET /wp-json/wp/v2/posts/3194?path=/homepages/19/d851960747 HTTP/1.1" 200 24032 noticias-web.online "-" "meta-externalagent/1.1 (+https://developers.facebook.com/docs/sharing/webmasters/crawler)" "-"
2a03:2880:f800:: - - [25/Dec/2025:00:42:54 -0500] "GET /?fileloc=//homepages/14/d854610320/htaccesslist&path=//homepages/14/d854610320 HTTP/1.1" 403 1271 noticias-web.online "-" "meta-externalagent/1.1 (+https://developers.facebook.com/docs/sharing/webmasters/crawler)" "-"
74.7.243.0 - - [25/Dec/2025:00:42:54 -0500] "GET /cdn-cgi/scripts/5c5dd728/cloudflare-static/email-decode.min.js?path=//kunden/kunden/kunden/proc/thread-self/root/kunden/kunden/kunden/kunden/kunden/kunden/kunden/usr/lib/locale/kn_IN/LC_MESSAGES HTTP/1.1" 200 16175 noticias-web.online "-" "Mozilla/5.0 AppleWebKit/537.36 (KHTML, like Gecko; compatible; GPTBot/1.3; +https://openai.com/gptbot)" "-"
52.4.229.0 - - [25/Dec/2025:00:42:54 -0500] "GET /assuntos-gerais/learn-slot-machines-phase-by-step/?path=//kunden/kunden/kunden/proc/self/root/proc/self/root/kunden/proc/self/root/lib/locale/en_US HTTP/1.1" 200 34464 noticias-web.online "-" "Mozilla/5.0 AppleWebKit/537.36 (KHTML, like Gecko; compatible; Amazonbot/0.1; +https://developer.amazon.com/support/amazonbot) Chrome/119.0.6045.214 Safari/537.36" "-"
2a03:2880:f800:: - - [25/Dec/2025:00:42:54 -0500] "GET /wp-json/oembed/1.0/embed?fileloc=/homepages/26/d854421909/htpasswd&path=/homepages/26/d854421909 HTTP/1.1" 200 12312 noticias-web.online "-" "meta-externalagent/1.1 (+https://developers.facebook.com/docs/sharing/webmasters/crawler)" "-"
74.7.242.0 - - [25/Dec/2025:00:42:55 -0500] "GET /getattachment/k-mobilnym-telefonom/Drzaky/YSM-501MG/30015243_19.jpg.aspx?path=//proc/thread-self/root/homepages/15/d330634581/htdocs HTTP/1.1" 200 12991 www.noticias-web.online "-" "Mozilla/5.0 AppleWebKit/537.36 (KHTML, like Gecko; compatible; GPTBot/1.3; +https://openai.com/gptbot)" "-"
2a03:2880:f800:: - - [25/Dec/2025:00:42:56 -0500] "GET /wp-json/wp/v2/posts/2933?path=/homepages/34/d330633378/.oneclick HTTP/1.1" 200 12773 noticias-web.online "-" "meta-externalagent/1.1 (+https://developers.facebook.com/docs/sharing/webmasters/crawler)" "-"
2a03:2880:f800:: - - [25/Dec/2025:00:42:56 -0500] "GET /goods875647936?path=/homepages/4/d860090557/htdocs/clickandbuilds/NotciasWebOnline/wp-content/cache HTTP/1.1" 200 24037 noticias-web.online "-" "meta-externalagent/1.1 (+https://developers.facebook.com/docs/sharing/webmasters/crawler)" "-"
2a03:2880:f800:: - - [25/Dec/2025:00:42:56 -0500] "GET /assuntos-gerais/16-essential-gambling-establishment-tips-for-successful-big-4/feed/?fileloc=//lib/locale/ast_ES.utf8/LC_TIME&path=//lib/locale/ast_ES.utf8 HTTP/1.1" 200 12304 noticias-web.online "-" "meta-externalagent/1.1 (+https://developers.facebook.com/docs/sharing/webmasters/crawler)" "-"
66.249.68.0 - - [25/Dec/2025:00:42:57 -0500] "GET /?goods2303223424?kg=2300345195 HTTP/1.1" 403 1271 www.noticias-web.online "-" "Mozilla/5.0 (Linux; Android 6.0.1; Nexus 5X Build/MMB29P) AppleWebKit/537.36 (KHTML, like Gecko) Chrome/141.0.7390.122 Mobile Safari/537.36 (compatible; Googlebot/2.1; +http://www.google.com/bot.html)" "-"
2a03:2880:f800:: - - [25/Dec/2025:00:42:57 -0500] "GET /wp-json/wp/v2/posts/3722?path=//sys HTTP/1.1" 200 12604 noticias-web.online "-" "meta-externalagent/1.1 (+https://developers.facebook.com/docs/sharing/webmasters/crawler)" "-"
74.7.243.0 - - [25/Dec/2025:00:42:57 -0500] "GET /cdn-cgi/scripts/5c5dd728/cloudflare-static/email-decode.min.js?path=//kunden/kunden/kunden/proc/thread-self/root/kunden/kunden/kunden/kunden/kunden/kunden/kunden/usr/lib/locale/gd_GB/LC_MESSAGES HTTP/1.1" 200 16176 noticias-web.online "-" "Mozilla/5.0 AppleWebKit/537.36 (KHTML, like Gecko; compatible; GPTBot/1.3; +https://openai.com/gptbot)" "-"
2a03:2880:f800:: - - [25/Dec/2025:00:42:58 -0500] "GET /wp-json/wp/v2/posts/3410?path=/homepages/38/d330865045 HTTP/1.1" 200 28462 noticias-web.online "-" "meta-externalagent/1.1 (+https://developers.facebook.com/docs/sharing/webmasters/crawler)" "-"
2a03:2880:f800:: - - [25/Dec/2025:00:42:58 -0500] "GET /plinko/practice-plus-improve-your-skills/?fileloc=/homepages/4/d860090557/htdocs/clickandbuilds/SLCCommercial/robots.txt&path=/homepages/4/d860090557/htdocs/clickandbuilds/SLCCommercial HTTP/1.1" 200 12663 noticias-web.online "-" "meta-externalagent/1.1 (+https://developers.facebook.com/docs/sharing/webmasters/crawler)" "-"
74.7.242.0 - - [25/Dec/2025:00:42:58 -0500] "GET /getattachment/k-mobilnym-telefonom/Drzaky/YSM-501MG/30015243_10.jpg.aspx?path=//proc/self/root/homepages/3/d335071369/.oneclick HTTP/1.1" 200 12944 www.noticias-web.online "-" "Mozilla/5.0 AppleWebKit/537.36 (KHTML, like Gecko; compatible; GPTBot/1.3; +https://openai.com/gptbot)" "-"
54.225.148.0 - - [25/Dec/2025:00:42:58 -0500] "GET /assuntos-gerais/learn-slot-machines-phase-by-step/?path=//proc/thread-self/root/kunden/proc/self/root/proc/thread-self/root/proc/thread-self/root/lib/locale/sid_ET HTTP/1.1" 200 35350 noticias-web.online "-" "Mozilla/5.0 AppleWebKit/537.36 (KHTML, like Gecko; compatible; Amazonbot/0.1; +https://developer.amazon.com/support/amazonbot) Chrome/119.0.6045.214 Safari/537.36" "-"
2a03:2880:f800:: - - [25/Dec/2025:00:42:58 -0500] "GET /online-casino-au/no-deposit-casino-additional-bonuses-163-for-february-2025/feed/?fileloc=/homepages/34/d857273971/htaccesslist&path=/homepages/34/d857273971 HTTP/1.1" 200 12316 noticias-web.online "-" "meta-externalagent/1.1 (+https://developers.facebook.com/docs/sharing/webmasters/crawler)" "-"
2a03:2880:f800:: - - [25/Dec/2025:00:42:59 -0500] "GET /?fileloc=//homepages/33/d331319718/phpinilist&path=//homepages/33/d331319718 HTTP/1.1" 403 1271 noticias-web.online "-" "meta-externalagent/1.1 (+https://developers.facebook.com/docs/sharing/webmasters/crawler)" "-"
20.15.133.0 - - [25/Dec/2025:00:42:59 -0500] "GET /goods2303721600?kg=2300842747 HTTP/1.1" 200 206693 www.noticias-web.online "-" "Mozilla/5.0 AppleWebKit/537.36 (KHTML, like Gecko; compatible; bingbot/2.0; +http://www.bing.com/bingbot.htm) Chrome/116.0.1938.76 Safari/537.36" "-"
2a03:2880:f800:: - - [25/Dec/2025:00:43:00 -0500] "GET /wp-json/wp/v2/posts/3095?path=/homepages/36/d331462272/htdocs HTTP/1.1" 200 12767 noticias-web.online "-" "meta-externalagent/1.1 (+https://developers.facebook.com/docs/sharing/webmasters/crawler)" "-"
74.7.243.0 - - [25/Dec/2025:00:43:00 -0500] "GET /cdn-cgi/scripts/5c5dd728/cloudflare-static/email-decode.min.js?path=//kunden/kunden/kunden/proc/thread-self/root/kunden/kunden/kunden/kunden/kunden/kunden/kunden/usr/lib/locale/en_NZ/LC_MESSAGES HTTP/1.1" 200 16176 noticias-web.online "-" "Mozilla/5.0 AppleWebKit/537.36 (KHTML, like Gecko; compatible; GPTBot/1.3; +https://openai.com/gptbot)" "-"
2a03:2880:f800:: - - [25/Dec/2025:00:43:00 -0500] "GET /goods1134779712?path=/homepages/4/d860090557/htdocs HTTP/1.1" 200 27117 noticias-web.online "-" "meta-externalagent/1.1 (+https://developers.facebook.com/docs/sharing/webmasters/crawler)" "-"
2a03:2880:f800:: - - [25/Dec/2025:00:43:01 -0500] "GET /wp-json/wp/v2/posts/2740?fileloc=/homepages/26/d858005518/.created&path=/homepages/26/d858005518 HTTP/1.1" 200 12323 noticias-web.online "-" "meta-externalagent/1.1 (+https://developers.facebook.com/docs/sharing/webmasters/crawler)" "-"
2a03:2880:f800:: - - [25/Dec/2025:00:43:01 -0500] "GET /2024/11/06/?fileloc=//usr/share/doc/libc6/NEWS.gz&path=//usr/share/doc/libc6 HTTP/1.1" 200 12330 noticias-web.online "-" "meta-externalagent/1.1 (+https://developers.facebook.com/docs/sharing/webmasters/crawler)" "-"
54.162.69.0 - - [25/Dec/2025:00:43:01 -0500] "GET /n?fileloc=//kunden/kunden/lib/locale/so_ET/LC_TIME&path=//kunden/kunden/lib/locale/so_ET HTTP/1.1" 200 12421 noticias-web.online "-" "Mozilla/5.0 AppleWebKit/537.36 (KHTML, like Gecko; compatible; Amazonbot/0.1; +https://developer.amazon.com/support/amazonbot) Chrome/119.0.6045.214 Safari/537.36" "-"
74.7.242.0 - - [25/Dec/2025:00:43:01 -0500] "GET /getattachment/k-mobilnym-telefonom/Drzaky/YSM-501MG/30015243_10.jpg.aspx?path=//proc/self/root/homepages/3/d335071369/.config HTTP/1.1" 200 12940 www.noticias-web.online "-" "Mozilla/5.0 AppleWebKit/537.36 (KHTML, like Gecko; compatible; GPTBot/1.3; +https://openai.com/gptbot)" "-"
2a03:2880:f800:: - - [25/Dec/2025:00:43:01 -0500] "GET /wp-json/wp/v2/posts/3108?path=/homepages/4/d860090557/htdocs/clickandbuilds/MoreHealthySales/.metadata HTTP/1.1" 200 16417 noticias-web.online "-" "meta-externalagent/1.1 (+https://developers.facebook.com/docs/sharing/webmasters/crawler)" "-"
2a03:2880:f800:: - - [25/Dec/2025:00:43:02 -0500] "GET /casino-onlina-ca/best-on-line-casino-usa-top-sites-in-2025/feed/?path=//homepages/10/d849194835 HTTP/1.1" 200 24063 noticias-web.online "-" "meta-externalagent/1.1 (+https://developers.facebook.com/docs/sharing/webmasters/crawler)" "-"
2a03:2880:f800:: - - [25/Dec/2025:00:43:02 -0500] "GET /goods853781664?fileloc=/homepages/4/d860090557/htdocs/clickandbuilds/NotciasWebOnline/wp-admin/options-media.php&path=/homepages/4/d860090557/htdocs/clickandbuilds/NotciasWebOnline/wp-admin HTTP/1.1" 200 21293 noticias-web.online "-" "meta-externalagent/1.1 (+https://developers.facebook.com/docs/sharing/webmasters/crawler)" "-"
2a03:2880:f800:: - - [25/Dec/2025:00:43:03 -0500] "GET /goods777547488?fileloc=/homepages/3/d334168640/htaccesslist&path=/homepages/3/d334168640 HTTP/1.1" 200 12312 noticias-web.online "-" "meta-externalagent/1.1 (+https://developers.facebook.com/docs/sharing/webmasters/crawler)" "-"
74.7.243.0 - - [25/Dec/2025:00:43:03 -0500] "GET /cdn-cgi/scripts/5c5dd728/cloudflare-static/email-decode.min.js?path=//kunden/kunden/kunden/proc/thread-self/root/kunden/kunden/kunden/kunden/kunden/kunden/kunden/usr/lib/locale/ber_MA/LC_MESSAGES HTTP/1.1" 200 16183 noticias-web.online "-" "Mozilla/5.0 AppleWebKit/537.36 (KHTML, like Gecko; compatible; GPTBot/1.3; +https://openai.com/gptbot)" "-"
2a03:2880:f800:: - - [25/Dec/2025:00:43:04 -0500] "GET /goods1519960512?path=//tmp HTTP/1.1" 200 18008 noticias-web.online "-" "meta-externalagent/1.1 (+https://developers.facebook.com/docs/sharing/webmasters/crawler)" "-"
74.7.242.0 - - [25/Dec/2025:00:43:04 -0500] "GET /getattachment/k-mobilnym-telefonom/Drzaky/YSM-501MG/30015243_10.jpg.aspx?path=//proc/self/root/homepages/13/d330612348/.config HTTP/1.1" 200 12944 www.noticias-web.online "-" "Mozilla/5.0 AppleWebKit/537.36 (KHTML, like Gecko; compatible; GPTBot/1.3; +https://openai.com/gptbot)" "-"
2a03:2880:f800:: - - [25/Dec/2025:00:43:04 -0500] "GET /assuntos-gerais/mastering-data-driven-personalization-in-email-campaigns-from-technical-setup-to-optimization/?path=//homepages/18/d856811005/.config HTTP/1.1" 200 12773 noticias-web.online "-" "meta-externalagent/1.1 (+https://developers.facebook.com/docs/sharing/webmasters/crawler)" "-"
2a03:2880:f800:: - - [25/Dec/2025:00:43:05 -0500] "GET /wp-json/wp/v2/posts/3362?fileloc=/homepages/4/d860090557/htdocs/_ProviderRestore/LinkerDots/wp-cron.php&path=/homepages/4/d860090557/htdocs/_ProviderRestore/LinkerDots HTTP/1.1" 200 16587 noticias-web.online "-" "meta-externalagent/1.1 (+https://developers.facebook.com/docs/sharing/webmasters/crawler)" "-"
2a03:2880:f800:: - - [25/Dec/2025:00:43:05 -0500] "GET /wp-json/wp/v2/posts/3060?fileloc=//bin/dd&path=//bin HTTP/1.1" 200 12183 noticias-web.online "-" "meta-externalagent/1.1 (+https://developers.facebook.com/docs/sharing/webmasters/crawler)" "-"
66.249.68.0 - - [25/Dec/2025:00:43:06 -0500] "GET /?goods2303161888?kg=2300283736 HTTP/1.1" 403 1271 www.noticias-web.online "-" "Mozilla/5.0 (Linux; Android 6.0.1; Nexus 5X Build/MMB29P) AppleWebKit/537.36 (KHTML, like Gecko) Chrome/141.0.7390.122 Mobile Safari/537.36 (compatible; Googlebot/2.1; +http://www.google.com/bot.html)" "-"
2a03:2880:f800:: - - [25/Dec/2025:00:43:06 -0500] "GET /wp-json/wp/v2/posts/3313?path=//homepages/31/d854069273 HTTP/1.1" 200 25545 noticias-web.online "-" "meta-externalagent/1.1 (+https://developers.facebook.com/docs/sharing/webmasters/crawler)" "-"
23.23.180.0 - - [25/Dec/2025:00:43:06 -0500] "GET /n?fileloc=//usr/include/php8.0/ext/standard/php_image.h&path=//usr/include/php8.0/ext/standard HTTP/1.1" 200 14580 noticias-web.online "-" "Mozilla/5.0 AppleWebKit/537.36 (KHTML, like Gecko; compatible; Amazonbot/0.1; +https://developer.amazon.com/support/amazonbot) Chrome/119.0.6045.214 Safari/537.36" "-"
74.7.243.0 - - [25/Dec/2025:00:43:06 -0500] "GET /cdn-cgi/scripts/5c5dd728/cloudflare-static/email-decode.min.js?path=//kunden/kunden/kunden/proc/thread-self/root/kunden/kunden/kunden/kunden/kunden/kunden/kunden/usr/lib/locale/iu_CA/LC_MESSAGES HTTP/1.1" 200 16176 noticias-web.online "-" "Mozilla/5.0 AppleWebKit/537.36 (KHTML, like Gecko; compatible; GPTBot/1.3; +https://openai.com/gptbot)" "-"
2a03:2880:f800:: - - [25/Dec/2025:00:43:06 -0500] "GET /wp-json/wp/v2/posts/3054?fileloc=/homepages/4/d860090557/DASTOOLSTART&path=/homepages/4/d860090557 HTTP/1.1" 200 12312 noticias-web.online "-" "meta-externalagent/1.1 (+https://developers.facebook.com/docs/sharing/webmasters/crawler)" "-"
2a03:2880:f800:: - - [25/Dec/2025:00:43:07 -0500] "GET /goods1519780064?path=/ HTTP/1.1" 200 44504 noticias-web.online "-" "meta-externalagent/1.1 (+https://developers.facebook.com/docs/sharing/webmasters/crawler)" "-"
217.113.194.0 - - [25/Dec/2025:00:43:07 -0500] "GET /categoria/blog/feed/?path=//usr/share/joe HTTP/1.1" 200 17970 noticias-web.online "-" "Mozilla/5.0 (compatible; Barkrowler/0.9; +https://babbar.tech/crawler)" "-"
74.7.242.0 - - [25/Dec/2025:00:43:07 -0500] "GET /getattachment/k-mobilnym-telefonom/Drzaky/YSM-501MG/30015243_10.jpg.aspx?path=//proc/self/root/homepages/13/d330612348/.tinc HTTP/1.1" 200 12940 www.noticias-web.online "-" "Mozilla/5.0 AppleWebKit/537.36 (KHTML, like Gecko; compatible; GPTBot/1.3; +https://openai.com/gptbot)" "-"
2a03:2880:f800:: - - [25/Dec/2025:00:43:08 -0500] "GET /wp-json/wp/v2/posts/2912?fileloc=/homepages/31/d853312808/.htaccess&path=/homepages/31/d853312808 HTTP/1.1" 200 12313 noticias-web.online "-" "meta-externalagent/1.1 (+https://developers.facebook.com/docs/sharing/webmasters/crawler)" "-"
2a03:2880:f800:: - - [25/Dec/2025:00:43:09 -0500] "GET /goods1134819136?fileloc=//sbin/fsck.ext4dev&path=//sbin HTTP/1.1" 200 12196 noticias-web.online "-" "meta-externalagent/1.1 (+https://developers.facebook.com/docs/sharing/webmasters/crawler)" "-"
52.4.238.0 - - [25/Dec/2025:00:43:09 -0500] "GET /n?path=//proc/self/root/proc/sys/dev HTTP/1.1" 200 18260 noticias-web.online "-" "Mozilla/5.0 AppleWebKit/537.36 (KHTML, like Gecko; compatible; Amazonbot/0.1; +https://developer.amazon.com/support/amazonbot) Chrome/119.0.6045.214 Safari/537.36" "-"
74.7.243.0 - - [25/Dec/2025:00:43:09 -0500] "GET /cdn-cgi/scripts/5c5dd728/cloudflare-static/email-decode.min.js?path=//kunden/kunden/kunden/proc/thread-self/root/kunden/kunden/kunden/kunden/kunden/kunden/kunden/usr/lib/locale/lg_UG/LC_MESSAGES HTTP/1.1" 200 16176 noticias-web.online "-" "Mozilla/5.0 AppleWebKit/537.36 (KHTML, like Gecko; compatible; GPTBot/1.3; +https://openai.com/gptbot)" "-"
2a03:2880:f800:: - - [25/Dec/2025:00:43:10 -0500] "GET /goods1520110336?fileloc=/homepages/4/d860090557/htdocs/clickandbuilds/SLCCommercial-orig/wp-config-sample.php&path=/homepages/4/d860090557/htdocs/clickandbuilds/SLCCommercial-orig HTTP/1.1" 200 15963 noticias-web.online "-" "meta-externalagent/1.1 (+https://developers.facebook.com/docs/sharing/webmasters/crawler)" "-"
74.7.242.0 - - [25/Dec/2025:00:43:10 -0500] "GET /getattachment/k-mobilnym-telefonom/Drzaky/YSM-501MG/30015243_19.jpg.aspx?path=//proc/self/root/homepages/35/d858351165 HTTP/1.1" 200 27715 www.noticias-web.online "-" "Mozilla/5.0 AppleWebKit/537.36 (KHTML, like Gecko; compatible; GPTBot/1.3; +https://openai.com/gptbot)" "-"
2a03:2880:f800:: - - [25/Dec/2025:00:43:11 -0500] "GET /assuntos-gerais/who-owns-the-horseshoe-brand-2/?path=//homepages/5/d858186165/managed HTTP/1.1" 200 12769 noticias-web.online "-" "meta-externalagent/1.1 (+https://developers.facebook.com/docs/sharing/webmasters/crawler)" "-"
40.77.167.0 - - [25/Dec/2025:00:43:12 -0500] "GET /goods51559776?kg=0051496126 HTTP/1.1" 200 205673 www.noticias-web.online "-" "Mozilla/5.0 AppleWebKit/537.36 (KHTML, like Gecko; compatible; bingbot/2.0; +http://www.bing.com/bingbot.htm) Chrome/116.0.1938.76 Safari/537.36" "-"
2a03:2880:f800:: - - [25/Dec/2025:00:43:12 -0500] "GET /goods1031843488?path=/homepages/30/d859262114 HTTP/1.1" 200 26972 noticias-web.online "-" "meta-externalagent/1.1 (+https://developers.facebook.com/docs/sharing/webmasters/crawler)" "-"
2a03:2880:f800:: - - [25/Dec/2025:00:43:12 -0500] "GET /goods343701088?path=/homepages/45 HTTP/1.1" 200 75256 noticias-web.online "-" "meta-externalagent/1.1 (+https://developers.facebook.com/docs/sharing/webmasters/crawler)" "-"
74.7.243.0 - - [25/Dec/2025:00:43:12 -0500] "GET /cdn-cgi/scripts/5c5dd728/cloudflare-static/email-decode.min.js?path=//kunden/kunden/kunden/proc/thread-self/root/kunden/kunden/kunden/kunden/kunden/kunden/kunden/usr/lib/locale/quz_PE HTTP/1.1" 200 35912 noticias-web.online "-" "Mozilla/5.0 AppleWebKit/537.36 (KHTML, like Gecko; compatible; GPTBot/1.3; +https://openai.com/gptbot)" "-"
2a03:2880:f800:: - - [25/Dec/2025:00:43:13 -0500] "GET /assuntos-gerais/the-way-to-win-in-some-sort-of-casino-gambling-methods-for-beginners/feed/?fileloc=//kunden/bin/ps2ps&path=//kunden/bin HTTP/1.1" 200 13057 noticias-web.online "-" "meta-externalagent/1.1 (+https://developers.facebook.com/docs/sharing/webmasters/crawler)" "-"
23.21.250.0 - - [25/Dec/2025:00:43:13 -0500] "GET /n?path=//kunden/kunden/kunden/lib/locale/lv_LV HTTP/1.1" 200 31100 noticias-web.online "-" "Mozilla/5.0 AppleWebKit/537.36 (KHTML, like Gecko; compatible; Amazonbot/0.1; +https://developer.amazon.com/support/amazonbot) Chrome/119.0.6045.214 Safari/537.36" "-"
74.7.242.0 - - [25/Dec/2025:00:43:14 -0500] "GET /getattachment/k-mobilnym-telefonom/Drzaky/YSM-501MG/30015243_10.jpg.aspx?path=//kunden/proc/self/root/homepages/5/d858186165 HTTP/1.1" 200 26448 www.noticias-web.online "-" "Mozilla/5.0 AppleWebKit/537.36 (KHTML, like Gecko; compatible; GPTBot/1.3; +https://openai.com/gptbot)" "-"
2a03:2880:f800:: - - [25/Dec/2025:00:43:14 -0500] "GET /assuntos-gerais/meet-alex-the-ruskies-casino-hacker-that-makes-millions-targeting-slot-machines-2/?fileloc=//kunden/bin/prove&path=//kunden/bin HTTP/1.1" 200 26434 noticias-web.online "-" "meta-externalagent/1.1 (+https://developers.facebook.com/docs/sharing/webmasters/crawler)" "-"
2a03:2880:f800:: - - [25/Dec/2025:00:43:15 -0500] "GET /wp-json/wp/v2/posts/2788?fileloc=/homepages/36/d857797271/htpasswd&path=/homepages/36/d857797271 HTTP/1.1" 200 12312 noticias-web.online "-" "meta-externalagent/1.1 (+https://developers.facebook.com/docs/sharing/webmasters/crawler)" "-"
2a03:2880:f800:: - - [25/Dec/2025:00:43:15 -0500] "GET /2024/11/06/?fileloc=//usr/lib/git-core/git-init-db&path=//usr/lib/git-core HTTP/1.1" 200 12287 noticias-web.online "-" "meta-externalagent/1.1 (+https://developers.facebook.com/docs/sharing/webmasters/crawler)" "-"
66.249.68.0 - - [25/Dec/2025:00:43:16 -0500] "GET /?goods1077855200?kg=1076508682 HTTP/1.1" 403 1271 www.noticias-web.online "-" "Mozilla/5.0 (Linux; Android 6.0.1; Nexus 5X Build/MMB29P) AppleWebKit/537.36 (KHTML, like Gecko) Chrome/141.0.7390.122 Mobile Safari/537.36 (compatible; Googlebot/2.1; +http://www.google.com/bot.html)" "-"
74.7.243.0 - - [25/Dec/2025:00:43:16 -0500] "GET /cdn-cgi/scripts/5c5dd728/cloudflare-static/email-decode.min.js?path=//kunden/kunden/kunden/proc/thread-self/root/kunden/kunden/kunden/kunden/kunden/kunden/kunden/usr/lib/locale/lo_LA HTTP/1.1" 200 35864 noticias-web.online "-" "Mozilla/5.0 AppleWebKit/537.36 (KHTML, like Gecko; compatible; GPTBot/1.3; +https://openai.com/gptbot)" "-"
2a03:2880:f800:: - - [25/Dec/2025:00:43:16 -0500] "GET /author/dev/feed/?fileloc=//bin/bzless&path=//bin HTTP/1.1" 200 13645 noticias-web.online "-" "meta-externalagent/1.1 (+https://developers.facebook.com/docs/sharing/webmasters/crawler)" "-"
40.77.167.0 - - [25/Dec/2025:00:43:16 -0500] "GET /goods1411242624?kg=1409479371 HTTP/1.1" 200 206664 www.noticias-web.online "-" "Mozilla/5.0 AppleWebKit/537.36 (KHTML, like Gecko; compatible; bingbot/2.0; +http://www.bing.com/bingbot.htm) Chrome/116.0.1938.76 Safari/537.36" "-"
66.249.68.0 - - [25/Dec/2025:00:43:17 -0500] "GET /?goods2277764000?kg=2274917596 HTTP/1.1" 403 1271 www.noticias-web.online "-" "Mozilla/5.0 (Linux; Android 6.0.1; Nexus 5X Build/MMB29P) AppleWebKit/537.36 (KHTML, like Gecko) Chrome/141.0.7390.122 Mobile Safari/537.36 (compatible; Googlebot/2.1; +http://www.google.com/bot.html)" "-"
74.7.242.0 - - [25/Dec/2025:00:43:17 -0500] "GET /getattachment/k-mobilnym-telefonom/Drzaky/YSM-501MG/30015243_19.jpg.aspx?path=//kunden/proc/self/root/homepages/21/d859389757/.oneclick HTTP/1.1" 200 13033 www.noticias-web.online "-" "Mozilla/5.0 AppleWebKit/537.36 (KHTML, like Gecko; compatible; GPTBot/1.3; +https://openai.com/gptbot)" "-"
54.90.8.0 - - [25/Dec/2025:00:43:17 -0500] "GET /n?path=//kunden/kunden/kunden/lib/php8.0/test HTTP/1.1" 200 38213 noticias-web.online "-" "Mozilla/5.0 AppleWebKit/537.36 (KHTML, like Gecko; compatible; Amazonbot/0.1; +https://developer.amazon.com/support/amazonbot) Chrome/119.0.6045.214 Safari/537.36" "-"
2a03:2880:f800:: - - [25/Dec/2025:00:43:17 -0500] "GET /assuntos-gerais/best-online-casino-welcome-bonuses-in-2025-ultimate-guide/?fileloc=/homepages/40/d332906398/.created&path=/homepages/40/d332906398 HTTP/1.1" 200 12323 noticias-web.online "-" "meta-externalagent/1.1 (+https://developers.facebook.com/docs/sharing/webmasters/crawler)" "-"
74.7.243.0 - - [25/Dec/2025:00:43:19 -0500] "GET /cdn-cgi/scripts/5c5dd728/cloudflare-static/email-decode.min.js?fileloc=//kunden/kunden/kunden/proc/thread-self/root/kunden/kunden/kunden/kunden/kunden/kunden/kunden/usr/lib/locale/br_FR/LC_MESSAGES/SYS_LC_MESSAGES&path=//kunden/kunden/kunden/proc/thread-self/root/kunden/kunden/kunden/kunden/kunden/kunden/kunden/usr/lib/locale/br_FR/LC_MESSAGES HTTP/1.1" 200 14065 noticias-web.online "-" "Mozilla/5.0 AppleWebKit/537.36 (KHTML, like Gecko; compatible; GPTBot/1.3; +https://openai.com/gptbot)" "-"
74.7.242.0 - - [25/Dec/2025:00:43:20 -0500] "GET /getattachment/k-mobilnym-telefonom/Drzaky/YSM-501MG/30015243_19.jpg.aspx?path=//proc/thread-self/root/homepages/26/d849537293/.config HTTP/1.1" 200 12993 www.noticias-web.online "-" "Mozilla/5.0 AppleWebKit/537.36 (KHTML, like Gecko; compatible; GPTBot/1.3; +https://openai.com/gptbot)" "-"
66.249.68.0 - - [25/Dec/2025:00:43:21 -0500] "GET /goods1366651488?kg=1364943974 HTTP/1.1" 200 215078 www.noticias-web.online "-" "Mozilla/5.0 (Linux; Android 6.0.1; Nexus 5X Build/MMB29P) AppleWebKit/537.36 (KHTML, like Gecko) Chrome/141.0.7390.122 Mobile Safari/537.36 (compatible; Googlebot/2.1; +http://www.google.com/bot.html)" "-"
2a03:2880:f800:: - - [25/Dec/2025:00:43:21 -0500] "GET /assuntos-gerais/faca-o-get-access-e-jogue-online-4/feed/?fileloc=//usr/bin/pwdx&path=//usr/bin HTTP/1.1" 200 12223 noticias-web.online "-" "meta-externalagent/1.1 (+https://developers.facebook.com/docs/sharing/webmasters/crawler)" "-"
2a03:2880:f800:: - - [25/Dec/2025:00:43:21 -0500] "GET /wp-json/wp/v2/posts/3172?fileloc=/homepages/10/d331296477/DASTOOLSTART&path=/homepages/10/d331296477 HTTP/1.1" 200 12316 noticias-web.online "-" "meta-externalagent/1.1 (+https://developers.facebook.com/docs/sharing/webmasters/crawler)" "-"
98.82.38.0 - - [25/Dec/2025:00:43:22 -0500] "GET /n?path=//kunden/kunden/kunden/lib/locale/ber_DZ HTTP/1.1" 200 31146 noticias-web.online "-" "Mozilla/5.0 AppleWebKit/537.36 (KHTML, like Gecko; compatible; Amazonbot/0.1; +https://developer.amazon.com/support/amazonbot) Chrome/119.0.6045.214 Safari/537.36" "-"
74.7.243.0 - - [25/Dec/2025:00:43:22 -0500] "GET /cdn-cgi/scripts/5c5dd728/cloudflare-static/email-decode.min.js?path=//kunden/kunden/kunden/proc/thread-self/root/kunden/kunden/kunden/kunden/kunden/kunden/kunden/usr/lib/locale/sq_MK HTTP/1.1" 200 35862 noticias-web.online "-" "Mozilla/5.0 AppleWebKit/537.36 (KHTML, like Gecko; compatible; GPTBot/1.3; +https://openai.com/gptbot)" "-"
2a03:2880:f800:: - - [25/Dec/2025:00:43:22 -0500] "GET /goods875703776?path=/homepages/28/d334324000 HTTP/1.1" 200 26972 noticias-web.online "-" "meta-externalagent/1.1 (+https://developers.facebook.com/docs/sharing/webmasters/crawler)" "-"
2a03:2880:f800:: - - [25/Dec/2025:00:43:23 -0500] "GET /goods1134804064?fileloc=//bin/domainname&path=//bin HTTP/1.1" 200 12191 noticias-web.online "-" "meta-externalagent/1.1 (+https://developers.facebook.com/docs/sharing/webmasters/crawler)" "-"
217.113.194.0 - - [25/Dec/2025:00:43:23 -0500] "GET /categoria/blog/feed/?path=//usr/share/aclocal HTTP/1.1" 200 25704 noticias-web.online "-" "Mozilla/5.0 (compatible; Barkrowler/0.9; +https://babbar.tech/crawler)" "-"
74.7.242.0 - - [25/Dec/2025:00:43:23 -0500] "GET /getattachment/k-mobilnym-telefonom/Drzaky/YSM-501MG/30015243_10.jpg.aspx?path=//kunden/proc/self/root/homepages/29/d860192854/.config HTTP/1.1" 200 13029 www.noticias-web.online "-" "Mozilla/5.0 AppleWebKit/537.36 (KHTML, like Gecko; compatible; GPTBot/1.3; +https://openai.com/gptbot)" "-"
2a03:2880:f800:: - - [25/Dec/2025:00:43:23 -0500] "GET /wp-json/wp/v2/posts/2930?path=/homepages/33/d852821049/.oneclick HTTP/1.1" 200 12773 noticias-web.online "-" "meta-externalagent/1.1 (+https://developers.facebook.com/docs/sharing/webmasters/crawler)" "-"
94.74.126.0 - - [25/Dec/2025:00:43:24 -0500] "GET /casino/glory-casino-home-ultimate-on-the-internet-gaming-bonus-hub/ HTTP/1.1" 200 242201 noticias-web.online "https://noticias-web.online/casino/glory-casino-home-ultimate-on-the-internet-gaming-bonus-hub/#toc-0" "Mozilla/5.0 (Windows NT 10.0; Win64; x64) AppleWebKit/537.36 (KHTML, like Gecko) Chrome/116.0.0.0 Safari/537.36" "-"
2a03:2880:f800:: - - [25/Dec/2025:00:43:24 -0500] "GET /assuntos-gerais/first-singapore-casino-opens/feed/?path=/homepages/43/d331680312 HTTP/1.1" 200 31265 noticias-web.online "-" "meta-externalagent/1.1 (+https://developers.facebook.com/docs/sharing/webmasters/crawler)" "-"
2a03:2880:f800:: - - [25/Dec/2025:00:43:25 -0500] "GET /assuntos-gerais/site-oficial-da-mostbet-brasil-apostas-esportivas-e-cassino-zero-brasil-3/feed/?fileloc=//lib/locale/en_IL/LC_CTYPE&path=//lib/locale/en_IL HTTP/1.1" 200 12287 noticias-web.online "-" "meta-externalagent/1.1 (+https://developers.facebook.com/docs/sharing/webmasters/crawler)" "-"
2a03:2880:f800:: - - [25/Dec/2025:00:43:25 -0500] "GET /wp-json/wp/v2/posts/2734?fileloc=//lib/aspell/iso-8859-4.cset&path=//lib/aspell HTTP/1.1" 200 26801 noticias-web.online "-" "meta-externalagent/1.1 (+https://developers.facebook.com/docs/sharing/webmasters/crawler)" "-"
35.169.102.0 - - [25/Dec/2025:00:43:25 -0500] "GET /n?path=//kunden/kunden/usr/lib/locale/de_BE HTTP/1.1" 200 30944 noticias-web.online "-" "Mozilla/5.0 AppleWebKit/537.36 (KHTML, like Gecko; compatible; Amazonbot/0.1; +https://developer.amazon.com/support/amazonbot) Chrome/119.0.6045.214 Safari/537.36" "-"
74.7.243.0 - - [25/Dec/2025:00:43:25 -0500] "GET /cdn-cgi/scripts/5c5dd728/cloudflare-static/email-decode.min.js?path=//kunden/kunden/kunden/proc/thread-self/root/kunden/kunden/kunden/kunden/kunden/kunden/kunden/usr/lib/locale/li_BE HTTP/1.1" 200 35860 noticias-web.online "-" "Mozilla/5.0 AppleWebKit/537.36 (KHTML, like Gecko; compatible; GPTBot/1.3; +https://openai.com/gptbot)" "-"
2a03:2880:f800:: - - [25/Dec/2025:00:43:26 -0500] "GET /goods214900224?fileloc=/homepages/4/d860090557/htdocs/clickandbuilds/NotciasWebOnline/.htaccess&path=/homepages/4/d860090557/htdocs/clickandbuilds/NotciasWebOnline HTTP/1.1" 200 14665 noticias-web.online "-" "meta-externalagent/1.1 (+https://developers.facebook.com/docs/sharing/webmasters/crawler)" "-"
2a03:2880:f800:: - - [25/Dec/2025:00:43:26 -0500] "GET /wp-json/wp/v2/posts/3344?path=//homepages/34/d331510774/htdocs HTTP/1.1" 200 12771 noticias-web.online "-" "meta-externalagent/1.1 (+https://developers.facebook.com/docs/sharing/webmasters/crawler)" "-"
74.7.242.0 - - [25/Dec/2025:00:43:26 -0500] "GET /getattachment/k-mobilnym-telefonom/Drzaky/YSM-501MG/30015243_10.jpg.aspx?path=//proc/self/root/homepages/37/d857434432 HTTP/1.1" 200 30807 www.noticias-web.online "-" "Mozilla/5.0 AppleWebKit/537.36 (KHTML, like Gecko; compatible; GPTBot/1.3; +https://openai.com/gptbot)" "-"
2a03:2880:f800:: - - [25/Dec/2025:00:43:27 -0500] "GET /king-johnnie/king-johnnie-review-rating-2025-assert-6000-in-bonuses/feed/?path=//homepages/21/d859119742/htdocs HTTP/1.1" 200 12771 noticias-web.online "-" "meta-externalagent/1.1 (+https://developers.facebook.com/docs/sharing/webmasters/crawler)" "-"
2a03:2880:f800:: - - [25/Dec/2025:00:43:27 -0500] "GET /assuntos-gerais/learn-slot-machines-phase-by-step/feed/?fileloc=/homepages/10/d860406591/DASTOOLSTART&path=/homepages/10/d860406591 HTTP/1.1" 200 12316 noticias-web.online "-" "meta-externalagent/1.1 (+https://developers.facebook.com/docs/sharing/webmasters/crawler)" "-"
2a03:2880:f800:: - - [25/Dec/2025:00:43:28 -0500] "GET /wp-json/wp/v2/posts/2948?fileloc=//homepages/12/d853514607/phpinilist&path=//homepages/12/d853514607 HTTP/1.1" 200 12318 noticias-web.online "-" "meta-externalagent/1.1 (+https://developers.facebook.com/docs/sharing/webmasters/crawler)" "-"
74.7.243.0 - - [25/Dec/2025:00:43:28 -0500] "GET /cdn-cgi/scripts/5c5dd728/cloudflare-static/email-decode.min.js?path=//kunden/kunden/kunden/proc/thread-self/root/kunden/kunden/kunden/kunden/kunden/kunden/kunden/usr/lib/locale/dsb_DE HTTP/1.1" 200 35914 noticias-web.online "-" "Mozilla/5.0 AppleWebKit/537.36 (KHTML, like Gecko; compatible; GPTBot/1.3; +https://openai.com/gptbot)" "-"
2a03:2880:f800:: - - [25/Dec/2025:00:43:28 -0500] "GET /wp-json/wp/v2/posts/3015?path=//kunden/etc/bash_completion.d HTTP/1.1" 200 14206 noticias-web.online "-" "meta-externalagent/1.1 (+https://developers.facebook.com/docs/sharing/webmasters/crawler)" "-"
2a03:2880:f800:: - - [25/Dec/2025:00:43:29 -0500] "GET /assuntos-gerais/who-owns-the-horseshoe-brand/?path=/homepages/27/d855353168/htdocs HTTP/1.1" 200 12767 noticias-web.online "-" "meta-externalagent/1.1 (+https://developers.facebook.com/docs/sharing/webmasters/crawler)" "-"
35.153.86.0 - - [25/Dec/2025:00:43:29 -0500] "GET /n?path=//kunden/kunden/kunden/lib/locale/sw_KE HTTP/1.1" 200 31097 noticias-web.online "-" "Mozilla/5.0 AppleWebKit/537.36 (KHTML, like Gecko; compatible; Amazonbot/0.1; +https://developer.amazon.com/support/amazonbot) Chrome/119.0.6045.214 Safari/537.36" "-"
74.7.242.0 - - [25/Dec/2025:00:43:29 -0500] "GET /getattachment/k-mobilnym-telefonom/Drzaky/YSM-501MG/30015243_19.jpg.aspx?path=//proc/thread-self/root/homepages/39/d330175744 HTTP/1.1" 200 29583 www.noticias-web.online "-" "Mozilla/5.0 AppleWebKit/537.36 (KHTML, like Gecko; compatible; GPTBot/1.3; +https://openai.com/gptbot)" "-"
2a03:2880:f800:: - - [25/Dec/2025:00:43:30 -0500] "GET /assuntos-gerais/the-best-slot-devices-to-play-within-year/feed/?fileloc=//lib/locale/hy_AM.armscii8/LC_MEASUREMENT&path=//lib/locale/hy_AM.armscii8 HTTP/1.1" 200 12347 noticias-web.online "-" "meta-externalagent/1.1 (+https://developers.facebook.com/docs/sharing/webmasters/crawler)" "-"
51.222.168.0 - - [25/Dec/2025:00:43:31 -0500] "GET /goods1091306400?kg=1089943068 HTTP/1.1" 200 87787 noticias-web.online "-" "Mozilla/5.0 (compatible; AhrefsBot/7.0; +http://ahrefs.com/robot/)" "-"
74.7.243.0 - - [25/Dec/2025:00:43:31 -0500] "GET /cdn-cgi/scripts/5c5dd728/cloudflare-static/email-decode.min.js?path=//kunden/kunden/kunden/proc/thread-self/root/kunden/kunden/kunden/kunden/kunden/kunden/kunden/usr/lib/locale/ca_ES HTTP/1.1" 200 35865 noticias-web.online "-" "Mozilla/5.0 AppleWebKit/537.36 (KHTML, like Gecko; compatible; GPTBot/1.3; +https://openai.com/gptbot)" "-"
52.167.144.0 - - [25/Dec/2025:00:43:32 -0500] "GET /goods777523136?kg=0776552033 HTTP/1.1" 200 206867 www.noticias-web.online "-" "Mozilla/5.0 AppleWebKit/537.36 (KHTML, like Gecko; compatible; bingbot/2.0; +http://www.bing.com/bingbot.htm) Chrome/116.0.1938.76 Safari/537.36" "-"
2a03:2880:f800:: - - [25/Dec/2025:00:43:32 -0500] "GET /wp-json/wp/v2/posts/3149?path=/homepages/31/d332121395 HTTP/1.1" 200 28462 noticias-web.online "-" "meta-externalagent/1.1 (+https://developers.facebook.com/docs/sharing/webmasters/crawler)" "-"
74.7.242.0 - - [25/Dec/2025:00:43:33 -0500] "GET /getattachment/k-mobilnym-telefonom/Drzaky/YSM-501MG/30015243_10.jpg.aspx?path=//proc/self/root/homepages/43/d855861254 HTTP/1.1" 200 26181 www.noticias-web.online "-" "Mozilla/5.0 AppleWebKit/537.36 (KHTML, like Gecko; compatible; GPTBot/1.3; +https://openai.com/gptbot)" "-"
2a03:2880:f800:: - - [25/Dec/2025:00:43:33 -0500] "GET /assuntos-gerais/unlocking-hidden-rewards-lessons-from-ancient-and-modern-games-75/?path=/homepages/20/d852520659/htdocs HTTP/1.1" 200 12767 noticias-web.online "-" "meta-externalagent/1.1 (+https://developers.facebook.com/docs/sharing/webmasters/crawler)" "-"
2a03:2880:f800:: - - [25/Dec/2025:00:43:34 -0500] "GET /goods2146012000?fileloc=/homepages/4/d860090557/htdocs/clickandbuilds/NotciasWebOnline/wp-includes/class-pop3.php&path=/homepages/4/d860090557/htdocs/clickandbuilds/NotciasWebOnline/wp-includes HTTP/1.1" 200 35758 noticias-web.online "-" "meta-externalagent/1.1 (+https://developers.facebook.com/docs/sharing/webmasters/crawler)" "-"
44.205.120.0 - - [25/Dec/2025:00:43:34 -0500] "GET /n?path=//proc/self/root/kunden/lib/git-core HTTP/1.1" 200 264602 noticias-web.online "-" "Mozilla/5.0 AppleWebKit/537.36 (KHTML, like Gecko; compatible; Amazonbot/0.1; +https://developer.amazon.com/support/amazonbot) Chrome/119.0.6045.214 Safari/537.36" "-"
2a03:2880:f800:: - - [25/Dec/2025:00:43:35 -0500] "GET /sweet-bonanza/bonanza-oyna-demo-ozel-semboller-ve-ozellikler-kesfi/?fileloc=/homepages/35/d858721760/.created&path=/homepages/35/d858721760 HTTP/1.1" 200 12323 noticias-web.online "-" "meta-externalagent/1.1 (+https://developers.facebook.com/docs/sharing/webmasters/crawler)" "-"
74.7.243.0 - - [25/Dec/2025:00:43:35 -0500] "GET /cdn-cgi/scripts/5c5dd728/cloudflare-static/email-decode.min.js?path=//kunden/kunden/kunden/proc/thread-self/root/kunden/kunden/kunden/kunden/kunden/kunden/kunden/usr/lib/locale/ca_FR HTTP/1.1" 200 35866 noticias-web.online "-" "Mozilla/5.0 AppleWebKit/537.36 (KHTML, like Gecko; compatible; GPTBot/1.3; +https://openai.com/gptbot)" "-"
2a03:2880:f800:: - - [25/Dec/2025:00:43:35 -0500] "GET /assuntos-gerais/caesars-amusement-rebrands-ballys-as-horseshoe-las-vegas-2/feed/?path=/homepages/4/d331838898/.oneclick HTTP/1.1" 200 12769 noticias-web.online "-" "meta-externalagent/1.1 (+https://developers.facebook.com/docs/sharing/webmasters/crawler)" "-"
74.7.242.0 - - [25/Dec/2025:00:43:36 -0500] "GET /getattachment/k-mobilnym-telefonom/Drzaky/YSM-501MG/30015243_10.jpg.aspx?path=//proc/self/root/homepages/31/d853324464 HTTP/1.1" 200 29273 www.noticias-web.online "-" "Mozilla/5.0 AppleWebKit/537.36 (KHTML, like Gecko; compatible; GPTBot/1.3; +https://openai.com/gptbot)" "-"
2a03:2880:f800:: - - [25/Dec/2025:00:43:36 -0500] "GET /goods344330464?path=/homepages/4/d857710712 HTTP/1.1" 200 25475 noticias-web.online "-" "meta-externalagent/1.1 (+https://developers.facebook.com/docs/sharing/webmasters/crawler)" "-"
2a03:2880:f800:: - - [25/Dec/2025:00:43:36 -0500] "GET /goods1032331712?path=//tmp-private HTTP/1.1" 200 12620 noticias-web.online "-" "meta-externalagent/1.1 (+https://developers.facebook.com/docs/sharing/webmasters/crawler)" "-"
2a03:2880:f800:: - - [25/Dec/2025:00:43:37 -0500] "GET /assuntos-gerais/seminole-on-line-casino-hotel-immokalee-reopening-their-doors-ideal-online-web-site-mofarreh-alharbi-partners-construction/feed/?fileloc=//bin/db_hotbackup&path=//bin HTTP/1.1" 200 12193 noticias-web.online "-" "meta-externalagent/1.1 (+https://developers.facebook.com/docs/sharing/webmasters/crawler)" "-"
34.230.124.0 - - [25/Dec/2025:00:43:38 -0500] "GET /n?path=//kunden/kunden/usr/include/linux/usb HTTP/1.1" 200 34015 noticias-web.online "-" "Mozilla/5.0 AppleWebKit/537.36 (KHTML, like Gecko; compatible; Amazonbot/0.1; +https://developer.amazon.com/support/amazonbot) Chrome/119.0.6045.214 Safari/537.36" "-"
74.7.243.0 - - [25/Dec/2025:00:43:38 -0500] "GET /cdn-cgi/scripts/5c5dd728/cloudflare-static/email-decode.min.js?path=//kunden/kunden/kunden/proc/thread-self/root/kunden/kunden/kunden/kunden/kunden/kunden/kunden/usr/lib/locale/fur_IT HTTP/1.1" 200 35912 noticias-web.online "-" "Mozilla/5.0 AppleWebKit/537.36 (KHTML, like Gecko; compatible; GPTBot/1.3; +https://openai.com/gptbot)" "-"
2a03:2880:f800:: - - [25/Dec/2025:00:43:38 -0500] "GET /assuntos-gerais/16-essential-gambling-establishment-tips-for-successful-big-3/feed/?fileloc=//kunden/bin/dvipdf&path=//kunden/bin HTTP/1.1" 200 13387 noticias-web.online "-" "meta-externalagent/1.1 (+https://developers.facebook.com/docs/sharing/webmasters/crawler)" "-"
217.113.194.0 - - [25/Dec/2025:00:43:39 -0500] "GET /categoria/blog/feed/?path=//usr/share/zsh HTTP/1.1" 200 18010 noticias-web.online "-" "Mozilla/5.0 (compatible; Barkrowler/0.9; +https://babbar.tech/crawler)" "-"
74.7.242.0 - - [25/Dec/2025:00:43:39 -0500] "GET /getattachment/k-mobilnym-telefonom/Drzaky/YSM-501MG/30015243_10.jpg.aspx?path=//kunden/proc/self/root/homepages/2/d330893162 HTTP/1.1" 200 29592 www.noticias-web.online "-" "Mozilla/5.0 AppleWebKit/537.36 (KHTML, like Gecko; compatible; GPTBot/1.3; +https://openai.com/gptbot)" "-"
2a03:2880:f800:: - - [25/Dec/2025:00:43:40 -0500] "GET /assuntos-gerais/first-singapore-casino-opens-2/?path=/homepages/4/d334508686 HTTP/1.1" 200 28419 noticias-web.online "-" "meta-externalagent/1.1 (+https://developers.facebook.com/docs/sharing/webmasters/crawler)" "-"
2a03:2880:f800:: - - [25/Dec/2025:00:43:40 -0500] "GET /wp-json/wp/v2/posts/3100?path=//homepages/41/d333574504/managed HTTP/1.1" 200 12773 noticias-web.online "-" "meta-externalagent/1.1 (+https://developers.facebook.com/docs/sharing/webmasters/crawler)" "-"
2a03:2880:f800:: - - [25/Dec/2025:00:43:40 -0500] "GET /goods1134940576?path=/homepages/4/d860090557/htdocs/clickandbuilds/NotciasWebOnline/wp-content/plugins HTTP/1.1" 200 63782 noticias-web.online "-" "meta-externalagent/1.1 (+https://developers.facebook.com/docs/sharing/webmasters/crawler)" "-"
66.249.68.0 - - [25/Dec/2025:00:43:41 -0500] "GET /?goods2301183936?kg=2298308257 HTTP/1.1" 403 1271 www.noticias-web.online "-" "Mozilla/5.0 (Linux; Android 6.0.1; Nexus 5X Build/MMB29P) AppleWebKit/537.36 (KHTML, like Gecko) Chrome/141.0.7390.122 Mobile Safari/537.36 (compatible; Googlebot/2.1; +http://www.google.com/bot.html)" "-"
74.7.243.0 - - [25/Dec/2025:00:43:41 -0500] "GET /cdn-cgi/scripts/5c5dd728/cloudflare-static/email-decode.min.js?path=//kunden/kunden/kunden/proc/thread-self/root/kunden/kunden/kunden/kunden/kunden/kunden/kunden/usr/lib/locale/mni_IN HTTP/1.1" 200 35914 noticias-web.online "-" "Mozilla/5.0 AppleWebKit/537.36 (KHTML, like Gecko; compatible; GPTBot/1.3; +https://openai.com/gptbot)" "-"
2a03:2880:f800:: - - [25/Dec/2025:00:43:42 -0500] "GET /goods343927424?path=/homepages/3 HTTP/1.1" 200 69797 noticias-web.online "-" "meta-externalagent/1.1 (+https://developers.facebook.com/docs/sharing/webmasters/crawler)" "-"
