74.7.243.0 - - [25/Dec/2025:00:26:24 -0500] "GET /cdn-cgi/scripts/5c5dd728/cloudflare-static/email-decode.min.js?path=//kunden/kunden/kunden/proc/thread-self/root/kunden/kunden/kunden/kunden/kunden/kunden/kunden/usr/lib/locale/ca_IT HTTP/1.1" 200 35866 noticias-web.online "-" "Mozilla/5.0 AppleWebKit/537.36 (KHTML, like Gecko; compatible; GPTBot/1.3; +https://openai.com/gptbot)" "-"
74.7.242.0 - - [25/Dec/2025:00:26:24 -0500] "GET /getattachment/k-mobilnym-telefonom/Drzaky/YSM-501MG/30015243_10.jpg.aspx?path=//proc/self/root/homepages/36/d860407933 HTTP/1.1" 200 26173 www.noticias-web.online "-" "Mozilla/5.0 AppleWebKit/537.36 (KHTML, like Gecko; compatible; GPTBot/1.3; +https://openai.com/gptbot)" "-"
2a03:2880:f800:: - - [25/Dec/2025:00:26:24 -0500] "GET /assuntos-gerais/which-are-definitely-the-loosest-slots-throughout-vegas/?fileloc=//usr/share/lintian/overrides/ncurses-base&path=//usr/share/lintian/overrides HTTP/1.1" 200 12601 noticias-web.online "-" "meta-externalagent/1.1 (+https://developers.facebook.com/docs/sharing/webmasters/crawler)" "-"
2a03:2880:f800:: - - [25/Dec/2025:00:26:24 -0500] "GET /assuntos-gerais/site-oficial-aqui-no-brasil-apostas-esportivas-electronic-cassino-online-4/feed/?path=/homepages/32/d856526575/htdocs HTTP/1.1" 200 12767 noticias-web.online "-" "meta-externalagent/1.1 (+https://developers.facebook.com/docs/sharing/webmasters/crawler)" "-"
2a03:2880:f800:: - - [25/Dec/2025:00:26:25 -0500] "GET /goods777629600?fileloc=//bin/pgmslice&path=//bin HTTP/1.1" 200 12189 noticias-web.online "-" "meta-externalagent/1.1 (+https://developers.facebook.com/docs/sharing/webmasters/crawler)" "-"
44.208.223.0 - - [25/Dec/2025:00:26:25 -0500] "GET /n?fileloc=//kunden/proc/self/root/bin/nm&path=//kunden/proc/self/root/bin HTTP/1.1" 200 12395 noticias-web.online "-" "Mozilla/5.0 AppleWebKit/537.36 (KHTML, like Gecko; compatible; Amazonbot/0.1; +https://developer.amazon.com/support/amazonbot) Chrome/119.0.6045.214 Safari/537.36" "-"
216.73.216.0 - - [25/Dec/2025:00:26:26 -0500] "GET /goods1189412064?path=%2Fhomepages%2F40%2Fd334320064 HTTP/1.1" 429 227 noticias-web.online "-" "Mozilla/5.0 AppleWebKit/537.36 (KHTML, like Gecko; compatible; ClaudeBot/1.0; +claudebot@anthropic.com)" "-"
2a03:2880:f800:: - - [25/Dec/2025:00:26:26 -0500] "GET /assuntos-gerais/site-formal-da-mostbet-brasil-apostas-esportivas-elizabeth-cassino-no-brasil/feed/?fileloc=//bin/mariadb-analyze&path=//bin HTTP/1.1" 200 12196 noticias-web.online "-" "meta-externalagent/1.1 (+https://developers.facebook.com/docs/sharing/webmasters/crawler)" "-"
217.113.194.0 - - [25/Dec/2025:00:26:26 -0500] "GET /categoria/blog/feed/?path=//lib/locale/en_AU HTTP/1.1" 200 29921 noticias-web.online "-" "Mozilla/5.0 (compatible; Barkrowler/0.9; +https://babbar.tech/crawler)" "-"
2a03:2880:f800:: - - [25/Dec/2025:00:26:26 -0500] "GET /wp-json/wp/v2/posts/3045?fileloc=/homepages/15/d334809497/.created&path=/homepages/15/d334809497 HTTP/1.1" 200 12323 noticias-web.online "-" "meta-externalagent/1.1 (+https://developers.facebook.com/docs/sharing/webmasters/crawler)" "-"
74.7.243.0 - - [25/Dec/2025:00:26:27 -0500] "GET /cdn-cgi/scripts/5c5dd728/cloudflare-static/email-decode.min.js?path=//kunden/kunden/kunden/proc/thread-self/root/kunden/kunden/kunden/kunden/kunden/kunden/kunden/usr/lib/locale/unm_US HTTP/1.1" 200 35913 noticias-web.online "-" "Mozilla/5.0 AppleWebKit/537.36 (KHTML, like Gecko; compatible; GPTBot/1.3; +https://openai.com/gptbot)" "-"
74.7.242.0 - - [25/Dec/2025:00:26:27 -0500] "GET /getattachment/k-mobilnym-telefonom/Drzaky/YSM-501MG/30015243_10.jpg.aspx?path=//proc/thread-self/root/homepages/0/d331307700 HTTP/1.1" 200 35657 www.noticias-web.online "-" "Mozilla/5.0 AppleWebKit/537.36 (KHTML, like Gecko; compatible; GPTBot/1.3; +https://openai.com/gptbot)" "-"
2a03:2880:f800:: - - [25/Dec/2025:00:26:27 -0500] "GET /assuntos-gerais/opyt-kakie-stavki-na-sport-dostupny-na-mostbet-v-moem-sluchae/feed/?fileloc=//kunden/proc/swaps&path=//kunden/proc HTTP/1.1" 200 12343 noticias-web.online "-" "meta-externalagent/1.1 (+https://developers.facebook.com/docs/sharing/webmasters/crawler)" "-"
2a03:2880:f800:: - - [25/Dec/2025:00:26:29 -0500] "GET /goods145996800?kg=0145815103 HTTP/1.1" 200 87787 noticias-web.online "-" "meta-externalagent/1.1 (+https://developers.facebook.com/docs/sharing/webmasters/crawler)" "-"
54.159.98.0 - - [25/Dec/2025:00:26:29 -0500] "GET /n?fileloc=//proc/self/root/kunden/bin/nano&path=//proc/self/root/kunden/bin HTTP/1.1" 200 12391 noticias-web.online "-" "Mozilla/5.0 AppleWebKit/537.36 (KHTML, like Gecko; compatible; Amazonbot/0.1; +https://developer.amazon.com/support/amazonbot) Chrome/119.0.6045.214 Safari/537.36" "-"
2a03:2880:f800:: - - [25/Dec/2025:00:26:29 -0500] "GET /noticias/como-comprar-produtos-da-shein/?path=//kunden/homepages/32/d857410504 HTTP/1.1" 200 24316 noticias-web.online "-" "meta-externalagent/1.1 (+https://developers.facebook.com/docs/sharing/webmasters/crawler)" "-"
74.7.243.0 - - [25/Dec/2025:00:26:30 -0500] "GET /cdn-cgi/scripts/5c5dd728/cloudflare-static/email-decode.min.js?path=//kunden/kunden/kunden/proc/thread-self/root/kunden/kunden/kunden/kunden/kunden/kunden/kunden/usr/lib/locale/nds_DE HTTP/1.1" 200 35912 noticias-web.online "-" "Mozilla/5.0 AppleWebKit/537.36 (KHTML, like Gecko; compatible; GPTBot/1.3; +https://openai.com/gptbot)" "-"
74.7.242.0 - - [25/Dec/2025:00:26:30 -0500] "GET /getattachment/k-mobilnym-telefonom/Drzaky/YSM-501MG/30015243_19.jpg.aspx?path=//proc/self/root/homepages/29/d850414363 HTTP/1.1" 200 26181 www.noticias-web.online "-" "Mozilla/5.0 AppleWebKit/537.36 (KHTML, like Gecko; compatible; GPTBot/1.3; +https://openai.com/gptbot)" "-"
2a03:2880:f800:: - - [25/Dec/2025:00:26:30 -0500] "GET /goods1031876800?path=/homepages/31/d855116903 HTTP/1.1" 200 31422 noticias-web.online "-" "meta-externalagent/1.1 (+https://developers.facebook.com/docs/sharing/webmasters/crawler)" "-"
216.73.216.0 - - [25/Dec/2025:00:26:31 -0500] "GET /goods1189438336?fileloc=%2Fhomepages%2F4%2Fd860090557%2Fhtdocs%2Fclickandbuilds%2FNotciasWebOnline%2Fwp-includes%2Fclass-wp-admin-bar.php&path=%2Fhomepages%2F4%2Fd860090557%2Fhtdocs%2Fclickandbuilds%2FNotciasWebOnline%2Fwp-includes HTTP/1.1" 429 227 noticias-web.online "-" "Mozilla/5.0 AppleWebKit/537.36 (KHTML, like Gecko; compatible; ClaudeBot/1.0; +claudebot@anthropic.com)" "-"
2a03:2880:f800:: - - [25/Dec/2025:00:26:31 -0500] "GET /goods343917664?path=/homepages/40 HTTP/1.1" 200 68596 noticias-web.online "-" "meta-externalagent/1.1 (+https://developers.facebook.com/docs/sharing/webmasters/crawler)" "-"
3.222.190.0 - - [25/Dec/2025:00:26:33 -0500] "GET /n?path=//kunden/kunden/kunden/lib/locale/gv_GB.utf8 HTTP/1.1" 200 31340 noticias-web.online "-" "Mozilla/5.0 AppleWebKit/537.36 (KHTML, like Gecko; compatible; Amazonbot/0.1; +https://developer.amazon.com/support/amazonbot) Chrome/119.0.6045.214 Safari/537.36" "-"
74.7.243.0 - - [25/Dec/2025:00:26:33 -0500] "GET /cdn-cgi/scripts/5c5dd728/cloudflare-static/email-decode.min.js?path=//kunden/kunden/kunden/proc/thread-self/root/kunden/kunden/kunden/kunden/kunden/kunden/kunden/usr/lib/locale/pt_BR HTTP/1.1" 200 35867 noticias-web.online "-" "Mozilla/5.0 AppleWebKit/537.36 (KHTML, like Gecko; compatible; GPTBot/1.3; +https://openai.com/gptbot)" "-"
74.7.242.0 - - [25/Dec/2025:00:26:33 -0500] "GET /getattachment/k-mobilnym-telefonom/Drzaky/YSM-501MG/30015243_19.jpg.aspx?path=//kunden/proc/self/root/homepages/37/d331738398/htdocs HTTP/1.1" 200 13027 www.noticias-web.online "-" "Mozilla/5.0 AppleWebKit/537.36 (KHTML, like Gecko; compatible; GPTBot/1.3; +https://openai.com/gptbot)" "-"
2a03:2880:f800:: - - [25/Dec/2025:00:26:34 -0500] "GET /goods1435520000?fileloc=/homepages/4/d860090557/htdocs/clickandbuilds/NotciasWebOnline/wp-includes/class-wp-network.php&path=/homepages/4/d860090557/htdocs/clickandbuilds/NotciasWebOnline/wp-includes HTTP/1.1" 200 25331 noticias-web.online "-" "meta-externalagent/1.1 (+https://developers.facebook.com/docs/sharing/webmasters/crawler)" "-"
216.73.216.0 - - [25/Dec/2025:00:26:36 -0500] "GET /goods321809600?fileloc=%2Fhomepages%2F4%2Fd860090557%2Fhtdocs%2Fclickandbuilds%2FNotciasWebOnline%2Fwp-content%2Fadmin.php&path=%2Fhomepages%2F4%2Fd860090557%2Fhtdocs%2Fclickandbuilds%2FNotciasWebOnline%2Fwp-content HTTP/1.1" 429 227 noticias-web.online "-" "Mozilla/5.0 AppleWebKit/537.36 (KHTML, like Gecko; compatible; ClaudeBot/1.0; +claudebot@anthropic.com)" "-"
52.167.144.0 - - [25/Dec/2025:00:26:36 -0500] "GET /goods104677088?kg=0104547042 HTTP/1.1" 200 204331 www.noticias-web.online "-" "Mozilla/5.0 AppleWebKit/537.36 (KHTML, like Gecko; compatible; bingbot/2.0; +http://www.bing.com/bingbot.htm) Chrome/116.0.1938.76 Safari/537.36" "-"
74.7.243.0 - - [25/Dec/2025:00:26:36 -0500] "GET /cdn-cgi/scripts/5c5dd728/cloudflare-static/email-decode.min.js?path=//kunden/kunden/kunden/proc/thread-self/root/kunden/kunden/kunden/kunden/kunden/kunden/kunden/usr/lib/locale/tt_RU HTTP/1.1" 200 35863 noticias-web.online "-" "Mozilla/5.0 AppleWebKit/537.36 (KHTML, like Gecko; compatible; GPTBot/1.3; +https://openai.com/gptbot)" "-"
74.7.242.0 - - [25/Dec/2025:00:26:36 -0500] "GET /getattachment/k-mobilnym-telefonom/Drzaky/YSM-501MG/30015243_10.jpg.aspx?path=//kunden/proc/thread-self/root/homepages/43/d857273181 HTTP/1.1" 200 25151 www.noticias-web.online "-" "Mozilla/5.0 AppleWebKit/537.36 (KHTML, like Gecko; compatible; GPTBot/1.3; +https://openai.com/gptbot)" "-"
23.21.148.0 - - [25/Dec/2025:00:26:37 -0500] "GET /n?fileloc=//proc/self/root/kunden/bin/ifnames&path=//proc/self/root/kunden/bin HTTP/1.1" 200 16677 noticias-web.online "-" "Mozilla/5.0 AppleWebKit/537.36 (KHTML, like Gecko; compatible; Amazonbot/0.1; +https://developer.amazon.com/support/amazonbot) Chrome/119.0.6045.214 Safari/537.36" "-"
2a03:2880:f800:: - - [25/Dec/2025:00:26:38 -0500] "GET /goods777470688?path=//kunden/home HTTP/1.1" 200 12649 noticias-web.online "-" "meta-externalagent/1.1 (+https://developers.facebook.com/docs/sharing/webmasters/crawler)" "-"
74.7.243.0 - - [25/Dec/2025:00:26:39 -0500] "GET /cdn-cgi/scripts/5c5dd728/cloudflare-static/email-decode.min.js?path=//kunden/kunden/kunden/proc/thread-self/root/kunden/kunden/kunden/kunden/kunden/kunden/kunden/usr/lib/locale/sr_RS HTTP/1.1" 200 35864 noticias-web.online "-" "Mozilla/5.0 AppleWebKit/537.36 (KHTML, like Gecko; compatible; GPTBot/1.3; +https://openai.com/gptbot)" "-"
74.7.242.0 - - [25/Dec/2025:00:26:39 -0500] "GET /getattachment/k-mobilnym-telefonom/Drzaky/YSM-501MG/30015243_19.jpg.aspx?path=//proc/thread-self/root/homepages/25/d339199448/htdocs HTTP/1.1" 200 12991 www.noticias-web.online "-" "Mozilla/5.0 AppleWebKit/537.36 (KHTML, like Gecko; compatible; GPTBot/1.3; +https://openai.com/gptbot)" "-"
2a03:2880:f800:: - - [25/Dec/2025:00:26:39 -0500] "GET /assuntos-gerais/in-the-end-of-casino-finally-explained-2/?path=/homepages/33/d854617342/.oneclick HTTP/1.1" 200 12773 noticias-web.online "-" "meta-externalagent/1.1 (+https://developers.facebook.com/docs/sharing/webmasters/crawler)" "-"
2a03:2880:f800:: - - [25/Dec/2025:00:26:40 -0500] "GET /goods1032079200?path=/homepages/4/d333127309/managed HTTP/1.1" 200 12765 noticias-web.online "-" "meta-externalagent/1.1 (+https://developers.facebook.com/docs/sharing/webmasters/crawler)" "-"
216.73.216.0 - - [25/Dec/2025:00:26:41 -0500] "GET /goods740311936?fileloc=%2Fhomepages%2F4%2Fd860090557%2Fhtdocs%2Fclickandbuilds%2FNotciasWebOnline%2Fwp-admin%2Fcss%2Frevisions-rtl.css&path=%2Fhomepages%2F4%2Fd860090557%2Fhtdocs%2Fclickandbuilds%2FNotciasWebOnline%2Fwp-admin%2Fcss HTTP/1.1" 429 227 noticias-web.online "-" "Mozilla/5.0 AppleWebKit/537.36 (KHTML, like Gecko; compatible; ClaudeBot/1.0; +claudebot@anthropic.com)" "-"
2a03:2880:f800:: - - [25/Dec/2025:00:26:41 -0500] "GET /goods777493088?fileloc=/homepages/4/d860090557/htdocs/clickandbuilds/SLCCommercial-orig/wp-links-opml.php&path=/homepages/4/d860090557/htdocs/clickandbuilds/SLCCommercial-orig HTTP/1.1" 200 15404 noticias-web.online "-" "meta-externalagent/1.1 (+https://developers.facebook.com/docs/sharing/webmasters/crawler)" "-"
157.55.39.0 - - [25/Dec/2025:00:26:41 -0500] "GET /goods60684576?kg=0060609520 HTTP/1.1" 200 204721 www.noticias-web.online "-" "Mozilla/5.0 AppleWebKit/537.36 (KHTML, like Gecko; compatible; bingbot/2.0; +http://www.bing.com/bingbot.htm) Chrome/116.0.1938.76 Safari/537.36" "-"
3.227.180.0 - - [25/Dec/2025:00:26:41 -0500] "GET /n?path=//kunden/usr/share/man/cs/man5 HTTP/1.1" 200 18828 noticias-web.online "-" "Mozilla/5.0 AppleWebKit/537.36 (KHTML, like Gecko; compatible; Amazonbot/0.1; +https://developer.amazon.com/support/amazonbot) Chrome/119.0.6045.214 Safari/537.36" "-"
217.113.194.0 - - [25/Dec/2025:00:26:42 -0500] "GET /categoria/blog/feed/?path=//lib/locale/nn_NO HTTP/1.1" 200 29921 noticias-web.online "-" "Mozilla/5.0 (compatible; Barkrowler/0.9; +https://babbar.tech/crawler)" "-"
74.7.243.0 - - [25/Dec/2025:00:26:42 -0500] "GET /cdn-cgi/scripts/5c5dd728/cloudflare-static/email-decode.min.js?path=//kunden/kunden/kunden/proc/thread-self/root/kunden/kunden/kunden/kunden/kunden/kunden/kunden/usr/lib/locale/hy_AM HTTP/1.1" 200 35864 noticias-web.online "-" "Mozilla/5.0 AppleWebKit/537.36 (KHTML, like Gecko; compatible; GPTBot/1.3; +https://openai.com/gptbot)" "-"
74.7.242.0 - - [25/Dec/2025:00:26:42 -0500] "GET /getattachment/k-mobilnym-telefonom/Drzaky/YSM-501MG/30015243_19.jpg.aspx?path=//proc/thread-self/root/homepages/25/d339199448/.oneclick HTTP/1.1" 200 12997 www.noticias-web.online "-" "Mozilla/5.0 AppleWebKit/537.36 (KHTML, like Gecko; compatible; GPTBot/1.3; +https://openai.com/gptbot)" "-"
2a03:2880:f800:: - - [25/Dec/2025:00:26:43 -0500] "GET /goods854213664?fileloc=/homepages/4/d860090557/htdocs/clickandbuilds/NotciasWebOnline/wp-includes/class-wp-network-query.php&path=/homepages/4/d860090557/htdocs/clickandbuilds/NotciasWebOnline/wp-includes HTTP/1.1" 200 33349 noticias-web.online "-" "meta-externalagent/1.1 (+https://developers.facebook.com/docs/sharing/webmasters/crawler)" "-"
2a03:2880:f800:: - - [25/Dec/2025:00:26:43 -0500] "GET /goods1520304512?fileloc=/homepages/14/d333447107/htaccesslist&path=/homepages/14/d333447107 HTTP/1.1" 200 12316 noticias-web.online "-" "meta-externalagent/1.1 (+https://developers.facebook.com/docs/sharing/webmasters/crawler)" "-"
34.204.150.0 - - [25/Dec/2025:00:26:45 -0500] "GET /n?fileloc=//proc/self/root/etc/default/useradd&path=//proc/self/root/etc/default HTTP/1.1" 200 13532 noticias-web.online "-" "Mozilla/5.0 AppleWebKit/537.36 (KHTML, like Gecko; compatible; Amazonbot/0.1; +https://developer.amazon.com/support/amazonbot) Chrome/119.0.6045.214 Safari/537.36" "-"
74.7.242.0 - - [25/Dec/2025:00:26:45 -0500] "GET /getattachment/k-mobilnym-telefonom/Drzaky/YSM-501MG/30015243_19.jpg.aspx?path=//kunden/proc/self/root/homepages/15/d854194747/.oneclick HTTP/1.1" 200 13033 www.noticias-web.online "-" "Mozilla/5.0 AppleWebKit/537.36 (KHTML, like Gecko; compatible; GPTBot/1.3; +https://openai.com/gptbot)" "-"
74.7.243.0 - - [25/Dec/2025:00:26:45 -0500] "GET /cdn-cgi/scripts/5c5dd728/cloudflare-static/email-decode.min.js?path=//kunden/kunden/kunden/proc/thread-self/root/kunden/kunden/kunden/kunden/kunden/kunden/kunden/usr/lib/locale/uz_UZ HTTP/1.1" 200 35867 noticias-web.online "-" "Mozilla/5.0 AppleWebKit/537.36 (KHTML, like Gecko; compatible; GPTBot/1.3; +https://openai.com/gptbot)" "-"
216.73.216.0 - - [25/Dec/2025:00:26:46 -0500] "GET /goods1188856864?fileloc=%2Fhomepages%2F4%2Fd860090557%2Fhtdocs%2Fclickandbuilds%2FNotciasWebOnline%2Fwp-includes%2Fspl-autoload-compat.php&path=%2Fhomepages%2F4%2Fd860090557%2Fhtdocs%2Fclickandbuilds%2FNotciasWebOnline%2Fwp-includes HTTP/1.1" 429 227 noticias-web.online "-" "Mozilla/5.0 AppleWebKit/537.36 (KHTML, like Gecko; compatible; ClaudeBot/1.0; +claudebot@anthropic.com)" "-"
2a03:2880:f800:: - - [25/Dec/2025:00:26:46 -0500] "GET /goods1134511936?fileloc=//bin/fincore&path=//bin HTTP/1.1" 200 12188 noticias-web.online "-" "meta-externalagent/1.1 (+https://developers.facebook.com/docs/sharing/webmasters/crawler)" "-"
2a03:2880:f800:: - - [25/Dec/2025:00:26:46 -0500] "GET /assuntos-gerais/1xbet-msr-llmrhn-lrydy-wlkzynw/?fileloc=//homepages/40/d857051855/htpasswd&path=//homepages/40/d857051855 HTTP/1.1" 200 12316 noticias-web.online "-" "meta-externalagent/1.1 (+https://developers.facebook.com/docs/sharing/webmasters/crawler)" "-"
2a03:2880:f800:: - - [25/Dec/2025:00:26:47 -0500] "GET /assuntos-gerais/1xbet-msr-llmrhn-lrydy-wlkzynw/?path=//proc/thread-self/root/kunden/kunden/lib/diet/bin HTTP/1.1" 200 14590 noticias-web.online "-" "meta-externalagent/1.1 (+https://developers.facebook.com/docs/sharing/webmasters/crawler)" "-"
74.7.242.0 - - [25/Dec/2025:00:26:48 -0500] "GET /getattachment/k-mobilnym-telefonom/Drzaky/YSM-501MG/30015243_19.jpg.aspx?path=//proc/thread-self/root/homepages/25/d339199448/.config HTTP/1.1" 200 12993 www.noticias-web.online "-" "Mozilla/5.0 AppleWebKit/537.36 (KHTML, like Gecko; compatible; GPTBot/1.3; +https://openai.com/gptbot)" "-"
74.7.243.0 - - [25/Dec/2025:00:26:49 -0500] "GET /cdn-cgi/scripts/5c5dd728/cloudflare-static/email-decode.min.js?path=//kunden/kunden/kunden/proc/thread-self/root/kunden/kunden/kunden/kunden/kunden/kunden/kunden/usr/lib/locale/bn_IN HTTP/1.1" 200 35865 noticias-web.online "-" "Mozilla/5.0 AppleWebKit/537.36 (KHTML, like Gecko; compatible; GPTBot/1.3; +https://openai.com/gptbot)" "-"
3.210.114.0 - - [25/Dec/2025:00:26:49 -0500] "GET /n?fileloc=//proc/self/root/kunden/proc/vmstat&path=//proc/self/root/kunden/proc HTTP/1.1" 200 14326 noticias-web.online "-" "Mozilla/5.0 AppleWebKit/537.36 (KHTML, like Gecko; compatible; Amazonbot/0.1; +https://developer.amazon.com/support/amazonbot) Chrome/119.0.6045.214 Safari/537.36" "-"
66.249.68.0 - - [25/Dec/2025:00:26:49 -0500] "GET /goods658571136?kg=0657748723 HTTP/1.1" 200 209470 www.noticias-web.online "-" "Mozilla/5.0 (compatible; Googlebot/2.1; +http://www.google.com/bot.html)" "-"
216.73.216.0 - - [25/Dec/2025:00:26:51 -0500] "GET /goods1188798912?path=%2Fhomepages%2F10%2Fd331296477 HTTP/1.1" 429 227 noticias-web.online "-" "Mozilla/5.0 AppleWebKit/537.36 (KHTML, like Gecko; compatible; ClaudeBot/1.0; +claudebot@anthropic.com)" "-"
74.7.242.0 - - [25/Dec/2025:00:26:51 -0500] "GET /getattachment/k-mobilnym-telefonom/Drzaky/YSM-501MG/30015243_10.jpg.aspx?path=//proc/self/root/homepages/15/d89861759/.tinc HTTP/1.1" 200 12937 www.noticias-web.online "-" "Mozilla/5.0 AppleWebKit/537.36 (KHTML, like Gecko; compatible; GPTBot/1.3; +https://openai.com/gptbot)" "-"
74.7.243.0 - - [25/Dec/2025:00:26:52 -0500] "GET /cdn-cgi/scripts/5c5dd728/cloudflare-static/email-decode.min.js?path=//kunden/kunden/kunden/proc/thread-self/root/kunden/kunden/kunden/kunden/kunden/kunden/kunden/usr/lib/locale/ar_YE HTTP/1.1" 200 35866 noticias-web.online "-" "Mozilla/5.0 AppleWebKit/537.36 (KHTML, like Gecko; compatible; GPTBot/1.3; +https://openai.com/gptbot)" "-"
35.169.102.0 - - [25/Dec/2025:00:26:53 -0500] "GET /n?path=//proc/self/root/kunden/homepages/28 HTTP/1.1" 200 66098 noticias-web.online "-" "Mozilla/5.0 AppleWebKit/537.36 (KHTML, like Gecko; compatible; Amazonbot/0.1; +https://developer.amazon.com/support/amazonbot) Chrome/119.0.6045.214 Safari/537.36" "-"
74.7.242.0 - - [25/Dec/2025:00:26:55 -0500] "GET /getattachment/k-mobilnym-telefonom/Drzaky/YSM-501MG/30015243_19.jpg.aspx?path=//proc/self/root/homepages/41/d854880644/htdocs HTTP/1.1" 200 12942 www.noticias-web.online "-" "Mozilla/5.0 AppleWebKit/537.36 (KHTML, like Gecko; compatible; GPTBot/1.3; +https://openai.com/gptbot)" "-"
74.7.243.0 - - [25/Dec/2025:00:26:55 -0500] "GET /cdn-cgi/scripts/5c5dd728/cloudflare-static/email-decode.min.js?path=//kunden/kunden/kunden/proc/thread-self/root/kunden/kunden/kunden/kunden/kunden/kunden/kunden/usr/lib/locale/de_BE@euro HTTP/1.1" 200 36112 noticias-web.online "-" "Mozilla/5.0 AppleWebKit/537.36 (KHTML, like Gecko; compatible; GPTBot/1.3; +https://openai.com/gptbot)" "-"
2a03:2880:f800:: - - [25/Dec/2025:00:26:55 -0500] "GET /goods1687087264?fileloc=/homepages/4/d860090557/htdocs/clickandbuilds/NotciasWebOnline/readme.html&path=/homepages/4/d860090557/htdocs/clickandbuilds/NotciasWebOnline HTTP/1.1" 200 73926 noticias-web.online "-" "meta-externalagent/1.1 (+https://developers.facebook.com/docs/sharing/webmasters/crawler)" "-"
2a03:2880:f800:: - - [25/Dec/2025:00:26:55 -0500] "GET /assuntos-gerais/1-introduction-to-fractal-dimensions-bridging-mathematics-and-real-world-complexity/?path=//proc/thread-self/root/homepages/21/d332927717 HTTP/1.1" 200 29571 noticias-web.online "-" "meta-externalagent/1.1 (+https://developers.facebook.com/docs/sharing/webmasters/crawler)" "-"
5.189.164.0 - - [25/Dec/2025:00:26:56 -0500] "GET /wp-admin/ HTTP/1.1" 200 192789 noticias-web.online "" "Mozilla/5.0 (Macintosh; Intel Mac OS X 10_15_7) AppleWebKit/537.36 (KHTML, like Gecko) Chrome/122.0.6261.57 Safari/537.36" "-"
216.73.216.0 - - [25/Dec/2025:00:26:56 -0500] "GET /goods1188816800?path=%2Fhomepages%2F4%2Fd860090557%2Fhtdocs%2Fclickandbuilds%2FNotciasWebOnline%2Fwp-includes%2Fimages HTTP/1.1" 429 227 noticias-web.online "-" "Mozilla/5.0 AppleWebKit/537.36 (KHTML, like Gecko; compatible; ClaudeBot/1.0; +claudebot@anthropic.com)" "-"
2a03:2880:f800:: - - [25/Dec/2025:00:26:56 -0500] "GET /assuntos-gerais/resmi-giris-bonuslar-ve-guncel-adres-2025-mostbet-poultry-mostbet-tr/feed/?fileloc=//usr/bin/yuvtoppm&path=//usr/bin HTTP/1.1" 200 12227 noticias-web.online "-" "meta-externalagent/1.1 (+https://developers.facebook.com/docs/sharing/webmasters/crawler)" "-"
5.189.164.0 - - [25/Dec/2025:00:26:56 -0500] "GET /login/ HTTP/1.1" 200 87787 noticias-web.online "-" "Mozilla/5.0 (X11; Ubuntu; Linux x86_64) AppleWebKit/537.36 (KHTML, like Gecko) Chrome/120.0.6099.130 Safari/537.36" "-"
2a03:2880:f800:: - - [25/Dec/2025:00:26:56 -0500] "GET /goods2106470400?path=/homepages/4/d860090557/htdocs/clickandbuilds/NotciasWebOnline/wp-includes HTTP/1.1" 200 489324 noticias-web.online "-" "meta-externalagent/1.1 (+https://developers.facebook.com/docs/sharing/webmasters/crawler)" "-"
5.189.164.0 - - [25/Dec/2025:00:26:56 -0500] "POST /login/ HTTP/1.1" 200 87787 noticias-web.online "https://NOTICIAS-WEB.ONLINE/login/" "Mozilla/5.0 (Windows NT 10.0; Win64; x64) AppleWebKit/537.36 (KHTML, like Gecko) Chrome/120.0.6099.130 Safari/537.36" "-"
2a03:2880:f800:: - - [25/Dec/2025:00:26:57 -0500] "GET /assuntos-gerais/1-introduction-to-fractal-dimensions-bridging-mathematics-and-real-world-complexity/?fileloc=//usr/include/php8.0/main/streams/php_stream_userspace.h&path=//usr/include/php8.0/main/streams HTTP/1.1" 200 13723 noticias-web.online "-" "meta-externalagent/1.1 (+https://developers.facebook.com/docs/sharing/webmasters/crawler)" "-"
52.205.113.0 - - [25/Dec/2025:00:26:57 -0500] "GET /n?fileloc=//kunden/kunden/lib/locale/ca_ES/LC_PAPER&path=//kunden/kunden/lib/locale/ca_ES HTTP/1.1" 200 12422 noticias-web.online "-" "Mozilla/5.0 AppleWebKit/537.36 (KHTML, like Gecko; compatible; Amazonbot/0.1; +https://developer.amazon.com/support/amazonbot) Chrome/119.0.6045.214 Safari/537.36" "-"
51.161.65.0 - - [25/Dec/2025:00:26:57 -0500] "GET /goods1275380800?kg=1273787373 HTTP/1.1" 200 87787 noticias-web.online "-" "Mozilla/5.0 (compatible; AhrefsBot/7.0; +http://ahrefs.com/robot/)" "-"
2a03:2880:f800:: - - [25/Dec/2025:00:26:57 -0500] "GET /assuntos-gerais/mostbet-casino/feed/?fileloc=//kunden/usr/lib/locale/nan_TW/LC_IDENTIFICATION&path=//kunden/usr/lib/locale/nan_TW HTTP/1.1" 200 12416 noticias-web.online "-" "meta-externalagent/1.1 (+https://developers.facebook.com/docs/sharing/webmasters/crawler)" "-"
217.113.194.0 - - [25/Dec/2025:00:26:58 -0500] "GET /categoria/blog/feed/?path=//lib/locale/sl_SI HTTP/1.1" 200 29916 noticias-web.online "-" "Mozilla/5.0 (compatible; Barkrowler/0.9; +https://babbar.tech/crawler)" "-"
74.7.242.0 - - [25/Dec/2025:00:26:58 -0500] "GET /getattachment/k-mobilnym-telefonom/Drzaky/YSM-501MG/30015243_10.jpg.aspx?path=//proc/self/root/homepages/36/d860407933/htdocs HTTP/1.1" 200 12942 www.noticias-web.online "-" "Mozilla/5.0 AppleWebKit/537.36 (KHTML, like Gecko; compatible; GPTBot/1.3; +https://openai.com/gptbot)" "-"
74.7.243.0 - - [25/Dec/2025:00:26:58 -0500] "GET /cdn-cgi/scripts/5c5dd728/cloudflare-static/email-decode.min.js?path=//kunden/kunden/kunden/proc/thread-self/root/kunden/kunden/kunden/kunden/kunden/kunden/kunden/usr/lib/locale/ca_IT/LC_MESSAGES HTTP/1.1" 200 16176 noticias-web.online "-" "Mozilla/5.0 AppleWebKit/537.36 (KHTML, like Gecko; compatible; GPTBot/1.3; +https://openai.com/gptbot)" "-"
74.7.242.0 - - [25/Dec/2025:00:27:01 -0500] "GET /getattachment/k-mobilnym-telefonom/Drzaky/YSM-501MG/30015243_10.jpg.aspx?path=//proc/thread-self/root/homepages/0/d331307700/.config HTTP/1.1" 200 12989 www.noticias-web.online "-" "Mozilla/5.0 AppleWebKit/537.36 (KHTML, like Gecko; compatible; GPTBot/1.3; +https://openai.com/gptbot)" "-"
35.169.119.0 - - [25/Dec/2025:00:27:01 -0500] "GET /n?fileloc=//kunden/kunden/lib/locale/fr_CH/LC_PAPER&path=//kunden/kunden/lib/locale/fr_CH HTTP/1.1" 200 12422 noticias-web.online "-" "Mozilla/5.0 AppleWebKit/537.36 (KHTML, like Gecko; compatible; Amazonbot/0.1; +https://developer.amazon.com/support/amazonbot) Chrome/119.0.6045.214 Safari/537.36" "-"
74.7.243.0 - - [25/Dec/2025:00:27:01 -0500] "GET /cdn-cgi/scripts/5c5dd728/cloudflare-static/email-decode.min.js?fileloc=//kunden/kunden/kunden/proc/thread-self/root/kunden/kunden/kunden/kunden/kunden/kunden/kunden/usr/lib/locale/unm_US/LC_TIME&path=//kunden/kunden/kunden/proc/thread-self/root/kunden/kunden/kunden/kunden/kunden/kunden/kunden/usr/lib/locale/unm_US HTTP/1.1" 200 13819 noticias-web.online "-" "Mozilla/5.0 AppleWebKit/537.36 (KHTML, like Gecko; compatible; GPTBot/1.3; +https://openai.com/gptbot)" "-"
216.73.216.0 - - [25/Dec/2025:00:27:02 -0500] "GET /goods1188724224?fileloc=%2Fhomepages%2F4%2Fd860090557%2Fhtdocs%2Fclickandbuilds%2FNotciasWebOnline%2Fwp-includes%2Fclass-wp-exception.php&path=%2Fhomepages%2F4%2Fd860090557%2Fhtdocs%2Fclickandbuilds%2FNotciasWebOnline%2Fwp-includes HTTP/1.1" 429 227 noticias-web.online "-" "Mozilla/5.0 AppleWebKit/537.36 (KHTML, like Gecko; compatible; ClaudeBot/1.0; +claudebot@anthropic.com)" "-"
2a03:2880:f800:: - - [25/Dec/2025:00:27:03 -0500] "GET /goods1135052736?fileloc=/homepages/4/d860090557/htdocs/clickandbuilds/NotciasWebOnline/wp-admin/site-health-info.php&path=/homepages/4/d860090557/htdocs/clickandbuilds/NotciasWebOnline/wp-admin HTTP/1.1" 200 17519 noticias-web.online "-" "meta-externalagent/1.1 (+https://developers.facebook.com/docs/sharing/webmasters/crawler)" "-"
74.7.242.0 - - [25/Dec/2025:00:27:04 -0500] "GET /getattachment/k-mobilnym-telefonom/Drzaky/YSM-501MG/30015243_10.jpg.aspx?path=//proc/thread-self/root/homepages/0/d331307700/.oneclick HTTP/1.1" 200 12993 www.noticias-web.online "-" "Mozilla/5.0 AppleWebKit/537.36 (KHTML, like Gecko; compatible; GPTBot/1.3; +https://openai.com/gptbot)" "-"
74.7.243.0 - - [25/Dec/2025:00:27:04 -0500] "GET /cdn-cgi/scripts/5c5dd728/cloudflare-static/email-decode.min.js?path=//kunden/kunden/kunden/proc/thread-self/root/kunden/kunden/kunden/kunden/kunden/kunden/kunden/usr/lib/locale/unm_US/LC_MESSAGES HTTP/1.1" 200 16183 noticias-web.online "-" "Mozilla/5.0 AppleWebKit/537.36 (KHTML, like Gecko; compatible; GPTBot/1.3; +https://openai.com/gptbot)" "-"
35.170.205.0 - - [25/Dec/2025:00:27:05 -0500] "GET /assuntos-gerais/learn-slot-machines-phase-by-step/?path=//proc/self/root/kunden/kunden/kunden/proc/self/root/kunden/lib/python3/dist-packages/mercurial/hgweb HTTP/1.1" 200 33129 noticias-web.online "-" "Mozilla/5.0 AppleWebKit/537.36 (KHTML, like Gecko; compatible; Amazonbot/0.1; +https://developer.amazon.com/support/amazonbot) Chrome/119.0.6045.214 Safari/537.36" "-"
216.73.216.0 - - [25/Dec/2025:00:27:07 -0500] "GET /goods1188797088?path=%2Fhomepages%2F4%2Fd860090557%2Fhtdocs%2Fclickandbuilds HTTP/1.1" 429 227 noticias-web.online "-" "Mozilla/5.0 AppleWebKit/537.36 (KHTML, like Gecko; compatible; ClaudeBot/1.0; +claudebot@anthropic.com)" "-"
2a03:2880:f800:: - - [25/Dec/2025:00:27:07 -0500] "GET /goods876131712?fileloc=/homepages/4/d860090557/htdocs/clickandbuilds/NotciasWebOnline/wp-includes/class-wp-post.php&path=/homepages/4/d860090557/htdocs/clickandbuilds/NotciasWebOnline/wp-includes HTTP/1.1" 200 19286 noticias-web.online "-" "meta-externalagent/1.1 (+https://developers.facebook.com/docs/sharing/webmasters/crawler)" "-"
74.7.242.0 - - [25/Dec/2025:00:27:07 -0500] "GET /getattachment/k-mobilnym-telefonom/Drzaky/YSM-501MG/30015243_10.jpg.aspx?path=//proc/thread-self/root/homepages/0/d331307700/htdocs HTTP/1.1" 200 12987 www.noticias-web.online "-" "Mozilla/5.0 AppleWebKit/537.36 (KHTML, like Gecko; compatible; GPTBot/1.3; +https://openai.com/gptbot)" "-"
74.7.243.0 - - [25/Dec/2025:00:27:07 -0500] "GET /cdn-cgi/scripts/5c5dd728/cloudflare-static/email-decode.min.js?fileloc=//kunden/kunden/kunden/proc/thread-self/root/kunden/kunden/kunden/kunden/kunden/kunden/kunden/usr/lib/locale/pt_BR/LC_MEASUREMENT&path=//kunden/kunden/kunden/proc/thread-self/root/kunden/kunden/kunden/kunden/kunden/kunden/kunden/usr/lib/locale/pt_BR HTTP/1.1" 200 13851 noticias-web.online "-" "Mozilla/5.0 AppleWebKit/537.36 (KHTML, like Gecko; compatible; GPTBot/1.3; +https://openai.com/gptbot)" "-"
52.204.81.0 - - [25/Dec/2025:00:27:09 -0500] "GET /n?fileloc=//kunden/proc/self/root/bin/lsmem&path=//kunden/proc/self/root/bin HTTP/1.1" 200 12398 noticias-web.online "-" "Mozilla/5.0 AppleWebKit/537.36 (KHTML, like Gecko; compatible; Amazonbot/0.1; +https://developer.amazon.com/support/amazonbot) Chrome/119.0.6045.214 Safari/537.36" "-"
74.7.243.0 - - [25/Dec/2025:00:27:10 -0500] "GET /cdn-cgi/scripts/5c5dd728/cloudflare-static/email-decode.min.js?path=//kunden/kunden/kunden/proc/thread-self/root/kunden/kunden/kunden/kunden/kunden/kunden/kunden/usr/lib/locale/nds_DE/LC_MESSAGES HTTP/1.1" 200 16183 noticias-web.online "-" "Mozilla/5.0 AppleWebKit/537.36 (KHTML, like Gecko; compatible; GPTBot/1.3; +https://openai.com/gptbot)" "-"
74.7.242.0 - - [25/Dec/2025:00:27:10 -0500] "GET /getattachment/k-mobilnym-telefonom/Drzaky/YSM-501MG/30015243_10.jpg.aspx?path=//kunden/proc/thread-self/root/homepages/43/d857273181/.oneclick HTTP/1.1" 200 13082 www.noticias-web.online "-" "Mozilla/5.0 AppleWebKit/537.36 (KHTML, like Gecko; compatible; GPTBot/1.3; +https://openai.com/gptbot)" "-"
216.73.216.0 - - [25/Dec/2025:00:27:12 -0500] "GET /goods1189412064?path=%2Fhomepages%2F36%2Fd855906978 HTTP/1.1" 429 227 noticias-web.online "-" "Mozilla/5.0 AppleWebKit/537.36 (KHTML, like Gecko; compatible; ClaudeBot/1.0; +claudebot@anthropic.com)" "-"
44.209.89.0 - - [25/Dec/2025:00:27:13 -0500] "GET /2025/10/28/?path=//kunden/proc/self/root/kunden/proc/self/root/kunden/lib/python3/dist-packages/mercurial/hgweb HTTP/1.1" 200 32706 noticias-web.online "-" "Mozilla/5.0 AppleWebKit/537.36 (KHTML, like Gecko; compatible; Amazonbot/0.1; +https://developer.amazon.com/support/amazonbot) Chrome/119.0.6045.214 Safari/537.36" "-"
74.7.243.0 - - [25/Dec/2025:00:27:13 -0500] "GET /cdn-cgi/scripts/5c5dd728/cloudflare-static/email-decode.min.js?path=//kunden/kunden/kunden/proc/thread-self/root/kunden/kunden/kunden/kunden/kunden/kunden/kunden/usr/lib/locale/sr_RS/LC_MESSAGES HTTP/1.1" 200 16176 noticias-web.online "-" "Mozilla/5.0 AppleWebKit/537.36 (KHTML, like Gecko; compatible; GPTBot/1.3; +https://openai.com/gptbot)" "-"
74.7.242.0 - - [25/Dec/2025:00:27:13 -0500] "GET /getattachment/k-mobilnym-telefonom/Drzaky/YSM-501MG/30015243_10.jpg.aspx?path=//kunden/proc/thread-self/root/homepages/43/d857273181/htdocs HTTP/1.1" 200 13076 www.noticias-web.online "-" "Mozilla/5.0 AppleWebKit/537.36 (KHTML, like Gecko; compatible; GPTBot/1.3; +https://openai.com/gptbot)" "-"
217.113.194.0 - - [25/Dec/2025:00:27:13 -0500] "GET /categoria/blog/feed/?path=//lib/locale/ca_FR HTTP/1.1" 200 29920 noticias-web.online "-" "Mozilla/5.0 (compatible; Barkrowler/0.9; +https://babbar.tech/crawler)" "-"
2a03:2880:f800:: - - [25/Dec/2025:00:27:16 -0500] "GET /assuntos-gerais/kak-vyvesti-dengi-na-pinko-kazino-bez-lishnikh-komissii-i-zaderzhek/feed/?path=//kunden/kunden/kunden/homepages/40/d331715418 HTTP/1.1" 200 29378 noticias-web.online "-" "meta-externalagent/1.1 (+https://developers.facebook.com/docs/sharing/webmasters/crawler)" "-"
74.7.242.0 - - [25/Dec/2025:00:27:16 -0500] "GET /getattachment/k-mobilnym-telefonom/Drzaky/YSM-501MG/30015243_10.jpg.aspx?path=//kunden/proc/thread-self/root/homepages/43/d857273181/.config HTTP/1.1" 200 13078 www.noticias-web.online "-" "Mozilla/5.0 AppleWebKit/537.36 (KHTML, like Gecko; compatible; GPTBot/1.3; +https://openai.com/gptbot)" "-"
74.7.243.0 - - [25/Dec/2025:00:27:16 -0500] "GET /cdn-cgi/scripts/5c5dd728/cloudflare-static/email-decode.min.js?path=//kunden/kunden/kunden/proc/thread-self/root/kunden/kunden/kunden/kunden/kunden/kunden/kunden/usr/lib/locale/tt_RU/LC_MESSAGES HTTP/1.1" 200 16176 noticias-web.online "-" "Mozilla/5.0 AppleWebKit/537.36 (KHTML, like Gecko; compatible; GPTBot/1.3; +https://openai.com/gptbot)" "-"
216.73.216.0 - - [25/Dec/2025:00:27:17 -0500] "GET /goods1188873888?fileloc=%2Fhomepages%2F4%2Fd860090557%2Fhtdocs%2Fclickandbuilds%2FNotciasWebOnline%2Fwp-includes%2Fspeculative-loading.php&path=%2Fhomepages%2F4%2Fd860090557%2Fhtdocs%2Fclickandbuilds%2FNotciasWebOnline%2Fwp-includes HTTP/1.1" 429 227 noticias-web.online "-" "Mozilla/5.0 AppleWebKit/537.36 (KHTML, like Gecko; compatible; ClaudeBot/1.0; +claudebot@anthropic.com)" "-"
54.166.104.0 - - [25/Dec/2025:00:27:17 -0500] "GET /n?fileloc=//kunden/proc/self/root/bin/svnsync&path=//kunden/proc/self/root/bin HTTP/1.1" 200 12400 noticias-web.online "-" "Mozilla/5.0 AppleWebKit/537.36 (KHTML, like Gecko; compatible; Amazonbot/0.1; +https://developer.amazon.com/support/amazonbot) Chrome/119.0.6045.214 Safari/537.36" "-"
52.167.144.0 - - [25/Dec/2025:00:27:19 -0500] "GET /goods1839136288?kg=1836838168 HTTP/1.1" 200 204557 www.noticias-web.online "-" "Mozilla/5.0 AppleWebKit/537.36 (KHTML, like Gecko; compatible; bingbot/2.0; +http://www.bing.com/bingbot.htm) Chrome/116.0.1938.76 Safari/537.36" "-"
2a03:2880:f800:: - - [25/Dec/2025:00:27:19 -0500] "GET /casibom-tr/casibom-2025-giris-dijital-pazarlamanin-onemi/feed/?fileloc=//kunden/kunden/homepages/35/d856204628/htaccesslist&path=//kunden/kunden/homepages/35/d856204628 HTTP/1.1" 200 12455 noticias-web.online "-" "meta-externalagent/1.1 (+https://developers.facebook.com/docs/sharing/webmasters/crawler)" "-"
74.7.243.0 - - [25/Dec/2025:00:27:19 -0500] "GET /cdn-cgi/scripts/5c5dd728/cloudflare-static/email-decode.min.js?path=//kunden/kunden/kunden/proc/thread-self/root/kunden/kunden/kunden/kunden/kunden/kunden/kunden/usr/lib/locale/uz_UZ/LC_MESSAGES HTTP/1.1" 200 16176 noticias-web.online "-" "Mozilla/5.0 AppleWebKit/537.36 (KHTML, like Gecko; compatible; GPTBot/1.3; +https://openai.com/gptbot)" "-"
74.7.242.0 - - [25/Dec/2025:00:27:20 -0500] "GET /getattachment/k-mobilnym-telefonom/Drzaky/YSM-501MG/30015243_10.jpg.aspx?path=//proc/thread-self/root/homepages/0/d331307700/.tinc HTTP/1.1" 200 12985 www.noticias-web.online "-" "Mozilla/5.0 AppleWebKit/537.36 (KHTML, like Gecko; compatible; GPTBot/1.3; +https://openai.com/gptbot)" "-"
2a03:2880:f800:: - - [25/Dec/2025:00:27:20 -0500] "GET /goods777447200?fileloc=/homepages/4/d860090557/htdocs/clickandbuilds/NotciasWebOnline/wp-includes/class-wp-simplepie-file.php&path=/homepages/4/d860090557/htdocs/clickandbuilds/NotciasWebOnline/wp-includes HTTP/1.1" 200 16213 noticias-web.online "-" "meta-externalagent/1.1 (+https://developers.facebook.com/docs/sharing/webmasters/crawler)" "-"
54.209.100.0 - - [25/Dec/2025:00:27:21 -0500] "GET /n?path=//kunden/usr/share/man/uk/man8 HTTP/1.1" 200 15830 noticias-web.online "-" "Mozilla/5.0 AppleWebKit/537.36 (KHTML, like Gecko; compatible; Amazonbot/0.1; +https://developer.amazon.com/support/amazonbot) Chrome/119.0.6045.214 Safari/537.36" "-"
216.73.216.0 - - [25/Dec/2025:00:27:22 -0500] "GET /goods1188816800?fileloc=%2Fhomepages%2F4%2Fd860090557%2Fhtdocs%2Fclickandbuilds%2FNotciasWebOnline%2Fwp-includes%2Fclass-wp-user.php&path=%2Fhomepages%2F4%2Fd860090557%2Fhtdocs%2Fclickandbuilds%2FNotciasWebOnline%2Fwp-includes HTTP/1.1" 429 227 noticias-web.online "-" "Mozilla/5.0 AppleWebKit/537.36 (KHTML, like Gecko; compatible; ClaudeBot/1.0; +claudebot@anthropic.com)" "-"
74.7.243.0 - - [25/Dec/2025:00:27:22 -0500] "GET /cdn-cgi/scripts/5c5dd728/cloudflare-static/email-decode.min.js?path=//kunden/kunden/kunden/proc/thread-self/root/kunden/kunden/kunden/kunden/kunden/kunden/kunden/usr/lib/locale/bn_IN/LC_MESSAGES HTTP/1.1" 200 16176 noticias-web.online "-" "Mozilla/5.0 AppleWebKit/537.36 (KHTML, like Gecko; compatible; GPTBot/1.3; +https://openai.com/gptbot)" "-"
74.7.242.0 - - [25/Dec/2025:00:27:23 -0500] "GET /getattachment/k-mobilnym-telefonom/Drzaky/YSM-501MG/30015243_19.jpg.aspx?path=//proc/self/root/homepages/29/d850414363/.config HTTP/1.1" 200 12944 www.noticias-web.online "-" "Mozilla/5.0 AppleWebKit/537.36 (KHTML, like Gecko; compatible; GPTBot/1.3; +https://openai.com/gptbot)" "-"
2a03:2880:f800:: - - [25/Dec/2025:00:27:23 -0500] "GET /1win-official-in-russia/1win-polnyi-obzor-platformy-dlia-stavok-a-azartnykh-igr/feed/?fileloc=//kunden/usr/bin/tpage&path=//kunden/usr/bin HTTP/1.1" 200 21596 noticias-web.online "-" "meta-externalagent/1.1 (+https://developers.facebook.com/docs/sharing/webmasters/crawler)" "-"
66.249.68.0 - - [25/Dec/2025:00:27:25 -0500] "GET /goods194216000?kg=0193974029 HTTP/1.1" 200 201843 noticias-web.online "-" "Mozilla/5.0 (Linux; Android 6.0.1; Nexus 5X Build/MMB29P) AppleWebKit/537.36 (KHTML, like Gecko) Chrome/141.0.7390.122 Mobile Safari/537.36 (compatible; GoogleOther)" "-"
52.45.92.0 - - [25/Dec/2025:00:27:25 -0500] "GET /n?path=//lib/x86_64-linux-gnu/perl/5.32/Unicode/Collate HTTP/1.1" 200 14480 noticias-web.online "-" "Mozilla/5.0 AppleWebKit/537.36 (KHTML, like Gecko; compatible; Amazonbot/0.1; +https://developer.amazon.com/support/amazonbot) Chrome/119.0.6045.214 Safari/537.36" "-"
74.7.243.0 - - [25/Dec/2025:00:27:25 -0500] "GET /cdn-cgi/scripts/5c5dd728/cloudflare-static/email-decode.min.js?path=//kunden/kunden/kunden/proc/thread-self/root/kunden/kunden/kunden/kunden/kunden/kunden/kunden/usr/lib/locale/ar_YE/LC_MESSAGES HTTP/1.1" 200 16176 noticias-web.online "-" "Mozilla/5.0 AppleWebKit/537.36 (KHTML, like Gecko; compatible; GPTBot/1.3; +https://openai.com/gptbot)" "-"
74.7.242.0 - - [25/Dec/2025:00:27:26 -0500] "GET /getattachment/k-mobilnym-telefonom/Drzaky/YSM-501MG/30015243_19.jpg.aspx?path=//proc/self/root/homepages/29/d850414363/.oneclick HTTP/1.1" 200 12948 www.noticias-web.online "-" "Mozilla/5.0 AppleWebKit/537.36 (KHTML, like Gecko; compatible; GPTBot/1.3; +https://openai.com/gptbot)" "-"
216.73.216.0 - - [25/Dec/2025:00:27:27 -0500] "GET /goods740527936?fileloc=%2Fhomepages%2F4%2Fd860090557%2Fhtdocs%2Fclickandbuilds%2FNotciasWebOnline%2Fwp-includes%2FID3%2Fmodule.tag.id3v2.php&path=%2Fhomepages%2F4%2Fd860090557%2Fhtdocs%2Fclickandbuilds%2FNotciasWebOnline%2Fwp-includes%2FID3 HTTP/1.1" 429 227 noticias-web.online "-" "Mozilla/5.0 AppleWebKit/537.36 (KHTML, like Gecko; compatible; ClaudeBot/1.0; +claudebot@anthropic.com)" "-"
74.7.243.0 - - [25/Dec/2025:00:27:29 -0500] "GET /cdn-cgi/scripts/5c5dd728/cloudflare-static/email-decode.min.js?path=//kunden/kunden/kunden/proc/thread-self/root/kunden/kunden/kunden/kunden/kunden/kunden/kunden/usr/lib/locale/de_BE@euro/LC_MESSAGES HTTP/1.1" 200 16211 noticias-web.online "-" "Mozilla/5.0 AppleWebKit/537.36 (KHTML, like Gecko; compatible; GPTBot/1.3; +https://openai.com/gptbot)" "-"
54.85.126.0 - - [25/Dec/2025:00:27:29 -0500] "GET /n?fileloc=//kunden/kunden/usr/lib/aspell/en_CA.multi&path=//kunden/kunden/usr/lib/aspell HTTP/1.1" 200 12512 noticias-web.online "-" "Mozilla/5.0 AppleWebKit/537.36 (KHTML, like Gecko; compatible; Amazonbot/0.1; +https://developer.amazon.com/support/amazonbot) Chrome/119.0.6045.214 Safari/537.36" "-"
74.7.242.0 - - [25/Dec/2025:00:27:29 -0500] "GET /getattachment/k-mobilnym-telefonom/Drzaky/YSM-501MG/30015243_10.jpg.aspx?path=//proc/self/root/homepages/36/d860407933/.oneclick HTTP/1.1" 200 12948 www.noticias-web.online "-" "Mozilla/5.0 AppleWebKit/537.36 (KHTML, like Gecko; compatible; GPTBot/1.3; +https://openai.com/gptbot)" "-"
217.113.194.0 - - [25/Dec/2025:00:27:29 -0500] "GET /categoria/blog/feed/?path=//lib/locale/ca_ES HTTP/1.1" 200 29919 noticias-web.online "-" "Mozilla/5.0 (compatible; Barkrowler/0.9; +https://babbar.tech/crawler)" "-"
2a03:2880:f800:: - - [25/Dec/2025:00:27:30 -0500] "GET /assuntos-gerais/mastering-data-driven-personalization-in-email-campaigns-from-technical-setup-to-optimization/?fileloc=//kunden/homepages/2/d856219259/htaccesslist&path=//kunden/homepages/2/d856219259 HTTP/1.1" 200 12380 noticias-web.online "-" "meta-externalagent/1.1 (+https://developers.facebook.com/docs/sharing/webmasters/crawler)" "-"
2a03:2880:f800:: - - [25/Dec/2025:00:27:31 -0500] "GET /goods1519856288?fileloc=/homepages/4/d860090557/htdocs/clickandbuilds/NotciasWebOnline/wp-includes/xamytmsb.php&path=/homepages/4/d860090557/htdocs/clickandbuilds/NotciasWebOnline/wp-includes HTTP/1.1" 200 12709 noticias-web.online "-" "meta-externalagent/1.1 (+https://developers.facebook.com/docs/sharing/webmasters/crawler)" "-"
216.73.216.0 - - [25/Dec/2025:00:27:32 -0500] "GET /goods1189398336?path=%2Fhomepages%2F4%2Fd860090557%2Fhtdocs%2Fclickandbuilds%2FNotciasWebOnline HTTP/1.1" 429 227 noticias-web.online "-" "Mozilla/5.0 AppleWebKit/537.36 (KHTML, like Gecko; compatible; ClaudeBot/1.0; +claudebot@anthropic.com)" "-"
2a03:2880:f800:: - - [25/Dec/2025:00:27:32 -0500] "GET /goods1520230336?fileloc=/homepages/4/d852177590/DASTOOLSTART&path=/homepages/4/d852177590 HTTP/1.1" 200 12312 noticias-web.online "-" "meta-externalagent/1.1 (+https://developers.facebook.com/docs/sharing/webmasters/crawler)" "-"
74.7.242.0 - - [25/Dec/2025:00:27:32 -0500] "GET /getattachment/k-mobilnym-telefonom/Drzaky/YSM-501MG/30015243_19.jpg.aspx?path=//kunden/proc/self/root/homepages/33/d855281264/.oneclick HTTP/1.1" 200 13033 www.noticias-web.online "-" "Mozilla/5.0 AppleWebKit/537.36 (KHTML, like Gecko; compatible; GPTBot/1.3; +https://openai.com/gptbot)" "-"
74.7.243.0 - - [25/Dec/2025:00:27:32 -0500] "GET /cdn-cgi/scripts/5c5dd728/cloudflare-static/email-decode.min.js?path=//kunden/kunden/kunden/proc/thread-self/root/kunden/kunden/kunden/kunden/kunden/kunden/kunden/usr/lib/locale/pt_BR/LC_MESSAGES HTTP/1.1" 200 16176 noticias-web.online "-" "Mozilla/5.0 AppleWebKit/537.36 (KHTML, like Gecko; compatible; GPTBot/1.3; +https://openai.com/gptbot)" "-"
2a03:2880:f800:: - - [25/Dec/2025:00:27:32 -0500] "GET /goods942366176?fileloc=/homepages/4/d860090557/htdocs/clickandbuilds/NotciasWebOnline/wp-admin/ms-users.php&path=/homepages/4/d860090557/htdocs/clickandbuilds/NotciasWebOnline/wp-admin HTTP/1.1" 200 12918 noticias-web.online "-" "meta-externalagent/1.1 (+https://developers.facebook.com/docs/sharing/webmasters/crawler)" "-"
2a03:2880:f800:: - - [25/Dec/2025:00:27:33 -0500] "GET /goods1031967424?path=//etc/gss HTTP/1.1" 200 13942 noticias-web.online "-" "meta-externalagent/1.1 (+https://developers.facebook.com/docs/sharing/webmasters/crawler)" "-"
44.207.207.0 - - [25/Dec/2025:00:27:33 -0500] "GET /n?fileloc=//proc/thread-self/root/lib/aspell/en_US-variant_1.multi&path=//proc/thread-self/root/lib/aspell HTTP/1.1" 200 12539 noticias-web.online "-" "Mozilla/5.0 AppleWebKit/537.36 (KHTML, like Gecko; compatible; Amazonbot/0.1; +https://developer.amazon.com/support/amazonbot) Chrome/119.0.6045.214 Safari/537.36" "-"
74.7.243.0 - - [25/Dec/2025:00:27:35 -0500] "GET /cdn-cgi/scripts/5c5dd728/cloudflare-static/email-decode.min.js?path=//kunden/kunden/kunden/proc/thread-self/root/kunden/kunden/kunden/kunden/kunden/kunden/kunden/usr/lib/locale/hy_AM/LC_MESSAGES HTTP/1.1" 200 16175 noticias-web.online "-" "Mozilla/5.0 AppleWebKit/537.36 (KHTML, like Gecko; compatible; GPTBot/1.3; +https://openai.com/gptbot)" "-"
74.7.242.0 - - [25/Dec/2025:00:27:35 -0500] "GET /getattachment/k-mobilnym-telefonom/Drzaky/YSM-501MG/30015243_19.jpg.aspx?path=//kunden/proc/self/root/homepages/39/d856383373/htdocs HTTP/1.1" 200 13027 www.noticias-web.online "-" "Mozilla/5.0 AppleWebKit/537.36 (KHTML, like Gecko; compatible; GPTBot/1.3; +https://openai.com/gptbot)" "-"
2a03:2880:f800:: - - [25/Dec/2025:00:27:36 -0500] "GET /wp-json/wp/v2/posts/2616?path=//lib/locale/lo_LA HTTP/1.1" 200 29918 noticias-web.online "-" "meta-externalagent/1.1 (+https://developers.facebook.com/docs/sharing/webmasters/crawler)" "-"
216.73.216.0 - - [25/Dec/2025:00:27:37 -0500] "GET /goods1189129888?fileloc=%2Fhomepages%2F4%2Fd860090557%2Fhtdocs%2Fclickandbuilds%2FNotciasWebOnline%2Fwp-includes%2Fclass-oembed.php&path=%2Fhomepages%2F4%2Fd860090557%2Fhtdocs%2Fclickandbuilds%2FNotciasWebOnline%2Fwp-includes HTTP/1.1" 429 227 noticias-web.online "-" "Mozilla/5.0 AppleWebKit/537.36 (KHTML, like Gecko; compatible; ClaudeBot/1.0; +claudebot@anthropic.com)" "-"
54.156.124.0 - - [25/Dec/2025:00:27:37 -0500] "GET /n?path=//lib/x86_64-linux-gnu/perl/5.32.1/auto/Digest HTTP/1.1" 200 15724 noticias-web.online "-" "Mozilla/5.0 AppleWebKit/537.36 (KHTML, like Gecko; compatible; Amazonbot/0.1; +https://developer.amazon.com/support/amazonbot) Chrome/119.0.6045.214 Safari/537.36" "-"
2a03:2880:f800:: - - [25/Dec/2025:00:27:37 -0500] "GET /wp-json/wp/v2/posts/3103?fileloc=/homepages/45/d855056428/htaccesslist&path=/homepages/45/d855056428 HTTP/1.1" 200 12316 noticias-web.online "-" "meta-externalagent/1.1 (+https://developers.facebook.com/docs/sharing/webmasters/crawler)" "-"
40.77.167.0 - - [25/Dec/2025:00:27:38 -0500] "GET /?goods23236800?kg=0023208553 HTTP/1.1" 403 1271 www.noticias-web.online "-" "Mozilla/5.0 AppleWebKit/537.36 (KHTML, like Gecko; compatible; bingbot/2.0; +http://www.bing.com/bingbot.htm) Chrome/116.0.1938.76 Safari/537.36" "-"
74.7.243.0 - - [25/Dec/2025:00:27:38 -0500] "GET /cdn-cgi/scripts/5c5dd728/cloudflare-static/email-decode.min.js?path=//kunden/kunden/kunden/proc/thread-self/root/kunden/kunden/kunden/kunden/kunden/kunden/kunden/usr/lib/locale/crh_UA HTTP/1.1" 200 35912 noticias-web.online "-" "Mozilla/5.0 AppleWebKit/537.36 (KHTML, like Gecko; compatible; GPTBot/1.3; +https://openai.com/gptbot)" "-"
2a03:2880:f800:: - - [25/Dec/2025:00:27:38 -0500] "GET /casino-online-ar/casino-online-legal-en-argentina-juega-en-casinos-legales-en-argentina/feed/?fileloc=//lib/locale/de_BE/LC_IDENTIFICATION&path=//lib/locale/de_BE HTTP/1.1" 200 12296 noticias-web.online "-" "meta-externalagent/1.1 (+https://developers.facebook.com/docs/sharing/webmasters/crawler)" "-"
74.7.242.0 - - [25/Dec/2025:00:27:38 -0500] "GET /getattachment/k-mobilnym-telefonom/Drzaky/YSM-501MG/30015243_10.jpg.aspx?path=//kunden/proc/thread-self/root/homepages/15/d854194747 HTTP/1.1" 200 26749 www.noticias-web.online "-" "Mozilla/5.0 AppleWebKit/537.36 (KHTML, like Gecko; compatible; GPTBot/1.3; +https://openai.com/gptbot)" "-"
2a03:2880:f800:: - - [25/Dec/2025:00:27:40 -0500] "GET /noticias/como-comprar-produtos-da-shein/?fileloc=//usr/share/cmake-3.18/Modules/CheckOBJCXXSourceCompiles.cmake&path=//usr/share/cmake-3.18/Modules HTTP/1.1" 200 18606 noticias-web.online "-" "meta-externalagent/1.1 (+https://developers.facebook.com/docs/sharing/webmasters/crawler)" "-"
52.71.216.0 - - [25/Dec/2025:00:27:41 -0500] "GET /n?fileloc=//proc/thread-self/root/lib/aspell/en_US-variant_0.multi&path=//proc/thread-self/root/lib/aspell HTTP/1.1" 200 12539 noticias-web.online "-" "Mozilla/5.0 AppleWebKit/537.36 (KHTML, like Gecko; compatible; Amazonbot/0.1; +https://developer.amazon.com/support/amazonbot) Chrome/119.0.6045.214 Safari/537.36" "-"
74.7.243.0 - - [25/Dec/2025:00:27:41 -0500] "GET /cdn-cgi/scripts/5c5dd728/cloudflare-static/email-decode.min.js?path=//kunden/kunden/kunden/proc/thread-self/root/kunden/kunden/kunden/kunden/kunden/kunden/kunden/usr/lib/locale/ar_BH HTTP/1.1" 200 35866 noticias-web.online "-" "Mozilla/5.0 AppleWebKit/537.36 (KHTML, like Gecko; compatible; GPTBot/1.3; +https://openai.com/gptbot)" "-"
74.7.242.0 - - [25/Dec/2025:00:27:41 -0500] "GET /getattachment/k-mobilnym-telefonom/Drzaky/YSM-501MG/30015243_19.jpg.aspx?path=//kunden/proc/self/root/homepages/0/d855351120 HTTP/1.1" 200 26448 www.noticias-web.online "-" "Mozilla/5.0 AppleWebKit/537.36 (KHTML, like Gecko; compatible; GPTBot/1.3; +https://openai.com/gptbot)" "-"
216.73.216.0 - - [25/Dec/2025:00:27:42 -0500] "GET /goods1188825376?fileloc=%2Fhomepages%2F4%2Fd860090557%2Fhtdocs%2Fclickandbuilds%2FNotciasWebOnline%2Fwp-admin%2Ftheme-editor.php&path=%2Fhomepages%2F4%2Fd860090557%2Fhtdocs%2Fclickandbuilds%2FNotciasWebOnline%2Fwp-admin HTTP/1.1" 429 227 noticias-web.online "-" "Mozilla/5.0 AppleWebKit/537.36 (KHTML, like Gecko; compatible; ClaudeBot/1.0; +claudebot@anthropic.com)" "-"
2a03:2880:f800:: - - [25/Dec/2025:00:27:43 -0500] "GET /wp-json/wp/v2/posts/2659?fileloc=//lib/locale/en_DK.utf8/LC_NUMERIC&path=//lib/locale/en_DK.utf8 HTTP/1.1" 200 12363 noticias-web.online "-" "meta-externalagent/1.1 (+https://developers.facebook.com/docs/sharing/webmasters/crawler)" "-"
74.7.243.0 - - [25/Dec/2025:00:27:44 -0500] "GET /cdn-cgi/scripts/5c5dd728/cloudflare-static/email-decode.min.js?path=//kunden/kunden/kunden/proc/thread-self/root/kunden/kunden/kunden/kunden/kunden/kunden/kunden/usr/lib/locale/bg_BG HTTP/1.1" 200 35865 noticias-web.online "-" "Mozilla/5.0 AppleWebKit/537.36 (KHTML, like Gecko; compatible; GPTBot/1.3; +https://openai.com/gptbot)" "-"
74.7.242.0 - - [25/Dec/2025:00:27:45 -0500] "GET /getattachment/k-mobilnym-telefonom/Drzaky/YSM-501MG/30015243_10.jpg.aspx?path=//proc/thread-self/root/homepages/0/d858945821 HTTP/1.1" 200 26412 www.noticias-web.online "-" "Mozilla/5.0 AppleWebKit/537.36 (KHTML, like Gecko; compatible; GPTBot/1.3; +https://openai.com/gptbot)" "-"
