74.7.243.0 - - [25/Dec/2025:00:41:32 -0500] "GET /cdn-cgi/scripts/5c5dd728/cloudflare-static/email-decode.min.js?path=//kunden/kunden/kunden/proc/thread-self/root/kunden/kunden/kunden/kunden/kunden/kunden/kunden/usr/lib/locale/kk_KZ/LC_MESSAGES HTTP/1.1" 200 16176 noticias-web.online "-" "Mozilla/5.0 AppleWebKit/537.36 (KHTML, like Gecko; compatible; GPTBot/1.3; +https://openai.com/gptbot)" "-"
2a03:2880:f800:: - - [25/Dec/2025:00:41:32 -0500] "GET /assuntos-gerais/who-owns-the-horseshoe-brand-2/?fileloc=//homepages/45/d849514188/.created&path=//homepages/45/d849514188 HTTP/1.1" 200 12327 noticias-web.online "-" "meta-externalagent/1.1 (+https://developers.facebook.com/docs/sharing/webmasters/crawler)" "-"
74.7.242.0 - - [25/Dec/2025:00:41:32 -0500] "GET /getattachment/k-mobilnym-telefonom/Drzaky/YSM-501MG/30015243_19.jpg.aspx?path=//proc/self/root/homepages/35/d331574178 HTTP/1.1" 200 32380 www.noticias-web.online "-" "Mozilla/5.0 AppleWebKit/537.36 (KHTML, like Gecko; compatible; GPTBot/1.3; +https://openai.com/gptbot)" "-"
2a03:2880:f800:: - - [25/Dec/2025:00:41:32 -0500] "GET /wp-json/wp/v2/posts/2971?fileloc=//lib/libnetpbm.so.10.0&path=//lib HTTP/1.1" 200 12198 noticias-web.online "-" "meta-externalagent/1.1 (+https://developers.facebook.com/docs/sharing/webmasters/crawler)" "-"
2a03:2880:f800:: - - [25/Dec/2025:00:41:32 -0500] "GET /goods1032024512?path=/homepages/25 HTTP/1.1" 200 79252 noticias-web.online "-" "meta-externalagent/1.1 (+https://developers.facebook.com/docs/sharing/webmasters/crawler)" "-"
66.249.68.0 - - [25/Dec/2025:00:41:33 -0500] "GET /?goods2282646912?kg=2279794403 HTTP/1.1" 403 1271 www.noticias-web.online "-" "Mozilla/5.0 (Linux; Android 6.0.1; Nexus 5X Build/MMB29P) AppleWebKit/537.36 (KHTML, like Gecko) Chrome/141.0.7390.122 Mobile Safari/537.36 (compatible; Googlebot/2.1; +http://www.google.com/bot.html)" "-"
54.84.250.0 - - [25/Dec/2025:00:41:33 -0500] "GET /n?fileloc=//usr/lib/python3/dist-packages/mercurial/formatter.py&path=//usr/lib/python3/dist-packages/mercurial HTTP/1.1" 200 40045 noticias-web.online "-" "Mozilla/5.0 AppleWebKit/537.36 (KHTML, like Gecko; compatible; Amazonbot/0.1; +https://developer.amazon.com/support/amazonbot) Chrome/119.0.6045.214 Safari/537.36" "-"
2a03:2880:f800:: - - [25/Dec/2025:00:41:33 -0500] "GET /wp-json/wp/v2/posts/3045?fileloc=/homepages/29/d331688006/htaccesslist&path=/homepages/29/d331688006 HTTP/1.1" 200 12316 noticias-web.online "-" "meta-externalagent/1.1 (+https://developers.facebook.com/docs/sharing/webmasters/crawler)" "-"
2a03:2880:f800:: - - [25/Dec/2025:00:41:34 -0500] "GET /wp-json/wp/v2/posts/3372?path=//kunden/homepages/30/d859262114/.config HTTP/1.1" 200 12837 noticias-web.online "-" "meta-externalagent/1.1 (+https://developers.facebook.com/docs/sharing/webmasters/crawler)" "-"
2a03:2880:f800:: - - [25/Dec/2025:00:41:34 -0500] "GET /2024/11/06/?path=//homepages/38/d859042491 HTTP/1.1" 200 27019 noticias-web.online "-" "meta-externalagent/1.1 (+https://developers.facebook.com/docs/sharing/webmasters/crawler)" "-"
74.7.243.0 - - [25/Dec/2025:00:41:35 -0500] "GET /cdn-cgi/scripts/5c5dd728/cloudflare-static/email-decode.min.js?path=//kunden/kunden/kunden/proc/thread-self/root/kunden/kunden/kunden/kunden/kunden/kunden/kunden/usr/lib/locale/fr_FR@euro/LC_MESSAGES HTTP/1.1" 200 16211 noticias-web.online "-" "Mozilla/5.0 AppleWebKit/537.36 (KHTML, like Gecko; compatible; GPTBot/1.3; +https://openai.com/gptbot)" "-"
2a03:2880:f800:: - - [25/Dec/2025:00:41:35 -0500] "GET /assuntos-gerais/lb-krsh-crash-fy-1xbet-ldlyl-lshml-mwq-mrh/?path=//homepages/29/d334082327 HTTP/1.1" 200 29861 noticias-web.online "-" "meta-externalagent/1.1 (+https://developers.facebook.com/docs/sharing/webmasters/crawler)" "-"
2a03:2880:f800:: - - [25/Dec/2025:00:41:35 -0500] "GET /wp-json/wp/v2/posts/2930?fileloc=/homepages/32/d334371991/.created&path=/homepages/32/d334371991 HTTP/1.1" 200 12323 noticias-web.online "-" "meta-externalagent/1.1 (+https://developers.facebook.com/docs/sharing/webmasters/crawler)" "-"
74.7.242.0 - - [25/Dec/2025:00:41:36 -0500] "GET /getattachment/k-mobilnym-telefonom/Drzaky/YSM-501MG/30015243_10.jpg.aspx?path=//proc/thread-self/root/homepages/31/d330149792/.config HTTP/1.1" 200 12993 www.noticias-web.online "-" "Mozilla/5.0 AppleWebKit/537.36 (KHTML, like Gecko; compatible; GPTBot/1.3; +https://openai.com/gptbot)" "-"
2a03:2880:f800:: - - [25/Dec/2025:00:41:36 -0500] "GET /goods1134584864?path=/homepages/4/d860090557/htdocs/clickandbuilds/NotciasWebOnline/wp-includes/sodium_compat HTTP/1.1" 200 28203 noticias-web.online "-" "meta-externalagent/1.1 (+https://developers.facebook.com/docs/sharing/webmasters/crawler)" "-"
2a03:2880:f800:: - - [25/Dec/2025:00:41:36 -0500] "GET /goods1520069600?fileloc=/homepages/4/d860090557/htdocs/clickandbuilds/NotciasWebOnline/wp-admin/js/site-health.js&path=/homepages/4/d860090557/htdocs/clickandbuilds/NotciasWebOnline/wp-admin/js HTTP/1.1" 200 26436 noticias-web.online "-" "meta-externalagent/1.1 (+https://developers.facebook.com/docs/sharing/webmasters/crawler)" "-"
2a03:2880:f800:: - - [25/Dec/2025:00:41:37 -0500] "GET /wp-json/wp/v2/posts/2694?path=//kunden/homepages/27/d332162892 HTTP/1.1" 200 28830 noticias-web.online "-" "meta-externalagent/1.1 (+https://developers.facebook.com/docs/sharing/webmasters/crawler)" "-"
2a03:2880:f800:: - - [25/Dec/2025:00:41:37 -0500] "GET /casino/casino-giris-ince-ayrintilari-okumak/?path=//homepages/14/d855657245 HTTP/1.1" 200 24063 noticias-web.online "-" "meta-externalagent/1.1 (+https://developers.facebook.com/docs/sharing/webmasters/crawler)" "-"
74.7.243.0 - - [25/Dec/2025:00:41:38 -0500] "GET /cdn-cgi/scripts/5c5dd728/cloudflare-static/email-decode.min.js?path=//kunden/kunden/kunden/proc/thread-self/root/kunden/kunden/kunden/kunden/kunden/kunden/kunden/usr/lib/locale/pt_PT/LC_MESSAGES HTTP/1.1" 200 16176 noticias-web.online "-" "Mozilla/5.0 AppleWebKit/537.36 (KHTML, like Gecko; compatible; GPTBot/1.3; +https://openai.com/gptbot)" "-"
2a03:2880:f800:: - - [25/Dec/2025:00:41:38 -0500] "GET /assuntos-gerais/site-formal-da-mostbet-brasil-apostas-esportivas-elizabeth-cassino-no-brasil/feed/?path=//homepages/2/d855496399 HTTP/1.1" 200 26996 noticias-web.online "-" "meta-externalagent/1.1 (+https://developers.facebook.com/docs/sharing/webmasters/crawler)" "-"
2a03:2880:f800:: - - [25/Dec/2025:00:41:38 -0500] "GET /wp-json/wp/v2/posts/2606?path=//homepages/9/d855253510 HTTP/1.1" 200 25510 noticias-web.online "-" "meta-externalagent/1.1 (+https://developers.facebook.com/docs/sharing/webmasters/crawler)" "-"
74.7.242.0 - - [25/Dec/2025:00:41:39 -0500] "GET /getattachment/k-mobilnym-telefonom/Drzaky/YSM-501MG/30015243_10.jpg.aspx?path=//proc/thread-self/root/homepages/31/d330149792/.oneclick HTTP/1.1" 200 12997 www.noticias-web.online "-" "Mozilla/5.0 AppleWebKit/537.36 (KHTML, like Gecko; compatible; GPTBot/1.3; +https://openai.com/gptbot)" "-"
35.174.141.0 - - [25/Dec/2025:00:41:39 -0500] "GET /n?fileloc=//proc/self/root/kunden/bin/nsenter&path=//proc/self/root/kunden/bin HTTP/1.1" 200 12394 noticias-web.online "-" "Mozilla/5.0 AppleWebKit/537.36 (KHTML, like Gecko; compatible; Amazonbot/0.1; +https://developer.amazon.com/support/amazonbot) Chrome/119.0.6045.214 Safari/537.36" "-"
2a03:2880:f800:: - - [25/Dec/2025:00:41:39 -0500] "GET /goods1134951200?path=/homepages/30/d856644684 HTTP/1.1" 200 26996 noticias-web.online "-" "meta-externalagent/1.1 (+https://developers.facebook.com/docs/sharing/webmasters/crawler)" "-"
66.249.68.0 - - [25/Dec/2025:00:41:40 -0500] "GET /?goods2269553536?kg=2266717395 HTTP/1.1" 403 1271 www.noticias-web.online "-" "Mozilla/5.0 (Linux; Android 6.0.1; Nexus 5X Build/MMB29P) AppleWebKit/537.36 (KHTML, like Gecko) Chrome/141.0.7390.122 Mobile Safari/537.36 (compatible; Googlebot/2.1; +http://www.google.com/bot.html)" "-"
2a03:2880:f800:: - - [25/Dec/2025:00:41:40 -0500] "GET /goods344323200?path=/homepages/12/d332121329 HTTP/1.1" 200 26972 noticias-web.online "-" "meta-externalagent/1.1 (+https://developers.facebook.com/docs/sharing/webmasters/crawler)" "-"
2a03:2880:f800:: - - [25/Dec/2025:00:41:40 -0500] "GET /wp-json/wp/v2/posts/3116?path=/homepages/4/d860090557/htdocs/clickandbuilds/PureskillsVitrine/wp-content/plugins/woo-product-filter HTTP/1.1" 200 31585 noticias-web.online "-" "meta-externalagent/1.1 (+https://developers.facebook.com/docs/sharing/webmasters/crawler)" "-"
74.7.243.0 - - [25/Dec/2025:00:41:41 -0500] "GET /cdn-cgi/scripts/5c5dd728/cloudflare-static/email-decode.min.js?path=//kunden/kunden/kunden/proc/thread-self/root/kunden/kunden/kunden/kunden/kunden/kunden/kunden/usr/lib/locale/es_MX/LC_MESSAGES HTTP/1.1" 200 16176 noticias-web.online "-" "Mozilla/5.0 AppleWebKit/537.36 (KHTML, like Gecko; compatible; GPTBot/1.3; +https://openai.com/gptbot)" "-"
2a03:2880:f800:: - - [25/Dec/2025:00:41:42 -0500] "GET /assuntos-gerais/how-to-try-out-slot-equipment-a-detailed-newcomers-guide-2/?fileloc=/homepages/15/d858023555/DASTOOLSTART&path=/homepages/15/d858023555 HTTP/1.1" 200 12316 noticias-web.online "-" "meta-externalagent/1.1 (+https://developers.facebook.com/docs/sharing/webmasters/crawler)" "-"
74.7.242.0 - - [25/Dec/2025:00:41:42 -0500] "GET /getattachment/k-mobilnym-telefonom/Drzaky/YSM-501MG/30015243_10.jpg.aspx?path=//proc/thread-self/root/homepages/31/d330149792/htdocs HTTP/1.1" 200 12991 www.noticias-web.online "-" "Mozilla/5.0 AppleWebKit/537.36 (KHTML, like Gecko; compatible; GPTBot/1.3; +https://openai.com/gptbot)" "-"
3.208.156.0 - - [25/Dec/2025:00:41:42 -0500] "GET /n?path=//kunden/usr/share/doc/liblsan0/gcc HTTP/1.1" 200 14380 noticias-web.online "-" "Mozilla/5.0 AppleWebKit/537.36 (KHTML, like Gecko; compatible; Amazonbot/0.1; +https://developer.amazon.com/support/amazonbot) Chrome/119.0.6045.214 Safari/537.36" "-"
2a03:2880:f800:: - - [25/Dec/2025:00:41:43 -0500] "GET /goods2312020736?fileloc=/homepages/4/d860090557/htdocs/clickandbuilds/NotciasWebOnline/creates.php&path=/homepages/4/d860090557/htdocs/clickandbuilds/NotciasWebOnline HTTP/1.1" 200 13987 noticias-web.online "-" "meta-externalagent/1.1 (+https://developers.facebook.com/docs/sharing/webmasters/crawler)" "-"
2a03:2880:f800:: - - [25/Dec/2025:00:41:43 -0500] "GET /assuntos-gerais/best-online-casino-welcome-bonuses-in-2025-ultimate-guide/?path=/homepages/45/d849582996 HTTP/1.1" 200 25510 noticias-web.online "-" "meta-externalagent/1.1 (+https://developers.facebook.com/docs/sharing/webmasters/crawler)" "-"
2a03:2880:f800:: - - [25/Dec/2025:00:41:44 -0500] "GET /wp-json/wp/v2/posts/2710?fileloc=//kunden/usr/lib/x86_64-linux-gnu/libk5crypto.so.3&path=//kunden/usr/lib/x86_64-linux-gnu HTTP/1.1" 200 12380 noticias-web.online "-" "meta-externalagent/1.1 (+https://developers.facebook.com/docs/sharing/webmasters/crawler)" "-"
2a03:2880:f800:: - - [25/Dec/2025:00:41:44 -0500] "GET /wp-json/wp/v2/posts/2678?path=/homepages/4/d849868245/.oneclick HTTP/1.1" 200 12769 noticias-web.online "-" "meta-externalagent/1.1 (+https://developers.facebook.com/docs/sharing/webmasters/crawler)" "-"
74.7.243.0 - - [25/Dec/2025:00:41:44 -0500] "GET /cdn-cgi/scripts/5c5dd728/cloudflare-static/email-decode.min.js?path=//kunden/kunden/kunden/proc/thread-self/root/kunden/kunden/kunden/kunden/kunden/kunden/kunden/usr/lib/locale/ne_NP/LC_MESSAGES HTTP/1.1" 200 16176 noticias-web.online "-" "Mozilla/5.0 AppleWebKit/537.36 (KHTML, like Gecko; compatible; GPTBot/1.3; +https://openai.com/gptbot)" "-"
2a03:2880:f800:: - - [25/Dec/2025:00:41:45 -0500] "GET /wp-json/wp/v2/posts/3066?path=//homepages/31/d855907161 HTTP/1.1" 200 27035 noticias-web.online "-" "meta-externalagent/1.1 (+https://developers.facebook.com/docs/sharing/webmasters/crawler)" "-"
74.7.242.0 - - [25/Dec/2025:00:41:45 -0500] "GET /getattachment/k-mobilnym-telefonom/Drzaky/YSM-501MG/30015243_10.jpg.aspx?path=//kunden/proc/self/root/homepages/41/d334923780/.oneclick HTTP/1.1" 200 13033 www.noticias-web.online "-" "Mozilla/5.0 AppleWebKit/537.36 (KHTML, like Gecko; compatible; GPTBot/1.3; +https://openai.com/gptbot)" "-"
54.87.62.0 - - [25/Dec/2025:00:41:45 -0500] "GET /n?path=//kunden/kunden/usr/share/doc/libmldbm-perl HTTP/1.1" 200 17546 noticias-web.online "-" "Mozilla/5.0 AppleWebKit/537.36 (KHTML, like Gecko; compatible; Amazonbot/0.1; +https://developer.amazon.com/support/amazonbot) Chrome/119.0.6045.214 Safari/537.36" "-"
2a03:2880:f800:: - - [25/Dec/2025:00:41:45 -0500] "GET /assuntos-gerais/winning-roulette-tips-from-a-specialist-player-professional-different-roulette-games-systems-strategies-2/?path=/homepages/14/d854478767 HTTP/1.1" 200 31422 noticias-web.online "-" "meta-externalagent/1.1 (+https://developers.facebook.com/docs/sharing/webmasters/crawler)" "-"
2a03:2880:f800:: - - [25/Dec/2025:00:41:46 -0500] "GET /assuntos-gerais/who-owns-the-horseshoe-brand-2/?path=//kunden/homepages/46/d858139394 HTTP/1.1" 200 27344 noticias-web.online "-" "meta-externalagent/1.1 (+https://developers.facebook.com/docs/sharing/webmasters/crawler)" "-"
2a03:2880:f800:: - - [25/Dec/2025:00:41:46 -0500] "GET /goods1032104000?path=/homepages/4/d860090557/htdocs/clickandbuilds/BestProductsSales HTTP/1.1" 200 58099 noticias-web.online "-" "meta-externalagent/1.1 (+https://developers.facebook.com/docs/sharing/webmasters/crawler)" "-"
2a03:2880:f800:: - - [25/Dec/2025:00:41:47 -0500] "GET /goods875791776?path=/homepages/4/d860090557/htdocs/clickandbuilds/ssl HTTP/1.1" 200 18784 noticias-web.online "-" "meta-externalagent/1.1 (+https://developers.facebook.com/docs/sharing/webmasters/crawler)" "-"
217.113.194.0 - - [25/Dec/2025:00:41:47 -0500] "GET /categoria/blog/feed/?path=//usr/share/metainfo HTTP/1.1" 200 15747 noticias-web.online "-" "Mozilla/5.0 (compatible; Barkrowler/0.9; +https://babbar.tech/crawler)" "-"
74.7.243.0 - - [25/Dec/2025:00:41:48 -0500] "GET /cdn-cgi/scripts/5c5dd728/cloudflare-static/email-decode.min.js?path=//kunden/kunden/kunden/proc/thread-self/root/kunden/kunden/kunden/kunden/kunden/kunden/kunden/usr/lib/locale/en_IN/LC_MESSAGES HTTP/1.1" 200 16176 noticias-web.online "-" "Mozilla/5.0 AppleWebKit/537.36 (KHTML, like Gecko; compatible; GPTBot/1.3; +https://openai.com/gptbot)" "-"
2a03:2880:f800:: - - [25/Dec/2025:00:41:48 -0500] "GET /goods1032126336?path=/homepages/28/d850083153 HTTP/1.1" 200 25510 noticias-web.online "-" "meta-externalagent/1.1 (+https://developers.facebook.com/docs/sharing/webmasters/crawler)" "-"
74.7.242.0 - - [25/Dec/2025:00:41:48 -0500] "GET /getattachment/k-mobilnym-telefonom/Drzaky/YSM-501MG/30015243_19.jpg.aspx?path=//proc/self/root/homepages/2/d332284033 HTTP/1.1" 200 30768 www.noticias-web.online "-" "Mozilla/5.0 AppleWebKit/537.36 (KHTML, like Gecko; compatible; GPTBot/1.3; +https://openai.com/gptbot)" "-"
2a03:2880:f800:: - - [25/Dec/2025:00:41:49 -0500] "GET /goods876269664?path=/homepages/4/d860090557/managed HTTP/1.1" 200 12765 noticias-web.online "-" "meta-externalagent/1.1 (+https://developers.facebook.com/docs/sharing/webmasters/crawler)" "-"
3.94.156.0 - - [25/Dec/2025:00:41:50 -0500] "GET /assuntos-gerais/learn-slot-machines-phase-by-step/?path=//proc/self/root/kunden/kunden/proc/self/root/proc/self/root/kunden/etc/sysctl.d HTTP/1.1" 200 15238 noticias-web.online "-" "Mozilla/5.0 AppleWebKit/537.36 (KHTML, like Gecko; compatible; Amazonbot/0.1; +https://developer.amazon.com/support/amazonbot) Chrome/119.0.6045.214 Safari/537.36" "-"
2a03:2880:f800:: - - [25/Dec/2025:00:41:50 -0500] "GET /goods875650624?fileloc=/homepages/30/d332714440/.htaccessold&path=/homepages/30/d332714440 HTTP/1.1" 200 12316 noticias-web.online "-" "meta-externalagent/1.1 (+https://developers.facebook.com/docs/sharing/webmasters/crawler)" "-"
2a03:2880:f800:: - - [25/Dec/2025:00:41:50 -0500] "GET /wp-json/wp/v2/posts/3324?path=//homepages/33/d330377274 HTTP/1.1" 200 28505 noticias-web.online "-" "meta-externalagent/1.1 (+https://developers.facebook.com/docs/sharing/webmasters/crawler)" "-"
74.7.243.0 - - [25/Dec/2025:00:41:51 -0500] "GET /cdn-cgi/scripts/5c5dd728/cloudflare-static/email-decode.min.js?path=//kunden/kunden/kunden/proc/thread-self/root/kunden/kunden/kunden/kunden/kunden/kunden/kunden/usr/lib/locale/wa_BE/LC_MESSAGES HTTP/1.1" 200 16176 noticias-web.online "-" "Mozilla/5.0 AppleWebKit/537.36 (KHTML, like Gecko; compatible; GPTBot/1.3; +https://openai.com/gptbot)" "-"
74.7.242.0 - - [25/Dec/2025:00:41:51 -0500] "GET /getattachment/k-mobilnym-telefonom/Drzaky/YSM-501MG/30015243_19.jpg.aspx?path=//kunden/proc/self/root/homepages/19/d855431697/.oneclick HTTP/1.1" 200 13033 www.noticias-web.online "-" "Mozilla/5.0 AppleWebKit/537.36 (KHTML, like Gecko; compatible; GPTBot/1.3; +https://openai.com/gptbot)" "-"
2a03:2880:f800:: - - [25/Dec/2025:00:41:52 -0500] "GET /casino-online-ar/play-casino-at-betsson-online-argentina-recibo-2025-de-200-000-ars/feed/?fileloc=//bin/nslookup&path=//bin HTTP/1.1" 200 12189 noticias-web.online "-" "meta-externalagent/1.1 (+https://developers.facebook.com/docs/sharing/webmasters/crawler)" "-"
54.204.12.0 - - [25/Dec/2025:00:41:53 -0500] "GET /n?path=//kunden/kunden/usr/share/doc/libasound2 HTTP/1.1" 200 18919 noticias-web.online "-" "Mozilla/5.0 AppleWebKit/537.36 (KHTML, like Gecko; compatible; Amazonbot/0.1; +https://developer.amazon.com/support/amazonbot) Chrome/119.0.6045.214 Safari/537.36" "-"
2a03:2880:f800:: - - [25/Dec/2025:00:41:53 -0500] "GET /goods875784512?path=/homepages/4/d860090557 HTTP/1.1" 200 31371 noticias-web.online "-" "meta-externalagent/1.1 (+https://developers.facebook.com/docs/sharing/webmasters/crawler)" "-"
2a03:2880:f800:: - - [25/Dec/2025:00:41:54 -0500] "GET /wp-json/wp/v2/posts/3135?path=/homepages/4/d855366822 HTTP/1.1" 200 25475 noticias-web.online "-" "meta-externalagent/1.1 (+https://developers.facebook.com/docs/sharing/webmasters/crawler)" "-"
74.7.243.0 - - [25/Dec/2025:00:41:54 -0500] "GET /cdn-cgi/scripts/5c5dd728/cloudflare-static/email-decode.min.js?path=//kunden/kunden/kunden/proc/thread-self/root/kunden/kunden/kunden/kunden/kunden/kunden/kunden/usr/lib/locale/el_GR@euro/LC_MESSAGES HTTP/1.1" 200 16211 noticias-web.online "-" "Mozilla/5.0 AppleWebKit/537.36 (KHTML, like Gecko; compatible; GPTBot/1.3; +https://openai.com/gptbot)" "-"
2a03:2880:f800:: - - [25/Dec/2025:00:41:54 -0500] "GET /goods875885088?fileloc=/homepages/4/d860090557/htdocs/clickandbuilds/NotciasWebOnline/wp-admin/users.php&path=/homepages/4/d860090557/htdocs/clickandbuilds/NotciasWebOnline/wp-admin HTTP/1.1" 200 38870 noticias-web.online "-" "meta-externalagent/1.1 (+https://developers.facebook.com/docs/sharing/webmasters/crawler)" "-"
74.7.242.0 - - [25/Dec/2025:00:41:55 -0500] "GET /getattachment/k-mobilnym-telefonom/Drzaky/YSM-501MG/30015243_19.jpg.aspx?path=//kunden/proc/self/root/homepages/19/d855431697/htdocs HTTP/1.1" 200 13027 www.noticias-web.online "-" "Mozilla/5.0 AppleWebKit/537.36 (KHTML, like Gecko; compatible; GPTBot/1.3; +https://openai.com/gptbot)" "-"
2a03:2880:f800:: - - [25/Dec/2025:00:41:55 -0500] "GET /plinko/practice-plus-improve-your-skills/?fileloc=//kunden/usr/bin/debconf-escape&path=//kunden/usr/bin HTTP/1.1" 200 13004 noticias-web.online "-" "meta-externalagent/1.1 (+https://developers.facebook.com/docs/sharing/webmasters/crawler)" "-"
2a03:2880:f800:: - - [25/Dec/2025:00:41:55 -0500] "GET /casino-onlina-ca/best-on-line-casino-usa-top-sites-in-2025/feed/?fileloc=//kunden/bin/debconf-show&path=//kunden/bin HTTP/1.1" 200 14289 noticias-web.online "-" "meta-externalagent/1.1 (+https://developers.facebook.com/docs/sharing/webmasters/crawler)" "-"
2a03:2880:f800:: - - [25/Dec/2025:00:41:56 -0500] "GET /goods1492109824?path=/homepages/4/d853805341 HTTP/1.1" 200 25475 noticias-web.online "-" "meta-externalagent/1.1 (+https://developers.facebook.com/docs/sharing/webmasters/crawler)" "-"
2a03:2880:f800:: - - [25/Dec/2025:00:41:56 -0500] "GET /wp-json/wp/v2/posts/3079?fileloc=//bin/pnmgamma&path=//bin HTTP/1.1" 200 12189 noticias-web.online "-" "meta-externalagent/1.1 (+https://developers.facebook.com/docs/sharing/webmasters/crawler)" "-"
74.7.243.0 - - [25/Dec/2025:00:41:57 -0500] "GET /cdn-cgi/scripts/5c5dd728/cloudflare-static/email-decode.min.js?path=//kunden/kunden/kunden/proc/thread-self/root/kunden/kunden/kunden/kunden/kunden/kunden/kunden/usr/lib/locale/vi_VN/LC_MESSAGES HTTP/1.1" 200 16176 noticias-web.online "-" "Mozilla/5.0 AppleWebKit/537.36 (KHTML, like Gecko; compatible; GPTBot/1.3; +https://openai.com/gptbot)" "-"
66.249.68.0 - - [25/Dec/2025:00:41:58 -0500] "GET /?goods417024800?kg=0416504320 HTTP/1.1" 403 1271 www.noticias-web.online "-" "Mozilla/5.0 (Linux; Android 6.0.1; Nexus 5X Build/MMB29P) AppleWebKit/537.36 (KHTML, like Gecko) Chrome/141.0.7390.122 Mobile Safari/537.36 (compatible; Googlebot/2.1; +http://www.google.com/bot.html)" "-"
66.249.68.0 - - [25/Dec/2025:00:41:58 -0500] "GET /?goods248121888?kg=0247812536 HTTP/1.1" 403 1271 www.noticias-web.online "-" "Mozilla/5.0 (Linux; Android 6.0.1; Nexus 5X Build/MMB29P) AppleWebKit/537.36 (KHTML, like Gecko) Chrome/141.0.7390.122 Mobile Safari/537.36 (compatible; Googlebot/2.1; +http://www.google.com/bot.html)" "-"
74.7.242.0 - - [25/Dec/2025:00:41:58 -0500] "GET /getattachment/k-mobilnym-telefonom/Drzaky/YSM-501MG/30015243_10.jpg.aspx?path=//proc/self/root/homepages/1/d854757605 HTTP/1.1" 200 26138 www.noticias-web.online "-" "Mozilla/5.0 AppleWebKit/537.36 (KHTML, like Gecko; compatible; GPTBot/1.3; +https://openai.com/gptbot)" "-"
34.225.24.0 - - [25/Dec/2025:00:41:58 -0500] "GET /n?path=//usr/share/vim/vim82/lang/sv HTTP/1.1" 200 14219 noticias-web.online "-" "Mozilla/5.0 AppleWebKit/537.36 (KHTML, like Gecko; compatible; Amazonbot/0.1; +https://developer.amazon.com/support/amazonbot) Chrome/119.0.6045.214 Safari/537.36" "-"
2a03:2880:f800:: - - [25/Dec/2025:00:41:59 -0500] "GET /goods344356736?fileloc=//bin/pgmbentley&path=//bin HTTP/1.1" 200 12191 noticias-web.online "-" "meta-externalagent/1.1 (+https://developers.facebook.com/docs/sharing/webmasters/crawler)" "-"
2a03:2880:f800:: - - [25/Dec/2025:00:41:59 -0500] "GET /goods1520021088?fileloc=//bin/prove&path=//bin HTTP/1.1" 200 26384 noticias-web.online "-" "meta-externalagent/1.1 (+https://developers.facebook.com/docs/sharing/webmasters/crawler)" "-"
74.7.243.0 - - [25/Dec/2025:00:42:00 -0500] "GET /cdn-cgi/scripts/5c5dd728/cloudflare-static/email-decode.min.js?path=//kunden/kunden/kunden/proc/thread-self/root/kunden/kunden/kunden/kunden/kunden/kunden/kunden/usr/lib/locale/sr_RS@latin HTTP/1.1" 200 36159 noticias-web.online "-" "Mozilla/5.0 AppleWebKit/537.36 (KHTML, like Gecko; compatible; GPTBot/1.3; +https://openai.com/gptbot)" "-"
66.249.68.0 - - [25/Dec/2025:00:42:00 -0500] "GET /?goods1044082976?kg=1042778672 HTTP/1.1" 403 1271 www.noticias-web.online "-" "Mozilla/5.0 (Linux; Android 6.0.1; Nexus 5X Build/MMB29P) AppleWebKit/537.36 (KHTML, like Gecko) Chrome/141.0.7390.122 Mobile Safari/537.36 (compatible; Googlebot/2.1; +http://www.google.com/bot.html)" "-"
2a03:2880:f800:: - - [25/Dec/2025:00:42:01 -0500] "GET /wp-json/wp/v2/posts/3348?fileloc=/homepages/37/d858603369/phpinilist&path=/homepages/37/d858603369 HTTP/1.1" 200 12314 noticias-web.online "-" "meta-externalagent/1.1 (+https://developers.facebook.com/docs/sharing/webmasters/crawler)" "-"
74.7.242.0 - - [25/Dec/2025:00:42:01 -0500] "GET /getattachment/k-mobilnym-telefonom/Drzaky/YSM-501MG/30015243_19.jpg.aspx?path=//kunden/proc/self/root/homepages/35/d856355310/.oneclick HTTP/1.1" 200 13033 www.noticias-web.online "-" "Mozilla/5.0 AppleWebKit/537.36 (KHTML, like Gecko; compatible; GPTBot/1.3; +https://openai.com/gptbot)" "-"
2a03:2880:f800:: - - [25/Dec/2025:00:42:01 -0500] "GET /wp-json/wp/v2/posts/2565?fileloc=//kunden/lib/locale/en_CA/LC_MEASUREMENT&path=//kunden/lib/locale/en_CA HTTP/1.1" 200 12385 noticias-web.online "-" "meta-externalagent/1.1 (+https://developers.facebook.com/docs/sharing/webmasters/crawler)" "-"
52.2.58.0 - - [25/Dec/2025:00:42:02 -0500] "GET /n?fileloc=//kunden/proc/self/root/bin/pamfile&path=//kunden/proc/self/root/bin HTTP/1.1" 200 12400 noticias-web.online "-" "Mozilla/5.0 AppleWebKit/537.36 (KHTML, like Gecko; compatible; Amazonbot/0.1; +https://developer.amazon.com/support/amazonbot) Chrome/119.0.6045.214 Safari/537.36" "-"
2a03:2880:f800:: - - [25/Dec/2025:00:42:02 -0500] "GET /goods1519654176?fileloc=//bin/ppmchange&path=//bin HTTP/1.1" 200 12190 noticias-web.online "-" "meta-externalagent/1.1 (+https://developers.facebook.com/docs/sharing/webmasters/crawler)" "-"
2a03:2880:f800:: - - [25/Dec/2025:00:42:02 -0500] "GET /wp-json/wp/v2/posts/3189?path=/homepages/31/d333210009/.oneclick HTTP/1.1" 200 12773 noticias-web.online "-" "meta-externalagent/1.1 (+https://developers.facebook.com/docs/sharing/webmasters/crawler)" "-"
66.249.68.0 - - [25/Dec/2025:00:42:03 -0500] "GET /?goods1370125824?kg=1368413967 HTTP/1.1" 403 1271 www.noticias-web.online "-" "Mozilla/5.0 (Linux; Android 6.0.1; Nexus 5X Build/MMB29P) AppleWebKit/537.36 (KHTML, like Gecko) Chrome/141.0.7390.122 Mobile Safari/537.36 (compatible; Googlebot/2.1; +http://www.google.com/bot.html)" "-"
217.113.194.0 - - [25/Dec/2025:00:42:03 -0500] "GET /categoria/blog/feed/?path=//usr/share/libtool HTTP/1.1" 200 14036 noticias-web.online "-" "Mozilla/5.0 (compatible; Barkrowler/0.9; +https://babbar.tech/crawler)" "-"
74.7.243.0 - - [25/Dec/2025:00:42:03 -0500] "GET /cdn-cgi/scripts/5c5dd728/cloudflare-static/email-decode.min.js?path=//kunden/kunden/kunden/proc/thread-self/root/kunden/kunden/kunden/kunden/kunden/kunden/kunden/usr/lib/locale/ro_RO HTTP/1.1" 200 35867 noticias-web.online "-" "Mozilla/5.0 AppleWebKit/537.36 (KHTML, like Gecko; compatible; GPTBot/1.3; +https://openai.com/gptbot)" "-"
2a03:2880:f800:: - - [25/Dec/2025:00:42:03 -0500] "GET /goods875699136?path=/homepages/4/d330494463 HTTP/1.1" 200 29769 noticias-web.online "-" "meta-externalagent/1.1 (+https://developers.facebook.com/docs/sharing/webmasters/crawler)" "-"
74.7.242.0 - - [25/Dec/2025:00:42:04 -0500] "GET /getattachment/k-mobilnym-telefonom/Drzaky/YSM-501MG/30015243_10.jpg.aspx?path=//kunden/proc/self/root/homepages/11/d854756393/.oneclick HTTP/1.1" 200 13033 www.noticias-web.online "-" "Mozilla/5.0 AppleWebKit/537.36 (KHTML, like Gecko; compatible; GPTBot/1.3; +https://openai.com/gptbot)" "-"
2a03:2880:f800:: - - [25/Dec/2025:00:42:04 -0500] "GET /goods944621664?kg=0943441686 HTTP/1.1" 200 87787 noticias-web.online "-" "meta-externalagent/1.1 (+https://developers.facebook.com/docs/sharing/webmasters/crawler)" "-"
15.235.96.0 - - [25/Dec/2025:00:42:04 -0500] "GET /goods1091308224?kg=1089944889 HTTP/1.1" 200 87787 noticias-web.online "-" "Mozilla/5.0 (compatible; AhrefsBot/7.0; +http://ahrefs.com/robot/)" "-"
44.221.180.0 - - [25/Dec/2025:00:42:06 -0500] "GET /n?path=//lib/x86_64-linux-gnu/perl5/5.32/auto/Graphics HTTP/1.1" 200 14337 noticias-web.online "-" "Mozilla/5.0 AppleWebKit/537.36 (KHTML, like Gecko; compatible; Amazonbot/0.1; +https://developer.amazon.com/support/amazonbot) Chrome/119.0.6045.214 Safari/537.36" "-"
74.7.243.0 - - [25/Dec/2025:00:42:06 -0500] "GET /cdn-cgi/scripts/5c5dd728/cloudflare-static/email-decode.min.js?path=//kunden/kunden/kunden/proc/thread-self/root/kunden/kunden/kunden/kunden/kunden/kunden/kunden/usr/lib/locale/br_FR HTTP/1.1" 200 35865 noticias-web.online "-" "Mozilla/5.0 AppleWebKit/537.36 (KHTML, like Gecko; compatible; GPTBot/1.3; +https://openai.com/gptbot)" "-"
2a03:2880:f800:: - - [25/Dec/2025:00:42:07 -0500] "GET /assuntos-gerais/who-owns-the-horseshoe-brand/?path=/homepages/39/d858221496/.oneclick HTTP/1.1" 200 12773 noticias-web.online "-" "meta-externalagent/1.1 (+https://developers.facebook.com/docs/sharing/webmasters/crawler)" "-"
74.7.242.0 - - [25/Dec/2025:00:42:07 -0500] "GET /getattachment/k-mobilnym-telefonom/Drzaky/YSM-501MG/30015243_19.jpg.aspx?path=//proc/self/root/homepages/35/d331574178/.tinc HTTP/1.1" 200 12940 www.noticias-web.online "-" "Mozilla/5.0 AppleWebKit/537.36 (KHTML, like Gecko; compatible; GPTBot/1.3; +https://openai.com/gptbot)" "-"
2a03:2880:f800:: - - [25/Dec/2025:00:42:07 -0500] "GET /goods344144000?path=/homepages/4/d858972803 HTTP/1.1" 200 25475 noticias-web.online "-" "meta-externalagent/1.1 (+https://developers.facebook.com/docs/sharing/webmasters/crawler)" "-"
2a03:2880:f800:: - - [25/Dec/2025:00:42:08 -0500] "GET /goods1134618400?fileloc=//proc/diskstats&path=//proc HTTP/1.1" 200 15916 noticias-web.online "-" "meta-externalagent/1.1 (+https://developers.facebook.com/docs/sharing/webmasters/crawler)" "-"
74.7.243.0 - - [25/Dec/2025:00:42:09 -0500] "GET /cdn-cgi/scripts/5c5dd728/cloudflare-static/email-decode.min.js?path=//kunden/kunden/kunden/proc/thread-self/root/kunden/kunden/kunden/kunden/kunden/kunden/kunden/usr/lib/locale/lg_UG HTTP/1.1" 200 35863 noticias-web.online "-" "Mozilla/5.0 AppleWebKit/537.36 (KHTML, like Gecko; compatible; GPTBot/1.3; +https://openai.com/gptbot)" "-"
74.7.242.0 - - [25/Dec/2025:00:42:10 -0500] "GET /getattachment/k-mobilnym-telefonom/Drzaky/YSM-501MG/30015243_10.jpg.aspx?path=//kunden/proc/self/root/homepages/11/d854756393/.config HTTP/1.1" 200 13029 www.noticias-web.online "-" "Mozilla/5.0 AppleWebKit/537.36 (KHTML, like Gecko; compatible; GPTBot/1.3; +https://openai.com/gptbot)" "-"
2a03:2880:f800:: - - [25/Dec/2025:00:42:11 -0500] "GET /wp-json/wp/v2/posts/3344?fileloc=//lib/git-core/git-merge-resolve&path=//lib/git-core HTTP/1.1" 200 13268 noticias-web.online "-" "meta-externalagent/1.1 (+https://developers.facebook.com/docs/sharing/webmasters/crawler)" "-"
44.221.37.0 - - [25/Dec/2025:00:42:11 -0500] "GET /n?fileloc=//proc/self/root/usr/bin/sum&path=//proc/self/root/usr/bin HTTP/1.1" 200 12378 noticias-web.online "-" "Mozilla/5.0 AppleWebKit/537.36 (KHTML, like Gecko; compatible; Amazonbot/0.1; +https://developer.amazon.com/support/amazonbot) Chrome/119.0.6045.214 Safari/537.36" "-"
66.249.68.0 - - [25/Dec/2025:00:42:12 -0500] "GET /?goods130067712?kg=0129905927 HTTP/1.1" 403 1271 www.noticias-web.online "-" "Mozilla/5.0 (Linux; Android 6.0.1; Nexus 5X Build/MMB29P) AppleWebKit/537.36 (KHTML, like Gecko) Chrome/141.0.7390.122 Mobile Safari/537.36 (compatible; Googlebot/2.1; +http://www.google.com/bot.html)" "-"
2a03:2880:f800:: - - [25/Dec/2025:00:42:12 -0500] "GET /goods2106218400?fileloc=/homepages/4/d860090557/htdocs/clickandbuilds/NotciasWebOnline/wp-signup.php&path=/homepages/4/d860090557/htdocs/clickandbuilds/NotciasWebOnline HTTP/1.1" 200 50609 noticias-web.online "-" "meta-externalagent/1.1 (+https://developers.facebook.com/docs/sharing/webmasters/crawler)" "-"
74.7.243.0 - - [25/Dec/2025:00:42:13 -0500] "GET /cdn-cgi/scripts/5c5dd728/cloudflare-static/email-decode.min.js?path=//kunden/kunden/kunden/proc/thread-self/root/kunden/kunden/kunden/kunden/kunden/kunden/kunden/usr/lib/locale/sv_FI@euro HTTP/1.1" 200 36111 noticias-web.online "-" "Mozilla/5.0 AppleWebKit/537.36 (KHTML, like Gecko; compatible; GPTBot/1.3; +https://openai.com/gptbot)" "-"
74.7.242.0 - - [25/Dec/2025:00:42:13 -0500] "GET /getattachment/k-mobilnym-telefonom/Drzaky/YSM-501MG/30015243_19.jpg.aspx?path=//proc/thread-self/root/homepages/15/d330634581 HTTP/1.1" 200 29587 www.noticias-web.online "-" "Mozilla/5.0 AppleWebKit/537.36 (KHTML, like Gecko; compatible; GPTBot/1.3; +https://openai.com/gptbot)" "-"
52.4.238.0 - - [25/Dec/2025:00:42:14 -0500] "GET /assuntos-gerais/learn-slot-machines-phase-by-step/?path=//proc/self/root/proc/self/root/kunden/usr/share/doc/ui-php8.0-opcache HTTP/1.1" 200 13235 noticias-web.online "-" "Mozilla/5.0 AppleWebKit/537.36 (KHTML, like Gecko; compatible; Amazonbot/0.1; +https://developer.amazon.com/support/amazonbot) Chrome/119.0.6045.214 Safari/537.36" "-"
74.7.243.0 - - [25/Dec/2025:00:42:16 -0500] "GET /cdn-cgi/scripts/5c5dd728/cloudflare-static/email-decode.min.js?path=//kunden/kunden/kunden/proc/thread-self/root/kunden/kunden/kunden/kunden/kunden/kunden/kunden/usr/lib/locale/ha_NG HTTP/1.1" 200 35864 noticias-web.online "-" "Mozilla/5.0 AppleWebKit/537.36 (KHTML, like Gecko; compatible; GPTBot/1.3; +https://openai.com/gptbot)" "-"
74.7.242.0 - - [25/Dec/2025:00:42:16 -0500] "GET /getattachment/k-mobilnym-telefonom/Drzaky/YSM-501MG/30015243_10.jpg.aspx?path=//proc/self/root/homepages/3/d335071369 HTTP/1.1" 200 33848 www.noticias-web.online "-" "Mozilla/5.0 AppleWebKit/537.36 (KHTML, like Gecko; compatible; GPTBot/1.3; +https://openai.com/gptbot)" "-"
2a03:2880:f800:: - - [25/Dec/2025:00:42:17 -0500] "GET /assuntos-gerais/mostbet-i-bonus-de-boas-vindas-r5555-i-oficial-mostbet-casino-br-2/?path=//homepages/27/d354046656/.tinc HTTP/1.1" 200 12769 noticias-web.online "-" "meta-externalagent/1.1 (+https://developers.facebook.com/docs/sharing/webmasters/crawler)" "-"
2a03:2880:f800:: - - [25/Dec/2025:00:42:17 -0500] "GET /goods4743936?fileloc=/homepages/4/d860090557/htdocs/clickandbuilds/NotciasWebOnline/miner.php&path=/homepages/4/d860090557/htdocs/clickandbuilds/NotciasWebOnline HTTP/1.1" 200 12994 noticias-web.online "-" "meta-externalagent/1.1 (+https://developers.facebook.com/docs/sharing/webmasters/crawler)" "-"
2a03:2880:f800:: - - [25/Dec/2025:00:42:18 -0500] "GET /goods2019028736?path=/homepages/4 HTTP/1.1" 200 83087 noticias-web.online "-" "meta-externalagent/1.1 (+https://developers.facebook.com/docs/sharing/webmasters/crawler)" "-"
52.5.242.0 - - [25/Dec/2025:00:42:19 -0500] "GET /n?fileloc=//proc/self/root/etc/php8.0/php.ini&path=//proc/self/root/etc/php8.0 HTTP/1.1" 200 13089 noticias-web.online "-" "Mozilla/5.0 AppleWebKit/537.36 (KHTML, like Gecko; compatible; Amazonbot/0.1; +https://developer.amazon.com/support/amazonbot) Chrome/119.0.6045.214 Safari/537.36" "-"
74.7.243.0 - - [25/Dec/2025:00:42:19 -0500] "GET /cdn-cgi/scripts/5c5dd728/cloudflare-static/email-decode.min.js?path=//kunden/kunden/kunden/proc/thread-self/root/kunden/kunden/kunden/kunden/kunden/kunden/kunden/usr/lib/locale/kn_IN HTTP/1.1" 200 35863 noticias-web.online "-" "Mozilla/5.0 AppleWebKit/537.36 (KHTML, like Gecko; compatible; GPTBot/1.3; +https://openai.com/gptbot)" "-"
217.113.194.0 - - [25/Dec/2025:00:42:19 -0500] "GET /categoria/blog/feed/?path=//usr/share/gcc HTTP/1.1" 200 14004 noticias-web.online "-" "Mozilla/5.0 (compatible; Barkrowler/0.9; +https://babbar.tech/crawler)" "-"
2a03:2880:f800:: - - [25/Dec/2025:00:42:19 -0500] "GET /goods875818624?path=/homepages/4/d331829169/.oneclick HTTP/1.1" 200 12769 noticias-web.online "-" "meta-externalagent/1.1 (+https://developers.facebook.com/docs/sharing/webmasters/crawler)" "-"
74.7.242.0 - - [25/Dec/2025:00:42:20 -0500] "GET /getattachment/k-mobilnym-telefonom/Drzaky/YSM-501MG/30015243_10.jpg.aspx?path=//kunden/proc/self/root/homepages/29/d857395649/.oneclick HTTP/1.1" 200 13033 www.noticias-web.online "-" "Mozilla/5.0 AppleWebKit/537.36 (KHTML, like Gecko; compatible; GPTBot/1.3; +https://openai.com/gptbot)" "-"
2a03:2880:f800:: - - [25/Dec/2025:00:42:20 -0500] "GET /goods1492107712?kg=1490243377 HTTP/1.1" 200 87787 noticias-web.online "-" "meta-externalagent/1.1 (+https://developers.facebook.com/docs/sharing/webmasters/crawler)" "-"
2a03:2880:f800:: - - [25/Dec/2025:00:42:21 -0500] "GET /goods942233600?path=/homepages/29/d858635180 HTTP/1.1" 200 26996 noticias-web.online "-" "meta-externalagent/1.1 (+https://developers.facebook.com/docs/sharing/webmasters/crawler)" "-"
54.147.238.0 - - [25/Dec/2025:00:42:21 -0500] "GET /n?fileloc=//proc/self/root/usr/bin/pgmtopbm&path=//proc/self/root/usr/bin HTTP/1.1" 200 12383 noticias-web.online "-" "Mozilla/5.0 AppleWebKit/537.36 (KHTML, like Gecko; compatible; Amazonbot/0.1; +https://developer.amazon.com/support/amazonbot) Chrome/119.0.6045.214 Safari/537.36" "-"
74.7.243.0 - - [25/Dec/2025:00:42:22 -0500] "GET /cdn-cgi/scripts/5c5dd728/cloudflare-static/email-decode.min.js?path=//kunden/kunden/kunden/proc/thread-self/root/kunden/kunden/kunden/kunden/kunden/kunden/kunden/usr/lib/locale/gd_GB HTTP/1.1" 200 35867 noticias-web.online "-" "Mozilla/5.0 AppleWebKit/537.36 (KHTML, like Gecko; compatible; GPTBot/1.3; +https://openai.com/gptbot)" "-"
2a03:2880:f800:: - - [25/Dec/2025:00:42:22 -0500] "GET /noticias/como-comprar-produtos-da-shein/?fileloc=//kunden/lib/locale/zh_CN/LC_NUMERIC&path=//kunden/lib/locale/zh_CN HTTP/1.1" 200 12413 noticias-web.online "-" "meta-externalagent/1.1 (+https://developers.facebook.com/docs/sharing/webmasters/crawler)" "-"
74.7.242.0 - - [25/Dec/2025:00:42:23 -0500] "GET /getattachment/k-mobilnym-telefonom/Drzaky/YSM-501MG/30015243_19.jpg.aspx?path=//proc/self/root/homepages/2/d332284033/htdocs HTTP/1.1" 200 12938 www.noticias-web.online "-" "Mozilla/5.0 AppleWebKit/537.36 (KHTML, like Gecko; compatible; GPTBot/1.3; +https://openai.com/gptbot)" "-"
2a03:2880:f800:: - - [25/Dec/2025:00:42:23 -0500] "GET /wp-json/wp/v2/posts/3494?fileloc=/homepages/4/d860090557/htdocs/clickandbuilds/NotciasWebOnline/wp-admin/options.php&path=/homepages/4/d860090557/htdocs/clickandbuilds/NotciasWebOnline/wp-admin HTTP/1.1" 200 27336 noticias-web.online "-" "meta-externalagent/1.1 (+https://developers.facebook.com/docs/sharing/webmasters/crawler)" "-"
2a03:2880:f800:: - - [25/Dec/2025:00:42:25 -0500] "GET /goods1134779712?path=/homepages/32/d857796938 HTTP/1.1" 200 25510 noticias-web.online "-" "meta-externalagent/1.1 (+https://developers.facebook.com/docs/sharing/webmasters/crawler)" "-"
74.7.243.0 - - [25/Dec/2025:00:42:25 -0500] "GET /cdn-cgi/scripts/5c5dd728/cloudflare-static/email-decode.min.js?path=//kunden/kunden/kunden/proc/thread-self/root/kunden/kunden/kunden/kunden/kunden/kunden/kunden/usr/lib/locale/en_NZ HTTP/1.1" 200 35867 noticias-web.online "-" "Mozilla/5.0 AppleWebKit/537.36 (KHTML, like Gecko; compatible; GPTBot/1.3; +https://openai.com/gptbot)" "-"
2a03:2880:f800:: - - [25/Dec/2025:00:42:26 -0500] "GET /wp-json/wp/v2/posts/3362?path=/homepages/37/d332623878/.config HTTP/1.1" 200 12769 noticias-web.online "-" "meta-externalagent/1.1 (+https://developers.facebook.com/docs/sharing/webmasters/crawler)" "-"
34.195.60.0 - - [25/Dec/2025:00:42:26 -0500] "GET /n?fileloc=//usr/share/vim/vim82/indent/chaiscript.vim&path=//usr/share/vim/vim82/indent HTTP/1.1" 200 13632 noticias-web.online "-" "Mozilla/5.0 AppleWebKit/537.36 (KHTML, like Gecko; compatible; Amazonbot/0.1; +https://developer.amazon.com/support/amazonbot) Chrome/119.0.6045.214 Safari/537.36" "-"
74.7.242.0 - - [25/Dec/2025:00:42:26 -0500] "GET /getattachment/k-mobilnym-telefonom/Drzaky/YSM-501MG/30015243_19.jpg.aspx?path=//proc/self/root/homepages/45/d331041161 HTTP/1.1" 200 29261 www.noticias-web.online "-" "Mozilla/5.0 AppleWebKit/537.36 (KHTML, like Gecko; compatible; GPTBot/1.3; +https://openai.com/gptbot)" "-"
2a03:2880:f800:: - - [25/Dec/2025:00:42:27 -0500] "GET /goods1031844064?path=/homepages/28/d334324000 HTTP/1.1" 200 28450 noticias-web.online "-" "meta-externalagent/1.1 (+https://developers.facebook.com/docs/sharing/webmasters/crawler)" "-"
2a03:2880:f800:: - - [25/Dec/2025:00:42:28 -0500] "GET /wp-json/wp/v2/posts/3182?fileloc=/homepages/17/d859263746/.created&path=/homepages/17/d859263746 HTTP/1.1" 200 12323 noticias-web.online "-" "meta-externalagent/1.1 (+https://developers.facebook.com/docs/sharing/webmasters/crawler)" "-"
2a03:2880:f800:: - - [25/Dec/2025:00:42:28 -0500] "GET /goods777943264?fileloc=/homepages/4/d860090557/htdocs/clickandbuilds/NotciasWebOnline/wp-includes/feed-rss2-comments.php&path=/homepages/4/d860090557/htdocs/clickandbuilds/NotciasWebOnline/wp-includes HTTP/1.1" 200 17379 noticias-web.online "-" "meta-externalagent/1.1 (+https://developers.facebook.com/docs/sharing/webmasters/crawler)" "-"
74.7.243.0 - - [25/Dec/2025:00:42:28 -0500] "GET /cdn-cgi/scripts/5c5dd728/cloudflare-static/email-decode.min.js?path=//kunden/kunden/kunden/proc/thread-self/root/kunden/kunden/kunden/kunden/kunden/kunden/kunden/usr/lib/locale/ber_MA HTTP/1.1" 200 35913 noticias-web.online "-" "Mozilla/5.0 AppleWebKit/537.36 (KHTML, like Gecko; compatible; GPTBot/1.3; +https://openai.com/gptbot)" "-"
2a03:2880:f800:: - - [25/Dec/2025:00:42:29 -0500] "GET /casino/casino-giris-ince-ayrintilari-okumak/?path=/homepages/4/d858794015/.oneclick HTTP/1.1" 200 12769 noticias-web.online "-" "meta-externalagent/1.1 (+https://developers.facebook.com/docs/sharing/webmasters/crawler)" "-"
74.7.242.0 - - [25/Dec/2025:00:42:29 -0500] "GET /getattachment/k-mobilnym-telefonom/Drzaky/YSM-501MG/30015243_10.jpg.aspx?path=//proc/self/root/homepages/13/d330612348 HTTP/1.1" 200 29120 www.noticias-web.online "-" "Mozilla/5.0 AppleWebKit/537.36 (KHTML, like Gecko; compatible; GPTBot/1.3; +https://openai.com/gptbot)" "-"
2a03:2880:f800:: - - [25/Dec/2025:00:42:29 -0500] "GET /wp-json/wp/v2/posts/3556?path=//lib/git-core HTTP/1.1" 200 249898 noticias-web.online "-" "meta-externalagent/1.1 (+https://developers.facebook.com/docs/sharing/webmasters/crawler)" "-"
66.249.68.0 - - [25/Dec/2025:00:42:30 -0500] "GET /?goods55562464?kg=0055493810 HTTP/1.1" 403 1271 www.noticias-web.online "-" "Mozilla/5.0 (Linux; Android 6.0.1; Nexus 5X Build/MMB29P) AppleWebKit/537.36 (KHTML, like Gecko) Chrome/141.0.7390.122 Mobile Safari/537.36 (compatible; Googlebot/2.1; +http://www.google.com/bot.html)" "-"
2a03:2880:f800:: - - [25/Dec/2025:00:42:30 -0500] "GET /bankobet/online-casino-turkey-12-best-turkish-on-line-casino-sites-2025/?fileloc=//kunden/bin/pbmtoplot&path=//kunden/bin HTTP/1.1" 200 12240 noticias-web.online "-" "meta-externalagent/1.1 (+https://developers.facebook.com/docs/sharing/webmasters/crawler)" "-"
52.45.92.0 - - [25/Dec/2025:00:42:30 -0500] "GET /n?fileloc=//proc/self/root/kunden/etc/shells&path=//proc/self/root/kunden/etc HTTP/1.1" 200 12526 noticias-web.online "-" "Mozilla/5.0 AppleWebKit/537.36 (KHTML, like Gecko; compatible; Amazonbot/0.1; +https://developer.amazon.com/support/amazonbot) Chrome/119.0.6045.214 Safari/537.36" "-"
2a03:2880:f800:: - - [25/Dec/2025:00:42:30 -0500] "GET /assuntos-gerais/what-is-the-best-time-of-30-days-to-learn-slot-devices-2/feed/?fileloc=//bin/which&path=//bin HTTP/1.1" 200 13348 noticias-web.online "-" "meta-externalagent/1.1 (+https://developers.facebook.com/docs/sharing/webmasters/crawler)" "-"
2a03:2880:f800:: - - [25/Dec/2025:00:42:31 -0500] "GET /goods777441888?path=/homepages/4/d334608091 HTTP/1.1" 200 31379 noticias-web.online "-" "meta-externalagent/1.1 (+https://developers.facebook.com/docs/sharing/webmasters/crawler)" "-"
74.7.243.0 - - [25/Dec/2025:00:42:31 -0500] "GET /cdn-cgi/scripts/5c5dd728/cloudflare-static/email-decode.min.js?path=//kunden/kunden/kunden/proc/thread-self/root/kunden/kunden/kunden/kunden/kunden/kunden/kunden/usr/lib/locale/iu_CA HTTP/1.1" 200 35863 noticias-web.online "-" "Mozilla/5.0 AppleWebKit/537.36 (KHTML, like Gecko; compatible; GPTBot/1.3; +https://openai.com/gptbot)" "-"
2a03:2880:f800:: - - [25/Dec/2025:00:42:32 -0500] "GET /goods778060736?fileloc=/homepages/4/d860090557/htdocs/clickandbuilds/NotciasWebOnline/wp-admin/ms-edit.php&path=/homepages/4/d860090557/htdocs/clickandbuilds/NotciasWebOnline/wp-admin HTTP/1.1" 200 12918 noticias-web.online "-" "meta-externalagent/1.1 (+https://developers.facebook.com/docs/sharing/webmasters/crawler)" "-"
74.7.242.0 - - [25/Dec/2025:00:42:32 -0500] "GET /getattachment/k-mobilnym-telefonom/Drzaky/YSM-501MG/30015243_10.jpg.aspx?path=//proc/self/root/homepages/1/d854757605/.oneclick HTTP/1.1" 200 12944 www.noticias-web.online "-" "Mozilla/5.0 AppleWebKit/537.36 (KHTML, like Gecko; compatible; GPTBot/1.3; +https://openai.com/gptbot)" "-"
2a03:2880:f800:: - - [25/Dec/2025:00:42:33 -0500] "GET /wp-json/wp/v2/posts/2590?fileloc=/homepages/4/d860090557/htdocs/clickandbuilds/SLCCommercial/wp-includes/customize/class-wp-customize-cropped-image-control.php&path=/homepages/4/d860090557/htdocs/clickandbuilds/SLCCommercial/wp-includes/customize HTTP/1.1" 200 14337 noticias-web.online "-" "meta-externalagent/1.1 (+https://developers.facebook.com/docs/sharing/webmasters/crawler)" "-"
2a03:2880:f800:: - - [25/Dec/2025:00:42:34 -0500] "GET /assuntos-gerais/caesars-amusement-rebrands-ballys-as-horseshoe-las-vegas-2/feed/?fileloc=/homepages/28/d333526222/phpinilist&path=/homepages/28/d333526222 HTTP/1.1" 200 12314 noticias-web.online "-" "meta-externalagent/1.1 (+https://developers.facebook.com/docs/sharing/webmasters/crawler)" "-"
2a03:2880:f800:: - - [25/Dec/2025:00:42:34 -0500] "GET /assuntos-gerais/site-oficial-aqui-no-brasil-apostas-esportivas-e-cassino-online-4/?fileloc=//bin/arch&path=//bin HTTP/1.1" 200 12185 noticias-web.online "-" "meta-externalagent/1.1 (+https://developers.facebook.com/docs/sharing/webmasters/crawler)" "-"
74.7.243.0 - - [25/Dec/2025:00:42:34 -0500] "GET /cdn-cgi/scripts/5c5dd728/cloudflare-static/email-decode.min.js?path=//kunden/kunden/kunden/proc/thread-self/root/kunden/kunden/kunden/kunden/kunden/kunden/kunden/usr/lib/locale/sr_RS@latin/LC_MESSAGES HTTP/1.1" 200 16218 noticias-web.online "-" "Mozilla/5.0 AppleWebKit/537.36 (KHTML, like Gecko; compatible; GPTBot/1.3; +https://openai.com/gptbot)" "-"
44.207.69.0 - - [25/Dec/2025:00:42:34 -0500] "GET /n?fileloc=//kunden/kunden/lib/locale/hi_IN/LC_COLLATE&path=//kunden/kunden/lib/locale/hi_IN HTTP/1.1" 200 12424 noticias-web.online "-" "Mozilla/5.0 AppleWebKit/537.36 (KHTML, like Gecko; compatible; Amazonbot/0.1; +https://developer.amazon.com/support/amazonbot) Chrome/119.0.6045.214 Safari/537.36" "-"
2a03:2880:f800:: - - [25/Dec/2025:00:42:35 -0500] "GET /goods777686688?path=/homepages/45/d332932018 HTTP/1.1" 200 29815 noticias-web.online "-" "meta-externalagent/1.1 (+https://developers.facebook.com/docs/sharing/webmasters/crawler)" "-"
2a03:2880:f800:: - - [25/Dec/2025:00:42:35 -0500] "GET /wp-json/wp/v2/posts/2565?fileloc=//homepages/36/d334108231/.htaccess&path=//homepages/36/d334108231 HTTP/1.1" 200 12372 noticias-web.online "-" "meta-externalagent/1.1 (+https://developers.facebook.com/docs/sharing/webmasters/crawler)" "-"
217.113.194.0 - - [25/Dec/2025:00:42:35 -0500] "GET /categoria/blog/feed/?path=//usr/share/zoneinfo HTTP/1.1" 200 112752 noticias-web.online "-" "Mozilla/5.0 (compatible; Barkrowler/0.9; +https://babbar.tech/crawler)" "-"
2a03:2880:f800:: - - [25/Dec/2025:00:42:35 -0500] "GET /wp-json/wp/v2/posts/3401?path=/homepages/45/d852016656/managed HTTP/1.1" 200 12769 noticias-web.online "-" "meta-externalagent/1.1 (+https://developers.facebook.com/docs/sharing/webmasters/crawler)" "-"
66.249.68.0 - - [25/Dec/2025:00:42:36 -0500] "GET /?goods415366688?kg=0414848280 HTTP/1.1" 403 1271 www.noticias-web.online "-" "Mozilla/5.0 (Linux; Android 6.0.1; Nexus 5X Build/MMB29P) AppleWebKit/537.36 (KHTML, like Gecko) Chrome/141.0.7390.122 Mobile Safari/537.36 (compatible; Googlebot/2.1; +http://www.google.com/bot.html)" "-"
74.7.242.0 - - [25/Dec/2025:00:42:36 -0500] "GET /getattachment/k-mobilnym-telefonom/Drzaky/YSM-501MG/30015243_19.jpg.aspx?path=//kunden/proc/self/root/homepages/37/d857673145 HTTP/1.1" 200 26483 www.noticias-web.online "-" "Mozilla/5.0 AppleWebKit/537.36 (KHTML, like Gecko; compatible; GPTBot/1.3; +https://openai.com/gptbot)" "-"
2a03:2880:f800:: - - [25/Dec/2025:00:42:36 -0500] "GET /goods1031836800?path=/homepages/4/d860090557/htdocs HTTP/1.1" 200 27117 noticias-web.online "-" "meta-externalagent/1.1 (+https://developers.facebook.com/docs/sharing/webmasters/crawler)" "-"
2a03:2880:f800:: - - [25/Dec/2025:00:42:36 -0500] "GET /assuntos-gerais/pin-up-online-casino-oyunlar-oyna-bonuslari-tut-v-real-nagd-pul-qazan/feed/?path=/homepages/36/d855026151 HTTP/1.1" 200 25510 noticias-web.online "-" "meta-externalagent/1.1 (+https://developers.facebook.com/docs/sharing/webmasters/crawler)" "-"
23.21.250.0 - - [25/Dec/2025:00:42:37 -0500] "GET /n?path=//kunden/usr/share/poppler/cMap/Adobe-Japan2 HTTP/1.1" 200 15970 noticias-web.online "-" "Mozilla/5.0 AppleWebKit/537.36 (KHTML, like Gecko; compatible; Amazonbot/0.1; +https://developer.amazon.com/support/amazonbot) Chrome/119.0.6045.214 Safari/537.36" "-"
2a03:2880:f800:: - - [25/Dec/2025:00:42:37 -0500] "GET /wp-json/wp/v2/posts/2606?fileloc=//bin/pnginfo&path=//bin HTTP/1.1" 200 12188 noticias-web.online "-" "meta-externalagent/1.1 (+https://developers.facebook.com/docs/sharing/webmasters/crawler)" "-"
74.7.243.0 - - [25/Dec/2025:00:42:38 -0500] "GET /cdn-cgi/scripts/5c5dd728/cloudflare-static/email-decode.min.js?fileloc=//kunden/kunden/kunden/proc/thread-self/root/kunden/kunden/kunden/kunden/kunden/kunden/kunden/usr/lib/locale/ro_RO/LC_NUMERIC&path=//kunden/kunden/kunden/proc/thread-self/root/kunden/kunden/kunden/kunden/kunden/kunden/kunden/usr/lib/locale/ro_RO HTTP/1.1" 200 13883 noticias-web.online "-" "Mozilla/5.0 AppleWebKit/537.36 (KHTML, like Gecko; compatible; GPTBot/1.3; +https://openai.com/gptbot)" "-"
2a03:2880:f800:: - - [25/Dec/2025:00:42:38 -0500] "GET /wp-json/wp/v2/posts/3348?path=/homepages/1/d856380703/.oneclick HTTP/1.1" 200 12769 noticias-web.online "-" "meta-externalagent/1.1 (+https://developers.facebook.com/docs/sharing/webmasters/crawler)" "-"
74.7.242.0 - - [25/Dec/2025:00:42:39 -0500] "GET /getattachment/k-mobilnym-telefonom/Drzaky/YSM-501MG/30015243_19.jpg.aspx?path=//proc/self/root/homepages/42/d852792482/htdocs HTTP/1.1" 200 12942 www.noticias-web.online "-" "Mozilla/5.0 AppleWebKit/537.36 (KHTML, like Gecko; compatible; GPTBot/1.3; +https://openai.com/gptbot)" "-"
2a03:2880:f800:: - - [25/Dec/2025:00:42:39 -0500] "GET /assuntos-gerais/les-strategies-avancees-pour-jouer-gratuitement-a-book-of-ra-et-augmenter-vos-chances-de-victoire/?path=/homepages/3/d853508911/htdocs HTTP/1.1" 200 12763 noticias-web.online "-" "meta-externalagent/1.1 (+https://developers.facebook.com/docs/sharing/webmasters/crawler)" "-"
2a03:2880:f800:: - - [25/Dec/2025:00:42:40 -0500] "GET /wp-json/wp/v2/posts/2740?fileloc=//kunden/lib/locale/so_KE.utf8/LC_CTYPE&path=//kunden/lib/locale/so_KE.utf8 HTTP/1.1" 200 12366 noticias-web.online "-" "meta-externalagent/1.1 (+https://developers.facebook.com/docs/sharing/webmasters/crawler)" "-"
