2a03:2880:f800:: - - [25/Dec/2025:00:40:16 -0500] "GET /wp-json/wp/v2/posts/2565?fileloc=//kunden/lib/python3.9/email/mime/multipart.py&path=//kunden/lib/python3.9/email/mime HTTP/1.1" 200 14142 noticias-web.online "-" "meta-externalagent/1.1 (+https://developers.facebook.com/docs/sharing/webmasters/crawler)" "-"
74.7.242.0 - - [25/Dec/2025:00:40:16 -0500] "GET /getattachment/k-mobilnym-telefonom/Drzaky/YSM-501MG/30015243_19.jpg.aspx?path=//kunden/proc/thread-self/root/homepages/31/d331418557/htdocs HTTP/1.1" 200 13076 www.noticias-web.online "-" "Mozilla/5.0 AppleWebKit/537.36 (KHTML, like Gecko; compatible; GPTBot/1.3; +https://openai.com/gptbot)" "-"
74.7.243.0 - - [25/Dec/2025:00:40:16 -0500] "GET /cdn-cgi/scripts/5c5dd728/cloudflare-static/email-decode.min.js?path=//kunden/kunden/kunden/proc/thread-self/root/kunden/kunden/kunden/kunden/kunden/kunden/kunden/usr/lib/locale/ar_SS/LC_MESSAGES HTTP/1.1" 200 16176 noticias-web.online "-" "Mozilla/5.0 AppleWebKit/537.36 (KHTML, like Gecko; compatible; GPTBot/1.3; +https://openai.com/gptbot)" "-"
2a03:2880:f800:: - - [25/Dec/2025:00:40:16 -0500] "GET /wp-json/wp/v2/posts/3182?fileloc=//usr/bin/pnmtopalm&path=//usr/bin HTTP/1.1" 200 12228 noticias-web.online "-" "meta-externalagent/1.1 (+https://developers.facebook.com/docs/sharing/webmasters/crawler)" "-"
2a03:2880:f800:: - - [25/Dec/2025:00:40:17 -0500] "GET /wp-json/wp/v2/posts/3116?fileloc=/homepages/4/d860090557/htdocs/clickandbuilds/PureskillsVitrine/wp-admin/site-editor.php&path=/homepages/4/d860090557/htdocs/clickandbuilds/PureskillsVitrine/wp-admin HTTP/1.1" 200 17554 noticias-web.online "-" "meta-externalagent/1.1 (+https://developers.facebook.com/docs/sharing/webmasters/crawler)" "-"
2a03:2880:f800:: - - [25/Dec/2025:00:40:17 -0500] "GET /wp-json/wp/v2/posts/2903?fileloc=//lib/x86_64-linux-gnu/libzip.so.4&path=//lib/x86_64-linux-gnu HTTP/1.1" 200 12269 noticias-web.online "-" "meta-externalagent/1.1 (+https://developers.facebook.com/docs/sharing/webmasters/crawler)" "-"
2a03:2880:f800:: - - [25/Dec/2025:00:40:18 -0500] "GET /wp-json/wp/v2/posts/3362?path=/homepages/6/d333412272/.oneclick HTTP/1.1" 200 12769 noticias-web.online "-" "meta-externalagent/1.1 (+https://developers.facebook.com/docs/sharing/webmasters/crawler)" "-"
2a03:2880:f800:: - - [25/Dec/2025:00:40:19 -0500] "GET /assuntos-gerais/roulette-strategies-systems-complete-guide-for-players/feed/?fileloc=//kunden/sbin/start-stop-daemon&path=//kunden/sbin HTTP/1.1" 200 12251 noticias-web.online "-" "meta-externalagent/1.1 (+https://developers.facebook.com/docs/sharing/webmasters/crawler)" "-"
54.204.12.0 - - [25/Dec/2025:00:40:19 -0500] "GET /n?path=//kunden/kunden/usr/share/icons/hicolor HTTP/1.1" 200 38084 noticias-web.online "-" "Mozilla/5.0 AppleWebKit/537.36 (KHTML, like Gecko; compatible; Amazonbot/0.1; +https://developer.amazon.com/support/amazonbot) Chrome/119.0.6045.214 Safari/537.36" "-"
74.7.242.0 - - [25/Dec/2025:00:40:19 -0500] "GET /getattachment/k-mobilnym-telefonom/Drzaky/YSM-501MG/30015243_10.jpg.aspx?path=//proc/self/root/homepages/2/d330192251 HTTP/1.1" 200 30632 www.noticias-web.online "-" "Mozilla/5.0 AppleWebKit/537.36 (KHTML, like Gecko; compatible; GPTBot/1.3; +https://openai.com/gptbot)" "-"
74.7.243.0 - - [25/Dec/2025:00:40:19 -0500] "GET /cdn-cgi/scripts/5c5dd728/cloudflare-static/email-decode.min.js?path=//kunden/kunden/kunden/proc/thread-self/root/kunden/kunden/kunden/kunden/kunden/kunden/kunden/usr/lib/locale/en_CA/LC_MESSAGES HTTP/1.1" 200 16176 noticias-web.online "-" "Mozilla/5.0 AppleWebKit/537.36 (KHTML, like Gecko; compatible; GPTBot/1.3; +https://openai.com/gptbot)" "-"
2a03:2880:f800:: - - [25/Dec/2025:00:40:20 -0500] "GET /wp-json/wp/v2/posts/2710?fileloc=//kunden/usr/lib/git-core/git-http-push&path=//kunden/usr/lib/git-core HTTP/1.1" 200 12353 noticias-web.online "-" "meta-externalagent/1.1 (+https://developers.facebook.com/docs/sharing/webmasters/crawler)" "-"
2a03:2880:f800:: - - [25/Dec/2025:00:40:20 -0500] "GET /goods875874464?fileloc=//bin/recode&path=//bin HTTP/1.1" 200 12187 noticias-web.online "-" "meta-externalagent/1.1 (+https://developers.facebook.com/docs/sharing/webmasters/crawler)" "-"
2a03:2880:f800:: - - [25/Dec/2025:00:40:21 -0500] "GET /assuntos-gerais/install-mostbet-app-bangladesh-on-android-plus-ios-get-apk-grab-320/?fileloc=/homepages/35/d331314503/htpasswd&path=/homepages/35/d331314503 HTTP/1.1" 200 12312 noticias-web.online "-" "meta-externalagent/1.1 (+https://developers.facebook.com/docs/sharing/webmasters/crawler)" "-"
52.5.232.0 - - [25/Dec/2025:00:40:22 -0500] "GET /n?fileloc=//proc/self/root/kunden/bin/cp&path=//proc/self/root/kunden/bin HTTP/1.1" 200 12389 noticias-web.online "-" "Mozilla/5.0 AppleWebKit/537.36 (KHTML, like Gecko; compatible; Amazonbot/0.1; +https://developer.amazon.com/support/amazonbot) Chrome/119.0.6045.214 Safari/537.36" "-"
74.7.242.0 - - [25/Dec/2025:00:40:22 -0500] "GET /getattachment/k-mobilnym-telefonom/Drzaky/YSM-501MG/30015243_10.jpg.aspx?path=//proc/self/root/homepages/18/d330371431 HTTP/1.1" 200 27719 www.noticias-web.online "-" "Mozilla/5.0 AppleWebKit/537.36 (KHTML, like Gecko; compatible; GPTBot/1.3; +https://openai.com/gptbot)" "-"
74.7.243.0 - - [25/Dec/2025:00:40:23 -0500] "GET /cdn-cgi/scripts/5c5dd728/cloudflare-static/email-decode.min.js?path=//kunden/kunden/kunden/proc/thread-self/root/kunden/kunden/kunden/kunden/kunden/kunden/kunden/usr/lib/locale/en_IE/LC_MESSAGES HTTP/1.1" 200 16176 noticias-web.online "-" "Mozilla/5.0 AppleWebKit/537.36 (KHTML, like Gecko; compatible; GPTBot/1.3; +https://openai.com/gptbot)" "-"
2a03:2880:f800:: - - [25/Dec/2025:00:40:23 -0500] "GET /assuntos-gerais/roulette-strategies-systems-complete-guide-for-players/feed/?path=//homepages/3/d859938699 HTTP/1.1" 200 25510 noticias-web.online "-" "meta-externalagent/1.1 (+https://developers.facebook.com/docs/sharing/webmasters/crawler)" "-"
18.204.152.0 - - [25/Dec/2025:00:40:25 -0500] "GET /n?path=//kunden/proc/self/cwd/wp-content/uploads HTTP/1.1" 200 37283 noticias-web.online "-" "Mozilla/5.0 AppleWebKit/537.36 (KHTML, like Gecko; compatible; Amazonbot/0.1; +https://developer.amazon.com/support/amazonbot) Chrome/119.0.6045.214 Safari/537.36" "-"
74.7.243.0 - - [25/Dec/2025:00:40:25 -0500] "GET /cdn-cgi/scripts/5c5dd728/cloudflare-static/email-decode.min.js?path=//kunden/kunden/kunden/proc/thread-self/root/kunden/kunden/kunden/kunden/kunden/kunden/kunden/usr/lib/locale/nds_NL/LC_MESSAGES HTTP/1.1" 200 16183 noticias-web.online "-" "Mozilla/5.0 AppleWebKit/537.36 (KHTML, like Gecko; compatible; GPTBot/1.3; +https://openai.com/gptbot)" "-"
74.7.242.0 - - [25/Dec/2025:00:40:26 -0500] "GET /getattachment/k-mobilnym-telefonom/Drzaky/YSM-501MG/30015243_19.jpg.aspx?path=//proc/self/root/homepages/39/d850287144 HTTP/1.1" 200 27731 www.noticias-web.online "-" "Mozilla/5.0 AppleWebKit/537.36 (KHTML, like Gecko; compatible; GPTBot/1.3; +https://openai.com/gptbot)" "-"
2a03:2880:f800:: - - [25/Dec/2025:00:40:27 -0500] "GET /goods777951200?fileloc=//bin/zegrep&path=//bin HTTP/1.1" 200 12226 noticias-web.online "-" "meta-externalagent/1.1 (+https://developers.facebook.com/docs/sharing/webmasters/crawler)" "-"
2a03:2880:f800:: - - [25/Dec/2025:00:40:27 -0500] "GET /wp-json/wp/v2/posts/3118?path=//lib/x86_64-linux-gnu/krb5 HTTP/1.1" 200 14079 noticias-web.online "-" "meta-externalagent/1.1 (+https://developers.facebook.com/docs/sharing/webmasters/crawler)" "-"
217.113.194.0 - - [25/Dec/2025:00:40:28 -0500] "GET /categoria/blog/feed/?path=//lib/locale/wa_BE HTTP/1.1" 200 29921 noticias-web.online "-" "Mozilla/5.0 (compatible; Barkrowler/0.9; +https://babbar.tech/crawler)" "-"
74.7.243.0 - - [25/Dec/2025:00:40:29 -0500] "GET /cdn-cgi/scripts/5c5dd728/cloudflare-static/email-decode.min.js?path=//kunden/kunden/kunden/proc/thread-self/root/kunden/kunden/kunden/kunden/kunden/kunden/kunden/usr/lib/locale/km_KH/LC_MESSAGES HTTP/1.1" 200 16176 noticias-web.online "-" "Mozilla/5.0 AppleWebKit/537.36 (KHTML, like Gecko; compatible; GPTBot/1.3; +https://openai.com/gptbot)" "-"
74.7.242.0 - - [25/Dec/2025:00:40:29 -0500] "GET /getattachment/k-mobilnym-telefonom/Drzaky/YSM-501MG/30015243_10.jpg.aspx?path=//proc/self/root/homepages/29/d850414363/.oneclick HTTP/1.1" 200 12948 www.noticias-web.online "-" "Mozilla/5.0 AppleWebKit/537.36 (KHTML, like Gecko; compatible; GPTBot/1.3; +https://openai.com/gptbot)" "-"
44.212.145.0 - - [25/Dec/2025:00:40:30 -0500] "GET /assuntos-gerais/learn-slot-machines-phase-by-step/?path=//proc/thread-self/root/kunden/kunden/proc/self/root/lib/python3/dist-packages/setuptools/extern HTTP/1.1" 200 16923 noticias-web.online "-" "Mozilla/5.0 AppleWebKit/537.36 (KHTML, like Gecko; compatible; Amazonbot/0.1; +https://developer.amazon.com/support/amazonbot) Chrome/119.0.6045.214 Safari/537.36" "-"
2a03:2880:f800:: - - [25/Dec/2025:00:40:30 -0500] "GET /noticias/como-comprar-produtos-da-shein/?fileloc=//kunden/homepages/45/d849514188/htaccesslist&path=//kunden/homepages/45/d849514188 HTTP/1.1" 200 12384 noticias-web.online "-" "meta-externalagent/1.1 (+https://developers.facebook.com/docs/sharing/webmasters/crawler)" "-"
2a03:2880:f800:: - - [25/Dec/2025:00:40:30 -0500] "GET /goods777798912?fileloc=//bin/pidwait&path=//bin HTTP/1.1" 200 12188 noticias-web.online "-" "meta-externalagent/1.1 (+https://developers.facebook.com/docs/sharing/webmasters/crawler)" "-"
66.249.68.0 - - [25/Dec/2025:00:40:32 -0500] "GET /?goods2301600864?kg=2298724662 HTTP/1.1" 403 1271 www.noticias-web.online "-" "Mozilla/5.0 (Linux; Android 6.0.1; Nexus 5X Build/MMB29P) AppleWebKit/537.36 (KHTML, like Gecko) Chrome/141.0.7390.122 Mobile Safari/537.36 (compatible; Googlebot/2.1; +http://www.google.com/bot.html)" "-"
74.7.243.0 - - [25/Dec/2025:00:40:32 -0500] "GET /cdn-cgi/scripts/5c5dd728/cloudflare-static/email-decode.min.js?path=//kunden/kunden/kunden/proc/thread-self/root/kunden/kunden/kunden/kunden/kunden/kunden/kunden/usr/lib/locale/niu_NU/LC_MESSAGES HTTP/1.1" 200 16183 noticias-web.online "-" "Mozilla/5.0 AppleWebKit/537.36 (KHTML, like Gecko; compatible; GPTBot/1.3; +https://openai.com/gptbot)" "-"
74.7.242.0 - - [25/Dec/2025:00:40:32 -0500] "GET /getattachment/k-mobilnym-telefonom/Drzaky/YSM-501MG/30015243_19.jpg.aspx?path=//kunden/proc/self/root/homepages/11/d851184628 HTTP/1.1" 200 24913 www.noticias-web.online "-" "Mozilla/5.0 AppleWebKit/537.36 (KHTML, like Gecko; compatible; GPTBot/1.3; +https://openai.com/gptbot)" "-"
2a03:2880:f800:: - - [25/Dec/2025:00:40:32 -0500] "GET /goods1519916064?path=//etc HTTP/1.1" 200 197510 noticias-web.online "-" "meta-externalagent/1.1 (+https://developers.facebook.com/docs/sharing/webmasters/crawler)" "-"
2a03:2880:f800:: - - [25/Dec/2025:00:40:33 -0500] "GET /wp-json/wp/v2/posts/3124?path=/homepages/3/d331823998/managed HTTP/1.1" 200 12765 noticias-web.online "-" "meta-externalagent/1.1 (+https://developers.facebook.com/docs/sharing/webmasters/crawler)" "-"
52.0.41.0 - - [25/Dec/2025:00:40:33 -0500] "GET /n?fileloc=//kunden/proc/self/root/bin/ifnames&path=//kunden/proc/self/root/bin HTTP/1.1" 200 16683 noticias-web.online "-" "Mozilla/5.0 AppleWebKit/537.36 (KHTML, like Gecko; compatible; Amazonbot/0.1; +https://developer.amazon.com/support/amazonbot) Chrome/119.0.6045.214 Safari/537.36" "-"
2a03:2880:f800:: - - [25/Dec/2025:00:40:34 -0500] "GET /goods854118400?fileloc=//bin/ui-nss-schlund-version&path=//bin HTTP/1.1" 200 12471 noticias-web.online "-" "meta-externalagent/1.1 (+https://developers.facebook.com/docs/sharing/webmasters/crawler)" "-"
74.7.243.0 - - [25/Dec/2025:00:40:35 -0500] "GET /cdn-cgi/scripts/5c5dd728/cloudflare-static/email-decode.min.js?path=//kunden/kunden/kunden/proc/thread-self/root/kunden/kunden/kunden/kunden/kunden/kunden/kunden/usr/lib/locale/lzh_TW/LC_MESSAGES HTTP/1.1" 200 16183 noticias-web.online "-" "Mozilla/5.0 AppleWebKit/537.36 (KHTML, like Gecko; compatible; GPTBot/1.3; +https://openai.com/gptbot)" "-"
2a03:2880:f800:: - - [25/Dec/2025:00:40:35 -0500] "GET /goods344100064?path=/homepages/46/d850067238 HTTP/1.1" 200 25510 noticias-web.online "-" "meta-externalagent/1.1 (+https://developers.facebook.com/docs/sharing/webmasters/crawler)" "-"
74.7.242.0 - - [25/Dec/2025:00:40:35 -0500] "GET /getattachment/k-mobilnym-telefonom/Drzaky/YSM-501MG/30015243_19.jpg.aspx?path=//proc/self/root/homepages/10/d849120293/.config HTTP/1.1" 200 12944 www.noticias-web.online "-" "Mozilla/5.0 AppleWebKit/537.36 (KHTML, like Gecko; compatible; GPTBot/1.3; +https://openai.com/gptbot)" "-"
66.249.68.0 - - [25/Dec/2025:00:40:37 -0500] "GET /?goods2272774688?kg=2269934520 HTTP/1.1" 403 1271 www.noticias-web.online "-" "Mozilla/5.0 (Linux; Android 6.0.1; Nexus 5X Build/MMB29P) AppleWebKit/537.36 (KHTML, like Gecko) Chrome/141.0.7390.122 Mobile Safari/537.36 (compatible; Googlebot/2.1; +http://www.google.com/bot.html)" "-"
2a03:2880:f800:: - - [25/Dec/2025:00:40:37 -0500] "GET /goods344323200?fileloc=/homepages/4/d860090557/htdocs/clickandbuilds/NotciasWebOnline/wp-admin/export.php&path=/homepages/4/d860090557/htdocs/clickandbuilds/NotciasWebOnline/wp-admin HTTP/1.1" 200 26372 noticias-web.online "-" "meta-externalagent/1.1 (+https://developers.facebook.com/docs/sharing/webmasters/crawler)" "-"
3.94.199.0 - - [25/Dec/2025:00:40:37 -0500] "GET /n?path=//usr/share/vim/vim82/lang/de HTTP/1.1" 200 14219 noticias-web.online "-" "Mozilla/5.0 AppleWebKit/537.36 (KHTML, like Gecko; compatible; Amazonbot/0.1; +https://developer.amazon.com/support/amazonbot) Chrome/119.0.6045.214 Safari/537.36" "-"
74.7.243.0 - - [25/Dec/2025:00:40:38 -0500] "GET /cdn-cgi/scripts/5c5dd728/cloudflare-static/email-decode.min.js?path=//kunden/kunden/kunden/proc/thread-self/root/kunden/kunden/kunden/kunden/kunden/kunden/kunden/usr/lib/locale/ber_DZ/LC_MESSAGES HTTP/1.1" 200 16183 noticias-web.online "-" "Mozilla/5.0 AppleWebKit/537.36 (KHTML, like Gecko; compatible; GPTBot/1.3; +https://openai.com/gptbot)" "-"
2a03:2880:f800:: - - [25/Dec/2025:00:40:38 -0500] "GET /2024/11/06/?fileloc=//kunden/bin/x86_64-linux-gnu-gcc-ranlib-10&path=//kunden/bin HTTP/1.1" 200 12261 noticias-web.online "-" "meta-externalagent/1.1 (+https://developers.facebook.com/docs/sharing/webmasters/crawler)" "-"
74.7.242.0 - - [25/Dec/2025:00:40:38 -0500] "GET /getattachment/k-mobilnym-telefonom/Drzaky/YSM-501MG/30015243_10.jpg.aspx?path=//kunden/proc/thread-self/root/homepages/17/d858795485/.oneclick HTTP/1.1" 200 13082 www.noticias-web.online "-" "Mozilla/5.0 AppleWebKit/537.36 (KHTML, like Gecko; compatible; GPTBot/1.3; +https://openai.com/gptbot)" "-"
2a03:2880:f800:: - - [25/Dec/2025:00:40:39 -0500] "GET /assuntos-gerais/1xbet-msr-stmt-bfdl-tjrb-mrhnt-wkzynw-br-lhtf/feed/?path=/homepages/36/d331616902 HTTP/1.1" 200 26992 noticias-web.online "-" "meta-externalagent/1.1 (+https://developers.facebook.com/docs/sharing/webmasters/crawler)" "-"
51.222.168.0 - - [25/Dec/2025:00:40:39 -0500] "GET /goods1091313536?kg=1089950195 HTTP/1.1" 200 87787 noticias-web.online "-" "Mozilla/5.0 (compatible; AhrefsBot/7.0; +http://ahrefs.com/robot/)" "-"
2a03:2880:f800:: - - [25/Dec/2025:00:40:39 -0500] "GET /wp-json/wp/v2/posts/2843?path=/homepages/11 HTTP/1.1" 200 75256 noticias-web.online "-" "meta-externalagent/1.1 (+https://developers.facebook.com/docs/sharing/webmasters/crawler)" "-"
2a03:2880:f800:: - - [25/Dec/2025:00:40:40 -0500] "GET /goods1134598688?path=//lib/groff HTTP/1.1" 200 15266 noticias-web.online "-" "meta-externalagent/1.1 (+https://developers.facebook.com/docs/sharing/webmasters/crawler)" "-"
2a03:2880:f800:: - - [25/Dec/2025:00:40:40 -0500] "GET /goods854081600?fileloc=/homepages/4/d860090557/htdocs/clickandbuilds/NotciasWebOnline/wp-admin/admin-header.php&path=/homepages/4/d860090557/htdocs/clickandbuilds/NotciasWebOnline/wp-admin HTTP/1.1" 200 22452 noticias-web.online "-" "meta-externalagent/1.1 (+https://developers.facebook.com/docs/sharing/webmasters/crawler)" "-"
52.167.144.0 - - [25/Dec/2025:00:40:41 -0500] "GET /goods1017783776?kg=1016512346 HTTP/1.1" 200 205988 www.noticias-web.online "-" "Mozilla/5.0 AppleWebKit/537.36 (KHTML, like Gecko; compatible; bingbot/2.0; +http://www.bing.com/bingbot.htm) Chrome/116.0.1938.76 Safari/537.36" "-"
74.7.243.0 - - [25/Dec/2025:00:40:41 -0500] "GET /cdn-cgi/scripts/5c5dd728/cloudflare-static/email-decode.min.js?path=//kunden/kunden/kunden/proc/thread-self/root/kunden/kunden/kunden/kunden/kunden/kunden/kunden/usr/lib/locale/en_ZW/LC_MESSAGES HTTP/1.1" 200 16176 noticias-web.online "-" "Mozilla/5.0 AppleWebKit/537.36 (KHTML, like Gecko; compatible; GPTBot/1.3; +https://openai.com/gptbot)" "-"
100.28.44.0 - - [25/Dec/2025:00:40:41 -0500] "GET /financas/?path=//proc/self/root/proc/thread-self/root/kunden/kunden/kunden/proc/self/root/kunden/proc/self/root/usr/lib/python3/dist-packages/wheel/cli HTTP/1.1" 200 24072 noticias-web.online "-" "Mozilla/5.0 AppleWebKit/537.36 (KHTML, like Gecko; compatible; Amazonbot/0.1; +https://developer.amazon.com/support/amazonbot) Chrome/119.0.6045.214 Safari/537.36" "-"
74.7.242.0 - - [25/Dec/2025:00:40:41 -0500] "GET /getattachment/k-mobilnym-telefonom/Drzaky/YSM-501MG/30015243_10.jpg.aspx?path=//kunden/proc/thread-self/root/homepages/17/d858795485/.config HTTP/1.1" 200 13078 www.noticias-web.online "-" "Mozilla/5.0 AppleWebKit/537.36 (KHTML, like Gecko; compatible; GPTBot/1.3; +https://openai.com/gptbot)" "-"
2a03:2880:f800:: - - [25/Dec/2025:00:40:42 -0500] "GET /wp-json/wp/v2/categories/124?path=/homepages/4/d854753002/htdocs HTTP/1.1" 200 12763 noticias-web.online "-" "meta-externalagent/1.1 (+https://developers.facebook.com/docs/sharing/webmasters/crawler)" "-"
2a03:2880:f800:: - - [25/Dec/2025:00:40:43 -0500] "GET /assuntos-gerais/how-games-reveal-our-hidden-biases-in-decision-making/feed/?path=/homepages/26/d857246186/htdocs HTTP/1.1" 200 12767 noticias-web.online "-" "meta-externalagent/1.1 (+https://developers.facebook.com/docs/sharing/webmasters/crawler)" "-"
217.113.194.0 - - [25/Dec/2025:00:40:44 -0500] "GET /categoria/blog/feed/?path=//lib/locale/to_TO HTTP/1.1" 200 29918 noticias-web.online "-" "Mozilla/5.0 (compatible; Barkrowler/0.9; +https://babbar.tech/crawler)" "-"
74.7.243.0 - - [25/Dec/2025:00:40:44 -0500] "GET /cdn-cgi/scripts/5c5dd728/cloudflare-static/email-decode.min.js?path=//kunden/kunden/kunden/proc/thread-self/root/kunden/kunden/kunden/kunden/kunden/kunden/kunden/usr/lib/locale/yue_HK/LC_MESSAGES HTTP/1.1" 200 16182 noticias-web.online "-" "Mozilla/5.0 AppleWebKit/537.36 (KHTML, like Gecko; compatible; GPTBot/1.3; +https://openai.com/gptbot)" "-"
74.7.242.0 - - [25/Dec/2025:00:40:45 -0500] "GET /getattachment/k-mobilnym-telefonom/Drzaky/YSM-501MG/30015243_10.jpg.aspx?path=//kunden/proc/thread-self/root/homepages/17/d858795485/htdocs HTTP/1.1" 200 13076 www.noticias-web.online "-" "Mozilla/5.0 AppleWebKit/537.36 (KHTML, like Gecko; compatible; GPTBot/1.3; +https://openai.com/gptbot)" "-"
2a03:2880:f800:: - - [25/Dec/2025:00:40:45 -0500] "GET /goods2383999936?fileloc=/homepages/4/d860090557/htdocs/clickandbuilds/NotciasWebOnline/wp-includes/class-wp-role.php&path=/homepages/4/d860090557/htdocs/clickandbuilds/NotciasWebOnline/wp-includes HTTP/1.1" 200 15270 noticias-web.online "-" "meta-externalagent/1.1 (+https://developers.facebook.com/docs/sharing/webmasters/crawler)" "-"
52.204.253.0 - - [25/Dec/2025:00:40:45 -0500] "GET /n?path=//kunden/kunden/usr/share/doc/bzip2 HTTP/1.1" 200 17435 noticias-web.online "-" "Mozilla/5.0 AppleWebKit/537.36 (KHTML, like Gecko; compatible; Amazonbot/0.1; +https://developer.amazon.com/support/amazonbot) Chrome/119.0.6045.214 Safari/537.36" "-"
2a03:2880:f800:: - - [25/Dec/2025:00:40:46 -0500] "GET /goods777918336?fileloc=/homepages/4/d860090557/last_traffic&path=/homepages/4/d860090557 HTTP/1.1" 200 12312 noticias-web.online "-" "meta-externalagent/1.1 (+https://developers.facebook.com/docs/sharing/webmasters/crawler)" "-"
2a03:2880:f800:: - - [25/Dec/2025:00:40:47 -0500] "GET /assuntos-gerais/ofitsialnyi-sait-registratsiia-i-prokhod-v-lichnyi-priemnuiu-1khbet/feed/?fileloc=//bin/ppm3d&path=//bin HTTP/1.1" 200 12186 noticias-web.online "-" "meta-externalagent/1.1 (+https://developers.facebook.com/docs/sharing/webmasters/crawler)" "-"
74.7.243.0 - - [25/Dec/2025:00:40:47 -0500] "GET /cdn-cgi/scripts/5c5dd728/cloudflare-static/email-decode.min.js?path=//kunden/kunden/kunden/proc/thread-self/root/kunden/kunden/kunden/kunden/kunden/kunden/kunden/usr/lib/locale/shs_CA/LC_MESSAGES HTTP/1.1" 200 16183 noticias-web.online "-" "Mozilla/5.0 AppleWebKit/537.36 (KHTML, like Gecko; compatible; GPTBot/1.3; +https://openai.com/gptbot)" "-"
74.7.242.0 - - [25/Dec/2025:00:40:48 -0500] "GET /getattachment/k-mobilnym-telefonom/Drzaky/YSM-501MG/30015243_19.jpg.aspx?path=//proc/self/root/homepages/11/d854226233/htdocs HTTP/1.1" 200 12942 www.noticias-web.online "-" "Mozilla/5.0 AppleWebKit/537.36 (KHTML, like Gecko; compatible; GPTBot/1.3; +https://openai.com/gptbot)" "-"
207.46.13.0 - - [25/Dec/2025:00:40:49 -0500] "GET /goods2984000?kg=0002981069 HTTP/1.1" 200 201347 www.noticias-web.online "-" "Mozilla/5.0 AppleWebKit/537.36 (KHTML, like Gecko; compatible; bingbot/2.0; +http://www.bing.com/bingbot.htm) Chrome/116.0.1938.76 Safari/537.36" "-"
2a03:2880:f800:: - - [25/Dec/2025:00:40:49 -0500] "GET /wp-json/wp/v2/posts/2778?fileloc=/homepages/8/d850001306/DASTOOLSTART&path=/homepages/8/d850001306 HTTP/1.1" 200 12312 noticias-web.online "-" "meta-externalagent/1.1 (+https://developers.facebook.com/docs/sharing/webmasters/crawler)" "-"
2a03:2880:f800:: - - [25/Dec/2025:00:40:49 -0500] "GET /goods1520028224?path=/homepages/21/d858966757 HTTP/1.1" 200 24032 noticias-web.online "-" "meta-externalagent/1.1 (+https://developers.facebook.com/docs/sharing/webmasters/crawler)" "-"
2a03:2880:f800:: - - [25/Dec/2025:00:40:50 -0500] "GET /assuntos-gerais/roulette-strategies-systems-complete-guide-for-players/feed/?fileloc=//kunden/sbin/e2scrub&path=//kunden/sbin HTTP/1.1" 200 20788 noticias-web.online "-" "meta-externalagent/1.1 (+https://developers.facebook.com/docs/sharing/webmasters/crawler)" "-"
23.23.99.0 - - [25/Dec/2025:00:40:50 -0500] "GET /assuntos-gerais/learn-slot-machines-phase-by-step/?path=//kunden/kunden/proc/self/root/kunden/proc/thread-self/root/lib/python3/dist-packages/mercurial/templates HTTP/1.1" 200 47538 noticias-web.online "-" "Mozilla/5.0 AppleWebKit/537.36 (KHTML, like Gecko; compatible; Amazonbot/0.1; +https://developer.amazon.com/support/amazonbot) Chrome/119.0.6045.214 Safari/537.36" "-"
74.7.243.0 - - [25/Dec/2025:00:40:50 -0500] "GET /cdn-cgi/scripts/5c5dd728/cloudflare-static/email-decode.min.js?path=//kunden/kunden/kunden/proc/thread-self/root/kunden/kunden/kunden/kunden/kunden/kunden/kunden/usr/lib/locale/kok_IN HTTP/1.1" 200 35914 noticias-web.online "-" "Mozilla/5.0 AppleWebKit/537.36 (KHTML, like Gecko; compatible; GPTBot/1.3; +https://openai.com/gptbot)" "-"
2a03:2880:f800:: - - [25/Dec/2025:00:40:51 -0500] "GET /wp-json/wp/v2/posts/3305?fileloc=//homepages/34/d856910943/DASTOOLSTART&path=//homepages/34/d856910943 HTTP/1.1" 200 12320 noticias-web.online "-" "meta-externalagent/1.1 (+https://developers.facebook.com/docs/sharing/webmasters/crawler)" "-"
74.7.242.0 - - [25/Dec/2025:00:40:51 -0500] "GET /getattachment/k-mobilnym-telefonom/Drzaky/YSM-501MG/30015243_19.jpg.aspx?path=//kunden/proc/self/root/homepages/19/d330816287/.oneclick HTTP/1.1" 200 13033 www.noticias-web.online "-" "Mozilla/5.0 AppleWebKit/537.36 (KHTML, like Gecko; compatible; GPTBot/1.3; +https://openai.com/gptbot)" "-"
2a03:2880:f800:: - - [25/Dec/2025:00:40:51 -0500] "GET /goods1520118176?path=/homepages/38/d855155685/.oneclick HTTP/1.1" 200 12773 noticias-web.online "-" "meta-externalagent/1.1 (+https://developers.facebook.com/docs/sharing/webmasters/crawler)" "-"
2a03:2880:f800:: - - [25/Dec/2025:00:40:51 -0500] "GET /assuntos-gerais/16-essential-gambling-establishment-tips-for-successful-big-4/feed/?fileloc=//etc/dpkg/shlibs.override&path=//etc/dpkg HTTP/1.1" 200 12508 noticias-web.online "-" "meta-externalagent/1.1 (+https://developers.facebook.com/docs/sharing/webmasters/crawler)" "-"
2a03:2880:f800:: - - [25/Dec/2025:00:40:52 -0500] "GET /goods1134467200?fileloc=/homepages/7/d331094327/htpasswd&path=/homepages/7/d331094327 HTTP/1.1" 200 12308 noticias-web.online "-" "meta-externalagent/1.1 (+https://developers.facebook.com/docs/sharing/webmasters/crawler)" "-"
66.249.68.0 - - [25/Dec/2025:00:40:53 -0500] "GET /?goods2272709600?kg=2269869514 HTTP/1.1" 403 1271 www.noticias-web.online "-" "Mozilla/5.0 (Linux; Android 6.0.1; Nexus 5X Build/MMB29P) AppleWebKit/537.36 (KHTML, like Gecko) Chrome/141.0.7390.122 Mobile Safari/537.36 (compatible; Googlebot/2.1; +http://www.google.com/bot.html)" "-"
207.46.13.0 - - [25/Dec/2025:00:40:53 -0500] "GET /goods1821906624?kg=1819630041 HTTP/1.1" 200 201655 www.noticias-web.online "-" "Mozilla/5.0 AppleWebKit/537.36 (KHTML, like Gecko; compatible; bingbot/2.0; +http://www.bing.com/bingbot.htm) Chrome/116.0.1938.76 Safari/537.36" "-"
18.232.11.0 - - [25/Dec/2025:00:40:53 -0500] "GET /n?fileloc=//kunden/kunden/lib/locale/bo_CN/LC_TELEPHONE&path=//kunden/kunden/lib/locale/bo_CN HTTP/1.1" 200 12487 noticias-web.online "-" "Mozilla/5.0 AppleWebKit/537.36 (KHTML, like Gecko; compatible; Amazonbot/0.1; +https://developer.amazon.com/support/amazonbot) Chrome/119.0.6045.214 Safari/537.36" "-"
74.7.243.0 - - [25/Dec/2025:00:40:54 -0500] "GET /cdn-cgi/scripts/5c5dd728/cloudflare-static/email-decode.min.js?path=//kunden/kunden/kunden/proc/thread-self/root/kunden/kunden/kunden/kunden/kunden/kunden/kunden/usr/lib/locale/es_NI HTTP/1.1" 200 35867 noticias-web.online "-" "Mozilla/5.0 AppleWebKit/537.36 (KHTML, like Gecko; compatible; GPTBot/1.3; +https://openai.com/gptbot)" "-"
74.7.242.0 - - [25/Dec/2025:00:40:54 -0500] "GET /getattachment/k-mobilnym-telefonom/Drzaky/YSM-501MG/30015243_10.jpg.aspx?path=//proc/self/root/homepages/2/d330192251/.tinc HTTP/1.1" 200 12936 www.noticias-web.online "-" "Mozilla/5.0 AppleWebKit/537.36 (KHTML, like Gecko; compatible; GPTBot/1.3; +https://openai.com/gptbot)" "-"
2a03:2880:f800:: - - [25/Dec/2025:00:40:55 -0500] "GET /assuntos-gerais/mostbet-portugal-ee-site-oficial-para-apostas-e-casino-4/?path=/homepages/3/d859764376 HTTP/1.1" 200 25475 noticias-web.online "-" "meta-externalagent/1.1 (+https://developers.facebook.com/docs/sharing/webmasters/crawler)" "-"
2a03:2880:f800:: - - [25/Dec/2025:00:40:56 -0500] "GET /assuntos-gerais/hm-lnsyh-lstkhdm-1xbet-app-m-hw-bfly/feed/?fileloc=//bin/emacsclient.emacs&path=//bin HTTP/1.1" 200 12198 noticias-web.online "-" "meta-externalagent/1.1 (+https://developers.facebook.com/docs/sharing/webmasters/crawler)" "-"
74.7.243.0 - - [25/Dec/2025:00:40:57 -0500] "GET /cdn-cgi/scripts/5c5dd728/cloudflare-static/email-decode.min.js?path=//kunden/kunden/kunden/proc/thread-self/root/kunden/kunden/kunden/kunden/kunden/kunden/kunden/usr/lib/locale/kk_KZ HTTP/1.1" 200 35867 noticias-web.online "-" "Mozilla/5.0 AppleWebKit/537.36 (KHTML, like Gecko; compatible; GPTBot/1.3; +https://openai.com/gptbot)" "-"
74.7.242.0 - - [25/Dec/2025:00:40:57 -0500] "GET /getattachment/k-mobilnym-telefonom/Drzaky/YSM-501MG/30015243_10.jpg.aspx?path=//proc/self/root/homepages/2/d330192251/.config HTTP/1.1" 200 12940 www.noticias-web.online "-" "Mozilla/5.0 AppleWebKit/537.36 (KHTML, like Gecko; compatible; GPTBot/1.3; +https://openai.com/gptbot)" "-"
44.221.105.0 - - [25/Dec/2025:00:40:58 -0500] "GET /n?fileloc=//proc/self/root/kunden/bin/savelog&path=//proc/self/root/kunden/bin HTTP/1.1" 200 24539 noticias-web.online "-" "Mozilla/5.0 AppleWebKit/537.36 (KHTML, like Gecko; compatible; Amazonbot/0.1; +https://developer.amazon.com/support/amazonbot) Chrome/119.0.6045.214 Safari/537.36" "-"
66.249.68.0 - - [25/Dec/2025:00:40:58 -0500] "GET /?goods249734688?kg=0249423320 HTTP/1.1" 403 1271 www.noticias-web.online "-" "Mozilla/5.0 (Linux; Android 6.0.1; Nexus 5X Build/MMB29P) AppleWebKit/537.36 (KHTML, like Gecko) Chrome/141.0.7390.122 Mobile Safari/537.36 (compatible; Googlebot/2.1; +http://www.google.com/bot.html)" "-"
52.167.144.0 - - [25/Dec/2025:00:40:59 -0500] "GET /?goods51496000?kg=0051432429 HTTP/1.1" 403 1271 www.noticias-web.online "-" "Mozilla/5.0 AppleWebKit/537.36 (KHTML, like Gecko; compatible; bingbot/2.0; +http://www.bing.com/bingbot.htm) Chrome/116.0.1938.76 Safari/537.36" "-"
217.113.194.0 - - [25/Dec/2025:00:40:59 -0500] "GET /categoria/blog/feed/?path=//usr/include/net HTTP/1.1" 200 27020 noticias-web.online "-" "Mozilla/5.0 (compatible; Barkrowler/0.9; +https://babbar.tech/crawler)" "-"
74.7.243.0 - - [25/Dec/2025:00:41:00 -0500] "GET /cdn-cgi/scripts/5c5dd728/cloudflare-static/email-decode.min.js?path=//kunden/kunden/kunden/proc/thread-self/root/kunden/kunden/kunden/kunden/kunden/kunden/kunden/usr/lib/locale/fr_FR@euro HTTP/1.1" 200 36112 noticias-web.online "-" "Mozilla/5.0 AppleWebKit/537.36 (KHTML, like Gecko; compatible; GPTBot/1.3; +https://openai.com/gptbot)" "-"
74.7.242.0 - - [25/Dec/2025:00:41:01 -0500] "GET /getattachment/k-mobilnym-telefonom/Drzaky/YSM-501MG/30015243_10.jpg.aspx?path=//proc/thread-self/root/homepages/31/d330149792 HTTP/1.1" 200 29571 www.noticias-web.online "-" "Mozilla/5.0 AppleWebKit/537.36 (KHTML, like Gecko; compatible; GPTBot/1.3; +https://openai.com/gptbot)" "-"
44.209.35.0 - - [25/Dec/2025:00:41:02 -0500] "GET /n?path=//kunden/kunden/usr/share/doc/gcc-10 HTTP/1.1" 200 34866 noticias-web.online "-" "Mozilla/5.0 AppleWebKit/537.36 (KHTML, like Gecko; compatible; Amazonbot/0.1; +https://developer.amazon.com/support/amazonbot) Chrome/119.0.6045.214 Safari/537.36" "-"
74.7.243.0 - - [25/Dec/2025:00:41:03 -0500] "GET /cdn-cgi/scripts/5c5dd728/cloudflare-static/email-decode.min.js?path=//kunden/kunden/kunden/proc/thread-self/root/kunden/kunden/kunden/kunden/kunden/kunden/kunden/usr/lib/locale/pt_PT HTTP/1.1" 200 35867 noticias-web.online "-" "Mozilla/5.0 AppleWebKit/537.36 (KHTML, like Gecko; compatible; GPTBot/1.3; +https://openai.com/gptbot)" "-"
74.7.242.0 - - [25/Dec/2025:00:41:04 -0500] "GET /getattachment/k-mobilnym-telefonom/Drzaky/YSM-501MG/30015243_10.jpg.aspx?path=//kunden/proc/self/root/homepages/41/d334923780 HTTP/1.1" 200 29607 www.noticias-web.online "-" "Mozilla/5.0 AppleWebKit/537.36 (KHTML, like Gecko; compatible; GPTBot/1.3; +https://openai.com/gptbot)" "-"
2a03:2880:f800:: - - [25/Dec/2025:00:41:04 -0500] "GET /goods777818624?path=/homepages/4/d860090557/htdocs/clickandbuilds/NotciasWebOnline/wp-includes/html-api HTTP/1.1" 200 39997 noticias-web.online "-" "meta-externalagent/1.1 (+https://developers.facebook.com/docs/sharing/webmasters/crawler)" "-"
2a03:2880:f800:: - - [25/Dec/2025:00:41:05 -0500] "GET /assuntos-gerais/mostbet-portugal-ee-site-oficial-para-apostas-e-casino-4/?path=/homepages/38/d850713104/.config HTTP/1.1" 200 12769 noticias-web.online "-" "meta-externalagent/1.1 (+https://developers.facebook.com/docs/sharing/webmasters/crawler)" "-"
3.219.80.0 - - [25/Dec/2025:00:41:06 -0500] "GET /n?fileloc=//proc/self/root/kunden/bin/vmstat&path=//proc/self/root/kunden/bin HTTP/1.1" 200 12393 noticias-web.online "-" "Mozilla/5.0 AppleWebKit/537.36 (KHTML, like Gecko; compatible; Amazonbot/0.1; +https://developer.amazon.com/support/amazonbot) Chrome/119.0.6045.214 Safari/537.36" "-"
2a03:2880:f800:: - - [25/Dec/2025:00:41:06 -0500] "GET /wp-json/wp/v2/posts/2710?path=//kunden/homepages/28/d852174747/.oneclick HTTP/1.1" 200 12841 noticias-web.online "-" "meta-externalagent/1.1 (+https://developers.facebook.com/docs/sharing/webmasters/crawler)" "-"
74.7.243.0 - - [25/Dec/2025:00:41:06 -0500] "GET /cdn-cgi/scripts/5c5dd728/cloudflare-static/email-decode.min.js?path=//kunden/kunden/kunden/proc/thread-self/root/kunden/kunden/kunden/kunden/kunden/kunden/kunden/usr/lib/locale/es_MX HTTP/1.1" 200 35867 noticias-web.online "-" "Mozilla/5.0 AppleWebKit/537.36 (KHTML, like Gecko; compatible; GPTBot/1.3; +https://openai.com/gptbot)" "-"
74.7.242.0 - - [25/Dec/2025:00:41:07 -0500] "GET /getattachment/k-mobilnym-telefonom/Drzaky/YSM-501MG/30015243_19.jpg.aspx?path=//kunden/proc/self/root/homepages/11/d851184628/.oneclick HTTP/1.1" 200 13033 www.noticias-web.online "-" "Mozilla/5.0 AppleWebKit/537.36 (KHTML, like Gecko; compatible; GPTBot/1.3; +https://openai.com/gptbot)" "-"
18.204.152.0 - - [25/Dec/2025:00:41:09 -0500] "GET /n?path=//proc/self/root/kunden/homepages/39 HTTP/1.1" 200 85712 noticias-web.online "-" "Mozilla/5.0 AppleWebKit/537.36 (KHTML, like Gecko; compatible; Amazonbot/0.1; +https://developer.amazon.com/support/amazonbot) Chrome/119.0.6045.214 Safari/537.36" "-"
74.7.243.0 - - [25/Dec/2025:00:41:09 -0500] "GET /cdn-cgi/scripts/5c5dd728/cloudflare-static/email-decode.min.js?path=//kunden/kunden/kunden/proc/thread-self/root/kunden/kunden/kunden/kunden/kunden/kunden/kunden/usr/lib/locale/ne_NP HTTP/1.1" 200 35864 noticias-web.online "-" "Mozilla/5.0 AppleWebKit/537.36 (KHTML, like Gecko; compatible; GPTBot/1.3; +https://openai.com/gptbot)" "-"
2a03:2880:f800:: - - [25/Dec/2025:00:41:10 -0500] "GET /assuntos-gerais/site-oficial-em-nosso-pais-apostas-esportivas-electronic-cassino-online/feed/?path=/homepages/37/d857434432/managed HTTP/1.1" 200 12769 noticias-web.online "-" "meta-externalagent/1.1 (+https://developers.facebook.com/docs/sharing/webmasters/crawler)" "-"
74.7.242.0 - - [25/Dec/2025:00:41:10 -0500] "GET /getattachment/k-mobilnym-telefonom/Drzaky/YSM-501MG/30015243_19.jpg.aspx?path=//kunden/proc/self/root/homepages/11/d851184628/htdocs HTTP/1.1" 200 13027 www.noticias-web.online "-" "Mozilla/5.0 AppleWebKit/537.36 (KHTML, like Gecko; compatible; GPTBot/1.3; +https://openai.com/gptbot)" "-"
2a03:2880:f800:: - - [25/Dec/2025:00:41:12 -0500] "GET /wp-json/wp/v2/posts/2671?path=//homepages/22/d854442444/managed HTTP/1.1" 200 12773 noticias-web.online "-" "meta-externalagent/1.1 (+https://developers.facebook.com/docs/sharing/webmasters/crawler)" "-"
74.7.243.0 - - [25/Dec/2025:00:41:13 -0500] "GET /cdn-cgi/scripts/5c5dd728/cloudflare-static/email-decode.min.js?path=//kunden/kunden/kunden/proc/thread-self/root/kunden/kunden/kunden/kunden/kunden/kunden/kunden/usr/lib/locale/en_IN HTTP/1.1" 200 35863 noticias-web.online "-" "Mozilla/5.0 AppleWebKit/537.36 (KHTML, like Gecko; compatible; GPTBot/1.3; +https://openai.com/gptbot)" "-"
2a03:2880:f800:: - - [25/Dec/2025:00:41:13 -0500] "GET /assuntos-gerais/bukmekerskaia-kontora-betboom-stavki-na-sport-onlain-v-rossii/feed/?fileloc=/homepages/40/d332906398/DASTOOLSTART&path=/homepages/40/d332906398 HTTP/1.1" 200 12316 noticias-web.online "-" "meta-externalagent/1.1 (+https://developers.facebook.com/docs/sharing/webmasters/crawler)" "-"
74.7.242.0 - - [25/Dec/2025:00:41:13 -0500] "GET /getattachment/k-mobilnym-telefonom/Drzaky/YSM-501MG/30015243_19.jpg.aspx?path=//kunden/proc/self/root/homepages/33/d854997102/.config HTTP/1.1" 200 13029 www.noticias-web.online "-" "Mozilla/5.0 AppleWebKit/537.36 (KHTML, like Gecko; compatible; GPTBot/1.3; +https://openai.com/gptbot)" "-"
2a03:2880:f800:: - - [25/Dec/2025:00:41:13 -0500] "GET /goods1031660224?path=/homepages/16/d858671545 HTTP/1.1" 200 24032 noticias-web.online "-" "meta-externalagent/1.1 (+https://developers.facebook.com/docs/sharing/webmasters/crawler)" "-"
2a03:2880:f800:: - - [25/Dec/2025:00:41:14 -0500] "GET /bankobet/online-casino-turkey-12-best-turkish-on-line-casino-sites-2025/?fileloc=/homepages/19/d854785635/DASTOOLSTART&path=/homepages/19/d854785635 HTTP/1.1" 200 12316 noticias-web.online "-" "meta-externalagent/1.1 (+https://developers.facebook.com/docs/sharing/webmasters/crawler)" "-"
34.194.233.0 - - [25/Dec/2025:00:41:14 -0500] "GET /n?path=//kunden/usr/lib/locale/om_KE.utf8 HTTP/1.1" 200 30786 noticias-web.online "-" "Mozilla/5.0 AppleWebKit/537.36 (KHTML, like Gecko; compatible; Amazonbot/0.1; +https://developer.amazon.com/support/amazonbot) Chrome/119.0.6045.214 Safari/537.36" "-"
2a03:2880:f800:: - - [25/Dec/2025:00:41:15 -0500] "GET /wp-json/wp/v2/posts/3087?fileloc=//sbin/delgroup&path=//sbin HTTP/1.1" 200 29366 noticias-web.online "-" "meta-externalagent/1.1 (+https://developers.facebook.com/docs/sharing/webmasters/crawler)" "-"
2a03:2880:f800:: - - [25/Dec/2025:00:41:15 -0500] "GET /wp-json/wp/v2/posts/3015?fileloc=//lib/aspell/iso-8859-6.cmap&path=//lib/aspell HTTP/1.1" 200 59731 noticias-web.online "-" "meta-externalagent/1.1 (+https://developers.facebook.com/docs/sharing/webmasters/crawler)" "-"
2a03:2880:f800:: - - [25/Dec/2025:00:41:15 -0500] "GET /assuntos-gerais/mostbet-portugal-ee-web-site-oficial-de-apostas-e-casino-2/feed/?fileloc=//usr/lib/x86_64-linux-gnu/libpng16.so.16&path=//usr/lib/x86_64-linux-gnu HTTP/1.1" 200 12314 noticias-web.online "-" "meta-externalagent/1.1 (+https://developers.facebook.com/docs/sharing/webmasters/crawler)" "-"
217.113.194.0 - - [25/Dec/2025:00:41:15 -0500] "GET /categoria/blog/feed/?path=//usr/include/video HTTP/1.1" 200 16998 noticias-web.online "-" "Mozilla/5.0 (compatible; Barkrowler/0.9; +https://babbar.tech/crawler)" "-"
2a03:2880:f800:: - - [25/Dec/2025:00:41:15 -0500] "GET /wp-json/oembed/1.0/embed?fileloc=/homepages/23/d853542395/htaccesslist&path=/homepages/23/d853542395 HTTP/1.1" 200 12316 noticias-web.online "-" "meta-externalagent/1.1 (+https://developers.facebook.com/docs/sharing/webmasters/crawler)" "-"
74.7.243.0 - - [25/Dec/2025:00:41:16 -0500] "GET /cdn-cgi/scripts/5c5dd728/cloudflare-static/email-decode.min.js?path=//kunden/kunden/kunden/proc/thread-self/root/kunden/kunden/kunden/kunden/kunden/kunden/kunden/usr/lib/locale/wa_BE HTTP/1.1" 200 35867 noticias-web.online "-" "Mozilla/5.0 AppleWebKit/537.36 (KHTML, like Gecko; compatible; GPTBot/1.3; +https://openai.com/gptbot)" "-"
2a03:2880:f800:: - - [25/Dec/2025:00:41:16 -0500] "GET /wp-json/wp/v2/posts/3516?path=/homepages/14/d855657245 HTTP/1.1" 200 24032 noticias-web.online "-" "meta-externalagent/1.1 (+https://developers.facebook.com/docs/sharing/webmasters/crawler)" "-"
74.7.242.0 - - [25/Dec/2025:00:41:16 -0500] "GET /getattachment/k-mobilnym-telefonom/Drzaky/YSM-501MG/30015243_19.jpg.aspx?path=//kunden/proc/self/root/homepages/19/d855431697 HTTP/1.1" 200 24913 www.noticias-web.online "-" "Mozilla/5.0 AppleWebKit/537.36 (KHTML, like Gecko; compatible; GPTBot/1.3; +https://openai.com/gptbot)" "-"
2a03:2880:f800:: - - [25/Dec/2025:00:41:17 -0500] "GET /goods705103424?path=/homepages/4/d860090557/htdocs/clickandbuilds/NotciasWebOnline HTTP/1.1" 200 87787 noticias-web.online "-" "meta-externalagent/1.1 (+https://developers.facebook.com/docs/sharing/webmasters/crawler)" "-"
2a03:2880:f800:: - - [25/Dec/2025:00:41:18 -0500] "GET /casino/kasyno-online-najlepsze-sloty-w-2024-roku-ranking-i-recenzje/feed/?path=/homepages/2/d853793730 HTTP/1.1" 200 31371 noticias-web.online "-" "meta-externalagent/1.1 (+https://developers.facebook.com/docs/sharing/webmasters/crawler)" "-"
207.46.13.0 - - [25/Dec/2025:00:41:19 -0500] "GET /goods1810732000?kg=1808469386 HTTP/1.1" 200 205703 www.noticias-web.online "-" "Mozilla/5.0 AppleWebKit/537.36 (KHTML, like Gecko; compatible; bingbot/2.0; +http://www.bing.com/bingbot.htm) Chrome/116.0.1938.76 Safari/537.36" "-"
2a03:2880:f800:: - - [25/Dec/2025:00:41:19 -0500] "GET /king-johnnie/king-johnnie-review-rating-2025-assert-6000-in-bonuses/feed/?fileloc=//proc/softlimits_pid_ns&path=//proc HTTP/1.1" 200 12201 noticias-web.online "-" "meta-externalagent/1.1 (+https://developers.facebook.com/docs/sharing/webmasters/crawler)" "-"
74.7.243.0 - - [25/Dec/2025:00:41:19 -0500] "GET /cdn-cgi/scripts/5c5dd728/cloudflare-static/email-decode.min.js?path=//kunden/kunden/kunden/proc/thread-self/root/kunden/kunden/kunden/kunden/kunden/kunden/kunden/usr/lib/locale/el_GR@euro HTTP/1.1" 200 36112 noticias-web.online "-" "Mozilla/5.0 AppleWebKit/537.36 (KHTML, like Gecko; compatible; GPTBot/1.3; +https://openai.com/gptbot)" "-"
74.7.242.0 - - [25/Dec/2025:00:41:19 -0500] "GET /getattachment/k-mobilnym-telefonom/Drzaky/YSM-501MG/30015243_10.jpg.aspx?path=//kunden/homepages/35/d331314503/.oneclick HTTP/1.1" 200 12841 www.noticias-web.online "-" "Mozilla/5.0 AppleWebKit/537.36 (KHTML, like Gecko; compatible; GPTBot/1.3; +https://openai.com/gptbot)" "-"
2a03:2880:f800:: - - [25/Dec/2025:00:41:20 -0500] "GET /wp-json/wp/v2/posts/3156?path=/homepages/14/d854326628/htdocs HTTP/1.1" 200 12767 noticias-web.online "-" "meta-externalagent/1.1 (+https://developers.facebook.com/docs/sharing/webmasters/crawler)" "-"
2a03:2880:f800:: - - [25/Dec/2025:00:41:21 -0500] "GET /goods2019018112?path=/homepages/43 HTTP/1.1" 200 61936 noticias-web.online "-" "meta-externalagent/1.1 (+https://developers.facebook.com/docs/sharing/webmasters/crawler)" "-"
66.249.68.0 - - [25/Dec/2025:00:41:22 -0500] "GET /?goods2301629088?kg=2298752852 HTTP/1.1" 403 1271 www.noticias-web.online "-" "Mozilla/5.0 (Linux; Android 6.0.1; Nexus 5X Build/MMB29P) AppleWebKit/537.36 (KHTML, like Gecko) Chrome/141.0.7390.122 Mobile Safari/537.36 (compatible; Googlebot/2.1; +http://www.google.com/bot.html)" "-"
2a03:2880:f800:: - - [25/Dec/2025:00:41:22 -0500] "GET /wp-json/wp/v2/posts/2835?path=/homepages/24/d856370339/.oneclick HTTP/1.1" 200 12773 noticias-web.online "-" "meta-externalagent/1.1 (+https://developers.facebook.com/docs/sharing/webmasters/crawler)" "-"
66.249.68.0 - - [25/Dec/2025:00:41:22 -0500] "GET /goods2316274112?kg=2313379569 HTTP/1.1" 200 205332 www.noticias-web.online "-" "Mozilla/5.0 (Linux; Android 6.0.1; Nexus 5X Build/MMB29P) AppleWebKit/537.36 (KHTML, like Gecko) Chrome/141.0.7390.122 Mobile Safari/537.36 (compatible; Googlebot/2.1; +http://www.google.com/bot.html)" "-"
66.249.68.0 - - [25/Dec/2025:00:41:22 -0500] "GET /goods136031200?kg=0135861962 HTTP/1.1" 200 209723 www.noticias-web.online "-" "Mozilla/5.0 (Linux; Android 6.0.1; Nexus 5X Build/MMB29P) AppleWebKit/537.36 (KHTML, like Gecko) Chrome/141.0.7390.122 Mobile Safari/537.36 (compatible; Googlebot/2.1; +http://www.google.com/bot.html)" "-"
74.7.243.0 - - [25/Dec/2025:00:41:22 -0500] "GET /cdn-cgi/scripts/5c5dd728/cloudflare-static/email-decode.min.js?path=//kunden/kunden/kunden/proc/thread-self/root/kunden/kunden/kunden/kunden/kunden/kunden/kunden/usr/lib/locale/vi_VN HTTP/1.1" 200 35861 noticias-web.online "-" "Mozilla/5.0 AppleWebKit/537.36 (KHTML, like Gecko; compatible; GPTBot/1.3; +https://openai.com/gptbot)" "-"
2a03:2880:f800:: - - [25/Dec/2025:00:41:22 -0500] "GET /assuntos-gerais/entrando-no-mundo-do-marketing-digital/feed/?fileloc=//bin/pbmtocmuwm&path=//bin HTTP/1.1" 200 12191 noticias-web.online "-" "meta-externalagent/1.1 (+https://developers.facebook.com/docs/sharing/webmasters/crawler)" "-"
74.7.242.0 - - [25/Dec/2025:00:41:23 -0500] "GET /getattachment/k-mobilnym-telefonom/Drzaky/YSM-501MG/30015243_19.jpg.aspx?path=//kunden/proc/self/root/homepages/14/d331130477/htdocs HTTP/1.1" 200 13027 www.noticias-web.online "-" "Mozilla/5.0 AppleWebKit/537.36 (KHTML, like Gecko; compatible; GPTBot/1.3; +https://openai.com/gptbot)" "-"
52.167.144.0 - - [25/Dec/2025:00:41:23 -0500] "GET /goods63370464?kg=0063292050 HTTP/1.1" 200 203702 www.noticias-web.online "-" "Mozilla/5.0 AppleWebKit/537.36 (KHTML, like Gecko; compatible; bingbot/2.0; +http://www.bing.com/bingbot.htm) Chrome/116.0.1938.76 Safari/537.36" "-"
2a03:2880:f800:: - - [25/Dec/2025:00:41:24 -0500] "GET /casino-online-ar/los-10-mejores-casinos-online-para-argentinos-2025/feed/?fileloc=//lib/python3.9/turtle.py&path=//lib/python3.9 HTTP/1.1" 200 168602 noticias-web.online "-" "meta-externalagent/1.1 (+https://developers.facebook.com/docs/sharing/webmasters/crawler)" "-"
2a03:2880:f800:: - - [25/Dec/2025:00:41:25 -0500] "GET /casino/turecko-on-line-kasina-a-bonusy-2024-quality-overall-performance-inspection/feed/?fileloc=/homepages/12/d853683290/DASTOOLSTART&path=/homepages/12/d853683290 HTTP/1.1" 200 12316 noticias-web.online "-" "meta-externalagent/1.1 (+https://developers.facebook.com/docs/sharing/webmasters/crawler)" "-"
2a03:2880:f800:: - - [25/Dec/2025:00:41:25 -0500] "GET /marketing-digital/monetize-seus-talentos-com-a-plataforma-inovadora-pureskills/feed/?path=//proc/self HTTP/1.1" 200 69281 noticias-web.online "-" "meta-externalagent/1.1 (+https://developers.facebook.com/docs/sharing/webmasters/crawler)" "-"
74.7.243.0 - - [25/Dec/2025:00:41:25 -0500] "GET /cdn-cgi/scripts/5c5dd728/cloudflare-static/email-decode.min.js?path=//kunden/kunden/kunden/proc/thread-self/root/kunden/kunden/kunden/kunden/kunden/kunden/kunden/usr/lib/locale/kok_IN/LC_MESSAGES HTTP/1.1" 200 16183 noticias-web.online "-" "Mozilla/5.0 AppleWebKit/537.36 (KHTML, like Gecko; compatible; GPTBot/1.3; +https://openai.com/gptbot)" "-"
74.7.242.0 - - [25/Dec/2025:00:41:26 -0500] "GET /getattachment/k-mobilnym-telefonom/Drzaky/YSM-501MG/30015243_19.jpg.aspx?path=//kunden/proc/self/root/homepages/35/d856355310 HTTP/1.1" 200 26483 www.noticias-web.online "-" "Mozilla/5.0 AppleWebKit/537.36 (KHTML, like Gecko; compatible; GPTBot/1.3; +https://openai.com/gptbot)" "-"
2a03:2880:f800:: - - [25/Dec/2025:00:41:26 -0500] "GET /assuntos-gerais/the-way-to-win-in-some-sort-of-casino-gambling-methods-for-beginners-2/feed/?path=/homepages/4/d860090557/htdocs/clickandbuilds/NotciasWebOnline/wp-content/uploads/2025 HTTP/1.1" 200 31778 noticias-web.online "-" "meta-externalagent/1.1 (+https://developers.facebook.com/docs/sharing/webmasters/crawler)" "-"
66.249.68.0 - - [25/Dec/2025:00:41:27 -0500] "GET /?goods2314592512?kg=2311700071 HTTP/1.1" 403 1271 www.noticias-web.online "-" "Mozilla/5.0 (Linux; Android 6.0.1; Nexus 5X Build/MMB29P) AppleWebKit/537.36 (KHTML, like Gecko) Chrome/141.0.7390.122 Mobile Safari/537.36 (compatible; Googlebot/2.1; +http://www.google.com/bot.html)" "-"
2a03:2880:f800:: - - [25/Dec/2025:00:41:27 -0500] "GET /wp-json/wp/v2/posts/3066?path=/homepages/11/d334067269/managed HTTP/1.1" 200 12769 noticias-web.online "-" "meta-externalagent/1.1 (+https://developers.facebook.com/docs/sharing/webmasters/crawler)" "-"
3.221.50.0 - - [25/Dec/2025:00:41:28 -0500] "GET /n?path=//proc/self/cwd/wp-includes/blocks/archives HTTP/1.1" 200 30016 noticias-web.online "-" "Mozilla/5.0 AppleWebKit/537.36 (KHTML, like Gecko; compatible; Amazonbot/0.1; +https://developer.amazon.com/support/amazonbot) Chrome/119.0.6045.214 Safari/537.36" "-"
54.83.23.0 - - [25/Dec/2025:00:41:28 -0500] "GET /n?fileloc=//kunden/proc/self/root/bin/dd&path=//kunden/proc/self/root/bin HTTP/1.1" 200 12395 noticias-web.online "-" "Mozilla/5.0 AppleWebKit/537.36 (KHTML, like Gecko; compatible; Amazonbot/0.1; +https://developer.amazon.com/support/amazonbot) Chrome/119.0.6045.214 Safari/537.36" "-"
2a03:2880:f800:: - - [25/Dec/2025:00:41:28 -0500] "GET /goods1134790912?path=/homepages/38/d332523158 HTTP/1.1" 200 26980 noticias-web.online "-" "meta-externalagent/1.1 (+https://developers.facebook.com/docs/sharing/webmasters/crawler)" "-"
74.7.243.0 - - [25/Dec/2025:00:41:28 -0500] "GET /cdn-cgi/scripts/5c5dd728/cloudflare-static/email-decode.min.js?path=//kunden/kunden/kunden/proc/thread-self/root/kunden/kunden/kunden/kunden/kunden/kunden/kunden/usr/lib/locale/es_NI/LC_MESSAGES HTTP/1.1" 200 16176 noticias-web.online "-" "Mozilla/5.0 AppleWebKit/537.36 (KHTML, like Gecko; compatible; GPTBot/1.3; +https://openai.com/gptbot)" "-"
52.167.144.0 - - [25/Dec/2025:00:41:29 -0500] "GET /goods104964000?kg=0104833596 HTTP/1.1" 200 205152 www.noticias-web.online "-" "Mozilla/5.0 AppleWebKit/537.36 (KHTML, like Gecko; compatible; bingbot/2.0; +http://www.bing.com/bingbot.htm) Chrome/116.0.1938.76 Safari/537.36" "-"
74.7.242.0 - - [25/Dec/2025:00:41:29 -0500] "GET /getattachment/k-mobilnym-telefonom/Drzaky/YSM-501MG/30015243_10.jpg.aspx?path=//kunden/proc/self/root/homepages/11/d854756393 HTTP/1.1" 200 28061 www.noticias-web.online "-" "Mozilla/5.0 AppleWebKit/537.36 (KHTML, like Gecko; compatible; GPTBot/1.3; +https://openai.com/gptbot)" "-"
2a03:2880:f800:: - - [25/Dec/2025:00:41:30 -0500] "GET /assuntos-gerais/site-oficial-aqui-no-brasil-apostas-esportivas-e-cassino-online-2/feed/?fileloc=//bin/pgmnorm&path=//bin HTTP/1.1" 200 12188 noticias-web.online "-" "meta-externalagent/1.1 (+https://developers.facebook.com/docs/sharing/webmasters/crawler)" "-"
34.203.111.0 - - [25/Dec/2025:00:41:30 -0500] "GET /n?fileloc=//kunden/kunden/lib/locale/en_NZ/LC_NAME&path=//kunden/kunden/lib/locale/en_NZ HTTP/1.1" 200 12488 noticias-web.online "-" "Mozilla/5.0 AppleWebKit/537.36 (KHTML, like Gecko; compatible; Amazonbot/0.1; +https://developer.amazon.com/support/amazonbot) Chrome/119.0.6045.214 Safari/537.36" "-"
66.249.68.0 - - [25/Dec/2025:00:41:31 -0500] "GET /goods152551776?kg=0152361886 HTTP/1.1" 200 207107 www.noticias-web.online "-" "Mozilla/5.0 (Linux; Android 6.0.1; Nexus 5X Build/MMB29P) AppleWebKit/537.36 (KHTML, like Gecko) Chrome/141.0.7390.122 Mobile Safari/537.36 (compatible; Googlebot/2.1; +http://www.google.com/bot.html)" "-"
2a03:2880:f800:: - - [25/Dec/2025:00:41:31 -0500] "GET /assuntos-gerais/site-oficial-da-mostbet-brasil-apostas-esportivas-e-cassino-zero-brasil-3/feed/?fileloc=//kunden/proc/irq/4/affinity_hint&path=//kunden/proc/irq/4 HTTP/1.1" 200 12373 noticias-web.online "-" "meta-externalagent/1.1 (+https://developers.facebook.com/docs/sharing/webmasters/crawler)" "-"
2a03:2880:f800:: - - [25/Dec/2025:00:41:31 -0500] "GET /goods1134710176?path=/homepages/4/d858932289 HTTP/1.1" 200 26941 noticias-web.online "-" "meta-externalagent/1.1 (+https://developers.facebook.com/docs/sharing/webmasters/crawler)" "-"
154.54.249.0 - - [25/Dec/2025:00:41:31 -0500] "GET /categoria/blog/feed/?path=//usr/share/ucf HTTP/1.1" 200 14164 noticias-web.online "-" "Mozilla/5.0 (compatible; Barkrowler/0.9; +https://babbar.tech/crawler)" "-"
44.210.213.0 - - [25/Dec/2025:00:41:31 -0500] "GET /n?fileloc=//proc/self/root/kunden/bin/mknod&path=//proc/self/root/kunden/bin HTTP/1.1" 200 12392 noticias-web.online "-" "Mozilla/5.0 AppleWebKit/537.36 (KHTML, like Gecko; compatible; Amazonbot/0.1; +https://developer.amazon.com/support/amazonbot) Chrome/119.0.6045.214 Safari/537.36" "-"
