74.7.243.0 - - [25/Dec/2025:00:14:35 -0500] "GET /cdn-cgi/scripts/5c5dd728/cloudflare-static/email-decode.min.js?path=//kunden/kunden/kunden/proc/thread-self/root/kunden/kunden/kunden/kunden/kunden/kunden/kunden/usr/lib/locale/sw_KE/LC_MESSAGES HTTP/1.1" 200 16176 noticias-web.online "-" "Mozilla/5.0 AppleWebKit/537.36 (KHTML, like Gecko; compatible; GPTBot/1.3; +https://openai.com/gptbot)" "-"
2a03:2880:f800:: - - [25/Dec/2025:00:14:35 -0500] "GET /goods778046336?path=/homepages/1/d858554688 HTTP/1.1" 200 24001 noticias-web.online "-" "meta-externalagent/1.1 (+https://developers.facebook.com/docs/sharing/webmasters/crawler)" "-"
74.7.242.0 - - [25/Dec/2025:00:14:36 -0500] "GET /getattachment/k-mobilnym-telefonom/Drzaky/YSM-501MG/30015243_19.jpg.aspx?path=//kunden/proc/self/root/homepages/9/d857579305 HTTP/1.1" 200 26440 www.noticias-web.online "-" "Mozilla/5.0 AppleWebKit/537.36 (KHTML, like Gecko; compatible; GPTBot/1.3; +https://openai.com/gptbot)" "-"
2a03:2880:f800:: - - [25/Dec/2025:00:14:37 -0500] "GET /wp-json/wp/v2/posts/3164?fileloc=/homepages/4/d330353416/htpasswd&path=/homepages/4/d330353416 HTTP/1.1" 200 12308 noticias-web.online "-" "meta-externalagent/1.1 (+https://developers.facebook.com/docs/sharing/webmasters/crawler)" "-"
54.89.90.0 - - [25/Dec/2025:00:14:38 -0500] "GET /n?path=//proc/thread-self/root/kunden/etc/apt HTTP/1.1" 200 12886 noticias-web.online "-" "Mozilla/5.0 AppleWebKit/537.36 (KHTML, like Gecko; compatible; Amazonbot/0.1; +https://developer.amazon.com/support/amazonbot) Chrome/119.0.6045.214 Safari/537.36" "-"
74.7.243.0 - - [25/Dec/2025:00:14:38 -0500] "GET /cdn-cgi/scripts/5c5dd728/cloudflare-static/email-decode.min.js?path=//kunden/kunden/kunden/proc/thread-self/root/kunden/kunden/kunden/kunden/kunden/kunden/kunden/usr/lib/locale/mnw_MM HTTP/1.1" 200 35913 noticias-web.online "-" "Mozilla/5.0 AppleWebKit/537.36 (KHTML, like Gecko; compatible; GPTBot/1.3; +https://openai.com/gptbot)" "-"
15.235.27.0 - - [25/Dec/2025:00:14:38 -0500] "GET /goods1594714624?kg=1592722031 HTTP/1.1" 200 87787 noticias-web.online "-" "Mozilla/5.0 (compatible; AhrefsBot/7.0; +http://ahrefs.com/robot/)" "-"
2a03:2880:f800:: - - [25/Dec/2025:00:14:39 -0500] "GET /goods1032272000?fileloc=/homepages/4/d855634628/.created&path=/homepages/4/d855634628 HTTP/1.1" 200 12319 noticias-web.online "-" "meta-externalagent/1.1 (+https://developers.facebook.com/docs/sharing/webmasters/crawler)" "-"
74.7.242.0 - - [25/Dec/2025:00:14:39 -0500] "GET /getattachment/k-mobilnym-telefonom/Drzaky/YSM-501MG/30015243_10.jpg.aspx?path=//kunden/proc/self/root/homepages/39/d855858900 HTTP/1.1" 200 24913 www.noticias-web.online "-" "Mozilla/5.0 AppleWebKit/537.36 (KHTML, like Gecko; compatible; GPTBot/1.3; +https://openai.com/gptbot)" "-"
216.73.216.0 - - [25/Dec/2025:00:14:39 -0500] "GET /goods321820224?path=%2Fhomepages%2F4%2Fd860090557%2Fhtdocs%2Fclickandbuilds%2FNotciasWebOnline%2Fwp-contents HTTP/1.1" 429 227 noticias-web.online "-" "Mozilla/5.0 AppleWebKit/537.36 (KHTML, like Gecko; compatible; ClaudeBot/1.0; +claudebot@anthropic.com)" "-"
2a03:2880:f800:: - - [25/Dec/2025:00:14:41 -0500] "GET /goods777649888?path=/homepages/4/d332926807/.config HTTP/1.1" 200 12765 noticias-web.online "-" "meta-externalagent/1.1 (+https://developers.facebook.com/docs/sharing/webmasters/crawler)" "-"
74.7.243.0 - - [25/Dec/2025:00:14:41 -0500] "GET /cdn-cgi/scripts/5c5dd728/cloudflare-static/email-decode.min.js?path=//kunden/kunden/kunden/proc/thread-self/root/kunden/kunden/kunden/kunden/kunden/kunden/kunden/usr/lib/locale/aa_ER@saaho/LC_MESSAGES HTTP/1.1" 200 16218 noticias-web.online "-" "Mozilla/5.0 AppleWebKit/537.36 (KHTML, like Gecko; compatible; GPTBot/1.3; +https://openai.com/gptbot)" "-"
2a03:2880:f800:: - - [25/Dec/2025:00:14:41 -0500] "GET /goods876007776?fileloc=//usr/bin/logresolve&path=//usr/bin HTTP/1.1" 200 12229 noticias-web.online "-" "meta-externalagent/1.1 (+https://developers.facebook.com/docs/sharing/webmasters/crawler)" "-"
100.28.44.0 - - [25/Dec/2025:00:14:42 -0500] "GET /n?path=//proc/thread-self/root/lib/locale/fo_FO HTTP/1.1" 200 31153 noticias-web.online "-" "Mozilla/5.0 AppleWebKit/537.36 (KHTML, like Gecko; compatible; Amazonbot/0.1; +https://developer.amazon.com/support/amazonbot) Chrome/119.0.6045.214 Safari/537.36" "-"
2a03:2880:f800:: - - [25/Dec/2025:00:14:42 -0500] "GET /turismo/5-sites-de-curso-de-ingles-online/feed/?fileloc=/homepages/25/d854218586/htaccesslist&path=/homepages/25/d854218586 HTTP/1.1" 200 12316 noticias-web.online "-" "meta-externalagent/1.1 (+https://developers.facebook.com/docs/sharing/webmasters/crawler)" "-"
74.7.242.0 - - [25/Dec/2025:00:14:42 -0500] "GET /getattachment/k-mobilnym-telefonom/Drzaky/YSM-501MG/30015243_10.jpg.aspx?path=//proc/thread-self/root/homepages/5/d853922372 HTTP/1.1" 200 24846 www.noticias-web.online "-" "Mozilla/5.0 AppleWebKit/537.36 (KHTML, like Gecko; compatible; GPTBot/1.3; +https://openai.com/gptbot)" "-"
217.113.194.0 - - [25/Dec/2025:00:14:42 -0500] "GET /categoria/mostbet-russia/feed/?path=//etc/ssl HTTP/1.1" 200 16665 noticias-web.online "-" "Mozilla/5.0 (compatible; Barkrowler/0.9; +https://babbar.tech/crawler)" "-"
2a03:2880:f800:: - - [25/Dec/2025:00:14:43 -0500] "GET /wp-json/wp/v2/posts/3348?fileloc=//lib/python3.9/encodings/utf_16_le.py&path=//lib/python3.9/encodings HTTP/1.1" 200 13382 noticias-web.online "-" "meta-externalagent/1.1 (+https://developers.facebook.com/docs/sharing/webmasters/crawler)" "-"
2a03:2880:f800:: - - [25/Dec/2025:00:14:44 -0500] "GET /wp-json/wp/v2/posts/3291?fileloc=//homepages/30/d852299910/DASTOOLSTART&path=//homepages/30/d852299910 HTTP/1.1" 200 12320 noticias-web.online "-" "meta-externalagent/1.1 (+https://developers.facebook.com/docs/sharing/webmasters/crawler)" "-"
216.73.216.0 - - [25/Dec/2025:00:14:44 -0500] "GET /goods322052576?fileloc=%2Fhomepages%2F4%2Fd860090557%2Fhtdocs%2Fclickandbuilds%2FNotciasWebOnline%2Fwp-includes%2Fsitemaps.php&path=%2Fhomepages%2F4%2Fd860090557%2Fhtdocs%2Fclickandbuilds%2FNotciasWebOnline%2Fwp-includes HTTP/1.1" 429 227 noticias-web.online "-" "Mozilla/5.0 AppleWebKit/537.36 (KHTML, like Gecko; compatible; ClaudeBot/1.0; +claudebot@anthropic.com)" "-"
74.7.243.0 - - [25/Dec/2025:00:14:44 -0500] "GET /cdn-cgi/scripts/5c5dd728/cloudflare-static/email-decode.min.js?path=//kunden/kunden/kunden/proc/thread-self/root/kunden/kunden/kunden/kunden/kunden/kunden/kunden/usr/lib/locale/da_DK/LC_MESSAGES HTTP/1.1" 200 16176 noticias-web.online "-" "Mozilla/5.0 AppleWebKit/537.36 (KHTML, like Gecko; compatible; GPTBot/1.3; +https://openai.com/gptbot)" "-"
74.7.242.0 - - [25/Dec/2025:00:14:45 -0500] "GET /getattachment/k-mobilnym-telefonom/Drzaky/YSM-501MG/30015243_19.jpg.aspx?path=//kunden/proc/self/root/homepages/23/d331805923 HTTP/1.1" 200 26475 www.noticias-web.online "-" "Mozilla/5.0 AppleWebKit/537.36 (KHTML, like Gecko; compatible; GPTBot/1.3; +https://openai.com/gptbot)" "-"
2a03:2880:f800:: - - [25/Dec/2025:00:14:46 -0500] "GET /goods344162464?fileloc=/homepages/4/d860090557/htdocs/clickandbuilds/NotciasWebOnline/wp-includes/class-wp-phpmailer.php&path=/homepages/4/d860090557/htdocs/clickandbuilds/NotciasWebOnline/wp-includes HTTP/1.1" 200 16608 noticias-web.online "-" "meta-externalagent/1.1 (+https://developers.facebook.com/docs/sharing/webmasters/crawler)" "-"
74.7.243.0 - - [25/Dec/2025:00:14:47 -0500] "GET /cdn-cgi/scripts/5c5dd728/cloudflare-static/email-decode.min.js?path=//kunden/kunden/kunden/proc/thread-self/root/kunden/kunden/kunden/kunden/kunden/kunden/kunden/usr/lib/locale/ar_EG HTTP/1.1" 200 35866 noticias-web.online "-" "Mozilla/5.0 AppleWebKit/537.36 (KHTML, like Gecko; compatible; GPTBot/1.3; +https://openai.com/gptbot)" "-"
74.7.242.0 - - [25/Dec/2025:00:14:49 -0500] "GET /getattachment/k-mobilnym-telefonom/Drzaky/YSM-501MG/30015243_10.jpg.aspx?path=//proc/thread-self/root/homepages/2/d859937946 HTTP/1.1" 200 27986 www.noticias-web.online "-" "Mozilla/5.0 AppleWebKit/537.36 (KHTML, like Gecko; compatible; GPTBot/1.3; +https://openai.com/gptbot)" "-"
216.73.216.0 - - [25/Dec/2025:00:14:49 -0500] "GET /goods1188864000?path=%2Fhomepages%2F4%2Fd856643483 HTTP/1.1" 429 227 noticias-web.online "-" "Mozilla/5.0 AppleWebKit/537.36 (KHTML, like Gecko; compatible; ClaudeBot/1.0; +claudebot@anthropic.com)" "-"
52.71.203.0 - - [25/Dec/2025:00:14:49 -0500] "GET /n?path=//kunden/kunden/lib/locale/dz_BT/LC_MESSAGES HTTP/1.1" 200 14452 noticias-web.online "-" "Mozilla/5.0 AppleWebKit/537.36 (KHTML, like Gecko; compatible; Amazonbot/0.1; +https://developer.amazon.com/support/amazonbot) Chrome/119.0.6045.214 Safari/537.36" "-"
2a03:2880:f800:: - - [25/Dec/2025:00:14:50 -0500] "GET /goods2145550400?fileloc=/homepages/4/d860090557/htdocs/clickandbuilds/NotciasWebOnline/wp-includes/class-wp-error.php&path=/homepages/4/d860090557/htdocs/clickandbuilds/NotciasWebOnline/wp-includes HTTP/1.1" 200 20322 noticias-web.online "-" "meta-externalagent/1.1 (+https://developers.facebook.com/docs/sharing/webmasters/crawler)" "-"
34.206.193.0 - - [25/Dec/2025:00:14:50 -0500] "GET /n?path=//kunden/kunden/lib/locale/ti_ER/LC_MESSAGES HTTP/1.1" 200 14453 noticias-web.online "-" "Mozilla/5.0 AppleWebKit/537.36 (KHTML, like Gecko; compatible; Amazonbot/0.1; +https://developer.amazon.com/support/amazonbot) Chrome/119.0.6045.214 Safari/537.36" "-"
74.7.243.0 - - [25/Dec/2025:00:14:51 -0500] "GET /cdn-cgi/scripts/5c5dd728/cloudflare-static/email-decode.min.js?path=//kunden/kunden/kunden/proc/thread-self/root/kunden/kunden/kunden/kunden/kunden/kunden/kunden/usr/lib/locale/ar_TN HTTP/1.1" 200 35866 noticias-web.online "-" "Mozilla/5.0 AppleWebKit/537.36 (KHTML, like Gecko; compatible; GPTBot/1.3; +https://openai.com/gptbot)" "-"
74.7.242.0 - - [25/Dec/2025:00:14:52 -0500] "GET /getattachment/k-mobilnym-telefonom/Drzaky/YSM-501MG/30015243_19.jpg.aspx?path=//proc/self/root/homepages/18/d856730259 HTTP/1.1" 200 24639 www.noticias-web.online "-" "Mozilla/5.0 AppleWebKit/537.36 (KHTML, like Gecko; compatible; GPTBot/1.3; +https://openai.com/gptbot)" "-"
2a03:2880:f800:: - - [25/Dec/2025:00:14:52 -0500] "GET /assuntos-gerais/best-online-online-casino-australia-2025-genuine-money-casino-guide-2/?fileloc=//lib/locale/nl_AW/LC_MEASUREMENT&path=//lib/locale/nl_AW HTTP/1.1" 200 12316 noticias-web.online "-" "meta-externalagent/1.1 (+https://developers.facebook.com/docs/sharing/webmasters/crawler)" "-"
216.73.216.0 - - [25/Dec/2025:00:14:54 -0500] "GET /goods321773088?fileloc=%2Fhomepages%2F4%2Fd860090557%2Fhtdocs%2Fclickandbuilds%2FNotciasWebOnline%2Fwp-includes%2Fclass-wp-rewrite.php&path=%2Fhomepages%2F4%2Fd860090557%2Fhtdocs%2Fclickandbuilds%2FNotciasWebOnline%2Fwp-includes HTTP/1.1" 429 227 noticias-web.online "-" "Mozilla/5.0 AppleWebKit/537.36 (KHTML, like Gecko; compatible; ClaudeBot/1.0; +claudebot@anthropic.com)" "-"
74.7.243.0 - - [25/Dec/2025:00:14:54 -0500] "GET /cdn-cgi/scripts/5c5dd728/cloudflare-static/email-decode.min.js?path=//kunden/kunden/kunden/proc/thread-self/root/kunden/kunden/kunden/kunden/kunden/kunden/kunden/usr/lib/locale/gv_GB/LC_MESSAGES HTTP/1.1" 200 16176 noticias-web.online "-" "Mozilla/5.0 AppleWebKit/537.36 (KHTML, like Gecko; compatible; GPTBot/1.3; +https://openai.com/gptbot)" "-"
54.235.158.0 - - [25/Dec/2025:00:14:54 -0500] "GET /n?path=//kunden/kunden/lib/locale/ps_AF/LC_MESSAGES HTTP/1.1" 200 14453 noticias-web.online "-" "Mozilla/5.0 AppleWebKit/537.36 (KHTML, like Gecko; compatible; Amazonbot/0.1; +https://developer.amazon.com/support/amazonbot) Chrome/119.0.6045.214 Safari/537.36" "-"
74.7.242.0 - - [25/Dec/2025:00:14:55 -0500] "GET /getattachment/k-mobilnym-telefonom/Drzaky/YSM-501MG/30015243_19.jpg.aspx?path=//proc/self/root/homepages/9/d858783445 HTTP/1.1" 200 24608 www.noticias-web.online "-" "Mozilla/5.0 AppleWebKit/537.36 (KHTML, like Gecko; compatible; GPTBot/1.3; +https://openai.com/gptbot)" "-"
2a03:2880:f800:: - - [25/Dec/2025:00:14:57 -0500] "GET /assuntos-gerais/mostbet-login-facil-e-rapido-mostbet-registration-hoje-em-dia-2/?fileloc=//lib/aspell/dvorak.kbd&path=//lib/aspell HTTP/1.1" 200 12336 noticias-web.online "-" "meta-externalagent/1.1 (+https://developers.facebook.com/docs/sharing/webmasters/crawler)" "-"
74.7.243.0 - - [25/Dec/2025:00:14:57 -0500] "GET /cdn-cgi/scripts/5c5dd728/cloudflare-static/email-decode.min.js?path=//kunden/kunden/kunden/proc/thread-self/root/kunden/kunden/kunden/kunden/kunden/kunden/kunden/usr/lib/locale/zh_HK/LC_MESSAGES HTTP/1.1" 200 16176 noticias-web.online "-" "Mozilla/5.0 AppleWebKit/537.36 (KHTML, like Gecko; compatible; GPTBot/1.3; +https://openai.com/gptbot)" "-"
2a03:2880:f800:: - - [25/Dec/2025:00:14:58 -0500] "GET /goods875867200?fileloc=/homepages/4/d860090557/htdocs/clickandbuilds/NotciasWebOnline/wp-admin/admin-ajax.php&path=/homepages/4/d860090557/htdocs/clickandbuilds/NotciasWebOnline/wp-admin HTTP/1.1" 200 17907 noticias-web.online "-" "meta-externalagent/1.1 (+https://developers.facebook.com/docs/sharing/webmasters/crawler)" "-"
74.7.242.0 - - [25/Dec/2025:00:14:58 -0500] "GET /getattachment/k-mobilnym-telefonom/Drzaky/YSM-501MG/30015243_10.jpg.aspx?path=//kunden/proc/thread-self/root/homepages/14/d331278198 HTTP/1.1" 200 28331 www.noticias-web.online "-" "Mozilla/5.0 AppleWebKit/537.36 (KHTML, like Gecko; compatible; GPTBot/1.3; +https://openai.com/gptbot)" "-"
217.113.194.0 - - [25/Dec/2025:00:14:58 -0500] "GET /categoria/blog/feed/?path=//kunden/etc/profile.d HTTP/1.1" 200 17086 noticias-web.online "-" "Mozilla/5.0 (compatible; Barkrowler/0.9; +https://babbar.tech/crawler)" "-"
52.202.52.0 - - [25/Dec/2025:00:14:59 -0500] "GET /n?path=//proc/self/root/kunden/etc/ssl HTTP/1.1" 200 17091 noticias-web.online "-" "Mozilla/5.0 AppleWebKit/537.36 (KHTML, like Gecko; compatible; Amazonbot/0.1; +https://developer.amazon.com/support/amazonbot) Chrome/119.0.6045.214 Safari/537.36" "-"
216.73.216.0 - - [25/Dec/2025:00:14:59 -0500] "GET /goods1189351200?fileloc=%2Fhomepages%2F4%2Fd860090557%2Fhtdocs%2Fclickandbuilds%2FNotciasWebOnline%2Fwp-includes%2Fclass-wp-feed-cache.php&path=%2Fhomepages%2F4%2Fd860090557%2Fhtdocs%2Fclickandbuilds%2FNotciasWebOnline%2Fwp-includes HTTP/1.1" 429 227 noticias-web.online "-" "Mozilla/5.0 AppleWebKit/537.36 (KHTML, like Gecko; compatible; ClaudeBot/1.0; +claudebot@anthropic.com)" "-"
2a03:2880:f800:: - - [25/Dec/2025:00:15:00 -0500] "GET /wp-json/wp/v2/posts/2565?path=//homepages/6/d853765957/htdocs HTTP/1.1" 200 12767 noticias-web.online "-" "meta-externalagent/1.1 (+https://developers.facebook.com/docs/sharing/webmasters/crawler)" "-"
74.7.243.0 - - [25/Dec/2025:00:15:00 -0500] "GET /cdn-cgi/scripts/5c5dd728/cloudflare-static/email-decode.min.js?fileloc=//kunden/kunden/kunden/proc/thread-self/root/kunden/kunden/kunden/kunden/kunden/kunden/kunden/usr/lib/locale/li_NL/LC_MEASUREMENT&path=//kunden/kunden/kunden/proc/thread-self/root/kunden/kunden/kunden/kunden/kunden/kunden/kunden/usr/lib/locale/li_NL HTTP/1.1" 200 13846 noticias-web.online "-" "Mozilla/5.0 AppleWebKit/537.36 (KHTML, like Gecko; compatible; GPTBot/1.3; +https://openai.com/gptbot)" "-"
2a03:2880:f800:: - - [25/Dec/2025:00:15:01 -0500] "GET /assuntos-gerais/resmi-giris-bonuslar-ve-guncel-adres-2025-mostbet-poultry-mostbet-tr/feed/?fileloc=//homepages/9/d331225318/htpasswd&path=//homepages/9/d331225318 HTTP/1.1" 200 12312 noticias-web.online "-" "meta-externalagent/1.1 (+https://developers.facebook.com/docs/sharing/webmasters/crawler)" "-"
74.7.242.0 - - [25/Dec/2025:00:15:01 -0500] "GET /getattachment/k-mobilnym-telefonom/Drzaky/YSM-501MG/30015243_10.jpg.aspx?path=//proc/thread-self/root/homepages/31/d855805641/htdocs HTTP/1.1" 200 12991 www.noticias-web.online "-" "Mozilla/5.0 AppleWebKit/537.36 (KHTML, like Gecko; compatible; GPTBot/1.3; +https://openai.com/gptbot)" "-"
54.83.180.0 - - [25/Dec/2025:00:15:02 -0500] "GET /n?path=//proc/thread-self/root/var/lib/python HTTP/1.1" 200 14434 noticias-web.online "-" "Mozilla/5.0 AppleWebKit/537.36 (KHTML, like Gecko; compatible; Amazonbot/0.1; +https://developer.amazon.com/support/amazonbot) Chrome/119.0.6045.214 Safari/537.36" "-"
2a03:2880:f800:: - - [25/Dec/2025:00:15:03 -0500] "GET /goods876286688?path=/homepages/4/d333127309 HTTP/1.1" 200 29785 noticias-web.online "-" "meta-externalagent/1.1 (+https://developers.facebook.com/docs/sharing/webmasters/crawler)" "-"
74.7.243.0 - - [25/Dec/2025:00:15:03 -0500] "GET /cdn-cgi/scripts/5c5dd728/cloudflare-static/email-decode.min.js?path=//kunden/kunden/kunden/proc/thread-self/root/kunden/kunden/kunden/kunden/kunden/kunden/kunden/usr/lib/locale/is_IS/LC_MESSAGES HTTP/1.1" 200 16176 noticias-web.online "-" "Mozilla/5.0 AppleWebKit/537.36 (KHTML, like Gecko; compatible; GPTBot/1.3; +https://openai.com/gptbot)" "-"
2a03:2880:f800:: - - [25/Dec/2025:00:15:03 -0500] "GET /goods1134501312?path=/homepages/4/d853935108 HTTP/1.1" 200 24001 noticias-web.online "-" "meta-externalagent/1.1 (+https://developers.facebook.com/docs/sharing/webmasters/crawler)" "-"
216.73.216.0 - - [25/Dec/2025:00:15:04 -0500] "GET /goods1188955200?path=%2Fhomepages%2F4%2Fd860090557%2Fhtdocs%2Fclickandbuilds HTTP/1.1" 429 227 noticias-web.online "-" "Mozilla/5.0 AppleWebKit/537.36 (KHTML, like Gecko; compatible; ClaudeBot/1.0; +claudebot@anthropic.com)" "-"
74.7.242.0 - - [25/Dec/2025:00:15:04 -0500] "GET /getattachment/k-mobilnym-telefonom/Drzaky/YSM-501MG/30015243_10.jpg.aspx?path=//proc/thread-self/root/homepages/31/d855805641/.config HTTP/1.1" 200 12993 www.noticias-web.online "-" "Mozilla/5.0 AppleWebKit/537.36 (KHTML, like Gecko; compatible; GPTBot/1.3; +https://openai.com/gptbot)" "-"
52.45.15.0 - - [25/Dec/2025:00:15:06 -0500] "GET /n?path=//proc/self/root/lib/locale/es_US.utf8 HTTP/1.1" 200 31024 noticias-web.online "-" "Mozilla/5.0 AppleWebKit/537.36 (KHTML, like Gecko; compatible; Amazonbot/0.1; +https://developer.amazon.com/support/amazonbot) Chrome/119.0.6045.214 Safari/537.36" "-"
74.7.243.0 - - [25/Dec/2025:00:15:07 -0500] "GET /cdn-cgi/scripts/5c5dd728/cloudflare-static/email-decode.min.js?path=//kunden/kunden/kunden/proc/thread-self/root/kunden/kunden/kunden/kunden/kunden/kunden/kunden/usr/lib/locale/li_NL/LC_MESSAGES HTTP/1.1" 200 16176 noticias-web.online "-" "Mozilla/5.0 AppleWebKit/537.36 (KHTML, like Gecko; compatible; GPTBot/1.3; +https://openai.com/gptbot)" "-"
74.7.242.0 - - [25/Dec/2025:00:15:07 -0500] "GET /getattachment/k-mobilnym-telefonom/Drzaky/YSM-501MG/30015243_10.jpg.aspx?path=//proc/thread-self/root/homepages/31/d855805641/.oneclick HTTP/1.1" 200 12997 www.noticias-web.online "-" "Mozilla/5.0 AppleWebKit/537.36 (KHTML, like Gecko; compatible; GPTBot/1.3; +https://openai.com/gptbot)" "-"
2a03:2880:f800:: - - [25/Dec/2025:00:15:08 -0500] "GET /goods1134745600?fileloc=/homepages/4/d860090557/htdocs/clickandbuilds/NotciasWebOnline/wp-admin/options-permalink.php&path=/homepages/4/d860090557/htdocs/clickandbuilds/NotciasWebOnline/wp-admin HTTP/1.1" 200 37630 noticias-web.online "-" "meta-externalagent/1.1 (+https://developers.facebook.com/docs/sharing/webmasters/crawler)" "-"
2a03:2880:f800:: - - [25/Dec/2025:00:15:08 -0500] "GET /goods1032220224?fileloc=/homepages/4/d860090557/htdocs/clickandbuilds/NotciasWebOnline/wp-includes/user.php&path=/homepages/4/d860090557/htdocs/clickandbuilds/NotciasWebOnline/wp-includes HTTP/1.1" 200 191469 noticias-web.online "-" "meta-externalagent/1.1 (+https://developers.facebook.com/docs/sharing/webmasters/crawler)" "-"
74.7.243.0 - - [25/Dec/2025:00:15:10 -0500] "GET /cdn-cgi/scripts/5c5dd728/cloudflare-static/email-decode.min.js?path=//kunden/kunden/kunden/proc/thread-self/root/kunden/kunden/kunden/kunden/kunden/kunden/kunden/usr/lib/locale/ko_KR.euckr/LC_MESSAGES HTTP/1.1" 200 16218 noticias-web.online "-" "Mozilla/5.0 AppleWebKit/537.36 (KHTML, like Gecko; compatible; GPTBot/1.3; +https://openai.com/gptbot)" "-"
3.224.205.0 - - [25/Dec/2025:00:15:10 -0500] "GET /n?path=//kunden/usr/share/locale/lg/LC_TIME HTTP/1.1" 200 14386 noticias-web.online "-" "Mozilla/5.0 AppleWebKit/537.36 (KHTML, like Gecko; compatible; Amazonbot/0.1; +https://developer.amazon.com/support/amazonbot) Chrome/119.0.6045.214 Safari/537.36" "-"
74.7.242.0 - - [25/Dec/2025:00:15:11 -0500] "GET /getattachment/k-mobilnym-telefonom/Drzaky/YSM-501MG/30015243_19.jpg.aspx?path=//kunden/proc/self/root/homepages/9/d857579305/htdocs HTTP/1.1" 200 13023 www.noticias-web.online "-" "Mozilla/5.0 AppleWebKit/537.36 (KHTML, like Gecko; compatible; GPTBot/1.3; +https://openai.com/gptbot)" "-"
52.167.144.0 - - [25/Dec/2025:00:15:11 -0500] "GET /goods2828576?kg=0002825840 HTTP/1.1" 200 199902 www.noticias-web.online "-" "Mozilla/5.0 AppleWebKit/537.36 (KHTML, like Gecko; compatible; bingbot/2.0; +http://www.bing.com/bingbot.htm) Chrome/116.0.1938.76 Safari/537.36" "-"
216.73.216.0 - - [25/Dec/2025:00:15:12 -0500] "GET /goods1188912512?fileloc=%2Fhomepages%2F4%2Fd860090557%2Fhtdocs%2Fclickandbuilds%2FNotciasWebOnline%2Fwp-includes%2Fblock-patterns.php&path=%2Fhomepages%2F4%2Fd860090557%2Fhtdocs%2Fclickandbuilds%2FNotciasWebOnline%2Fwp-includes HTTP/1.1" 429 227 noticias-web.online "-" "Mozilla/5.0 AppleWebKit/537.36 (KHTML, like Gecko; compatible; ClaudeBot/1.0; +claudebot@anthropic.com)" "-"
74.7.243.0 - - [25/Dec/2025:00:15:13 -0500] "GET /cdn-cgi/scripts/5c5dd728/cloudflare-static/email-decode.min.js?path=//kunden/kunden/kunden/proc/thread-self/root/kunden/kunden/kunden/kunden/kunden/kunden/kunden/usr/lib/locale/mnw_MM/LC_MESSAGES HTTP/1.1" 200 16183 noticias-web.online "-" "Mozilla/5.0 AppleWebKit/537.36 (KHTML, like Gecko; compatible; GPTBot/1.3; +https://openai.com/gptbot)" "-"
3.214.176.0 - - [25/Dec/2025:00:15:13 -0500] "GET /n?path=//kunden/kunden/usr/share/perl5/Debian HTTP/1.1" 200 18783 noticias-web.online "-" "Mozilla/5.0 AppleWebKit/537.36 (KHTML, like Gecko; compatible; Amazonbot/0.1; +https://developer.amazon.com/support/amazonbot) Chrome/119.0.6045.214 Safari/537.36" "-"
74.7.242.0 - - [25/Dec/2025:00:15:14 -0500] "GET /getattachment/k-mobilnym-telefonom/Drzaky/YSM-501MG/30015243_19.jpg.aspx?path=//kunden/proc/self/root/homepages/9/d857579305/.oneclick HTTP/1.1" 200 13029 www.noticias-web.online "-" "Mozilla/5.0 AppleWebKit/537.36 (KHTML, like Gecko; compatible; GPTBot/1.3; +https://openai.com/gptbot)" "-"
217.113.194.0 - - [25/Dec/2025:00:15:14 -0500] "GET /categoria/blog/feed/?path=//kunden/etc/rc3.d HTTP/1.1" 200 15556 noticias-web.online "-" "Mozilla/5.0 (compatible; Barkrowler/0.9; +https://babbar.tech/crawler)" "-"
2a03:2880:f800:: - - [25/Dec/2025:00:15:16 -0500] "GET /wp-json/wp/v2/posts/2945?path=//homepages/35 HTTP/1.1" 200 71394 noticias-web.online "-" "meta-externalagent/1.1 (+https://developers.facebook.com/docs/sharing/webmasters/crawler)" "-"
74.7.243.0 - - [25/Dec/2025:00:15:16 -0500] "GET /cdn-cgi/scripts/5c5dd728/cloudflare-static/email-decode.min.js?path=//kunden/kunden/kunden/proc/thread-self/root/kunden/kunden/kunden/kunden/kunden/kunden/kunden/usr/lib/locale/pt_PT@euro HTTP/1.1" 200 36112 noticias-web.online "-" "Mozilla/5.0 AppleWebKit/537.36 (KHTML, like Gecko; compatible; GPTBot/1.3; +https://openai.com/gptbot)" "-"
2a03:2880:f800:: - - [25/Dec/2025:00:15:16 -0500] "GET /goods853844064?fileloc=/homepages/4/d860090557/htdocs/clickandbuilds/NotciasWebOnline/wp-includes/pluggable-deprecated.php&path=/homepages/4/d860090557/htdocs/clickandbuilds/NotciasWebOnline/wp-includes HTTP/1.1" 200 19074 noticias-web.online "-" "meta-externalagent/1.1 (+https://developers.facebook.com/docs/sharing/webmasters/crawler)" "-"
216.73.216.0 - - [25/Dec/2025:00:15:17 -0500] "GET /goods2025713536?path=%2Fhomepages%2F4%2Fd860090557%2Fhtdocs%2Fclickandbuilds%2FNotciasWebOnline%2F1337_DATA HTTP/1.1" 429 227 noticias-web.online "-" "Mozilla/5.0 AppleWebKit/537.36 (KHTML, like Gecko; compatible; ClaudeBot/1.0; +claudebot@anthropic.com)" "-"
74.7.242.0 - - [25/Dec/2025:00:15:17 -0500] "GET /getattachment/k-mobilnym-telefonom/Drzaky/YSM-501MG/30015243_10.jpg.aspx?path=//proc/thread-self/root/homepages/5/d853922372/.oneclick HTTP/1.1" 200 12993 www.noticias-web.online "-" "Mozilla/5.0 AppleWebKit/537.36 (KHTML, like Gecko; compatible; GPTBot/1.3; +https://openai.com/gptbot)" "-"
2a03:2880:f800:: - - [25/Dec/2025:00:15:17 -0500] "GET /bankobet/online-casino-turkey-12-best-turkish-on-line-casino-sites-2025/?path=/homepages/32/d330821564/.oneclick HTTP/1.1" 200 12773 noticias-web.online "-" "meta-externalagent/1.1 (+https://developers.facebook.com/docs/sharing/webmasters/crawler)" "-"
3.211.105.0 - - [25/Dec/2025:00:15:18 -0500] "GET /n?path=//proc/self/root/lib/locale/C.UTF-8 HTTP/1.1" 200 30877 noticias-web.online "-" "Mozilla/5.0 AppleWebKit/537.36 (KHTML, like Gecko; compatible; Amazonbot/0.1; +https://developer.amazon.com/support/amazonbot) Chrome/119.0.6045.214 Safari/537.36" "-"
2a03:2880:f800:: - - [25/Dec/2025:00:15:18 -0500] "GET /goods498522624?fileloc=/homepages/4/d860090557/htdocs/clickandbuilds/NotciasWebOnline/wp-includes/class-walker-page-dropdown.php&path=/homepages/4/d860090557/htdocs/clickandbuilds/NotciasWebOnline/wp-includes HTTP/1.1" 200 15541 noticias-web.online "-" "meta-externalagent/1.1 (+https://developers.facebook.com/docs/sharing/webmasters/crawler)" "-"
74.7.243.0 - - [25/Dec/2025:00:15:19 -0500] "GET /cdn-cgi/scripts/5c5dd728/cloudflare-static/email-decode.min.js?path=//kunden/kunden/kunden/proc/thread-self/root/kunden/kunden/kunden/kunden/kunden/kunden/kunden/usr/lib/locale/en_DK HTTP/1.1" 200 35866 noticias-web.online "-" "Mozilla/5.0 AppleWebKit/537.36 (KHTML, like Gecko; compatible; GPTBot/1.3; +https://openai.com/gptbot)" "-"
74.7.242.0 - - [25/Dec/2025:00:15:20 -0500] "GET /getattachment/k-mobilnym-telefonom/Drzaky/YSM-501MG/30015243_10.jpg.aspx?path=//proc/thread-self/root/homepages/5/d853922372/.config HTTP/1.1" 200 12989 www.noticias-web.online "-" "Mozilla/5.0 AppleWebKit/537.36 (KHTML, like Gecko; compatible; GPTBot/1.3; +https://openai.com/gptbot)" "-"
216.73.216.0 - - [25/Dec/2025:00:15:22 -0500] "GET /goods1188955200?path=%2Fhomepages%2F4%2Fd860090557%2Fhtdocs%2Fclickandbuilds%2FNotciasWebOnline%2Fwp-includes%2Fl10n HTTP/1.1" 429 227 noticias-web.online "-" "Mozilla/5.0 AppleWebKit/537.36 (KHTML, like Gecko; compatible; ClaudeBot/1.0; +claudebot@anthropic.com)" "-"
100.27.153.0 - - [25/Dec/2025:00:15:22 -0500] "GET /n?path=//proc/self/root/lib/locale/bho_IN HTTP/1.1" 200 30829 noticias-web.online "-" "Mozilla/5.0 AppleWebKit/537.36 (KHTML, like Gecko; compatible; Amazonbot/0.1; +https://developer.amazon.com/support/amazonbot) Chrome/119.0.6045.214 Safari/537.36" "-"
74.7.243.0 - - [25/Dec/2025:00:15:23 -0500] "GET /cdn-cgi/scripts/5c5dd728/cloudflare-static/email-decode.min.js?fileloc=//kunden/kunden/kunden/proc/thread-self/root/kunden/kunden/kunden/kunden/kunden/kunden/kunden/usr/lib/locale/ar_EG/LC_COLLATE&path=//kunden/kunden/kunden/proc/thread-self/root/kunden/kunden/kunden/kunden/kunden/kunden/kunden/usr/lib/locale/ar_EG HTTP/1.1" 200 13819 noticias-web.online "-" "Mozilla/5.0 AppleWebKit/537.36 (KHTML, like Gecko; compatible; GPTBot/1.3; +https://openai.com/gptbot)" "-"
74.7.242.0 - - [25/Dec/2025:00:15:23 -0500] "GET /getattachment/k-mobilnym-telefonom/Drzaky/YSM-501MG/30015243_10.jpg.aspx?path=//proc/thread-self/root/homepages/2/d859937946/.oneclick HTTP/1.1" 200 12993 www.noticias-web.online "-" "Mozilla/5.0 AppleWebKit/537.36 (KHTML, like Gecko; compatible; GPTBot/1.3; +https://openai.com/gptbot)" "-"
2a03:2880:f800:: - - [25/Dec/2025:00:15:24 -0500] "GET /wp-json/wp/v2/posts/3100?fileloc=//homepages/34/d330249435/last_traffic&path=//homepages/34/d330249435 HTTP/1.1" 200 12320 noticias-web.online "-" "meta-externalagent/1.1 (+https://developers.facebook.com/docs/sharing/webmasters/crawler)" "-"
2a03:2880:f800:: - - [25/Dec/2025:00:15:24 -0500] "GET /assuntos-gerais/who-owns-the-horseshoe-brand-2/?fileloc=//lib/locale/hi_IN/LC_ADDRESS&path=//lib/locale/hi_IN HTTP/1.1" 200 12289 noticias-web.online "-" "meta-externalagent/1.1 (+https://developers.facebook.com/docs/sharing/webmasters/crawler)" "-"
18.207.89.0 - - [25/Dec/2025:00:15:26 -0500] "GET /n?path=//kunden/kunden/usr/share/locale/bn HTTP/1.1" 200 14270 noticias-web.online "-" "Mozilla/5.0 AppleWebKit/537.36 (KHTML, like Gecko; compatible; Amazonbot/0.1; +https://developer.amazon.com/support/amazonbot) Chrome/119.0.6045.214 Safari/537.36" "-"
74.7.243.0 - - [25/Dec/2025:00:15:26 -0500] "GET /cdn-cgi/scripts/5c5dd728/cloudflare-static/email-decode.min.js?path=//kunden/kunden/kunden/proc/thread-self/root/kunden/kunden/kunden/kunden/kunden/kunden/kunden/usr/lib/locale/ar_EG/LC_MESSAGES HTTP/1.1" 200 16176 noticias-web.online "-" "Mozilla/5.0 AppleWebKit/537.36 (KHTML, like Gecko; compatible; GPTBot/1.3; +https://openai.com/gptbot)" "-"
74.7.242.0 - - [25/Dec/2025:00:15:26 -0500] "GET /getattachment/k-mobilnym-telefonom/Drzaky/YSM-501MG/30015243_10.jpg.aspx?path=//proc/thread-self/root/homepages/2/d859937946/.config HTTP/1.1" 200 12989 www.noticias-web.online "-" "Mozilla/5.0 AppleWebKit/537.36 (KHTML, like Gecko; compatible; GPTBot/1.3; +https://openai.com/gptbot)" "-"
216.73.216.0 - - [25/Dec/2025:00:15:27 -0500] "GET /goods1189205312?fileloc=%2Fhomepages%2F4%2Fd860090557%2Fhtdocs%2Fclickandbuilds%2FNotciasWebOnline%2Fwp-includes%2Fblock-patterns.php&path=%2Fhomepages%2F4%2Fd860090557%2Fhtdocs%2Fclickandbuilds%2FNotciasWebOnline%2Fwp-includes HTTP/1.1" 429 227 noticias-web.online "-" "Mozilla/5.0 AppleWebKit/537.36 (KHTML, like Gecko; compatible; ClaudeBot/1.0; +claudebot@anthropic.com)" "-"
20.15.133.0 - - [25/Dec/2025:00:15:27 -0500] "GET /goods2330409376?kg=2327497164 HTTP/1.1" 200 203957 www.noticias-web.online "-" "Mozilla/5.0 AppleWebKit/537.36 (KHTML, like Gecko; compatible; bingbot/2.0; +http://www.bing.com/bingbot.htm) Chrome/116.0.1938.76 Safari/537.36" "-"
2a03:2880:f800:: - - [25/Dec/2025:00:15:27 -0500] "GET /assuntos-gerais/1-introduction-to-fractal-dimensions-bridging-mathematics-and-real-world-complexity/?path=//proc/self/root/homepages/2/d856627125/.config HTTP/1.1" 200 12940 noticias-web.online "-" "meta-externalagent/1.1 (+https://developers.facebook.com/docs/sharing/webmasters/crawler)" "-"
2a03:2880:f800:: - - [25/Dec/2025:00:15:28 -0500] "GET /assuntos-gerais/faca-o-get-access-e-jogue-online-2/feed/?fileloc=//kunden/bin/pnmtorast&path=//kunden/bin HTTP/1.1" 200 12240 noticias-web.online "-" "meta-externalagent/1.1 (+https://developers.facebook.com/docs/sharing/webmasters/crawler)" "-"
74.7.243.0 - - [25/Dec/2025:00:15:29 -0500] "GET /cdn-cgi/scripts/5c5dd728/cloudflare-static/email-decode.min.js?path=//kunden/kunden/kunden/proc/thread-self/root/kunden/kunden/kunden/kunden/kunden/kunden/kunden/usr/lib/locale/ar_TN/LC_MESSAGES HTTP/1.1" 200 16176 noticias-web.online "-" "Mozilla/5.0 AppleWebKit/537.36 (KHTML, like Gecko; compatible; GPTBot/1.3; +https://openai.com/gptbot)" "-"
50.17.193.0 - - [25/Dec/2025:00:15:29 -0500] "GET /n?path=//proc/self/root/kunden/homepages/6 HTTP/1.1" 200 70176 noticias-web.online "-" "Mozilla/5.0 AppleWebKit/537.36 (KHTML, like Gecko; compatible; Amazonbot/0.1; +https://developer.amazon.com/support/amazonbot) Chrome/119.0.6045.214 Safari/537.36" "-"
74.7.242.0 - - [25/Dec/2025:00:15:30 -0500] "GET /getattachment/k-mobilnym-telefonom/Drzaky/YSM-501MG/30015243_10.jpg.aspx?path=//proc/thread-self/root/homepages/5/d853922372/htdocs HTTP/1.1" 200 12987 www.noticias-web.online "-" "Mozilla/5.0 AppleWebKit/537.36 (KHTML, like Gecko; compatible; GPTBot/1.3; +https://openai.com/gptbot)" "-"
2a03:2880:f800:: - - [25/Dec/2025:00:15:30 -0500] "GET /goods1134685824?fileloc=/homepages/30/d856340406/DASTOOLSTART&path=/homepages/30/d856340406 HTTP/1.1" 200 12316 noticias-web.online "-" "meta-externalagent/1.1 (+https://developers.facebook.com/docs/sharing/webmasters/crawler)" "-"
217.113.194.0 - - [25/Dec/2025:00:15:30 -0500] "GET /categoria/blog/feed/?path=//kunden/etc/systemd HTTP/1.1" 200 15362 noticias-web.online "-" "Mozilla/5.0 (compatible; Barkrowler/0.9; +https://babbar.tech/crawler)" "-"
2a03:2880:f800:: - - [25/Dec/2025:00:15:30 -0500] "GET /assuntos-gerais/caesars-amusement-rebrands-ballys-as-horseshoe-las-vegas/feed/?path=/homepages/21/d329997878/.config HTTP/1.1" 200 12769 noticias-web.online "-" "meta-externalagent/1.1 (+https://developers.facebook.com/docs/sharing/webmasters/crawler)" "-"
2a03:2880:f800:: - - [25/Dec/2025:00:15:31 -0500] "GET /goods777695200?fileloc=/homepages/4/d860090557/.htaccess&path=/homepages/4/d860090557 HTTP/1.1" 200 12309 noticias-web.online "-" "meta-externalagent/1.1 (+https://developers.facebook.com/docs/sharing/webmasters/crawler)" "-"
216.73.216.0 - - [25/Dec/2025:00:15:32 -0500] "GET /goods1188970400?path=%2Fhomepages%2F4%2Fd860090557%2Fhtdocs%2Fclickandbuilds%2FSLCCommercial HTTP/1.1" 429 227 noticias-web.online "-" "Mozilla/5.0 AppleWebKit/537.36 (KHTML, like Gecko; compatible; ClaudeBot/1.0; +claudebot@anthropic.com)" "-"
2a03:2880:f800:: - - [25/Dec/2025:00:15:32 -0500] "GET /wp-json/wp/v2/posts/3293?path=/homepages/16/d334318865/.oneclick HTTP/1.1" 200 12773 noticias-web.online "-" "meta-externalagent/1.1 (+https://developers.facebook.com/docs/sharing/webmasters/crawler)" "-"
74.7.243.0 - - [25/Dec/2025:00:15:32 -0500] "GET /cdn-cgi/scripts/5c5dd728/cloudflare-static/email-decode.min.js?path=//kunden/kunden/kunden/proc/thread-self/root/kunden/kunden/kunden/kunden/kunden/kunden/kunden/usr/lib/locale/ayc_PE HTTP/1.1" 200 35912 noticias-web.online "-" "Mozilla/5.0 AppleWebKit/537.36 (KHTML, like Gecko; compatible; GPTBot/1.3; +https://openai.com/gptbot)" "-"
74.7.242.0 - - [25/Dec/2025:00:15:33 -0500] "GET /getattachment/k-mobilnym-telefonom/Drzaky/YSM-501MG/30015243_10.jpg.aspx?path=//kunden/proc/thread-self/root/homepages/14/d331278198/.oneclick HTTP/1.1" 200 13082 www.noticias-web.online "-" "Mozilla/5.0 AppleWebKit/537.36 (KHTML, like Gecko; compatible; GPTBot/1.3; +https://openai.com/gptbot)" "-"
2a03:2880:f800:: - - [25/Dec/2025:00:15:34 -0500] "GET /wp-json/wp/v2/posts/3291?fileloc=//kunden/lib/python3.9/__future__.py&path=//kunden/lib/python3.9 HTTP/1.1" 200 17947 noticias-web.online "-" "meta-externalagent/1.1 (+https://developers.facebook.com/docs/sharing/webmasters/crawler)" "-"
3.223.181.0 - - [25/Dec/2025:00:15:34 -0500] "GET /n?path=//proc/thread-self/root/proc/self/fd HTTP/1.1" 200 12879 noticias-web.online "-" "Mozilla/5.0 AppleWebKit/537.36 (KHTML, like Gecko; compatible; Amazonbot/0.1; +https://developer.amazon.com/support/amazonbot) Chrome/119.0.6045.214 Safari/537.36" "-"
2a03:2880:f800:: - - [25/Dec/2025:00:15:35 -0500] "GET /goods778047776?path=/homepages/backup HTTP/1.1" 200 12660 noticias-web.online "-" "meta-externalagent/1.1 (+https://developers.facebook.com/docs/sharing/webmasters/crawler)" "-"
74.7.243.0 - - [25/Dec/2025:00:15:35 -0500] "GET /cdn-cgi/scripts/5c5dd728/cloudflare-static/email-decode.min.js?path=//kunden/kunden/kunden/proc/thread-self/root/kunden/kunden/kunden/kunden/kunden/kunden/kunden/usr/lib/locale/ti_ER HTTP/1.1" 200 35865 noticias-web.online "-" "Mozilla/5.0 AppleWebKit/537.36 (KHTML, like Gecko; compatible; GPTBot/1.3; +https://openai.com/gptbot)" "-"
74.7.242.0 - - [25/Dec/2025:00:15:36 -0500] "GET /getattachment/k-mobilnym-telefonom/Drzaky/YSM-501MG/30015243_10.jpg.aspx?path=//kunden/proc/thread-self/root/homepages/14/d331278198/.config HTTP/1.1" 200 13078 www.noticias-web.online "-" "Mozilla/5.0 AppleWebKit/537.36 (KHTML, like Gecko; compatible; GPTBot/1.3; +https://openai.com/gptbot)" "-"
216.73.216.0 - - [25/Dec/2025:00:15:37 -0500] "GET /goods1189016288?path=%2Fhomepages%2F4%2Fd856742700 HTTP/1.1" 429 227 noticias-web.online "-" "Mozilla/5.0 AppleWebKit/537.36 (KHTML, like Gecko; compatible; ClaudeBot/1.0; +claudebot@anthropic.com)" "-"
98.83.226.0 - - [25/Dec/2025:00:15:37 -0500] "GET /n?path=//kunden/proc/self/root/lib/git-core HTTP/1.1" 200 264608 noticias-web.online "-" "Mozilla/5.0 AppleWebKit/537.36 (KHTML, like Gecko; compatible; Amazonbot/0.1; +https://developer.amazon.com/support/amazonbot) Chrome/119.0.6045.214 Safari/537.36" "-"
74.7.243.0 - - [25/Dec/2025:00:15:38 -0500] "GET /cdn-cgi/scripts/5c5dd728/cloudflare-static/email-decode.min.js?path=//kunden/kunden/kunden/proc/thread-self/root/kunden/kunden/kunden/kunden/kunden/kunden/kunden/usr/lib/locale/de_AT@euro HTTP/1.1" 200 36112 noticias-web.online "-" "Mozilla/5.0 AppleWebKit/537.36 (KHTML, like Gecko; compatible; GPTBot/1.3; +https://openai.com/gptbot)" "-"
74.7.242.0 - - [25/Dec/2025:00:15:39 -0500] "GET /getattachment/k-mobilnym-telefonom/Drzaky/YSM-501MG/30015243_10.jpg.aspx?path=//kunden/proc/thread-self/root/homepages/14/d331278198/htdocs HTTP/1.1" 200 13076 www.noticias-web.online "-" "Mozilla/5.0 AppleWebKit/537.36 (KHTML, like Gecko; compatible; GPTBot/1.3; +https://openai.com/gptbot)" "-"
34.195.60.0 - - [25/Dec/2025:00:15:41 -0500] "GET /n?path=//kunden/kunden/usr/share/man/zh_TW HTTP/1.1" 200 16987 noticias-web.online "-" "Mozilla/5.0 AppleWebKit/537.36 (KHTML, like Gecko; compatible; Amazonbot/0.1; +https://developer.amazon.com/support/amazonbot) Chrome/119.0.6045.214 Safari/537.36" "-"
216.73.216.0 - - [25/Dec/2025:00:15:42 -0500] "GET /goods1189347712?path=%2Fhomepages%2F4%2Fd334508686 HTTP/1.1" 429 227 noticias-web.online "-" "Mozilla/5.0 AppleWebKit/537.36 (KHTML, like Gecko; compatible; ClaudeBot/1.0; +claudebot@anthropic.com)" "-"
74.7.243.0 - - [25/Dec/2025:00:15:42 -0500] "GET /cdn-cgi/scripts/5c5dd728/cloudflare-static/email-decode.min.js?path=//kunden/kunden/kunden/proc/thread-self/root/kunden/kunden/kunden/kunden/kunden/kunden/kunden/usr/lib/locale/en_ZM HTTP/1.1" 200 35864 noticias-web.online "-" "Mozilla/5.0 AppleWebKit/537.36 (KHTML, like Gecko; compatible; GPTBot/1.3; +https://openai.com/gptbot)" "-"
74.7.242.0 - - [25/Dec/2025:00:15:42 -0500] "GET /getattachment/k-mobilnym-telefonom/Drzaky/YSM-501MG/30015243_19.jpg.aspx?path=//kunden/proc/self/root/homepages/9/d857579305/.config HTTP/1.1" 200 13025 www.noticias-web.online "-" "Mozilla/5.0 AppleWebKit/537.36 (KHTML, like Gecko; compatible; GPTBot/1.3; +https://openai.com/gptbot)" "-"
74.7.243.0 - - [25/Dec/2025:00:15:45 -0500] "GET /cdn-cgi/scripts/5c5dd728/cloudflare-static/email-decode.min.js?path=//kunden/kunden/kunden/proc/thread-self/root/kunden/kunden/kunden/kunden/kunden/kunden/kunden/usr/lib/locale/ar_JO HTTP/1.1" 200 35864 noticias-web.online "-" "Mozilla/5.0 AppleWebKit/537.36 (KHTML, like Gecko; compatible; GPTBot/1.3; +https://openai.com/gptbot)" "-"
18.215.49.0 - - [25/Dec/2025:00:15:45 -0500] "GET /n?path=//proc/self/root/var/lib/dictionaries-common HTTP/1.1" 200 14273 noticias-web.online "-" "Mozilla/5.0 AppleWebKit/537.36 (KHTML, like Gecko; compatible; Amazonbot/0.1; +https://developer.amazon.com/support/amazonbot) Chrome/119.0.6045.214 Safari/537.36" "-"
74.7.242.0 - - [25/Dec/2025:00:15:45 -0500] "GET /getattachment/k-mobilnym-telefonom/Drzaky/YSM-501MG/30015243_10.jpg.aspx?path=//proc/thread-self/root/homepages/2/d859937946/htdocs HTTP/1.1" 200 12987 www.noticias-web.online "-" "Mozilla/5.0 AppleWebKit/537.36 (KHTML, like Gecko; compatible; GPTBot/1.3; +https://openai.com/gptbot)" "-"
217.113.194.0 - - [25/Dec/2025:00:15:46 -0500] "GET /categoria/blog/feed/?path=//kunden/etc/php8.0 HTTP/1.1" 200 14128 noticias-web.online "-" "Mozilla/5.0 (compatible; Barkrowler/0.9; +https://babbar.tech/crawler)" "-"
216.73.216.0 - - [25/Dec/2025:00:15:47 -0500] "GET /goods1189306464?path=%2Fhomepages%2F4%2Fd334505067 HTTP/1.1" 429 227 noticias-web.online "-" "Mozilla/5.0 AppleWebKit/537.36 (KHTML, like Gecko; compatible; ClaudeBot/1.0; +claudebot@anthropic.com)" "-"
2a03:2880:f800:: - - [25/Dec/2025:00:15:47 -0500] "GET /goods1135082976?fileloc=/homepages/4/d860090557/htdocs/clickandbuilds/NotciasWebOnline/wp-includes/pluggable-deprecated.php&path=/homepages/4/d860090557/htdocs/clickandbuilds/NotciasWebOnline/wp-includes HTTP/1.1" 200 19074 noticias-web.online "-" "meta-externalagent/1.1 (+https://developers.facebook.com/docs/sharing/webmasters/crawler)" "-"
74.7.243.0 - - [25/Dec/2025:00:15:48 -0500] "GET /cdn-cgi/scripts/5c5dd728/cloudflare-static/email-decode.min.js?path=//kunden/kunden/kunden/proc/thread-self/root/kunden/kunden/kunden/kunden/kunden/kunden/kunden/usr/lib/locale/ca_AD HTTP/1.1" 200 35866 noticias-web.online "-" "Mozilla/5.0 AppleWebKit/537.36 (KHTML, like Gecko; compatible; GPTBot/1.3; +https://openai.com/gptbot)" "-"
74.7.242.0 - - [25/Dec/2025:00:15:48 -0500] "GET /getattachment/k-mobilnym-telefonom/Drzaky/YSM-501MG/30015243_10.jpg.aspx?path=//kunden/proc/self/root/homepages/39/d855858900/.oneclick HTTP/1.1" 200 13033 www.noticias-web.online "-" "Mozilla/5.0 AppleWebKit/537.36 (KHTML, like Gecko; compatible; GPTBot/1.3; +https://openai.com/gptbot)" "-"
2a03:2880:f800:: - - [25/Dec/2025:00:15:48 -0500] "GET /wp-json/wp/v2/posts/2734?fileloc=/homepages/4/d860090557/htdocs/clickandbuilds/NotciasWebOnline/wp-admin/css/common-rtl.css&path=/homepages/4/d860090557/htdocs/clickandbuilds/NotciasWebOnline/wp-admin/css HTTP/1.1" 200 91393 noticias-web.online "-" "meta-externalagent/1.1 (+https://developers.facebook.com/docs/sharing/webmasters/crawler)" "-"
100.29.155.0 - - [25/Dec/2025:00:15:50 -0500] "GET /n?path=//proc/self/root/lib/locale/de_IT.utf8 HTTP/1.1" 200 31024 noticias-web.online "-" "Mozilla/5.0 AppleWebKit/537.36 (KHTML, like Gecko; compatible; Amazonbot/0.1; +https://developer.amazon.com/support/amazonbot) Chrome/119.0.6045.214 Safari/537.36" "-"
2a03:2880:f800:: - - [25/Dec/2025:00:15:50 -0500] "GET /goods1519788064?fileloc=//bin/qrttoppm&path=//bin HTTP/1.1" 200 12189 noticias-web.online "-" "meta-externalagent/1.1 (+https://developers.facebook.com/docs/sharing/webmasters/crawler)" "-"
2a03:2880:f800:: - - [25/Dec/2025:00:15:50 -0500] "GET /wp-json/wp/v2/posts/2685?fileloc=/homepages/7/d331074681/.htaccessold&path=/homepages/7/d331074681 HTTP/1.1" 200 12312 noticias-web.online "-" "meta-externalagent/1.1 (+https://developers.facebook.com/docs/sharing/webmasters/crawler)" "-"
74.7.243.0 - - [25/Dec/2025:00:15:51 -0500] "GET /cdn-cgi/scripts/5c5dd728/cloudflare-static/email-decode.min.js?path=//kunden/kunden/kunden/proc/thread-self/root/kunden/kunden/kunden/kunden/kunden/kunden/kunden/usr/lib/locale/pt_PT@euro/LC_MESSAGES HTTP/1.1" 200 16211 noticias-web.online "-" "Mozilla/5.0 AppleWebKit/537.36 (KHTML, like Gecko; compatible; GPTBot/1.3; +https://openai.com/gptbot)" "-"
74.7.242.0 - - [25/Dec/2025:00:15:51 -0500] "GET /getattachment/k-mobilnym-telefonom/Drzaky/YSM-501MG/30015243_19.jpg.aspx?path=//proc/self/root/homepages/9/d858783445/.oneclick HTTP/1.1" 200 12944 www.noticias-web.online "-" "Mozilla/5.0 AppleWebKit/537.36 (KHTML, like Gecko; compatible; GPTBot/1.3; +https://openai.com/gptbot)" "-"
216.73.216.0 - - [25/Dec/2025:00:15:52 -0500] "GET /goods1188982176?path=%2Fhomepages%2F4%2Fd860090557%2Fhtdocs%2Fclickandbuilds%2FNotciasWebOnline%2Fwp-includes%2Fassets%2Fassets HTTP/1.1" 429 227 noticias-web.online "-" "Mozilla/5.0 AppleWebKit/537.36 (KHTML, like Gecko; compatible; ClaudeBot/1.0; +claudebot@anthropic.com)" "-"
2a03:2880:f800:: - - [25/Dec/2025:00:15:53 -0500] "GET /goods1134674624?path=/homepages/0/d856523535 HTTP/1.1" 200 24001 noticias-web.online "-" "meta-externalagent/1.1 (+https://developers.facebook.com/docs/sharing/webmasters/crawler)" "-"
2a03:2880:f800:: - - [25/Dec/2025:00:15:53 -0500] "GET /goods343732576?path=/homepages/1/d854762587 HTTP/1.1" 200 24001 noticias-web.online "-" "meta-externalagent/1.1 (+https://developers.facebook.com/docs/sharing/webmasters/crawler)" "-"
44.196.118.0 - - [25/Dec/2025:00:15:54 -0500] "GET /n?path=//kunden/usr/lib/locale/be_BY@latin HTTP/1.1" 200 30836 noticias-web.online "-" "Mozilla/5.0 AppleWebKit/537.36 (KHTML, like Gecko; compatible; Amazonbot/0.1; +https://developer.amazon.com/support/amazonbot) Chrome/119.0.6045.214 Safari/537.36" "-"
74.7.243.0 - - [25/Dec/2025:00:15:54 -0500] "GET /cdn-cgi/scripts/5c5dd728/cloudflare-static/email-decode.min.js?path=//kunden/kunden/kunden/proc/thread-self/root/kunden/kunden/kunden/kunden/kunden/kunden/kunden/usr/lib/locale/en_DK/LC_MESSAGES HTTP/1.1" 200 16176 noticias-web.online "-" "Mozilla/5.0 AppleWebKit/537.36 (KHTML, like Gecko; compatible; GPTBot/1.3; +https://openai.com/gptbot)" "-"
74.7.242.0 - - [25/Dec/2025:00:15:54 -0500] "GET /getattachment/k-mobilnym-telefonom/Drzaky/YSM-501MG/30015243_10.jpg.aspx?path=//kunden/proc/self/root/homepages/16/d857982196/.config HTTP/1.1" 200 13029 www.noticias-web.online "-" "Mozilla/5.0 AppleWebKit/537.36 (KHTML, like Gecko; compatible; GPTBot/1.3; +https://openai.com/gptbot)" "-"
216.73.216.0 - - [25/Dec/2025:00:15:57 -0500] "GET /goods1188790400?fileloc=%2Fhomepages%2F4%2Fd860090557%2Fhtdocs%2Fclickandbuilds%2FNotciasWebOnline%2Fwp-includes%2Fblock-patterns.php&path=%2Fhomepages%2F4%2Fd860090557%2Fhtdocs%2Fclickandbuilds%2FNotciasWebOnline%2Fwp-includes HTTP/1.1" 429 227 noticias-web.online "-" "Mozilla/5.0 AppleWebKit/537.36 (KHTML, like Gecko; compatible; ClaudeBot/1.0; +claudebot@anthropic.com)" "-"
74.7.242.0 - - [25/Dec/2025:00:15:57 -0500] "GET /getattachment/k-mobilnym-telefonom/Drzaky/YSM-501MG/30015243_19.jpg.aspx?path=//proc/self/root/homepages/18/d856730259/htdocs HTTP/1.1" 200 12942 www.noticias-web.online "-" "Mozilla/5.0 AppleWebKit/537.36 (KHTML, like Gecko; compatible; GPTBot/1.3; +https://openai.com/gptbot)" "-"
74.7.243.0 - - [25/Dec/2025:00:15:57 -0500] "GET /cdn-cgi/scripts/5c5dd728/cloudflare-static/email-decode.min.js?path=//kunden/kunden/kunden/proc/thread-self/root/kunden/kunden/kunden/kunden/kunden/kunden/kunden/usr/lib/locale/yi_US HTTP/1.1" 200 35866 noticias-web.online "-" "Mozilla/5.0 AppleWebKit/537.36 (KHTML, like Gecko; compatible; GPTBot/1.3; +https://openai.com/gptbot)" "-"
50.19.79.0 - - [25/Dec/2025:00:15:57 -0500] "GET /n?path=//kunden/kunden/usr/share/doc/libconvert-binhex-perl HTTP/1.1" 200 19112 noticias-web.online "-" "Mozilla/5.0 AppleWebKit/537.36 (KHTML, like Gecko; compatible; Amazonbot/0.1; +https://developer.amazon.com/support/amazonbot) Chrome/119.0.6045.214 Safari/537.36" "-"
2a03:2880:f800:: - - [25/Dec/2025:00:15:59 -0500] "GET /wp-json/wp/v2/posts/3586?fileloc=//usr/bin/xwdtopnm&path=//usr/bin HTTP/1.1" 200 12227 noticias-web.online "-" "meta-externalagent/1.1 (+https://developers.facebook.com/docs/sharing/webmasters/crawler)" "-"
74.7.242.0 - - [25/Dec/2025:00:16:01 -0500] "GET /getattachment/k-mobilnym-telefonom/Drzaky/YSM-501MG/30015243_19.jpg.aspx?path=//proc/self/root/homepages/9/d858629473/.config HTTP/1.1" 200 12940 www.noticias-web.online "-" "Mozilla/5.0 AppleWebKit/537.36 (KHTML, like Gecko; compatible; GPTBot/1.3; +https://openai.com/gptbot)" "-"
74.7.243.0 - - [25/Dec/2025:00:16:01 -0500] "GET /cdn-cgi/scripts/5c5dd728/cloudflare-static/email-decode.min.js?path=//kunden/kunden/kunden/proc/thread-self/root/kunden/kunden/kunden/kunden/kunden/kunden/kunden/usr/lib/locale/bho_IN HTTP/1.1" 200 35914 noticias-web.online "-" "Mozilla/5.0 AppleWebKit/537.36 (KHTML, like Gecko; compatible; GPTBot/1.3; +https://openai.com/gptbot)" "-"
2a03:2880:f800:: - - [25/Dec/2025:00:16:01 -0500] "GET /goods875823936?path=/homepages/17 HTTP/1.1" 200 68596 noticias-web.online "-" "meta-externalagent/1.1 (+https://developers.facebook.com/docs/sharing/webmasters/crawler)" "-"
216.73.216.0 - - [25/Dec/2025:00:16:02 -0500] "GET /goods1188798912?fileloc=%2Fhomepages%2F4%2Fd860090557%2Fhtdocs%2Fclickandbuilds%2FNotciasWebOnline%2Fwp-includes%2Fclass-wp-theme-json.php&path=%2Fhomepages%2F4%2Fd860090557%2Fhtdocs%2Fclickandbuilds%2FNotciasWebOnline%2Fwp-includes HTTP/1.1" 429 227 noticias-web.online "-" "Mozilla/5.0 AppleWebKit/537.36 (KHTML, like Gecko; compatible; ClaudeBot/1.0; +claudebot@anthropic.com)" "-"
217.113.194.0 - - [25/Dec/2025:00:16:02 -0500] "GET /categoria/blog/feed/?path=//kunden/etc/mercurial HTTP/1.1" 200 15477 noticias-web.online "-" "Mozilla/5.0 (compatible; Barkrowler/0.9; +https://babbar.tech/crawler)" "-"
66.249.68.0 - - [25/Dec/2025:00:16:02 -0500] "GET /goods225071264?kg=0224790724 HTTP/1.1" 200 207135 noticias-web.online "-" "Mozilla/5.0 (Linux; Android 6.0.1; Nexus 5X Build/MMB29P) AppleWebKit/537.36 (KHTML, like Gecko) Chrome/141.0.7390.122 Mobile Safari/537.36 (compatible; GoogleOther)" "-"
98.84.200.0 - - [25/Dec/2025:00:16:02 -0500] "GET /n?path=//proc/self/root/lib/locale/en_GB.utf8 HTTP/1.1" 200 31024 noticias-web.online "-" "Mozilla/5.0 AppleWebKit/537.36 (KHTML, like Gecko; compatible; Amazonbot/0.1; +https://developer.amazon.com/support/amazonbot) Chrome/119.0.6045.214 Safari/537.36" "-"
2a03:2880:f800:: - - [25/Dec/2025:00:16:02 -0500] "GET /goods854172224?fileloc=/homepages/4/d860090557/htdocs/clickandbuilds/NotciasWebOnline/wp-admin/js/application-passwords.min.js&path=/homepages/4/d860090557/htdocs/clickandbuilds/NotciasWebOnline/wp-admin/js HTTP/1.1" 200 16723 noticias-web.online "-" "meta-externalagent/1.1 (+https://developers.facebook.com/docs/sharing/webmasters/crawler)" "-"
74.7.242.0 - - [25/Dec/2025:00:16:04 -0500] "GET /getattachment/k-mobilnym-telefonom/Drzaky/YSM-501MG/30015243_19.jpg.aspx?path=//proc/self/root/homepages/39/d855897581/htdocs HTTP/1.1" 200 12942 www.noticias-web.online "-" "Mozilla/5.0 AppleWebKit/537.36 (KHTML, like Gecko; compatible; GPTBot/1.3; +https://openai.com/gptbot)" "-"
74.7.243.0 - - [25/Dec/2025:00:16:04 -0500] "GET /cdn-cgi/scripts/5c5dd728/cloudflare-static/email-decode.min.js?path=//kunden/kunden/kunden/proc/thread-self/root/kunden/kunden/kunden/kunden/kunden/kunden/kunden/usr/lib/locale/bn_BD HTTP/1.1" 200 35865 noticias-web.online "-" "Mozilla/5.0 AppleWebKit/537.36 (KHTML, like Gecko; compatible; GPTBot/1.3; +https://openai.com/gptbot)" "-"
2a03:2880:f800:: - - [25/Dec/2025:00:16:04 -0500] "GET /goods2311578400?path=/homepages/4/d860090557/htdocs/clickandbuilds/NotciasWebOnline/wp-includes HTTP/1.1" 200 489324 noticias-web.online "-" "meta-externalagent/1.1 (+https://developers.facebook.com/docs/sharing/webmasters/crawler)" "-"
