216.73.216.0 - - [02/Nov/2025:00:28:11 -0400] "GET /goods1904894688?path=%2Fhomepages%2F4%2Fd860090557%2Fhtdocs%2Fclickandbuilds%2FNotciasWebOnline%2F.tmb HTTP/1.1" 200 13037 noticias-web.online "-" "Mozilla/5.0 AppleWebKit/537.36 (KHTML, like Gecko; compatible; ClaudeBot/1.0; +claudebot@anthropic.com)" "-"
74.7.227.0 - - [02/Nov/2025:00:28:12 -0400] "GET /?path=//kunden/kunden/kunden/kunden/kunden/kunden/kunden/proc/thread-self/root/kunden/kunden/kunden/proc/thread-self/cwd/images/images/images/images/images/images HTTP/1.1" 200 32927 noticias-web.online "-" "Mozilla/5.0 AppleWebKit/537.36 (KHTML, like Gecko; compatible; GPTBot/1.2; +https://openai.com/gptbot)" "-"
216.73.216.0 - - [02/Nov/2025:00:28:14 -0400] "GET /goods2174724576?path=%2Fhomepages%2F4%2Fd860090557%2Fhtdocs%2Fclickandbuilds HTTP/1.1" 200 30496 noticias-web.online "-" "Mozilla/5.0 AppleWebKit/537.36 (KHTML, like Gecko; compatible; ClaudeBot/1.0; +claudebot@anthropic.com)" "-"
54.83.56.0 - - [02/Nov/2025:00:28:15 -0400] "GET /assuntos-gerais/how-to-try-out-slot-equipment-a-detailed-newcomers-guide-2/?fileloc=//kunden/bin/debconf&path=//kunden/bin HTTP/1.1" 200 15283 noticias-web.online "-" "Mozilla/5.0 AppleWebKit/537.36 (KHTML, like Gecko; compatible; Amazonbot/0.1; +https://developer.amazon.com/support/amazonbot) Chrome/119.0.6045.214 Safari/537.36" "-"
216.73.216.0 - - [02/Nov/2025:00:28:17 -0400] "GET /goods2283110400?fileloc=%2Fhomepages%2F4%2Fd860090557%2Fhtdocs%2Fclickandbuilds%2FNotciasWebOnline%2F.htaccess&path=%2Fhomepages%2F4%2Fd860090557%2Fhtdocs%2Fclickandbuilds%2FNotciasWebOnline HTTP/1.1" 200 14668 noticias-web.online "-" "Mozilla/5.0 AppleWebKit/537.36 (KHTML, like Gecko; compatible; ClaudeBot/1.0; +claudebot@anthropic.com)" "-"
3.229.164.0 - - [02/Nov/2025:00:28:19 -0400] "GET /assuntos-gerais/how-to-try-out-slot-equipment-a-detailed-newcomers-guide-2/?fileloc=//kunden/bin/autoconf&path=//kunden/bin HTTP/1.1" 200 28643 noticias-web.online "-" "Mozilla/5.0 AppleWebKit/537.36 (KHTML, like Gecko; compatible; Amazonbot/0.1; +https://developer.amazon.com/support/amazonbot) Chrome/119.0.6045.214 Safari/537.36" "-"
216.73.216.0 - - [02/Nov/2025:00:28:20 -0400] "GET /assuntos-gerais/ultimate-bets-casino-experience?path=%2F%2Fhomepages%2F12%2Fd853940192%2Fhtdocs HTTP/1.1" 200 12771 noticias-web.online "-" "Mozilla/5.0 AppleWebKit/537.36 (KHTML, like Gecko; compatible; ClaudeBot/1.0; +claudebot@anthropic.com)" "-"
74.7.227.0 - - [02/Nov/2025:00:28:20 -0400] "GET /?path=//kunden/kunden/kunden/kunden/kunden/kunden/kunden/proc/thread-self/root/proc/thread-self/root/kunden/usr/include/linux/isdn HTTP/1.1" 200 16156 noticias-web.online "-" "Mozilla/5.0 AppleWebKit/537.36 (KHTML, like Gecko; compatible; GPTBot/1.2; +https://openai.com/gptbot)" "-"
216.73.216.0 - - [02/Nov/2025:00:28:23 -0400] "GET /goods683356576?path=%2Fhomepages%2F4%2Fd860090557%2Fhtdocs%2Fclickandbuilds%2FNotciasWebOnline%2Fimages HTTP/1.1" 200 19548 noticias-web.online "-" "Mozilla/5.0 AppleWebKit/537.36 (KHTML, like Gecko; compatible; ClaudeBot/1.0; +claudebot@anthropic.com)" "-"
54.225.81.0 - - [02/Nov/2025:00:28:25 -0400] "GET /assuntos-gerais/mostbet-login-facil-e-rapido-mostbet-registration-hoje-em-dia-2/?fileloc=//kunden/bin/rasttopnm&path=//kunden/bin HTTP/1.1" 200 12240 noticias-web.online "-" "Mozilla/5.0 AppleWebKit/537.36 (KHTML, like Gecko; compatible; Amazonbot/0.1; +https://developer.amazon.com/support/amazonbot) Chrome/119.0.6045.214 Safari/537.36" "-"
216.73.216.0 - - [02/Nov/2025:00:28:26 -0400] "GET /goods2283228576?path=%2Fhomepages%2F4%2Fd860090557%2Fhtdocs%2Fclickandbuilds%2FNotciasWebOnline%2F.metadata HTTP/1.1" 200 19745 noticias-web.online "-" "Mozilla/5.0 AppleWebKit/537.36 (KHTML, like Gecko; compatible; ClaudeBot/1.0; +claudebot@anthropic.com)" "-"
18.207.79.0 - - [02/Nov/2025:00:28:27 -0400] "GET /2025/10/26/?path=//kunden/lib/dpkg HTTP/1.1" 200 14022 noticias-web.online "-" "Mozilla/5.0 AppleWebKit/537.36 (KHTML, like Gecko; compatible; Amazonbot/0.1; +https://developer.amazon.com/support/amazonbot) Chrome/119.0.6045.214 Safari/537.36" "-"
74.7.227.0 - - [02/Nov/2025:00:28:27 -0400] "GET /?path=//kunden/kunden/kunden/kunden/kunden/kunden/kunden/proc/thread-self/root/proc/thread-self/root/kunden/usr/include/linux/netfilter HTTP/1.1" 200 184571 noticias-web.online "-" "Mozilla/5.0 AppleWebKit/537.36 (KHTML, like Gecko; compatible; GPTBot/1.2; +https://openai.com/gptbot)" "-"
216.73.216.0 - - [02/Nov/2025:00:28:29 -0400] "GET /goods1503344288?path=%2Fhomepages%2F4%2Fd860090557%2Fhtdocs%2Fclickandbuilds%2FNotciasWebOnline%2F.tmb HTTP/1.1" 200 13037 noticias-web.online "-" "Mozilla/5.0 AppleWebKit/537.36 (KHTML, like Gecko; compatible; ClaudeBot/1.0; +claudebot@anthropic.com)" "-"
74.7.227.0 - - [02/Nov/2025:00:28:32 -0400] "GET /?path=//kunden/kunden/kunden/kunden/kunden/kunden/kunden/proc/thread-self/root/proc/thread-self/root/kunden/usr/include/linux/raid HTTP/1.1" 200 17995 noticias-web.online "-" "Mozilla/5.0 AppleWebKit/537.36 (KHTML, like Gecko; compatible; GPTBot/1.2; +https://openai.com/gptbot)" "-"
216.73.216.0 - - [02/Nov/2025:00:28:32 -0400] "GET /goods682960800?path=%2Fhomepages%2F4%2Fd860090557%2Fhtdocs%2Fclickandbuilds%2FNotciasWebOnline%2Fimages HTTP/1.1" 200 19548 noticias-web.online "-" "Mozilla/5.0 AppleWebKit/537.36 (KHTML, like Gecko; compatible; ClaudeBot/1.0; +claudebot@anthropic.com)" "-"
52.203.65.0 - - [02/Nov/2025:00:28:32 -0400] "GET /assuntos-gerais/how-to-try-out-slot-equipment-a-detailed-newcomers-guide-2/?fileloc=//usr/bin/pgmtoppm&path=//usr/bin HTTP/1.1" 200 12227 noticias-web.online "-" "Mozilla/5.0 AppleWebKit/537.36 (KHTML, like Gecko; compatible; Amazonbot/0.1; +https://developer.amazon.com/support/amazonbot) Chrome/119.0.6045.214 Safari/537.36" "-"
54.147.182.0 - - [02/Nov/2025:00:28:35 -0400] "GET /assuntos-gerais/slot-strategy-guide-rng-timing-bonuses-payouts-faq-2/?fileloc=//bin/rsync-ssl&path=//bin HTTP/1.1" 200 17874 noticias-web.online "-" "Mozilla/5.0 AppleWebKit/537.36 (KHTML, like Gecko; compatible; Amazonbot/0.1; +https://developer.amazon.com/support/amazonbot) Chrome/119.0.6045.214 Safari/537.36" "-"
216.73.216.0 - - [02/Nov/2025:00:28:35 -0400] "GET /goods1904680000?path=%2Fhomepages%2F4%2Fd860090557%2Fhtdocs%2Fclickandbuilds%2FNotciasWebOnline%2F.tmb HTTP/1.1" 200 13037 noticias-web.online "-" "Mozilla/5.0 AppleWebKit/537.36 (KHTML, like Gecko; compatible; ClaudeBot/1.0; +claudebot@anthropic.com)" "-"
74.7.227.0 - - [02/Nov/2025:00:28:37 -0400] "GET /?fileloc=//kunden/kunden/kunden/kunden/kunden/kunden/kunden/proc/thread-self/root/proc/thread-self/root/kunden/usr/include/linux/usb/functionfs.h&path=//kunden/kunden/kunden/kunden/kunden/kunden/kunden/proc/thread-self/root/proc/thread-self/root/kunden/usr/include/linux/usb HTTP/1.1" 200 24411 noticias-web.online "-" "Mozilla/5.0 AppleWebKit/537.36 (KHTML, like Gecko; compatible; GPTBot/1.2; +https://openai.com/gptbot)" "-"
44.207.252.0 - - [02/Nov/2025:00:28:38 -0400] "GET /assuntos-gerais/how-to-try-out-slot-equipment-a-detailed-newcomers-guide-2/?path=//lib/locale/fr_LU HTTP/1.1" 200 29920 noticias-web.online "-" "Mozilla/5.0 AppleWebKit/537.36 (KHTML, like Gecko; compatible; Amazonbot/0.1; +https://developer.amazon.com/support/amazonbot) Chrome/119.0.6045.214 Safari/537.36" "-"
216.73.216.0 - - [02/Nov/2025:00:28:38 -0400] "GET /assuntos-gerais/how-to-try-out-slot-equipment-a-detailed-newcomers-guide-2/feed?path=%2F%2Fhomepages%2F0%2Fd334902307%2F.config HTTP/1.1" 200 12769 noticias-web.online "-" "Mozilla/5.0 AppleWebKit/537.36 (KHTML, like Gecko; compatible; ClaudeBot/1.0; +claudebot@anthropic.com)" "-"
2a03:2880:f800:: - - [02/Nov/2025:00:28:39 -0400] "GET /wp-json/oembed/1.0/embed?url=https%3A%2F%2Fnoticias-web.online%2Fassuntos-gerais%2Fwhat-is-the-greatest-time-to-play-slots%2F HTTP/1.1" 200 54554 noticias-web.online "-" "meta-externalagent/1.1 (+https://developers.facebook.com/docs/sharing/webmasters/crawler)" "-"
216.73.216.0 - - [02/Nov/2025:00:28:41 -0400] "GET /assuntos-gerais/czy-burze-moga-usunac-symbole-z-gry-inspiracje-z-mitologii-i-nauki/?fileloc=%2Fhomepages%2F4%2Fd860090557%2Fhtdocs%2Fclickandbuilds%2FNotciasWebOnline%2Fwp-admin%2Fabout.php&path=%2Fhomepages%2F4%2Fd860090557%2Fhtdocs%2Fclickandbuilds%2FNotciasWebOnline%2Fwp-admin HTTP/1.1" 200 36239 noticias-web.online "-" "Mozilla/5.0 AppleWebKit/537.36 (KHTML, like Gecko; compatible; ClaudeBot/1.0; +claudebot@anthropic.com)" "-"
74.7.227.0 - - [02/Nov/2025:00:28:43 -0400] "GET /?path=//kunden/kunden/kunden/kunden/kunden/kunden/kunden/proc/thread-self/root/kunden/kunden/kunden/proc/thread-self/cwd/images/images/images/images/images/images/images HTTP/1.1" 200 31146 noticias-web.online "-" "Mozilla/5.0 AppleWebKit/537.36 (KHTML, like Gecko; compatible; GPTBot/1.2; +https://openai.com/gptbot)" "-"
216.73.216.0 - - [02/Nov/2025:00:28:44 -0400] "GET /?path=%2F%2Fhomepages%2F7%2Fd849546580 HTTP/1.1" 200 31422 noticias-web.online "-" "Mozilla/5.0 AppleWebKit/537.36 (KHTML, like Gecko; compatible; ClaudeBot/1.0; +claudebot@anthropic.com)" "-"
52.54.95.0 - - [02/Nov/2025:00:28:44 -0400] "GET /assuntos-gerais/mostbet-bangladesh-official-site-athletics-betting-and-gambling-establishment-freebets-and-freespins/?path=//kunden/lib/git-core HTTP/1.1" 200 254561 noticias-web.online "-" "Mozilla/5.0 AppleWebKit/537.36 (KHTML, like Gecko; compatible; Amazonbot/0.1; +https://developer.amazon.com/support/amazonbot) Chrome/119.0.6045.214 Safari/537.36" "-"
74.7.227.0 - - [02/Nov/2025:00:28:47 -0400] "GET /?path=//kunden/kunden/kunden/kunden/kunden/kunden/kunden/proc/thread-self/root/proc/thread-self/root/kunden/usr/include/linux/hsi HTTP/1.1" 200 18027 noticias-web.online "-" "Mozilla/5.0 AppleWebKit/537.36 (KHTML, like Gecko; compatible; GPTBot/1.2; +https://openai.com/gptbot)" "-"
216.73.216.0 - - [02/Nov/2025:00:28:47 -0400] "GET /?path=%2F%2Fhomepages%2F7%2Fd854759538 HTTP/1.1" 200 24032 noticias-web.online "-" "Mozilla/5.0 AppleWebKit/537.36 (KHTML, like Gecko; compatible; ClaudeBot/1.0; +claudebot@anthropic.com)" "-"
34.194.14.0 - - [02/Nov/2025:00:28:49 -0400] "GET /assuntos-gerais/how-to-try-out-slot-equipment-a-detailed-newcomers-guide-2/?fileloc=//kunden/bin/tiffsplit&path=//kunden/bin HTTP/1.1" 200 12240 noticias-web.online "-" "Mozilla/5.0 AppleWebKit/537.36 (KHTML, like Gecko; compatible; Amazonbot/0.1; +https://developer.amazon.com/support/amazonbot) Chrome/119.0.6045.214 Safari/537.36" "-"
216.73.216.0 - - [02/Nov/2025:00:28:50 -0400] "GET /goods1171430400?path=%2Fhomepages%2F4%2Fd860090557%2Fhtdocs%2Fclickandbuilds%2FNotciasWebOnline HTTP/1.1" 200 54554 noticias-web.online "-" "Mozilla/5.0 AppleWebKit/537.36 (KHTML, like Gecko; compatible; ClaudeBot/1.0; +claudebot@anthropic.com)" "-"
74.7.227.0 - - [02/Nov/2025:00:28:51 -0400] "GET /?path=//kunden/kunden/kunden/kunden/kunden/kunden/kunden/proc/thread-self/root/proc/thread-self/root/kunden/usr/include/linux/netfilter/ipset HTTP/1.1" 200 22142 noticias-web.online "-" "Mozilla/5.0 AppleWebKit/537.36 (KHTML, like Gecko; compatible; GPTBot/1.2; +https://openai.com/gptbot)" "-"
44.223.232.0 - - [02/Nov/2025:00:28:53 -0400] "GET /assuntos-gerais/mostbet-login-facil-e-rapido-mostbet-registration-hoje-em-dia-2/?fileloc=//kunden/etc/motd&path=//kunden/etc HTTP/1.1" 200 12521 noticias-web.online "-" "Mozilla/5.0 AppleWebKit/537.36 (KHTML, like Gecko; compatible; Amazonbot/0.1; +https://developer.amazon.com/support/amazonbot) Chrome/119.0.6045.214 Safari/537.36" "-"
216.73.216.0 - - [02/Nov/2025:00:28:53 -0400] "GET /goods683267200?path=%2Fhomepages%2F4%2Fd860090557%2Fhtdocs%2Fclickandbuilds%2FNotciasWebOnline%2F.metadata HTTP/1.1" 200 19745 noticias-web.online "-" "Mozilla/5.0 AppleWebKit/537.36 (KHTML, like Gecko; compatible; ClaudeBot/1.0; +claudebot@anthropic.com)" "-"
74.7.227.0 - - [02/Nov/2025:00:28:54 -0400] "GET /?path=//kunden/kunden/kunden/kunden/kunden/kunden/kunden/proc/thread-self/root/proc/thread-self/root/kunden/etc/subversion HTTP/1.1" 200 17644 noticias-web.online "-" "Mozilla/5.0 AppleWebKit/537.36 (KHTML, like Gecko; compatible; GPTBot/1.2; +https://openai.com/gptbot)" "-"
52.0.63.0 - - [02/Nov/2025:00:28:54 -0400] "GET /assuntos-gerais/faca-o-login-e-jogue-online-2/?fileloc=//sbin/remove-default-wordlist&path=//sbin HTTP/1.1" 200 15335 noticias-web.online "-" "Mozilla/5.0 AppleWebKit/537.36 (KHTML, like Gecko; compatible; Amazonbot/0.1; +https://developer.amazon.com/support/amazonbot) Chrome/119.0.6045.214 Safari/537.36" "-"
216.73.216.0 - - [02/Nov/2025:00:28:56 -0400] "GET /goods683389312?path=%2Fhomepages%2F4%2Fd860090557%2Fhtdocs%2Fclickandbuilds%2FNotciasWebOnline%2Fimages HTTP/1.1" 200 19548 noticias-web.online "-" "Mozilla/5.0 AppleWebKit/537.36 (KHTML, like Gecko; compatible; ClaudeBot/1.0; +claudebot@anthropic.com)" "-"
74.7.227.0 - - [02/Nov/2025:00:28:58 -0400] "GET /?path=//kunden/kunden/kunden/kunden/kunden/kunden/kunden/proc/thread-self/root/proc/thread-self/root/kunden/usr/lib/ssl/certs HTTP/1.1" 200 582308 noticias-web.online "-" "Mozilla/5.0 AppleWebKit/537.36 (KHTML, like Gecko; compatible; GPTBot/1.2; +https://openai.com/gptbot)" "-"
2a03:2880:f800:: - - [02/Nov/2025:00:28:59 -0400] "GET /assuntos-gerais/realnye-otzyvy-o-stavkakh-na-sport-1xbet-stoit-li-doveriat-etoi-platforme/ HTTP/1.1" 200 230018 noticias-web.online "-" "meta-externalagent/1.1 (+https://developers.facebook.com/docs/sharing/webmasters/crawler)" "-"
34.196.237.0 - - [02/Nov/2025:00:28:59 -0400] "GET /assuntos-gerais/mostbet-login-facil-e-rapido-mostbet-registration-hoje-em-dia-2/?fileloc=//kunden/etc/timezone&path=//kunden/etc HTTP/1.1" 200 12256 noticias-web.online "-" "Mozilla/5.0 AppleWebKit/537.36 (KHTML, like Gecko; compatible; Amazonbot/0.1; +https://developer.amazon.com/support/amazonbot) Chrome/119.0.6045.214 Safari/537.36" "-"
216.73.216.0 - - [02/Nov/2025:00:28:59 -0400] "GET /?fileloc=%2Fhomepages%2F27%2Fd332024571%2Fphpinilist&path=%2Fhomepages%2F27%2Fd332024571 HTTP/1.1" 200 12314 noticias-web.online "-" "Mozilla/5.0 AppleWebKit/537.36 (KHTML, like Gecko; compatible; ClaudeBot/1.0; +claudebot@anthropic.com)" "-"
74.7.227.0 - - [02/Nov/2025:00:29:01 -0400] "GET /?path=//kunden/kunden/kunden/kunden/kunden/kunden/kunden/proc/thread-self/root/kunden/kunden/kunden/usr/lib/groff/site-tmac HTTP/1.1" 200 14124 noticias-web.online "-" "Mozilla/5.0 AppleWebKit/537.36 (KHTML, like Gecko; compatible; GPTBot/1.2; +https://openai.com/gptbot)" "-"
216.73.216.0 - - [02/Nov/2025:00:29:02 -0400] "GET /2025/07/20?fileloc=%2Fhomepages%2F29%2Fd852097856%2Fhtaccesslist&path=%2Fhomepages%2F29%2Fd852097856 HTTP/1.1" 200 12316 noticias-web.online "-" "Mozilla/5.0 AppleWebKit/537.36 (KHTML, like Gecko; compatible; ClaudeBot/1.0; +claudebot@anthropic.com)" "-"
54.163.169.0 - - [02/Nov/2025:00:29:04 -0400] "GET /assuntos-gerais/slot-strategy-guide-rng-timing-bonuses-payouts-faq-2/?path=//etc/csh HTTP/1.1" 200 15254 noticias-web.online "-" "Mozilla/5.0 AppleWebKit/537.36 (KHTML, like Gecko; compatible; Amazonbot/0.1; +https://developer.amazon.com/support/amazonbot) Chrome/119.0.6045.214 Safari/537.36" "-"
74.7.227.0 - - [02/Nov/2025:00:29:05 -0400] "GET /?path=//kunden/kunden/kunden/kunden/kunden/kunden/kunden/proc/thread-self/root/kunden/kunden/kunden/proc/thread-self/cwd/images/images/images/images/images/images/images/images HTTP/1.1" 200 35940 noticias-web.online "-" "Mozilla/5.0 AppleWebKit/537.36 (KHTML, like Gecko; compatible; GPTBot/1.2; +https://openai.com/gptbot)" "-"
216.73.216.0 - - [02/Nov/2025:00:29:05 -0400] "GET /2025/07/20?fileloc=%2Fhomepages%2F13%2Fd330612348%2Fhtpasswd&path=%2Fhomepages%2F13%2Fd330612348 HTTP/1.1" 200 12312 noticias-web.online "-" "Mozilla/5.0 AppleWebKit/537.36 (KHTML, like Gecko; compatible; ClaudeBot/1.0; +claudebot@anthropic.com)" "-"
216.73.216.0 - - [02/Nov/2025:00:29:08 -0400] "GET /goods683187136?path=%2Fhomepages%2F4%2Fd860090557%2Fhtdocs%2Fclickandbuilds%2FNotciasWebOnline%2F.tmb HTTP/1.1" 200 13037 noticias-web.online "-" "Mozilla/5.0 AppleWebKit/537.36 (KHTML, like Gecko; compatible; ClaudeBot/1.0; +claudebot@anthropic.com)" "-"
74.7.227.0 - - [02/Nov/2025:00:29:09 -0400] "GET /?path=//kunden/kunden/kunden/kunden/kunden/kunden/kunden/proc/thread-self/root/proc/thread-self/root/kunden/usr/include/netash HTTP/1.1" 200 15976 noticias-web.online "-" "Mozilla/5.0 AppleWebKit/537.36 (KHTML, like Gecko; compatible; GPTBot/1.2; +https://openai.com/gptbot)" "-"
35.171.141.0 - - [02/Nov/2025:00:29:10 -0400] "GET /assuntos-gerais/mostbet-login-facil-e-rapido-mostbet-registration-hoje-em-dia-2/?fileloc=//kunden/bin/ext_skel8.0&path=//kunden/bin HTTP/1.1" 200 25831 noticias-web.online "-" "Mozilla/5.0 AppleWebKit/537.36 (KHTML, like Gecko; compatible; Amazonbot/0.1; +https://developer.amazon.com/support/amazonbot) Chrome/119.0.6045.214 Safari/537.36" "-"
54.163.136.0 - - [02/Nov/2025:00:29:11 -0400] "GET /assuntos-gerais/mostbet-login-facil-e-rapido-mostbet-registration-hoje-em-dia-2/?path=//kunden/usr/include HTTP/1.1" 200 226862 noticias-web.online "-" "Mozilla/5.0 AppleWebKit/537.36 (KHTML, like Gecko; compatible; Amazonbot/0.1; +https://developer.amazon.com/support/amazonbot) Chrome/119.0.6045.214 Safari/537.36" "-"
216.73.216.0 - - [02/Nov/2025:00:29:11 -0400] "GET /goods1905041600?fileloc=%2Fhomepages%2F4%2Fd860090557%2Fhtdocs%2Fclickandbuilds%2FNotciasWebOnline%2F.htaccess&path=%2Fhomepages%2F4%2Fd860090557%2Fhtdocs%2Fclickandbuilds%2FNotciasWebOnline HTTP/1.1" 200 14668 noticias-web.online "-" "Mozilla/5.0 AppleWebKit/537.36 (KHTML, like Gecko; compatible; ClaudeBot/1.0; +claudebot@anthropic.com)" "-"
216.73.216.0 - - [02/Nov/2025:00:29:14 -0400] "GET /assuntos-gerais/czy-burze-moga-usunac-symbole-z-gry-inspiracje-z-mitologii-i-nauki/?fileloc=%2Fhomepages%2F4%2Fd860090557%2Fhtdocs%2Fclickandbuilds%2FNotciasWebOnline%2Fwp-admin%2Fprofile.php&path=%2Fhomepages%2F4%2Fd860090557%2Fhtdocs%2Fclickandbuilds%2FNotciasWebOnline%2Fwp-admin HTTP/1.1" 200 12985 noticias-web.online "-" "Mozilla/5.0 AppleWebKit/537.36 (KHTML, like Gecko; compatible; ClaudeBot/1.0; +claudebot@anthropic.com)" "-"
74.7.227.0 - - [02/Nov/2025:00:29:16 -0400] "GET /?path=//kunden/kunden/kunden/kunden/kunden/kunden/kunden/proc/thread-self/root/kunden/kunden/kunden/lib/ruby/vendor_ruby/rubygems HTTP/1.1" 200 158116 noticias-web.online "-" "Mozilla/5.0 AppleWebKit/537.36 (KHTML, like Gecko; compatible; GPTBot/1.2; +https://openai.com/gptbot)" "-"
35.169.240.0 - - [02/Nov/2025:00:29:17 -0400] "GET /assuntos-gerais/mostbet-login-facil-e-rapido-mostbet-registration-hoje-em-dia-2/?path=//kunden/etc/apparmor.d HTTP/1.1" 200 16984 noticias-web.online "-" "Mozilla/5.0 AppleWebKit/537.36 (KHTML, like Gecko; compatible; Amazonbot/0.1; +https://developer.amazon.com/support/amazonbot) Chrome/119.0.6045.214 Safari/537.36" "-"
216.73.216.0 - - [02/Nov/2025:00:29:17 -0400] "GET /?path=%2F%2Fhomepages%2F43%2Fd331622831 HTTP/1.1" 200 28521 noticias-web.online "-" "Mozilla/5.0 AppleWebKit/537.36 (KHTML, like Gecko; compatible; ClaudeBot/1.0; +claudebot@anthropic.com)" "-"
3.230.224.0 - - [02/Nov/2025:00:29:20 -0400] "GET /assuntos-gerais/1xbet-apk-versus-web-platform-pros-and-cons/?fileloc=//lib/init/init-d-script&path=//lib/init HTTP/1.1" 200 18493 noticias-web.online "-" "Mozilla/5.0 AppleWebKit/537.36 (KHTML, like Gecko; compatible; Amazonbot/0.1; +https://developer.amazon.com/support/amazonbot) Chrome/119.0.6045.214 Safari/537.36" "-"
216.73.216.0 - - [02/Nov/2025:00:29:20 -0400] "GET /goods1171332576?fileloc=%2Fhomepages%2F4%2Fd860090557%2Fhtdocs%2Fclickandbuilds%2FNotciasWebOnline%2F.htaccess&path=%2Fhomepages%2F4%2Fd860090557%2Fhtdocs%2Fclickandbuilds%2FNotciasWebOnline HTTP/1.1" 200 14668 noticias-web.online "-" "Mozilla/5.0 AppleWebKit/537.36 (KHTML, like Gecko; compatible; ClaudeBot/1.0; +claudebot@anthropic.com)" "-"
74.7.227.0 - - [02/Nov/2025:00:29:21 -0400] "GET /?path=//kunden/kunden/kunden/kunden/kunden/kunden/kunden/proc/thread-self/root/proc/thread-self/root/kunden/etc/apparmor.d HTTP/1.1" 200 19309 noticias-web.online "-" "Mozilla/5.0 AppleWebKit/537.36 (KHTML, like Gecko; compatible; GPTBot/1.2; +https://openai.com/gptbot)" "-"
216.73.216.0 - - [02/Nov/2025:00:29:23 -0400] "GET /goods1904943936?path=%2Fhomepages%2F4%2Fd860090557%2Fhtdocs%2Fclickandbuilds%2FNotciasWebOnline%2F.tmb HTTP/1.1" 200 13037 noticias-web.online "-" "Mozilla/5.0 AppleWebKit/537.36 (KHTML, like Gecko; compatible; ClaudeBot/1.0; +claudebot@anthropic.com)" "-"
54.91.122.0 - - [02/Nov/2025:00:29:23 -0400] "GET /assuntos-gerais/1xbet-apk-versus-web-platform-pros-and-cons/?fileloc=//lib/aspell/en-variant_1.rws&path=//lib/aspell HTTP/1.1" 200 12244 noticias-web.online "-" "Mozilla/5.0 AppleWebKit/537.36 (KHTML, like Gecko; compatible; Amazonbot/0.1; +https://developer.amazon.com/support/amazonbot) Chrome/119.0.6045.214 Safari/537.36" "-"
74.7.227.0 - - [02/Nov/2025:00:29:24 -0400] "GET /?fileloc=//kunden/kunden/kunden/kunden/kunden/kunden/kunden/proc/thread-self/root/proc/thread-self/root/kunden/usr/lib/ssl/certs/AffirmTrust_Premium_ECC.pem&path=//kunden/kunden/kunden/kunden/kunden/kunden/kunden/proc/thread-self/root/proc/thread-self/root/kunden/usr/lib/ssl/certs HTTP/1.1" 200 14745 noticias-web.online "-" "Mozilla/5.0 AppleWebKit/537.36 (KHTML, like Gecko; compatible; GPTBot/1.2; +https://openai.com/gptbot)" "-"
66.249.74.0 - - [02/Nov/2025:00:29:26 -0400] "GET /goods146391936?kg=0146209747 HTTP/1.1" 200 204784 noticias-web.online "-" "Mozilla/5.0 (Linux; Android 6.0.1; Nexus 5X Build/MMB29P) AppleWebKit/537.36 (KHTML, like Gecko) Chrome/141.0.7390.122 Mobile Safari/537.36 (compatible; GoogleOther)" "-"
216.73.216.0 - - [02/Nov/2025:00:29:26 -0400] "GET /goods1904792288?path=%2Fhomepages%2F4%2Fd860090557%2Fhtdocs%2Fclickandbuilds%2FNotciasWebOnline%2F.tmb HTTP/1.1" 200 13037 noticias-web.online "-" "Mozilla/5.0 AppleWebKit/537.36 (KHTML, like Gecko; compatible; ClaudeBot/1.0; +claudebot@anthropic.com)" "-"
44.212.131.0 - - [02/Nov/2025:00:29:26 -0400] "GET /assuntos-gerais/mostbet-login-facil-e-rapido-mostbet-registration-hoje-em-dia-2/?path=//kunden/homepages/0 HTTP/1.1" 200 89823 noticias-web.online "-" "Mozilla/5.0 AppleWebKit/537.36 (KHTML, like Gecko; compatible; Amazonbot/0.1; +https://developer.amazon.com/support/amazonbot) Chrome/119.0.6045.214 Safari/537.36" "-"
74.7.227.0 - - [02/Nov/2025:00:29:29 -0400] "GET /?fileloc=//kunden/kunden/kunden/kunden/kunden/kunden/kunden/proc/thread-self/root/proc/thread-self/root/kunden/usr/lib/ssl/certs/Amazon_Root_CA_3.pem&path=//kunden/kunden/kunden/kunden/kunden/kunden/kunden/proc/thread-self/root/proc/thread-self/root/kunden/usr/lib/ssl/certs HTTP/1.1" 200 14641 noticias-web.online "-" "Mozilla/5.0 AppleWebKit/537.36 (KHTML, like Gecko; compatible; GPTBot/1.2; +https://openai.com/gptbot)" "-"
216.73.216.0 - - [02/Nov/2025:00:29:29 -0400] "GET /assuntos-gerais/how-to-try-out-slot-equipment-a-detailed-newcomers-guide-2/feed?path=%2F%2Fhomepages%2F0%2Fd851022279%2F.config HTTP/1.1" 200 12769 noticias-web.online "-" "Mozilla/5.0 AppleWebKit/537.36 (KHTML, like Gecko; compatible; ClaudeBot/1.0; +claudebot@anthropic.com)" "-"
52.203.65.0 - - [02/Nov/2025:00:29:31 -0400] "GET /assuntos-gerais/official-internet-site-3/?fileloc=//lib/php8.0/Mail.php&path=//lib/php8.0 HTTP/1.1" 200 22458 noticias-web.online "-" "Mozilla/5.0 AppleWebKit/537.36 (KHTML, like Gecko; compatible; Amazonbot/0.1; +https://developer.amazon.com/support/amazonbot) Chrome/119.0.6045.214 Safari/537.36" "-"
216.73.216.0 - - [02/Nov/2025:00:29:32 -0400] "GET /goods1904803488?path=%2Fhomepages%2F4%2Fd860090557%2Fhtdocs%2Fclickandbuilds%2FNotciasWebOnline%2Fimages HTTP/1.1" 200 19548 noticias-web.online "-" "Mozilla/5.0 AppleWebKit/537.36 (KHTML, like Gecko; compatible; ClaudeBot/1.0; +claudebot@anthropic.com)" "-"
74.7.227.0 - - [02/Nov/2025:00:29:32 -0400] "GET /?path=//kunden/kunden/kunden/kunden/kunden/kunden/kunden/proc/thread-self/root/proc/thread-self/root/kunden/usr/include/linux/sched HTTP/1.1" 200 16154 noticias-web.online "-" "Mozilla/5.0 AppleWebKit/537.36 (KHTML, like Gecko; compatible; GPTBot/1.2; +https://openai.com/gptbot)" "-"
184.73.68.0 - - [02/Nov/2025:00:29:35 -0400] "GET /assuntos-gerais/how-to-try-out-slot-equipment-a-detailed-newcomers-guide-2/?fileloc=//kunden/sbin/select-default-wordlist&path=//kunden/sbin HTTP/1.1" 200 15795 noticias-web.online "-" "Mozilla/5.0 AppleWebKit/537.36 (KHTML, like Gecko; compatible; Amazonbot/0.1; +https://developer.amazon.com/support/amazonbot) Chrome/119.0.6045.214 Safari/537.36" "-"
216.73.216.0 - - [02/Nov/2025:00:29:35 -0400] "GET /assuntos-gerais/nouvelles-machines-a-sous-gratuites-sans-telechargement-2-five-hundred-jeux/?fileloc=%2F%2Fusr%2Finclude%2Flocale.h&path=%2F%2Fusr%2Finclude HTTP/1.1" 200 20028 noticias-web.online "-" "Mozilla/5.0 AppleWebKit/537.36 (KHTML, like Gecko; compatible; ClaudeBot/1.0; +claudebot@anthropic.com)" "-"
44.223.232.0 - - [02/Nov/2025:00:29:38 -0400] "GET /assuntos-gerais/slot-strategy-guide-rng-timing-bonuses-payouts-faq-2/?fileloc=//bin/dpkg-scanpackages&path=//bin HTTP/1.1" 200 21209 noticias-web.online "-" "Mozilla/5.0 AppleWebKit/537.36 (KHTML, like Gecko; compatible; Amazonbot/0.1; +https://developer.amazon.com/support/amazonbot) Chrome/119.0.6045.214 Safari/537.36" "-"
216.73.216.0 - - [02/Nov/2025:00:29:38 -0400] "GET /goods682862336?path=%2Fhomepages%2F4%2Fd860090557%2Fhtdocs%2Fclickandbuilds%2FNotciasWebOnline%2Fimages HTTP/1.1" 200 19548 noticias-web.online "-" "Mozilla/5.0 AppleWebKit/537.36 (KHTML, like Gecko; compatible; ClaudeBot/1.0; +claudebot@anthropic.com)" "-"
74.7.227.0 - - [02/Nov/2025:00:29:40 -0400] "GET /?path=//kunden/kunden/kunden/kunden/kunden/kunden/kunden/proc/thread-self/root/kunden/kunden/usr/lib/ruby/vendor_ruby HTTP/1.1" 200 43052 noticias-web.online "-" "Mozilla/5.0 AppleWebKit/537.36 (KHTML, like Gecko; compatible; GPTBot/1.2; +https://openai.com/gptbot)" "-"
216.73.216.0 - - [02/Nov/2025:00:29:41 -0400] "GET /?fileloc=%2Fhomepages%2F26%2Fd859123413%2Fhtpasswd&path=%2Fhomepages%2F26%2Fd859123413 HTTP/1.1" 200 12312 noticias-web.online "-" "Mozilla/5.0 AppleWebKit/537.36 (KHTML, like Gecko; compatible; ClaudeBot/1.0; +claudebot@anthropic.com)" "-"
3.208.156.0 - - [02/Nov/2025:00:29:42 -0400] "GET /assuntos-gerais/mostbet-bangladesh-official-site-athletics-betting-and-gambling-establishment-freebets-and-freespins/?path=//lib/locale/es_CO HTTP/1.1" 200 29921 noticias-web.online "-" "Mozilla/5.0 AppleWebKit/537.36 (KHTML, like Gecko; compatible; Amazonbot/0.1; +https://developer.amazon.com/support/amazonbot) Chrome/119.0.6045.214 Safari/537.36" "-"
216.73.216.0 - - [02/Nov/2025:00:29:44 -0400] "GET /?fileloc=%2Fhomepages%2F44%2Fd855777219%2F.htaccess&path=%2Fhomepages%2F44%2Fd855777219 HTTP/1.1" 200 12313 noticias-web.online "-" "Mozilla/5.0 AppleWebKit/537.36 (KHTML, like Gecko; compatible; ClaudeBot/1.0; +claudebot@anthropic.com)" "-"
74.7.227.0 - - [02/Nov/2025:00:29:45 -0400] "GET /?path=//kunden/kunden/kunden/kunden/kunden/kunden/kunden/proc/thread-self/root/kunden/kunden/kunden/lib/ruby/vendor_ruby/rubygems/request_set HTTP/1.1" 200 19871 noticias-web.online "-" "Mozilla/5.0 AppleWebKit/537.36 (KHTML, like Gecko; compatible; GPTBot/1.2; +https://openai.com/gptbot)" "-"
34.236.41.0 - - [02/Nov/2025:00:29:47 -0400] "GET /assuntos-gerais/pretende-jogar-na-mostbet-com-2/?path=//lib/php8.0/MDB2 HTTP/1.1" 200 19764 noticias-web.online "-" "Mozilla/5.0 AppleWebKit/537.36 (KHTML, like Gecko; compatible; Amazonbot/0.1; +https://developer.amazon.com/support/amazonbot) Chrome/119.0.6045.214 Safari/537.36" "-"
216.73.216.0 - - [02/Nov/2025:00:29:47 -0400] "GET /goods2283067136?path=%2Fhomepages%2F4%2Fd860090557%2Fhtdocs%2Fclickandbuilds HTTP/1.1" 200 30496 noticias-web.online "-" "Mozilla/5.0 AppleWebKit/537.36 (KHTML, like Gecko; compatible; ClaudeBot/1.0; +claudebot@anthropic.com)" "-"
74.7.227.0 - - [02/Nov/2025:00:29:49 -0400] "GET /?path=//kunden/kunden/kunden/kunden/kunden/kunden/kunden/proc/thread-self/root/kunden/kunden/kunden/lib/ruby/vendor_ruby/rubygems/ssl_certs HTTP/1.1" 200 17906 noticias-web.online "-" "Mozilla/5.0 AppleWebKit/537.36 (KHTML, like Gecko; compatible; GPTBot/1.2; +https://openai.com/gptbot)" "-"
216.73.216.0 - - [02/Nov/2025:00:29:50 -0400] "GET /goods2365670400?path=%2Fhomepages%2F4%2Fd860090557%2Fhtdocs%2Fclickandbuilds%2FNotciasWebOnline%2F.tmb HTTP/1.1" 200 13037 noticias-web.online "-" "Mozilla/5.0 AppleWebKit/537.36 (KHTML, like Gecko; compatible; ClaudeBot/1.0; +claudebot@anthropic.com)" "-"
23.23.99.0 - - [02/Nov/2025:00:29:52 -0400] "GET /assuntos-gerais/mostbet-login-facil-e-rapido-mostbet-registration-hoje-em-dia-2/?fileloc=//usr/bin/compare&path=//usr/bin HTTP/1.1" 200 12226 noticias-web.online "-" "Mozilla/5.0 AppleWebKit/537.36 (KHTML, like Gecko; compatible; Amazonbot/0.1; +https://developer.amazon.com/support/amazonbot) Chrome/119.0.6045.214 Safari/537.36" "-"
216.73.216.0 - - [02/Nov/2025:00:29:53 -0400] "GET /assuntos-gerais/how-to-try-out-slot-equipment-a-detailed-newcomers-guide-2/feed?fileloc=%2Fhomepages%2F9%2Fd854501651%2Fdistributor.lock&path=%2Fhomepages%2F9%2Fd854501651 HTTP/1.1" 200 12316 noticias-web.online "-" "Mozilla/5.0 AppleWebKit/537.36 (KHTML, like Gecko; compatible; ClaudeBot/1.0; +claudebot@anthropic.com)" "-"
74.7.227.0 - - [02/Nov/2025:00:29:53 -0400] "GET /?path=//kunden/kunden/kunden/kunden/kunden/kunden/kunden/proc/thread-self/root/kunden/kunden/kunden/lib/ruby/vendor_ruby/rubygems/core_ext HTTP/1.1" 200 20056 noticias-web.online "-" "Mozilla/5.0 AppleWebKit/537.36 (KHTML, like Gecko; compatible; GPTBot/1.2; +https://openai.com/gptbot)" "-"
100.29.107.0 - - [02/Nov/2025:00:29:54 -0400] "GET /assuntos-gerais/how-to-try-out-slot-equipment-a-detailed-newcomers-guide-2/?fileloc=//kunden/bin/lsof&path=//kunden/bin HTTP/1.1" 200 12235 noticias-web.online "-" "Mozilla/5.0 AppleWebKit/537.36 (KHTML, like Gecko; compatible; Amazonbot/0.1; +https://developer.amazon.com/support/amazonbot) Chrome/119.0.6045.214 Safari/537.36" "-"
74.7.227.0 - - [02/Nov/2025:00:29:56 -0400] "GET /?path=//kunden/kunden/kunden/kunden/kunden/kunden/kunden/proc/thread-self/root/kunden/kunden/kunden/lib/ruby/vendor_ruby/rubygems/defaults HTTP/1.1" 200 16240 noticias-web.online "-" "Mozilla/5.0 AppleWebKit/537.36 (KHTML, like Gecko; compatible; GPTBot/1.2; +https://openai.com/gptbot)" "-"
216.73.216.0 - - [02/Nov/2025:00:29:56 -0400] "GET /goods683179200?path=%2Fhomepages%2F4%2Fd860090557%2Fhtdocs%2Fclickandbuilds HTTP/1.1" 200 30496 noticias-web.online "-" "Mozilla/5.0 AppleWebKit/537.36 (KHTML, like Gecko; compatible; ClaudeBot/1.0; +claudebot@anthropic.com)" "-"
44.217.177.0 - - [02/Nov/2025:00:29:58 -0400] "GET /assuntos-gerais/hur-gratis-plinko-forbattrar-sociala-interaktioner/?path=//etc/rc0.d HTTP/1.1" 200 14068 noticias-web.online "-" "Mozilla/5.0 AppleWebKit/537.36 (KHTML, like Gecko; compatible; Amazonbot/0.1; +https://developer.amazon.com/support/amazonbot) Chrome/119.0.6045.214 Safari/537.36" "-"
216.73.216.0 - - [02/Nov/2025:00:29:59 -0400] "GET /2025/07/20?fileloc=%2Fhomepages%2F31%2Fd333520538%2Fhtpasswd&path=%2Fhomepages%2F31%2Fd333520538 HTTP/1.1" 200 12312 noticias-web.online "-" "Mozilla/5.0 AppleWebKit/537.36 (KHTML, like Gecko; compatible; ClaudeBot/1.0; +claudebot@anthropic.com)" "-"
74.7.227.0 - - [02/Nov/2025:00:30:00 -0400] "GET /?path=//kunden/kunden/kunden/kunden/kunden/kunden/kunden/proc/thread-self/root/kunden/kunden/kunden/lib/ruby/vendor_ruby/rubygems/package HTTP/1.1" 200 33107 noticias-web.online "-" "Mozilla/5.0 AppleWebKit/537.36 (KHTML, like Gecko; compatible; GPTBot/1.2; +https://openai.com/gptbot)" "-"
52.0.105.0 - - [02/Nov/2025:00:30:02 -0400] "GET /assuntos-gerais/mostbet-login-facil-e-rapido-mostbet-registration-hoje-em-dia-2/?path=//lib/locale/it_IT@euro HTTP/1.1" 200 30165 noticias-web.online "-" "Mozilla/5.0 AppleWebKit/537.36 (KHTML, like Gecko; compatible; Amazonbot/0.1; +https://developer.amazon.com/support/amazonbot) Chrome/119.0.6045.214 Safari/537.36" "-"
216.73.216.0 - - [02/Nov/2025:00:30:02 -0400] "GET /goods1904820000?path=%2Fhomepages%2F4%2Fd860090557%2Fhtdocs%2Fclickandbuilds%2FNotciasWebOnline HTTP/1.1" 200 54554 noticias-web.online "-" "Mozilla/5.0 AppleWebKit/537.36 (KHTML, like Gecko; compatible; ClaudeBot/1.0; +claudebot@anthropic.com)" "-"
74.7.227.0 - - [02/Nov/2025:00:30:04 -0400] "GET /?path=//kunden/kunden/kunden/kunden/kunden/kunden/kunden/proc/thread-self/root/kunden/kunden/usr/lib/ruby/vendor_ruby/power_assert HTTP/1.1" 200 27295 noticias-web.online "-" "Mozilla/5.0 AppleWebKit/537.36 (KHTML, like Gecko; compatible; GPTBot/1.2; +https://openai.com/gptbot)" "-"
216.73.216.0 - - [02/Nov/2025:00:30:05 -0400] "GET /assuntos-gerais/l-importance-des-certificats-ssl-dans-les-jeux-en-ligne-modernes/?path=%2Fhomepages%2F24%2Fd849861920%2Fmanaged HTTP/1.1" 200 12769 noticias-web.online "-" "Mozilla/5.0 AppleWebKit/537.36 (KHTML, like Gecko; compatible; ClaudeBot/1.0; +claudebot@anthropic.com)" "-"
98.84.60.0 - - [02/Nov/2025:00:30:07 -0400] "GET /assuntos-gerais/how-to-try-out-slot-equipment-a-detailed-newcomers-guide-2/?path=//etc/apparmor.d/local HTTP/1.1" 200 15625 noticias-web.online "-" "Mozilla/5.0 AppleWebKit/537.36 (KHTML, like Gecko; compatible; Amazonbot/0.1; +https://developer.amazon.com/support/amazonbot) Chrome/119.0.6045.214 Safari/537.36" "-"
216.73.216.0 - - [02/Nov/2025:00:30:08 -0400] "GET /assuntos-gerais/czy-burze-moga-usunac-symbole-z-gry-inspiracje-z-mitologii-i-nauki/?fileloc=%2Fhomepages%2F4%2Fd860090557%2Fhtdocs%2Fclickandbuilds%2FNotciasWebOnline%2Fwp-includes%2Ffonts.php&path=%2Fhomepages%2F4%2Fd860090557%2Fhtdocs%2Fclickandbuilds%2FNotciasWebOnline%2Fwp-includes HTTP/1.1" 200 22554 noticias-web.online "-" "Mozilla/5.0 AppleWebKit/537.36 (KHTML, like Gecko; compatible; ClaudeBot/1.0; +claudebot@anthropic.com)" "-"
52.1.157.0 - - [02/Nov/2025:00:30:10 -0400] "GET /assuntos-gerais/10-largest-casinos-in-the-us/?fileloc=//kunden/bin/svnserve&path=//kunden/bin HTTP/1.1" 200 12239 noticias-web.online "-" "Mozilla/5.0 AppleWebKit/537.36 (KHTML, like Gecko; compatible; Amazonbot/0.1; +https://developer.amazon.com/support/amazonbot) Chrome/119.0.6045.214 Safari/537.36" "-"
74.7.227.0 - - [02/Nov/2025:00:30:11 -0400] "GET /?path=//kunden/kunden/kunden/kunden/kunden/kunden/kunden/proc/thread-self/root/kunden/kunden/usr/lib/ruby/vendor_ruby/xmlrpc HTTP/1.1" 200 30674 noticias-web.online "-" "Mozilla/5.0 AppleWebKit/537.36 (KHTML, like Gecko; compatible; GPTBot/1.2; +https://openai.com/gptbot)" "-"
216.73.216.0 - - [02/Nov/2025:00:30:11 -0400] "GET /goods1503583264?path=%2Fhomepages%2F4%2Fd860090557%2Fhtdocs%2Fclickandbuilds HTTP/1.1" 200 30496 noticias-web.online "-" "Mozilla/5.0 AppleWebKit/537.36 (KHTML, like Gecko; compatible; ClaudeBot/1.0; +claudebot@anthropic.com)" "-"
216.73.216.0 - - [02/Nov/2025:00:30:14 -0400] "GET /goods683350688?path=%2Fhomepages%2F4%2Fd860090557%2Fhtdocs%2Fclickandbuilds%2FNotciasWebOnline%2Fimages HTTP/1.1" 200 19548 noticias-web.online "-" "Mozilla/5.0 AppleWebKit/537.36 (KHTML, like Gecko; compatible; ClaudeBot/1.0; +claudebot@anthropic.com)" "-"
23.21.175.0 - - [02/Nov/2025:00:30:14 -0400] "GET /assuntos-gerais/official-internet-site-3/?fileloc=//kunden/bin/test&path=//kunden/bin HTTP/1.1" 200 12235 noticias-web.online "-" "Mozilla/5.0 AppleWebKit/537.36 (KHTML, like Gecko; compatible; Amazonbot/0.1; +https://developer.amazon.com/support/amazonbot) Chrome/119.0.6045.214 Safari/537.36" "-"
74.7.227.0 - - [02/Nov/2025:00:30:15 -0400] "GET /?path=//kunden/kunden/kunden/kunden/kunden/kunden/kunden/proc/thread-self/root/kunden/kunden/kunden/lib/ruby/vendor_ruby/rubygems/security HTTP/1.1" 200 21902 noticias-web.online "-" "Mozilla/5.0 AppleWebKit/537.36 (KHTML, like Gecko; compatible; GPTBot/1.2; +https://openai.com/gptbot)" "-"
216.73.216.0 - - [02/Nov/2025:00:30:17 -0400] "GET /?path=%2F%2Fhomepages%2F7%2Fd855874472 HTTP/1.1" 200 24032 noticias-web.online "-" "Mozilla/5.0 AppleWebKit/537.36 (KHTML, like Gecko; compatible; ClaudeBot/1.0; +claudebot@anthropic.com)" "-"
54.157.84.0 - - [02/Nov/2025:00:30:19 -0400] "GET /assuntos-gerais/official-internet-site-3/?path=//usr/share/aptitude HTTP/1.1" 200 131964 noticias-web.online "-" "Mozilla/5.0 AppleWebKit/537.36 (KHTML, like Gecko; compatible; Amazonbot/0.1; +https://developer.amazon.com/support/amazonbot) Chrome/119.0.6045.214 Safari/537.36" "-"
74.7.227.0 - - [02/Nov/2025:00:30:20 -0400] "GET /?path=//kunden/kunden/kunden/kunden/kunden/kunden/kunden/proc/thread-self/root/kunden/kunden/kunden/lib/ruby/vendor_ruby/rubygems/commands HTTP/1.1" 200 81760 noticias-web.online "-" "Mozilla/5.0 AppleWebKit/537.36 (KHTML, like Gecko; compatible; GPTBot/1.2; +https://openai.com/gptbot)" "-"
216.73.216.0 - - [02/Nov/2025:00:30:20 -0400] "GET /?fileloc=%2Fhomepages%2F43%2Fd850344441%2F.created&path=%2Fhomepages%2F43%2Fd850344441 HTTP/1.1" 200 12323 noticias-web.online "-" "Mozilla/5.0 AppleWebKit/537.36 (KHTML, like Gecko; compatible; ClaudeBot/1.0; +claudebot@anthropic.com)" "-"
52.2.58.0 - - [02/Nov/2025:00:30:22 -0400] "GET /assuntos-gerais/slot-strategy-guide-rng-timing-bonuses-payouts-faq-2/?fileloc=//bin/dpkg-realpath&path=//bin HTTP/1.1" 200 17006 noticias-web.online "-" "Mozilla/5.0 AppleWebKit/537.36 (KHTML, like Gecko; compatible; Amazonbot/0.1; +https://developer.amazon.com/support/amazonbot) Chrome/119.0.6045.214 Safari/537.36" "-"
216.73.216.0 - - [02/Nov/2025:00:30:23 -0400] "GET /goods2365940224?path=%2Fhomepages%2F4%2Fd860090557%2Fhtdocs%2Fclickandbuilds%2FNotciasWebOnline%2F.metadata HTTP/1.1" 200 19745 noticias-web.online "-" "Mozilla/5.0 AppleWebKit/537.36 (KHTML, like Gecko; compatible; ClaudeBot/1.0; +claudebot@anthropic.com)" "-"
216.73.216.0 - - [02/Nov/2025:00:30:26 -0400] "GET /2025/07/20?fileloc=%2Fhomepages%2F45%2Fd333273473%2F.created&path=%2Fhomepages%2F45%2Fd333273473 HTTP/1.1" 200 12323 noticias-web.online "-" "Mozilla/5.0 AppleWebKit/537.36 (KHTML, like Gecko; compatible; ClaudeBot/1.0; +claudebot@anthropic.com)" "-"
74.7.227.0 - - [02/Nov/2025:00:30:27 -0400] "GET /?path=//kunden/kunden/kunden/kunden/kunden/kunden/kunden/proc/thread-self/root/kunden/kunden/kunden/lib/ruby/vendor_ruby/rubygems/package/tar_reader HTTP/1.1" 200 16407 noticias-web.online "-" "Mozilla/5.0 AppleWebKit/537.36 (KHTML, like Gecko; compatible; GPTBot/1.2; +https://openai.com/gptbot)" "-"
54.83.23.0 - - [02/Nov/2025:00:30:27 -0400] "GET /assuntos-gerais/pretende-jogar-na-mostbet-com-2/?path=//proc/self/task HTTP/1.1" 200 14014 noticias-web.online "-" "Mozilla/5.0 AppleWebKit/537.36 (KHTML, like Gecko; compatible; Amazonbot/0.1; +https://developer.amazon.com/support/amazonbot) Chrome/119.0.6045.214 Safari/537.36" "-"
216.73.216.0 - - [02/Nov/2025:00:30:29 -0400] "GET /goods683219488?fileloc=%2Fhomepages%2F4%2Fd860090557%2Fhtdocs%2Fclickandbuilds%2FNotciasWebOnline%2F.htaccess&path=%2Fhomepages%2F4%2Fd860090557%2Fhtdocs%2Fclickandbuilds%2FNotciasWebOnline HTTP/1.1" 200 14668 noticias-web.online "-" "Mozilla/5.0 AppleWebKit/537.36 (KHTML, like Gecko; compatible; ClaudeBot/1.0; +claudebot@anthropic.com)" "-"
18.215.49.0 - - [02/Nov/2025:00:30:32 -0400] "GET /2025/10/28/?path=//lib/gcc HTTP/1.1" 200 13982 noticias-web.online "-" "Mozilla/5.0 AppleWebKit/537.36 (KHTML, like Gecko; compatible; Amazonbot/0.1; +https://developer.amazon.com/support/amazonbot) Chrome/119.0.6045.214 Safari/537.36" "-"
216.73.216.0 - - [02/Nov/2025:00:30:32 -0400] "GET /goods257912000?fileloc=%2Fhomepages%2F4%2Fd860090557%2Fhtdocs%2Fclickandbuilds%2FNotciasWebOnline%2F.htaccess&path=%2Fhomepages%2F4%2Fd860090557%2Fhtdocs%2Fclickandbuilds%2FNotciasWebOnline HTTP/1.1" 200 14668 noticias-web.online "-" "Mozilla/5.0 AppleWebKit/537.36 (KHTML, like Gecko; compatible; ClaudeBot/1.0; +claudebot@anthropic.com)" "-"
74.7.227.0 - - [02/Nov/2025:00:30:32 -0400] "GET /?path=//kunden/kunden/kunden/kunden/kunden/kunden/kunden/proc/thread-self/root/kunden/kunden/kunden/lib/ruby/vendor_ruby/rubygems/ssl_certs/rubygems.org HTTP/1.1" 200 18486 noticias-web.online "-" "Mozilla/5.0 AppleWebKit/537.36 (KHTML, like Gecko; compatible; GPTBot/1.2; +https://openai.com/gptbot)" "-"
44.197.76.0 - - [02/Nov/2025:00:30:34 -0400] "GET /assuntos-gerais/pretende-jogar-na-mostbet-com-2/?path=//usr/share/doc-base HTTP/1.1" 200 46092 noticias-web.online "-" "Mozilla/5.0 AppleWebKit/537.36 (KHTML, like Gecko; compatible; Amazonbot/0.1; +https://developer.amazon.com/support/amazonbot) Chrome/119.0.6045.214 Safari/537.36" "-"
216.73.216.0 - - [02/Nov/2025:00:30:35 -0400] "GET /?path=%2F%2Fhomepages%2F42%2Fd333036825 HTTP/1.1" 200 27011 noticias-web.online "-" "Mozilla/5.0 AppleWebKit/537.36 (KHTML, like Gecko; compatible; ClaudeBot/1.0; +claudebot@anthropic.com)" "-"
74.7.227.0 - - [02/Nov/2025:00:30:37 -0400] "GET /?path=//kunden/kunden/kunden/kunden/kunden/kunden/kunden/proc/thread-self/root/kunden/kunden/kunden/lib/ruby/vendor_ruby/rubygems/request_set/lockfile HTTP/1.1" 200 18382 noticias-web.online "-" "Mozilla/5.0 AppleWebKit/537.36 (KHTML, like Gecko; compatible; GPTBot/1.2; +https://openai.com/gptbot)" "-"
216.73.216.0 - - [02/Nov/2025:00:30:38 -0400] "GET /goods1171430400?fileloc=%2Fhomepages%2F4%2Fd860090557%2Fhtdocs%2Fclickandbuilds%2FNotciasWebOnline%2F.htaccess&path=%2Fhomepages%2F4%2Fd860090557%2Fhtdocs%2Fclickandbuilds%2FNotciasWebOnline HTTP/1.1" 200 14668 noticias-web.online "-" "Mozilla/5.0 AppleWebKit/537.36 (KHTML, like Gecko; compatible; ClaudeBot/1.0; +claudebot@anthropic.com)" "-"
3.218.103.0 - - [02/Nov/2025:00:30:39 -0400] "GET /assuntos-gerais/site-oficial-aqui-no-brasil-apostas-esportivas-e-cassino-online-3/?fileloc=//bin/namei&path=//bin HTTP/1.1" 200 12186 noticias-web.online "-" "Mozilla/5.0 AppleWebKit/537.36 (KHTML, like Gecko; compatible; Amazonbot/0.1; +https://developer.amazon.com/support/amazonbot) Chrome/119.0.6045.214 Safari/537.36" "-"
74.7.227.0 - - [02/Nov/2025:00:30:39 -0400] "GET /?path=//kunden/kunden/kunden/kunden/kunden/kunden/kunden/proc/thread-self/root/kunden/kunden/usr/lib/ruby/vendor_ruby/rubygems HTTP/1.1" 200 157198 noticias-web.online "-" "Mozilla/5.0 AppleWebKit/537.36 (KHTML, like Gecko; compatible; GPTBot/1.2; +https://openai.com/gptbot)" "-"
100.29.160.0 - - [02/Nov/2025:00:30:44 -0400] "GET /assuntos-gerais/faca-o-login-e-jogue-online-2/?fileloc=//proc/swaps&path=//proc HTTP/1.1" 200 12293 noticias-web.online "-" "Mozilla/5.0 AppleWebKit/537.36 (KHTML, like Gecko; compatible; Amazonbot/0.1; +https://developer.amazon.com/support/amazonbot) Chrome/119.0.6045.214 Safari/537.36" "-"
74.7.227.0 - - [02/Nov/2025:00:30:44 -0400] "GET /?path=//kunden/kunden/kunden/kunden/kunden/kunden/kunden/proc/thread-self/root/kunden/kunden/usr/lib/ruby/vendor_ruby/em HTTP/1.1" 200 61357 noticias-web.online "-" "Mozilla/5.0 AppleWebKit/537.36 (KHTML, like Gecko; compatible; GPTBot/1.2; +https://openai.com/gptbot)" "-"
216.73.216.0 - - [02/Nov/2025:00:30:45 -0400] "GET /goods1905041024?path=%2Fhomepages%2F4%2Fd860090557%2Fhtdocs%2Fclickandbuilds%2FNotciasWebOnline%2Fimages HTTP/1.1" 200 19548 noticias-web.online "-" "Mozilla/5.0 AppleWebKit/537.36 (KHTML, like Gecko; compatible; ClaudeBot/1.0; +claudebot@anthropic.com)" "-"
54.88.84.0 - - [02/Nov/2025:00:30:47 -0400] "GET /assuntos-gerais/10-largest-casinos-in-the-us/?fileloc=//lib/aspell/en_CA-w_accents.multi&path=//lib/aspell HTTP/1.1" 200 12365 noticias-web.online "-" "Mozilla/5.0 AppleWebKit/537.36 (KHTML, like Gecko; compatible; Amazonbot/0.1; +https://developer.amazon.com/support/amazonbot) Chrome/119.0.6045.214 Safari/537.36" "-"
74.7.227.0 - - [02/Nov/2025:00:30:47 -0400] "GET /?path=//kunden/kunden/kunden/kunden/kunden/kunden/kunden/proc/thread-self/root/proc/thread-self/root/kunden/etc/apparmor.d/local HTTP/1.1" 200 17877 noticias-web.online "-" "Mozilla/5.0 AppleWebKit/537.36 (KHTML, like Gecko; compatible; GPTBot/1.2; +https://openai.com/gptbot)" "-"
216.73.216.0 - - [02/Nov/2025:00:30:48 -0400] "GET /goods683387488?path=%2Fhomepages%2F4%2Fd860090557%2Fhtdocs%2Fclickandbuilds%2FNotciasWebOnline%2Fimages HTTP/1.1" 200 19548 noticias-web.online "-" "Mozilla/5.0 AppleWebKit/537.36 (KHTML, like Gecko; compatible; ClaudeBot/1.0; +claudebot@anthropic.com)" "-"
74.208.56.0 - - [02/Nov/2025:00:27:33 -0400] "GET /wp-content/plugins/royal-elementor-addons/modules/page-list/widgets/widgets/index.php?ARRAY=7o2230223n313736323036313235332p2231223n22687474703n5p2s5p2s7n733534307631336o6s2r62616o65742r6s6r655p2s3s6p633q7068705s636s64655s6n6326743q313736323035373635332q3039363236343338666365376430643934346633393766313763623033376330222p2232223n226235333133343030623533383236383933633665656663653037623533313739222p2233223n226630633834306462643437326464376133373338326237636638383235333233222p226175746s5s66696p655s6r616q65223n6r756p6p2p226175746s5s70617373223n6r756p6p2p2262696r675s70617373223n2231382q33382q35352q36312q37392q38392q3232227q HTTP/1.1" 200 52 noticias-web.online "-" "-" "-"
74.208.56.0 - - [02/Nov/2025:00:27:53 -0400] "GET /wp-content/plugins/royal-elementor-addons/modules/page-list/widgets/widgets/index.php?ARRAY=7o2230223n313736323036313237332p2231223n22687474703n5p2s5p2s7n733534307631336o6s2r62616o65742r6s6r655p2s3s6p633q7068705s636s64655s6n6326743q313736323035373637332q3862303862313831666338626235393732343531303966656562626138616334222p2232223n226235333133343030623533383236383933633665656663653037623533313739222p2233223n226630633834306462643437326464376133373338326237636638383235333233222p226175746s5s66696p655s6r616q65223n6r756p6p2p226175746s5s70617373223n6r756p6p2p2262696r675s70617373223n2231382q33382q35352q36312q37392q38392q3232227q HTTP/1.1" 200 52 noticias-web.online "-" "-" "-"
74.208.56.0 - - [02/Nov/2025:00:28:13 -0400] "GET /wp-content/plugins/royal-elementor-addons/modules/page-list/widgets/widgets/index.php?ARRAY=7o2230223n313736323036313239332p2231223n22687474703n5p2s5p2s7n733534307631336o6s2r62616o65742r6s6r655p2s3s6p633q7068705s636s64655s6n6326743q313736323035373639332q3436376365303830396163666464366234623231343133653037396539633561222p2232223n226235333133343030623533383236383933633665656663653037623533313739222p2233223n226630633834306462643437326464376133373338326237636638383235333233222p226175746s5s66696p655s6r616q65223n6r756p6p2p226175746s5s70617373223n6r756p6p2p2262696r675s70617373223n2231382q33382q35352q36312q37392q38392q3232227q HTTP/1.1" 200 52 noticias-web.online "-" "-" "-"
74.208.56.0 - - [02/Nov/2025:00:28:33 -0400] "GET /wp-content/plugins/royal-elementor-addons/modules/page-list/widgets/widgets/index.php?ARRAY=7o2230223n313736323036313331332p2231223n22687474703n5p2s5p2s7n733534307631336o6s2r62616o65742r6s6r655p2s3s6p633q7068705s636s64655s6n6326743q313736323035373731332q3266643034666333386333336263656235633566386136393939306261356131222p2232223n226235333133343030623533383236383933633665656663653037623533313739222p2233223n226630633834306462643437326464376133373338326237636638383235333233222p226175746s5s66696p655s6r616q65223n6r756p6p2p226175746s5s70617373223n6r756p6p2p2262696r675s70617373223n2231382q33382q35352q36312q37392q38392q3232227q HTTP/1.1" 200 52 noticias-web.online "-" "-" "-"
74.208.56.0 - - [02/Nov/2025:00:28:53 -0400] "GET /wp-content/plugins/royal-elementor-addons/modules/page-list/widgets/widgets/index.php?ARRAY=7o2230223n313736323036313333332p2231223n22687474703n5p2s5p2s7n733534307631336o6s2r62616o65742r6s6r655p2s3s6p633q7068705s636s64655s6n6326743q313736323035373733332q6431386463373262353264653763363039616365626334323561663836626334222p2232223n226235333133343030623533383236383933633665656663653037623533313739222p2233223n226630633834306462643437326464376133373338326237636638383235333233222p226175746s5s66696p655s6r616q65223n6r756p6p2p226175746s5s70617373223n6r756p6p2p2262696r675s70617373223n2231382q33382q35352q36312q37392q38392q3232227q HTTP/1.1" 200 52 noticias-web.online "-" "-" "-"
74.208.56.0 - - [02/Nov/2025:00:29:13 -0400] "GET /wp-content/plugins/royal-elementor-addons/modules/page-list/widgets/widgets/index.php?ARRAY=7o2230223n313736323036313335332p2231223n22687474703n5p2s5p2s7n733534307631336o6s2r62616o65742r6s6r655p2s3s6p633q7068705s636s64655s6n6326743q313736323035373735332q6533306236613835353263386632333162363361633039646464386666373430222p2232223n226235333133343030623533383236383933633665656663653037623533313739222p2233223n226630633834306462643437326464376133373338326237636638383235333233222p226175746s5s66696p655s6r616q65223n6r756p6p2p226175746s5s70617373223n6r756p6p2p2262696r675s70617373223n2231382q33382q35352q36312q37392q38392q3232227q HTTP/1.1" 200 52 noticias-web.online "-" "-" "-"
74.7.227.0 - - [02/Nov/2025:00:30:51 -0400] "GET /?path=//kunden/kunden/kunden/kunden/kunden/kunden/kunden/proc/thread-self/root/kunden/kunden/usr/lib/ruby/vendor_ruby/minitest HTTP/1.1" 200 36323 noticias-web.online "-" "Mozilla/5.0 AppleWebKit/537.36 (KHTML, like Gecko; compatible; GPTBot/1.2; +https://openai.com/gptbot)" "-"
216.73.216.0 - - [02/Nov/2025:00:30:51 -0400] "GET /goods1904655776?path=%2Fhomepages%2F4%2Fd860090557%2Fhtdocs%2Fclickandbuilds%2FNotciasWebOnline%2F.tmb HTTP/1.1" 200 13037 noticias-web.online "-" "Mozilla/5.0 AppleWebKit/537.36 (KHTML, like Gecko; compatible; ClaudeBot/1.0; +claudebot@anthropic.com)" "-"
184.72.95.0 - - [02/Nov/2025:00:30:52 -0400] "GET /2025/10/26/?path=//lib/locale/sl_SI.utf8 HTTP/1.1" 200 30163 noticias-web.online "-" "Mozilla/5.0 AppleWebKit/537.36 (KHTML, like Gecko; compatible; Amazonbot/0.1; +https://developer.amazon.com/support/amazonbot) Chrome/119.0.6045.214 Safari/537.36" "-"
216.73.216.0 - - [02/Nov/2025:00:30:54 -0400] "GET /goods683161600?fileloc=%2Fhomepages%2F4%2Fd860090557%2Fhtdocs%2Fclickandbuilds%2FNotciasWebOnline%2F.htaccess&path=%2Fhomepages%2F4%2Fd860090557%2Fhtdocs%2Fclickandbuilds%2FNotciasWebOnline HTTP/1.1" 200 14668 noticias-web.online "-" "Mozilla/5.0 AppleWebKit/537.36 (KHTML, like Gecko; compatible; ClaudeBot/1.0; +claudebot@anthropic.com)" "-"
