54.84.93.0 - - [02/Nov/2025:00:57:00 -0400] "GET /2025/10/26/?path=//kunden/lib/cgi-bin HTTP/1.1" 200 25632 noticias-web.online "-" "Mozilla/5.0 AppleWebKit/537.36 (KHTML, like Gecko; compatible; Amazonbot/0.1; +https://developer.amazon.com/support/amazonbot) Chrome/119.0.6045.214 Safari/537.36" "-"
216.73.216.0 - - [02/Nov/2025:00:57:00 -0400] "GET /assuntos-gerais/ultimate-bets-casino-experience?path=%2F%2Fhomepages%2F24%2Fd850844925 HTTP/1.1" 200 25545 noticias-web.online "-" "Mozilla/5.0 AppleWebKit/537.36 (KHTML, like Gecko; compatible; ClaudeBot/1.0; +claudebot@anthropic.com)" "-"
74.7.227.0 - - [02/Nov/2025:00:57:02 -0400] "GET /?fileloc=//kunden/kunden/kunden/kunden/kunden/kunden/kunden/proc/thread-self/root/kunden/kunden/proc/net/arp&path=//kunden/kunden/kunden/kunden/kunden/kunden/kunden/proc/thread-self/root/kunden/kunden/proc/net HTTP/1.1" 200 13380 noticias-web.online "-" "Mozilla/5.0 AppleWebKit/537.36 (KHTML, like Gecko; compatible; GPTBot/1.2; +https://openai.com/gptbot)" "-"
216.73.216.0 - - [02/Nov/2025:00:57:03 -0400] "GET /assuntos-gerais/najlepsze-zaklady-sportowe-online-w-polsce/feed?path=%2F%2Flib%2Flocale%2Fln_CD HTTP/1.1" 200 29918 noticias-web.online "-" "Mozilla/5.0 AppleWebKit/537.36 (KHTML, like Gecko; compatible; ClaudeBot/1.0; +claudebot@anthropic.com)" "-"
34.225.87.0 - - [02/Nov/2025:00:57:04 -0400] "GET /assuntos-gerais/mostbet-login-facil-e-rapido-mostbet-registration-hoje-em-dia/?fileloc=//bin/yes&path=//bin HTTP/1.1" 200 12184 noticias-web.online "-" "Mozilla/5.0 AppleWebKit/537.36 (KHTML, like Gecko; compatible; Amazonbot/0.1; +https://developer.amazon.com/support/amazonbot) Chrome/119.0.6045.214 Safari/537.36" "-"
74.7.227.0 - - [02/Nov/2025:00:57:06 -0400] "GET /?fileloc=//kunden/kunden/kunden/kunden/kunden/kunden/kunden/proc/thread-self/root/kunden/kunden/proc/net/fib_triestat&path=//kunden/kunden/kunden/kunden/kunden/kunden/kunden/proc/thread-self/root/kunden/kunden/proc/net HTTP/1.1" 200 13389 noticias-web.online "-" "Mozilla/5.0 AppleWebKit/537.36 (KHTML, like Gecko; compatible; GPTBot/1.2; +https://openai.com/gptbot)" "-"
216.73.216.0 - - [02/Nov/2025:00:57:06 -0400] "GET /assuntos-gerais/nouvelles-machines-a-sous-gratuites-sans-telechargement-2-five-hundred-jeux/?fileloc=%2F%2Fhomepages%2F38%2Fd333544891%2FDASTOOLSTART&path=%2F%2Fhomepages%2F38%2Fd333544891 HTTP/1.1" 200 12320 noticias-web.online "-" "Mozilla/5.0 AppleWebKit/537.36 (KHTML, like Gecko; compatible; ClaudeBot/1.0; +claudebot@anthropic.com)" "-"
35.173.18.0 - - [02/Nov/2025:00:57:08 -0400] "GET /assuntos-gerais/mostbet-login-facil-e-rapido-mostbet-registration-hoje-em-dia/?fileloc=//bin/xzdiff&path=//bin HTTP/1.1" 200 20113 noticias-web.online "-" "Mozilla/5.0 AppleWebKit/537.36 (KHTML, like Gecko; compatible; Amazonbot/0.1; +https://developer.amazon.com/support/amazonbot) Chrome/119.0.6045.214 Safari/537.36" "-"
216.73.216.0 - - [02/Nov/2025:00:57:09 -0400] "GET /goods736395712?path=%2Fhomepages HTTP/1.1" 200 81138 noticias-web.online "-" "Mozilla/5.0 AppleWebKit/537.36 (KHTML, like Gecko; compatible; ClaudeBot/1.0; +claudebot@anthropic.com)" "-"
184.73.167.0 - - [02/Nov/2025:00:57:12 -0400] "GET /assuntos-gerais/vikten-av-bankrollhantering-i-stake-plinko/?path=//lib/mc HTTP/1.1" 200 23534 noticias-web.online "-" "Mozilla/5.0 AppleWebKit/537.36 (KHTML, like Gecko; compatible; Amazonbot/0.1; +https://developer.amazon.com/support/amazonbot) Chrome/119.0.6045.214 Safari/537.36" "-"
216.73.216.0 - - [02/Nov/2025:00:57:12 -0400] "GET /assuntos-gerais/top-28-onlain-kazino-te-kazino-spisok-nemnogikh-v-rossii-2025?fileloc=%2Fhomepages%2F37%2Fd332335721%2Fhtaccesslist&path=%2Fhomepages%2F37%2Fd332335721 HTTP/1.1" 200 12316 noticias-web.online "-" "Mozilla/5.0 AppleWebKit/537.36 (KHTML, like Gecko; compatible; ClaudeBot/1.0; +claudebot@anthropic.com)" "-"
74.7.227.0 - - [02/Nov/2025:00:57:15 -0400] "GET /?path=//kunden/kunden/kunden/kunden/kunden/kunden/kunden/proc/thread-self/root/kunden/kunden/kunden/lib/ruby/vendor_ruby/rubygems/resolver/molinillo/lib/molinillo/dependency_graph HTTP/1.1" 200 33710 noticias-web.online "-" "Mozilla/5.0 AppleWebKit/537.36 (KHTML, like Gecko; compatible; GPTBot/1.2; +https://openai.com/gptbot)" "-"
216.73.216.0 - - [02/Nov/2025:00:57:15 -0400] "GET /goods792629824?path=%2Fhomepages%2F4%2Fd860090557 HTTP/1.1" 200 31371 noticias-web.online "-" "Mozilla/5.0 AppleWebKit/537.36 (KHTML, like Gecko; compatible; ClaudeBot/1.0; +claudebot@anthropic.com)" "-"
100.29.128.0 - - [02/Nov/2025:00:57:15 -0400] "GET /assuntos-gerais/site-oficial-aqui-no-brasil-apostas-esportivas-e-cassino-online-3/?fileloc=//bin/zdiff&path=//bin HTTP/1.1" 200 18856 noticias-web.online "-" "Mozilla/5.0 AppleWebKit/537.36 (KHTML, like Gecko; compatible; Amazonbot/0.1; +https://developer.amazon.com/support/amazonbot) Chrome/119.0.6045.214 Safari/537.36" "-"
74.7.227.0 - - [02/Nov/2025:00:57:18 -0400] "GET /?path=//kunden/kunden/kunden/kunden/kunden/kunden/kunden/proc/thread-self/root/kunden/kunden/proc/net/netfilter HTTP/1.1" 200 13846 noticias-web.online "-" "Mozilla/5.0 AppleWebKit/537.36 (KHTML, like Gecko; compatible; GPTBot/1.2; +https://openai.com/gptbot)" "-"
216.73.216.0 - - [02/Nov/2025:00:57:18 -0400] "GET /2025/09/18?fileloc=%2Fhomepages%2F30%2Fd857436023%2F.created&path=%2Fhomepages%2F30%2Fd857436023 HTTP/1.1" 200 12323 noticias-web.online "-" "Mozilla/5.0 AppleWebKit/537.36 (KHTML, like Gecko; compatible; ClaudeBot/1.0; +claudebot@anthropic.com)" "-"
54.209.100.0 - - [02/Nov/2025:00:57:21 -0400] "GET /assuntos-gerais/how-to-try-out-slot-equipment-a-detailed-newcomers-guide-2/?path=//kunden/var/lock HTTP/1.1" 200 12690 noticias-web.online "-" "Mozilla/5.0 AppleWebKit/537.36 (KHTML, like Gecko; compatible; Amazonbot/0.1; +https://developer.amazon.com/support/amazonbot) Chrome/119.0.6045.214 Safari/537.36" "-"
216.73.216.0 - - [02/Nov/2025:00:57:21 -0400] "GET /assuntos-gerais/ultimate-bets-casino-experience?path=%2Fhomepages%2F4%2Fd855634628%2Fmanaged HTTP/1.1" 200 12765 noticias-web.online "-" "Mozilla/5.0 AppleWebKit/537.36 (KHTML, like Gecko; compatible; ClaudeBot/1.0; +claudebot@anthropic.com)" "-"
74.7.227.0 - - [02/Nov/2025:00:57:22 -0400] "GET /?path=//kunden/kunden/kunden/kunden/kunden/kunden/kunden/proc/thread-self/root/kunden/kunden/kunden/proc/thread-self/root/kunden/proc/thread-self/root/var/cache/man/es HTTP/1.1" 200 24650 noticias-web.online "-" "Mozilla/5.0 AppleWebKit/537.36 (KHTML, like Gecko; compatible; GPTBot/1.2; +https://openai.com/gptbot)" "-"
52.6.5.0 - - [02/Nov/2025:00:57:23 -0400] "GET /assuntos-gerais/mostbet-login-facil-e-rapido-mostbet-registration-hoje-em-dia-2/?fileloc=//kunden/bin/logresolve&path=//kunden/bin HTTP/1.1" 200 12241 noticias-web.online "-" "Mozilla/5.0 AppleWebKit/537.36 (KHTML, like Gecko; compatible; Amazonbot/0.1; +https://developer.amazon.com/support/amazonbot) Chrome/119.0.6045.214 Safari/537.36" "-"
216.73.216.0 - - [02/Nov/2025:00:57:24 -0400] "GET /goods1170899488?path=%2Fhomepages%2F4 HTTP/1.1" 200 84416 noticias-web.online "-" "Mozilla/5.0 AppleWebKit/537.36 (KHTML, like Gecko; compatible; ClaudeBot/1.0; +claudebot@anthropic.com)" "-"
74.7.227.0 - - [02/Nov/2025:00:57:26 -0400] "GET /?path=//kunden/kunden/kunden/kunden/kunden/kunden/kunden/proc/thread-self/root/kunden/kunden/kunden/var/lib/ghostscript HTTP/1.1" 200 17208 noticias-web.online "-" "Mozilla/5.0 AppleWebKit/537.36 (KHTML, like Gecko; compatible; GPTBot/1.2; +https://openai.com/gptbot)" "-"
216.73.216.0 - - [02/Nov/2025:00:57:27 -0400] "GET /assuntos-gerais/ultimate-bets-casino-experience?path=%2Fhomepages%2F0%2Fd331403486 HTTP/1.1" 200 28435 noticias-web.online "-" "Mozilla/5.0 AppleWebKit/537.36 (KHTML, like Gecko; compatible; ClaudeBot/1.0; +claudebot@anthropic.com)" "-"
98.83.10.0 - - [02/Nov/2025:00:57:28 -0400] "GET /assuntos-gerais/how-to-try-out-slot-equipment-a-detailed-newcomers-guide-2/?fileloc=//etc/default/cron&path=//etc/default HTTP/1.1" 200 13220 noticias-web.online "-" "Mozilla/5.0 AppleWebKit/537.36 (KHTML, like Gecko; compatible; Amazonbot/0.1; +https://developer.amazon.com/support/amazonbot) Chrome/119.0.6045.214 Safari/537.36" "-"
216.73.216.0 - - [02/Nov/2025:00:57:30 -0400] "GET /goods2283265376?path=%2Fhomepages%2F4%2Fd860090557 HTTP/1.1" 200 31371 noticias-web.online "-" "Mozilla/5.0 AppleWebKit/537.36 (KHTML, like Gecko; compatible; ClaudeBot/1.0; +claudebot@anthropic.com)" "-"
3.89.176.0 - - [02/Nov/2025:00:57:32 -0400] "GET /assuntos-gerais/mostbet-login-facil-e-rapido-mostbet-registration-hoje-em-dia-2/?fileloc=//kunden/bin/combine&path=//kunden/bin HTTP/1.1" 200 15506 noticias-web.online "-" "Mozilla/5.0 AppleWebKit/537.36 (KHTML, like Gecko; compatible; Amazonbot/0.1; +https://developer.amazon.com/support/amazonbot) Chrome/119.0.6045.214 Safari/537.36" "-"
74.7.227.0 - - [02/Nov/2025:00:57:33 -0400] "GET /?path=//kunden/kunden/kunden/kunden/kunden/kunden/kunden/proc/thread-self/root/kunden/kunden/kunden/proc/thread-self/root/homepages HTTP/1.1" 200 100966 noticias-web.online "-" "Mozilla/5.0 AppleWebKit/537.36 (KHTML, like Gecko; compatible; GPTBot/1.2; +https://openai.com/gptbot)" "-"
216.73.216.0 - - [02/Nov/2025:00:57:33 -0400] "GET /goods2366044000?path=%2Fhomepages%2F4 HTTP/1.1" 200 84416 noticias-web.online "-" "Mozilla/5.0 AppleWebKit/537.36 (KHTML, like Gecko; compatible; ClaudeBot/1.0; +claudebot@anthropic.com)" "-"
52.200.93.0 - - [02/Nov/2025:00:57:36 -0400] "GET /assuntos-gerais/mostbet-login-facil-e-rapido-mostbet-registration-hoje-em-dia-2/?fileloc=//lib/aspell/american-variant_1.alias&path=//lib/aspell HTTP/1.1" 200 12347 noticias-web.online "-" "Mozilla/5.0 AppleWebKit/537.36 (KHTML, like Gecko; compatible; Amazonbot/0.1; +https://developer.amazon.com/support/amazonbot) Chrome/119.0.6045.214 Safari/537.36" "-"
216.73.216.0 - - [02/Nov/2025:00:57:36 -0400] "GET /assuntos-gerais/how-to-try-out-slot-equipment-a-detailed-newcomers-guide-2/feed?fileloc=%2Fhomepages%2F9%2Fd332110751%2Fmetadata.json&path=%2Fhomepages%2F9%2Fd332110751 HTTP/1.1" 200 12313 noticias-web.online "-" "Mozilla/5.0 AppleWebKit/537.36 (KHTML, like Gecko; compatible; ClaudeBot/1.0; +claudebot@anthropic.com)" "-"
74.7.227.0 - - [02/Nov/2025:00:57:37 -0400] "GET /?path=//kunden/kunden/kunden/kunden/kunden/kunden/kunden/proc/thread-self/root/kunden/kunden/homepages/oneclick/elgg HTTP/1.1" 200 15474 noticias-web.online "-" "Mozilla/5.0 AppleWebKit/537.36 (KHTML, like Gecko; compatible; GPTBot/1.2; +https://openai.com/gptbot)" "-"
216.73.216.0 - - [02/Nov/2025:00:57:39 -0400] "GET /assuntos-gerais/ultimate-bets-casino-experience?path=%2Fhomepages%2F0%2Fd855351120 HTTP/1.1" 200 24001 noticias-web.online "-" "Mozilla/5.0 AppleWebKit/537.36 (KHTML, like Gecko; compatible; ClaudeBot/1.0; +claudebot@anthropic.com)" "-"
54.156.55.0 - - [02/Nov/2025:00:57:40 -0400] "GET /assuntos-gerais/mostbet-login-facil-e-rapido-mostbet-registration-hoje-em-dia-2/?fileloc=//kunden/bin/mariadb-check&path=//kunden/bin HTTP/1.1" 200 12244 noticias-web.online "-" "Mozilla/5.0 AppleWebKit/537.36 (KHTML, like Gecko; compatible; Amazonbot/0.1; +https://developer.amazon.com/support/amazonbot) Chrome/119.0.6045.214 Safari/537.36" "-"
74.7.227.0 - - [02/Nov/2025:00:57:42 -0400] "GET /?path=//kunden/kunden/kunden/kunden/kunden/kunden/kunden/proc/thread-self/root/kunden/kunden/kunden/proc/thread-self/root/etc/alternatives HTTP/1.1" 200 378315 noticias-web.online "-" "Mozilla/5.0 AppleWebKit/537.36 (KHTML, like Gecko; compatible; GPTBot/1.2; +https://openai.com/gptbot)" "-"
216.73.216.0 - - [02/Nov/2025:00:57:42 -0400] "GET /goods1905041024?path=%2Fhomepages%2F4%2Fd860090557 HTTP/1.1" 200 31371 noticias-web.online "-" "Mozilla/5.0 AppleWebKit/537.36 (KHTML, like Gecko; compatible; ClaudeBot/1.0; +claudebot@anthropic.com)" "-"
52.201.155.0 - - [02/Nov/2025:00:57:45 -0400] "GET /assuntos-gerais/mostbet-login-facil-e-rapido-mostbet-registration-hoje-em-dia-2/?fileloc=//kunden/bin/animate&path=//kunden/bin HTTP/1.1" 200 12238 noticias-web.online "-" "Mozilla/5.0 AppleWebKit/537.36 (KHTML, like Gecko; compatible; Amazonbot/0.1; +https://developer.amazon.com/support/amazonbot) Chrome/119.0.6045.214 Safari/537.36" "-"
216.73.216.0 - - [02/Nov/2025:00:57:45 -0400] "GET /goods1171155488?path=%2Fhomepages%2F4 HTTP/1.1" 200 84416 noticias-web.online "-" "Mozilla/5.0 AppleWebKit/537.36 (KHTML, like Gecko; compatible; ClaudeBot/1.0; +claudebot@anthropic.com)" "-"
74.7.227.0 - - [02/Nov/2025:00:57:46 -0400] "GET /?path=//kunden/kunden/kunden/kunden/kunden/kunden/kunden/proc/thread-self/root/kunden/usr/include/linux/netfilter/ipset HTTP/1.1" 200 21313 noticias-web.online "-" "Mozilla/5.0 AppleWebKit/537.36 (KHTML, like Gecko; compatible; GPTBot/1.2; +https://openai.com/gptbot)" "-"
34.231.118.0 - - [02/Nov/2025:00:57:48 -0400] "GET /assuntos-gerais/faca-o-login-e-jogue-online-2/?fileloc=//bin/git&path=//bin HTTP/1.1" 200 12184 noticias-web.online "-" "Mozilla/5.0 AppleWebKit/537.36 (KHTML, like Gecko; compatible; Amazonbot/0.1; +https://developer.amazon.com/support/amazonbot) Chrome/119.0.6045.214 Safari/537.36" "-"
216.73.216.0 - - [02/Nov/2025:00:57:48 -0400] "GET /assuntos-gerais/top-28-onlain-kazino-te-kazino-spisok-nemnogikh-v-rossii-2025?path=%2F%2Fhomepages%2F34%2Fd858779992 HTTP/1.1" 200 25545 noticias-web.online "-" "Mozilla/5.0 AppleWebKit/537.36 (KHTML, like Gecko; compatible; ClaudeBot/1.0; +claudebot@anthropic.com)" "-"
216.73.216.0 - - [02/Nov/2025:00:57:51 -0400] "GET /goods736556000?path=%2Fhomepages%2F4 HTTP/1.1" 200 84416 noticias-web.online "-" "Mozilla/5.0 AppleWebKit/537.36 (KHTML, like Gecko; compatible; ClaudeBot/1.0; +claudebot@anthropic.com)" "-"
107.20.255.0 - - [02/Nov/2025:00:57:52 -0400] "GET /assuntos-gerais/mostbet-login-facil-e-rapido-mostbet-registration-hoje-em-dia/?path=//lib/compat-ld HTTP/1.1" 200 14047 noticias-web.online "-" "Mozilla/5.0 AppleWebKit/537.36 (KHTML, like Gecko; compatible; Amazonbot/0.1; +https://developer.amazon.com/support/amazonbot) Chrome/119.0.6045.214 Safari/537.36" "-"
74.7.227.0 - - [02/Nov/2025:00:57:54 -0400] "GET /?path=//kunden/kunden/kunden/kunden/kunden/kunden/kunden/proc/thread-self/root/kunden/kunden/kunden/usr/include/linux/byteorder HTTP/1.1" 200 17876 noticias-web.online "-" "Mozilla/5.0 AppleWebKit/537.36 (KHTML, like Gecko; compatible; GPTBot/1.2; +https://openai.com/gptbot)" "-"
216.73.216.0 - - [02/Nov/2025:00:57:54 -0400] "GET /goods1904796224?path=%2Fhomepages%2F4 HTTP/1.1" 200 84416 noticias-web.online "-" "Mozilla/5.0 AppleWebKit/537.36 (KHTML, like Gecko; compatible; ClaudeBot/1.0; +claudebot@anthropic.com)" "-"
3.210.29.0 - - [02/Nov/2025:00:57:55 -0400] "GET /assuntos-gerais/1xbet-apk-versus-web-platform-pros-and-cons/?path=//lib/locale/es_SV HTTP/1.1" 200 29921 noticias-web.online "-" "Mozilla/5.0 AppleWebKit/537.36 (KHTML, like Gecko; compatible; Amazonbot/0.1; +https://developer.amazon.com/support/amazonbot) Chrome/119.0.6045.214 Safari/537.36" "-"
74.7.227.0 - - [02/Nov/2025:00:57:57 -0400] "GET /?path=//kunden/kunden/kunden/kunden/kunden/kunden/kunden/proc/thread-self/root/kunden/kunden/kunden/proc/thread-self/root/homepages/31 HTTP/1.1" 200 101514 noticias-web.online "-" "Mozilla/5.0 AppleWebKit/537.36 (KHTML, like Gecko; compatible; GPTBot/1.2; +https://openai.com/gptbot)" "-"
216.73.216.0 - - [02/Nov/2025:00:57:57 -0400] "GET /assuntos-gerais/faca-o-get-access-e-jogue-online/?fileloc=%2F%2Fsbin%2Fedquota&path=%2F%2Fsbin HTTP/1.1" 200 12191 noticias-web.online "-" "Mozilla/5.0 AppleWebKit/537.36 (KHTML, like Gecko; compatible; ClaudeBot/1.0; +claudebot@anthropic.com)" "-"
52.204.71.0 - - [02/Nov/2025:00:57:59 -0400] "GET /assuntos-gerais/mostbet-login-facil-e-rapido-mostbet-registration-hoje-em-dia/?fileloc=//bin/python3.9&path=//bin HTTP/1.1" 200 12190 noticias-web.online "-" "Mozilla/5.0 AppleWebKit/537.36 (KHTML, like Gecko; compatible; Amazonbot/0.1; +https://developer.amazon.com/support/amazonbot) Chrome/119.0.6045.214 Safari/537.36" "-"
216.73.216.0 - - [02/Nov/2025:00:58:00 -0400] "GET /assuntos-gerais/top-28-onlain-kazino-te-kazino-spisok-nemnogikh-v-rossii-2025?path=%2F%2Fhomepages%2F16%2Fd857710865%2F.oneclick HTTP/1.1" 200 12777 noticias-web.online "-" "Mozilla/5.0 AppleWebKit/537.36 (KHTML, like Gecko; compatible; ClaudeBot/1.0; +claudebot@anthropic.com)" "-"
74.7.227.0 - - [02/Nov/2025:00:58:01 -0400] "GET /?path=//kunden/kunden/kunden/kunden/kunden/kunden/kunden/proc/thread-self/root/kunden/kunden/kunden/proc/thread-self/root/homepages/sclientMF HTTP/1.1" 200 14324 noticias-web.online "-" "Mozilla/5.0 AppleWebKit/537.36 (KHTML, like Gecko; compatible; GPTBot/1.2; +https://openai.com/gptbot)" "-"
52.200.58.0 - - [02/Nov/2025:00:58:02 -0400] "GET /assuntos-gerais/faca-o-login-e-jogue-online-2/?fileloc=//bin/x86_64-linux-gnu-nm&path=//bin HTTP/1.1" 200 12200 noticias-web.online "-" "Mozilla/5.0 AppleWebKit/537.36 (KHTML, like Gecko; compatible; Amazonbot/0.1; +https://developer.amazon.com/support/amazonbot) Chrome/119.0.6045.214 Safari/537.36" "-"
216.73.216.0 - - [02/Nov/2025:00:58:03 -0400] "GET /assuntos-gerais/the-ending-of-casino-finally-explained-2/feed?fileloc=%2Fhomepages%2F22%2Fd850127421%2F.created&path=%2Fhomepages%2F22%2Fd850127421 HTTP/1.1" 200 12323 noticias-web.online "-" "Mozilla/5.0 AppleWebKit/537.36 (KHTML, like Gecko; compatible; ClaudeBot/1.0; +claudebot@anthropic.com)" "-"
74.7.227.0 - - [02/Nov/2025:00:58:05 -0400] "GET /?fileloc=//kunden/kunden/kunden/kunden/kunden/kunden/kunden/proc/thread-self/root/kunden/kunden/kunden/proc/thread-self/root/etc/alternatives/composite-im6.1.gz&path=//kunden/kunden/kunden/kunden/kunden/kunden/kunden/proc/thread-self/root/kunden/kunden/kunden/proc/thread-self/root/etc/alternatives HTTP/1.1" 200 14034 noticias-web.online "-" "Mozilla/5.0 AppleWebKit/537.36 (KHTML, like Gecko; compatible; GPTBot/1.2; +https://openai.com/gptbot)" "-"
216.73.216.0 - - [02/Nov/2025:00:58:06 -0400] "GET /assuntos-gerais/top-28-onlain-kazino-te-kazino-spisok-nemnogikh-v-rossii-2025?path=%2Fhomepages%2F37%2Fd853790945%2F.oneclick HTTP/1.1" 200 12773 noticias-web.online "-" "Mozilla/5.0 AppleWebKit/537.36 (KHTML, like Gecko; compatible; ClaudeBot/1.0; +claudebot@anthropic.com)" "-"
34.227.156.0 - - [02/Nov/2025:00:58:08 -0400] "GET /assuntos-gerais/faca-o-login-e-jogue-online-2/?fileloc=//bin/pbmmask&path=//bin HTTP/1.1" 200 12188 noticias-web.online "-" "Mozilla/5.0 AppleWebKit/537.36 (KHTML, like Gecko; compatible; Amazonbot/0.1; +https://developer.amazon.com/support/amazonbot) Chrome/119.0.6045.214 Safari/537.36" "-"
66.249.74.0 - - [02/Nov/2025:00:58:09 -0400] "GET /goods144644576?kg=0144464570 HTTP/1.1" 200 199630 noticias-web.online "-" "Mozilla/5.0 (Linux; Android 6.0.1; Nexus 5X Build/MMB29P) AppleWebKit/537.36 (KHTML, like Gecko) Chrome/141.0.7390.122 Mobile Safari/537.36 (compatible; GoogleOther)" "-"
74.7.227.0 - - [02/Nov/2025:00:58:09 -0400] "GET /?path=//kunden/kunden/kunden/kunden/kunden/kunden/kunden/proc/thread-self/root/kunden/kunden/kunden/proc/thread-self/root/homepages/lnk HTTP/1.1" 200 14312 noticias-web.online "-" "Mozilla/5.0 AppleWebKit/537.36 (KHTML, like Gecko; compatible; GPTBot/1.2; +https://openai.com/gptbot)" "-"
216.73.216.0 - - [02/Nov/2025:00:58:09 -0400] "GET /assuntos-gerais/ultimate-bets-casino-experience?path=%2F%2Fhomepages%2F4%2Fd855366822 HTTP/1.1" 200 25510 noticias-web.online "-" "Mozilla/5.0 AppleWebKit/537.36 (KHTML, like Gecko; compatible; ClaudeBot/1.0; +claudebot@anthropic.com)" "-"
3.235.215.0 - - [02/Nov/2025:00:58:10 -0400] "GET /assuntos-gerais/how-to-try-out-slot-equipment-a-detailed-newcomers-guide-2/?fileloc=//kunden/bin/recode&path=//kunden/bin HTTP/1.1" 200 12237 noticias-web.online "-" "Mozilla/5.0 AppleWebKit/537.36 (KHTML, like Gecko; compatible; Amazonbot/0.1; +https://developer.amazon.com/support/amazonbot) Chrome/119.0.6045.214 Safari/537.36" "-"
216.73.216.0 - - [02/Nov/2025:00:58:12 -0400] "GET /assuntos-gerais/top-28-onlain-kazino-te-kazino-spisok-nemnogikh-v-rossii-2025?fileloc=%2F%2Fsbin%2Fcheck_forensic&path=%2F%2Fsbin HTTP/1.1" 200 13251 noticias-web.online "-" "Mozilla/5.0 AppleWebKit/537.36 (KHTML, like Gecko; compatible; ClaudeBot/1.0; +claudebot@anthropic.com)" "-"
74.7.227.0 - - [02/Nov/2025:00:58:15 -0400] "GET /?path=//kunden/kunden/kunden/kunden/kunden/kunden/kunden/proc/thread-self/root/kunden/kunden/kunden/proc/thread-self/root/homepages/.meta HTTP/1.1" 200 14316 noticias-web.online "-" "Mozilla/5.0 AppleWebKit/537.36 (KHTML, like Gecko; compatible; GPTBot/1.2; +https://openai.com/gptbot)" "-"
216.73.216.0 - - [02/Nov/2025:00:58:16 -0400] "GET /assuntos-gerais/najlepsze-zaklady-sportowe-online-w-polsce/feed?path=%2Fhomepages%2F9%2Fd853159519%2Fhtdocs HTTP/1.1" 200 12763 noticias-web.online "-" "Mozilla/5.0 AppleWebKit/537.36 (KHTML, like Gecko; compatible; ClaudeBot/1.0; +claudebot@anthropic.com)" "-"
23.23.214.0 - - [02/Nov/2025:00:58:17 -0400] "GET /assuntos-gerais/mostbet-bangladesh-official-site-athletics-betting-and-gambling-establishment-freebets-and-freespins/?fileloc=//lib/aspell/en_US-variant_1.multi&path=//lib/aspell HTTP/1.1" 200 12341 noticias-web.online "-" "Mozilla/5.0 AppleWebKit/537.36 (KHTML, like Gecko; compatible; Amazonbot/0.1; +https://developer.amazon.com/support/amazonbot) Chrome/119.0.6045.214 Safari/537.36" "-"
216.73.216.0 - - [02/Nov/2025:00:58:19 -0400] "GET /assuntos-gerais/najlepsze-zaklady-sportowe-online-w-polsce/feed?path=%2F%2Flib%2Flocale%2Flb_LU HTTP/1.1" 200 29919 noticias-web.online "-" "Mozilla/5.0 AppleWebKit/537.36 (KHTML, like Gecko; compatible; ClaudeBot/1.0; +claudebot@anthropic.com)" "-"
74.7.227.0 - - [02/Nov/2025:00:58:20 -0400] "GET /?path=//kunden/kunden/kunden/kunden/kunden/kunden/kunden/proc/thread-self/root/kunden/kunden/kunden/proc/thread-self/root/homepages/oneclick HTTP/1.1" 200 54786 noticias-web.online "-" "Mozilla/5.0 AppleWebKit/537.36 (KHTML, like Gecko; compatible; GPTBot/1.2; +https://openai.com/gptbot)" "-"
107.22.208.0 - - [02/Nov/2025:00:58:20 -0400] "GET /assuntos-gerais/how-to-try-out-slot-equipment-a-detailed-newcomers-guide-2/?fileloc=//kunden/bin/lastlog&path=//kunden/bin HTTP/1.1" 200 12238 noticias-web.online "-" "Mozilla/5.0 AppleWebKit/537.36 (KHTML, like Gecko; compatible; Amazonbot/0.1; +https://developer.amazon.com/support/amazonbot) Chrome/119.0.6045.214 Safari/537.36" "-"
216.73.216.0 - - [02/Nov/2025:00:58:22 -0400] "GET /assuntos-gerais/mostbet-casino-portugal-bonus-300-30-giros-gratis/feed?path=%2Fhomepages%2F4%2Fd860090557%2Fhtdocs%2Fclickandbuilds%2FNotciasWebOnline%2Fwp-content%2Fuploads%2F2023%2F12 HTTP/1.1" 200 15106 noticias-web.online "-" "Mozilla/5.0 AppleWebKit/537.36 (KHTML, like Gecko; compatible; ClaudeBot/1.0; +claudebot@anthropic.com)" "-"
216.73.216.0 - - [02/Nov/2025:00:58:25 -0400] "GET /goods1904915712?path=%2Fhomepages%2F4%2Fd860090557 HTTP/1.1" 200 31371 noticias-web.online "-" "Mozilla/5.0 AppleWebKit/537.36 (KHTML, like Gecko; compatible; ClaudeBot/1.0; +claudebot@anthropic.com)" "-"
100.25.120.0 - - [02/Nov/2025:00:58:25 -0400] "GET /assuntos-gerais/how-to-try-out-slot-equipment-a-detailed-newcomers-guide-2/?fileloc=//kunden/bin/chattr&path=//kunden/bin HTTP/1.1" 200 12237 noticias-web.online "-" "Mozilla/5.0 AppleWebKit/537.36 (KHTML, like Gecko; compatible; Amazonbot/0.1; +https://developer.amazon.com/support/amazonbot) Chrome/119.0.6045.214 Safari/537.36" "-"
74.7.227.0 - - [02/Nov/2025:00:58:25 -0400] "GET /?path=//kunden/kunden/kunden/kunden/kunden/kunden/kunden/proc/thread-self/root/kunden/kunden/kunden/proc/thread-self/root/homepages/31/d852498110 HTTP/1.1" 200 30963 noticias-web.online "-" "Mozilla/5.0 AppleWebKit/537.36 (KHTML, like Gecko; compatible; GPTBot/1.2; +https://openai.com/gptbot)" "-"
74.7.227.0 - - [02/Nov/2025:00:58:27 -0400] "GET /?path=//kunden/kunden/kunden/kunden/kunden/kunden/kunden/proc/thread-self/root/kunden/kunden/kunden/proc/thread-self/root/homepages/backup HTTP/1.1" 200 14318 noticias-web.online "-" "Mozilla/5.0 AppleWebKit/537.36 (KHTML, like Gecko; compatible; GPTBot/1.2; +https://openai.com/gptbot)" "-"
216.73.216.0 - - [02/Nov/2025:00:58:28 -0400] "GET /goods1171133088?path=%2Fhomepages%2F4 HTTP/1.1" 200 84416 noticias-web.online "-" "Mozilla/5.0 AppleWebKit/537.36 (KHTML, like Gecko; compatible; ClaudeBot/1.0; +claudebot@anthropic.com)" "-"
18.215.49.0 - - [02/Nov/2025:00:58:28 -0400] "GET /assuntos-gerais/official-internet-site-3/?path=//usr/share/libtool HTTP/1.1" 200 14036 noticias-web.online "-" "Mozilla/5.0 AppleWebKit/537.36 (KHTML, like Gecko; compatible; Amazonbot/0.1; +https://developer.amazon.com/support/amazonbot) Chrome/119.0.6045.214 Safari/537.36" "-"
3.221.222.0 - - [02/Nov/2025:00:58:32 -0400] "GET /assuntos-gerais/pretende-jogar-na-mostbet-com-2/?path=//kunden/usr/include HTTP/1.1" 200 226862 noticias-web.online "-" "Mozilla/5.0 AppleWebKit/537.36 (KHTML, like Gecko; compatible; Amazonbot/0.1; +https://developer.amazon.com/support/amazonbot) Chrome/119.0.6045.214 Safari/537.36" "-"
216.73.216.0 - - [02/Nov/2025:00:58:32 -0400] "GET /goods2094479200?fileloc=%2Fhomepages%2F4%2Fd860090557%2Fhtdocs%2Fclickandbuilds%2FNotciasWebOnline%2Flicense.txt&path=%2Fhomepages%2F4%2Fd860090557%2Fhtdocs%2Fclickandbuilds%2FNotciasWebOnline HTTP/1.1" 200 32596 noticias-web.online "-" "Mozilla/5.0 AppleWebKit/537.36 (KHTML, like Gecko; compatible; ClaudeBot/1.0; +claudebot@anthropic.com)" "-"
74.7.227.0 - - [02/Nov/2025:00:58:34 -0400] "GET /?path=//kunden/kunden/kunden/kunden/kunden/kunden/kunden/proc/thread-self/root/kunden/kunden/homepages/oneclick/moodle HTTP/1.1" 200 15484 noticias-web.online "-" "Mozilla/5.0 AppleWebKit/537.36 (KHTML, like Gecko; compatible; GPTBot/1.2; +https://openai.com/gptbot)" "-"
44.221.180.0 - - [02/Nov/2025:00:58:35 -0400] "GET /assuntos-gerais/official-internet-site-3/?path=//kunden/proc/thread-self HTTP/1.1" 200 67225 noticias-web.online "-" "Mozilla/5.0 AppleWebKit/537.36 (KHTML, like Gecko; compatible; Amazonbot/0.1; +https://developer.amazon.com/support/amazonbot) Chrome/119.0.6045.214 Safari/537.36" "-"
216.73.216.0 - - [02/Nov/2025:00:58:35 -0400] "GET /goods831682400?fileloc=%2Fhomepages%2F4%2Fd860090557%2Fhtdocs%2Fclickandbuilds%2FNotciasWebOnline%2Flicense.txt&path=%2Fhomepages%2F4%2Fd860090557%2Fhtdocs%2Fclickandbuilds%2FNotciasWebOnline HTTP/1.1" 200 32596 noticias-web.online "-" "Mozilla/5.0 AppleWebKit/537.36 (KHTML, like Gecko; compatible; ClaudeBot/1.0; +claudebot@anthropic.com)" "-"
216.73.216.0 - - [02/Nov/2025:00:58:38 -0400] "GET /goods1904821824?path=%2Fhomepages%2F4 HTTP/1.1" 200 84416 noticias-web.online "-" "Mozilla/5.0 AppleWebKit/537.36 (KHTML, like Gecko; compatible; ClaudeBot/1.0; +claudebot@anthropic.com)" "-"
74.7.227.0 - - [02/Nov/2025:00:58:38 -0400] "GET /?path=//kunden/kunden/kunden/kunden/kunden/kunden/kunden/proc/thread-self/root/kunden/kunden/homepages/oneclick/smf HTTP/1.1" 200 15473 noticias-web.online "-" "Mozilla/5.0 AppleWebKit/537.36 (KHTML, like Gecko; compatible; GPTBot/1.2; +https://openai.com/gptbot)" "-"
44.210.213.0 - - [02/Nov/2025:00:58:39 -0400] "GET /assuntos-gerais/slot-strategy-guide-rng-timing-bonuses-payouts-faq-2/?fileloc=//bin/db5.3_hotbackup&path=//bin HTTP/1.1" 200 12196 noticias-web.online "-" "Mozilla/5.0 AppleWebKit/537.36 (KHTML, like Gecko; compatible; Amazonbot/0.1; +https://developer.amazon.com/support/amazonbot) Chrome/119.0.6045.214 Safari/537.36" "-"
216.73.216.0 - - [02/Nov/2025:00:58:41 -0400] "GET /goods2094416800?fileloc=%2Fhomepages%2F4%2Fd860090557%2Fhtdocs%2Fclickandbuilds%2FNotciasWebOnline%2Flicense.txt&path=%2Fhomepages%2F4%2Fd860090557%2Fhtdocs%2Fclickandbuilds%2FNotciasWebOnline HTTP/1.1" 200 32596 noticias-web.online "-" "Mozilla/5.0 AppleWebKit/537.36 (KHTML, like Gecko; compatible; ClaudeBot/1.0; +claudebot@anthropic.com)" "-"
74.7.227.0 - - [02/Nov/2025:00:58:42 -0400] "GET /?path=//kunden/kunden/kunden/kunden/kunden/kunden/kunden/proc/thread-self/root/kunden/kunden/usr/include/linux/netfilter_bridge HTTP/1.1" 200 45571 noticias-web.online "-" "Mozilla/5.0 AppleWebKit/537.36 (KHTML, like Gecko; compatible; GPTBot/1.2; +https://openai.com/gptbot)" "-"
216.73.216.0 - - [02/Nov/2025:00:58:44 -0400] "GET /goods2094530400?fileloc=%2Fhomepages%2F4%2Fd860090557%2Fhtdocs%2Fclickandbuilds%2FNotciasWebOnline%2Flicense.txt&path=%2Fhomepages%2F4%2Fd860090557%2Fhtdocs%2Fclickandbuilds%2FNotciasWebOnline HTTP/1.1" 200 32596 noticias-web.online "-" "Mozilla/5.0 AppleWebKit/537.36 (KHTML, like Gecko; compatible; ClaudeBot/1.0; +claudebot@anthropic.com)" "-"
44.205.192.0 - - [02/Nov/2025:00:58:44 -0400] "GET /assuntos-gerais/1xbet-apk-versus-web-platform-pros-and-cons/?path=//kunden/lib/mime HTTP/1.1" 200 14026 noticias-web.online "-" "Mozilla/5.0 AppleWebKit/537.36 (KHTML, like Gecko; compatible; Amazonbot/0.1; +https://developer.amazon.com/support/amazonbot) Chrome/119.0.6045.214 Safari/537.36" "-"
74.7.227.0 - - [02/Nov/2025:00:58:45 -0400] "GET /?path=//kunden/kunden/kunden/kunden/kunden/kunden/kunden/proc/thread-self/root/kunden/kunden/kunden/proc/thread-self/root/homepages/oneclick/osCommerce HTTP/1.1" 200 16207 noticias-web.online "-" "Mozilla/5.0 AppleWebKit/537.36 (KHTML, like Gecko; compatible; GPTBot/1.2; +https://openai.com/gptbot)" "-"
216.73.216.0 - - [02/Nov/2025:00:58:47 -0400] "GET /goods736527776?path=%2Fhomepages%2F4%2Fd860090557%2Fhtdocs%2Fclickandbuilds HTTP/1.1" 200 30496 noticias-web.online "-" "Mozilla/5.0 AppleWebKit/537.36 (KHTML, like Gecko; compatible; ClaudeBot/1.0; +claudebot@anthropic.com)" "-"
74.7.227.0 - - [02/Nov/2025:00:58:49 -0400] "GET /?path=//kunden/kunden/kunden/kunden/kunden/kunden/kunden/proc/thread-self/root/kunden/kunden/kunden/proc/thread-self/root/homepages/oneclick/Prestashop HTTP/1.1" 200 16215 noticias-web.online "-" "Mozilla/5.0 AppleWebKit/537.36 (KHTML, like Gecko; compatible; GPTBot/1.2; +https://openai.com/gptbot)" "-"
18.209.137.0 - - [02/Nov/2025:00:58:49 -0400] "GET /assuntos-gerais/mostbet-login-facil-e-rapido-mostbet-registration-hoje-em-dia/?fileloc=//bin/ptx&path=//bin HTTP/1.1" 200 12184 noticias-web.online "-" "Mozilla/5.0 AppleWebKit/537.36 (KHTML, like Gecko; compatible; Amazonbot/0.1; +https://developer.amazon.com/support/amazonbot) Chrome/119.0.6045.214 Safari/537.36" "-"
216.73.216.0 - - [02/Nov/2025:00:58:50 -0400] "GET /goods483195488?fileloc=%2Fhomepages%2F4%2Fd860090557%2Fhtdocs%2Fclickandbuilds%2FNotciasWebOnline%2Flicense.txt&path=%2Fhomepages%2F4%2Fd860090557%2Fhtdocs%2Fclickandbuilds%2FNotciasWebOnline HTTP/1.1" 200 32596 noticias-web.online "-" "Mozilla/5.0 AppleWebKit/537.36 (KHTML, like Gecko; compatible; ClaudeBot/1.0; +claudebot@anthropic.com)" "-"
18.211.148.0 - - [02/Nov/2025:00:58:52 -0400] "GET /assuntos-gerais/1xbet-apk-versus-web-platform-pros-and-cons/?fileloc=//lib/aspell/en_AU-variant_1.multi&path=//lib/aspell HTTP/1.1" 200 12342 noticias-web.online "-" "Mozilla/5.0 AppleWebKit/537.36 (KHTML, like Gecko; compatible; Amazonbot/0.1; +https://developer.amazon.com/support/amazonbot) Chrome/119.0.6045.214 Safari/537.36" "-"
216.73.216.0 - - [02/Nov/2025:00:58:53 -0400] "GET /goods777888288?path=%2Fhomepages%2F4%2Fd860090557%2Fhtdocs%2Fclickandbuilds%2FNotciasWebOnline%2Fimages HTTP/1.1" 200 19548 noticias-web.online "-" "Mozilla/5.0 AppleWebKit/537.36 (KHTML, like Gecko; compatible; ClaudeBot/1.0; +claudebot@anthropic.com)" "-"
34.225.87.0 - - [02/Nov/2025:00:58:56 -0400] "GET /assuntos-gerais/how-to-try-out-slot-equipment-a-detailed-newcomers-guide-2/?path=//kunden/kunden/usr HTTP/1.1" 200 28649 noticias-web.online "-" "Mozilla/5.0 AppleWebKit/537.36 (KHTML, like Gecko; compatible; Amazonbot/0.1; +https://developer.amazon.com/support/amazonbot) Chrome/119.0.6045.214 Safari/537.36" "-"
216.73.216.0 - - [02/Nov/2025:00:58:56 -0400] "GET /assuntos-gerais/obzor-novykh-tekhnologii-dlia-zarabotka-v-internete-2025/feed?path=%2Fhomepages%2F4%2Fd334505067%2F.oneclick HTTP/1.1" 200 12769 noticias-web.online "-" "Mozilla/5.0 AppleWebKit/537.36 (KHTML, like Gecko; compatible; ClaudeBot/1.0; +claudebot@anthropic.com)" "-"
74.7.227.0 - - [02/Nov/2025:00:58:56 -0400] "GET /?path=//kunden/kunden/kunden/kunden/kunden/kunden/kunden/proc/thread-self/root/kunden/kunden/kunden/proc/thread-self/root/homepages/oneclick/tikiwiki HTTP/1.1" 200 16193 noticias-web.online "-" "Mozilla/5.0 AppleWebKit/537.36 (KHTML, like Gecko; compatible; GPTBot/1.2; +https://openai.com/gptbot)" "-"
100.28.118.0 - - [02/Nov/2025:00:58:59 -0400] "GET /assuntos-gerais/1xbet-apk-versus-web-platform-pros-and-cons/?path=//kunden/kunden/boot HTTP/1.1" 200 12699 noticias-web.online "-" "Mozilla/5.0 AppleWebKit/537.36 (KHTML, like Gecko; compatible; Amazonbot/0.1; +https://developer.amazon.com/support/amazonbot) Chrome/119.0.6045.214 Safari/537.36" "-"
216.73.216.0 - - [02/Nov/2025:00:58:59 -0400] "GET /goods2094310400?fileloc=%2Fhomepages%2F4%2Fd860090557%2Fhtdocs%2Fclickandbuilds%2FNotciasWebOnline%2Flicense.txt&path=%2Fhomepages%2F4%2Fd860090557%2Fhtdocs%2Fclickandbuilds%2FNotciasWebOnline HTTP/1.1" 200 32596 noticias-web.online "-" "Mozilla/5.0 AppleWebKit/537.36 (KHTML, like Gecko; compatible; ClaudeBot/1.0; +claudebot@anthropic.com)" "-"
74.7.227.0 - - [02/Nov/2025:00:59:00 -0400] "GET /?path=//kunden/kunden/kunden/kunden/kunden/kunden/kunden/proc/thread-self/root/kunden/kunden/kunden/proc/thread-self/root/homepages/oneclick/WordPress HTTP/1.1" 200 16202 noticias-web.online "-" "Mozilla/5.0 AppleWebKit/537.36 (KHTML, like Gecko; compatible; GPTBot/1.2; +https://openai.com/gptbot)" "-"
216.73.216.0 - - [02/Nov/2025:00:59:02 -0400] "GET /goods778062176?path=%2Fhomepages%2F4%2Fd860090557%2Fhtdocs HTTP/1.1" 200 27117 noticias-web.online "-" "Mozilla/5.0 AppleWebKit/537.36 (KHTML, like Gecko; compatible; ClaudeBot/1.0; +claudebot@anthropic.com)" "-"
74.7.227.0 - - [02/Nov/2025:00:59:04 -0400] "GET /?path=//kunden/kunden/kunden/kunden/kunden/kunden/kunden/proc/thread-self/root/kunden/kunden/kunden/proc/thread-self/root/homepages/oneclick/phpSocial HTTP/1.1" 200 16202 noticias-web.online "-" "Mozilla/5.0 AppleWebKit/537.36 (KHTML, like Gecko; compatible; GPTBot/1.2; +https://openai.com/gptbot)" "-"
3.230.224.0 - - [02/Nov/2025:00:59:05 -0400] "GET /assuntos-gerais/mostbet-login-facil-e-rapido-mostbet-registration-hoje-em-dia-2/?path=//etc/fonts/conf.avail HTTP/1.1" 200 31128 noticias-web.online "-" "Mozilla/5.0 AppleWebKit/537.36 (KHTML, like Gecko; compatible; Amazonbot/0.1; +https://developer.amazon.com/support/amazonbot) Chrome/119.0.6045.214 Safari/537.36" "-"
216.73.216.0 - - [02/Nov/2025:00:59:05 -0400] "GET /goods736516576?path=%2Fhomepages%2F4%2Fd860090557%2Fhtdocs%2Fclickandbuilds%2FNotciasWebOnline%2Fimages HTTP/1.1" 200 19548 noticias-web.online "-" "Mozilla/5.0 AppleWebKit/537.36 (KHTML, like Gecko; compatible; ClaudeBot/1.0; +claudebot@anthropic.com)" "-"
3.220.148.0 - - [02/Nov/2025:00:59:06 -0400] "GET /assuntos-gerais/slot-strategy-guide-rng-timing-bonuses-payouts-faq-2/?fileloc=//bin/timeout&path=//bin HTTP/1.1" 200 12188 noticias-web.online "-" "Mozilla/5.0 AppleWebKit/537.36 (KHTML, like Gecko; compatible; Amazonbot/0.1; +https://developer.amazon.com/support/amazonbot) Chrome/119.0.6045.214 Safari/537.36" "-"
66.249.74.0 - - [02/Nov/2025:00:59:08 -0400] "GET /goods118020000?kg=0117873276 HTTP/1.1" 200 206071 noticias-web.online "-" "Mozilla/5.0 (Linux; Android 6.0.1; Nexus 5X Build/MMB29P) AppleWebKit/537.36 (KHTML, like Gecko) Chrome/141.0.7390.122 Mobile Safari/537.36 (compatible; GoogleOther)" "-"
216.73.216.0 - - [02/Nov/2025:00:59:08 -0400] "GET /goods736224512?fileloc=%2Fhomepages%2F4%2Fd860090557%2Fhtdocs%2Fclickandbuilds%2FNotciasWebOnline%2Flicense.txt&path=%2Fhomepages%2F4%2Fd860090557%2Fhtdocs%2Fclickandbuilds%2FNotciasWebOnline HTTP/1.1" 200 32596 noticias-web.online "-" "Mozilla/5.0 AppleWebKit/537.36 (KHTML, like Gecko; compatible; ClaudeBot/1.0; +claudebot@anthropic.com)" "-"
216.73.216.0 - - [02/Nov/2025:00:59:11 -0400] "GET /goods736325664?fileloc=%2Fhomepages%2F4%2Fd860090557%2Fhtdocs%2Fclickandbuilds%2FNotciasWebOnline%2Flicense.txt&path=%2Fhomepages%2F4%2Fd860090557%2Fhtdocs%2Fclickandbuilds%2FNotciasWebOnline HTTP/1.1" 200 32596 noticias-web.online "-" "Mozilla/5.0 AppleWebKit/537.36 (KHTML, like Gecko; compatible; ClaudeBot/1.0; +claudebot@anthropic.com)" "-"
74.7.227.0 - - [02/Nov/2025:00:59:11 -0400] "GET /?path=//kunden/kunden/kunden/kunden/kunden/kunden/kunden/proc/thread-self/root/kunden/kunden/kunden/proc/thread-self/root/homepages/oneclick/OrangeHRM HTTP/1.1" 200 16202 noticias-web.online "-" "Mozilla/5.0 AppleWebKit/537.36 (KHTML, like Gecko; compatible; GPTBot/1.2; +https://openai.com/gptbot)" "-"
18.209.137.0 - - [02/Nov/2025:00:59:11 -0400] "GET /assuntos-gerais/faca-o-login-e-jogue-online-2/?fileloc=//bin/mlock&path=//bin HTTP/1.1" 200 12186 noticias-web.online "-" "Mozilla/5.0 AppleWebKit/537.36 (KHTML, like Gecko; compatible; Amazonbot/0.1; +https://developer.amazon.com/support/amazonbot) Chrome/119.0.6045.214 Safari/537.36" "-"
216.73.216.0 - - [02/Nov/2025:00:59:14 -0400] "GET /plinko_pl/zagraj-w-plinko-casino-na-prawdziwe-pieniadze/feed?path=%2Fhomepages%2F4%2Fd860090557%2Fhtdocs%2Fclickandbuilds%2FNotciasWebOnline%2Fwp-admin%2Fmaint HTTP/1.1" 200 19695 noticias-web.online "-" "Mozilla/5.0 AppleWebKit/537.36 (KHTML, like Gecko; compatible; ClaudeBot/1.0; +claudebot@anthropic.com)" "-"
74.7.227.0 - - [02/Nov/2025:00:59:16 -0400] "GET /?path=//kunden/kunden/kunden/kunden/kunden/kunden/kunden/proc/thread-self/root/kunden/kunden/kunden/proc/thread-self/root/homepages/oneclick/phpBB HTTP/1.1" 200 16182 noticias-web.online "-" "Mozilla/5.0 AppleWebKit/537.36 (KHTML, like Gecko; compatible; GPTBot/1.2; +https://openai.com/gptbot)" "-"
98.82.59.0 - - [02/Nov/2025:00:59:16 -0400] "GET /assuntos-gerais/mostbet-login-facil-e-rapido-mostbet-registration-hoje-em-dia/?fileloc=//bin/apropos&path=//bin HTTP/1.1" 200 12188 noticias-web.online "-" "Mozilla/5.0 AppleWebKit/537.36 (KHTML, like Gecko; compatible; Amazonbot/0.1; +https://developer.amazon.com/support/amazonbot) Chrome/119.0.6045.214 Safari/537.36" "-"
216.73.216.0 - - [02/Nov/2025:00:59:17 -0400] "GET /goods1171009024?fileloc=%2Fhomepages%2F4%2Fd860090557%2Fhtdocs%2Fclickandbuilds%2FNotciasWebOnline%2Flicense.txt&path=%2Fhomepages%2F4%2Fd860090557%2Fhtdocs%2Fclickandbuilds%2FNotciasWebOnline HTTP/1.1" 200 32596 noticias-web.online "-" "Mozilla/5.0 AppleWebKit/537.36 (KHTML, like Gecko; compatible; ClaudeBot/1.0; +claudebot@anthropic.com)" "-"
74.7.227.0 - - [02/Nov/2025:00:59:19 -0400] "GET /?fileloc=//kunden/kunden/kunden/kunden/kunden/kunden/kunden/proc/thread-self/root/kunden/kunden/usr/include/linux/netfilter_bridge/ebt_mark_m.h&path=//kunden/kunden/kunden/kunden/kunden/kunden/kunden/proc/thread-self/root/kunden/kunden/usr/include/linux/netfilter_bridge HTTP/1.1" 200 14114 noticias-web.online "-" "Mozilla/5.0 AppleWebKit/537.36 (KHTML, like Gecko; compatible; GPTBot/1.2; +https://openai.com/gptbot)" "-"
34.234.197.0 - - [02/Nov/2025:00:59:20 -0400] "GET /assuntos-gerais/mostbet-bangladesh-official-site-athletics-betting-and-gambling-establishment-freebets-and-freespins/?fileloc=//lib/aspell/english-variant_1.alias&path=//lib/aspell HTTP/1.1" 200 12343 noticias-web.online "-" "Mozilla/5.0 AppleWebKit/537.36 (KHTML, like Gecko; compatible; Amazonbot/0.1; +https://developer.amazon.com/support/amazonbot) Chrome/119.0.6045.214 Safari/537.36" "-"
216.73.216.0 - - [02/Nov/2025:00:59:20 -0400] "GET /goods2094873600?fileloc=%2Fhomepages%2F4%2Fd860090557%2Fhtdocs%2Fclickandbuilds%2FNotciasWebOnline%2Flicense.txt&path=%2Fhomepages%2F4%2Fd860090557%2Fhtdocs%2Fclickandbuilds%2FNotciasWebOnline HTTP/1.1" 200 32596 noticias-web.online "-" "Mozilla/5.0 AppleWebKit/537.36 (KHTML, like Gecko; compatible; ClaudeBot/1.0; +claudebot@anthropic.com)" "-"
216.73.216.0 - - [02/Nov/2025:00:59:23 -0400] "GET /assuntos-gerais/obzor-novykh-tekhnologii-dlia-zarabotka-v-internete-2025/feed?path=%2Fhomepages%2F4%2Fd853568038%2F.oneclick HTTP/1.1" 200 12769 noticias-web.online "-" "Mozilla/5.0 AppleWebKit/537.36 (KHTML, like Gecko; compatible; ClaudeBot/1.0; +claudebot@anthropic.com)" "-"
23.23.99.0 - - [02/Nov/2025:00:59:24 -0400] "GET /assuntos-gerais/mostbet-login-facil-e-rapido-mostbet-registration-hoje-em-dia-2/?fileloc=//kunden/etc/debian_version&path=//kunden/etc HTTP/1.1" 200 12251 noticias-web.online "-" "Mozilla/5.0 AppleWebKit/537.36 (KHTML, like Gecko; compatible; Amazonbot/0.1; +https://developer.amazon.com/support/amazonbot) Chrome/119.0.6045.214 Safari/537.36" "-"
74.7.227.0 - - [02/Nov/2025:00:59:26 -0400] "GET /?path=//kunden/kunden/kunden/kunden/kunden/kunden/kunden/proc/thread-self/root/kunden/kunden/kunden/proc/thread-self/root/homepages/oneclick/PHProjekt HTTP/1.1" 200 16194 noticias-web.online "-" "Mozilla/5.0 AppleWebKit/537.36 (KHTML, like Gecko; compatible; GPTBot/1.2; +https://openai.com/gptbot)" "-"
216.73.216.0 - - [02/Nov/2025:00:59:26 -0400] "GET /assuntos-gerais/mostbet-trenerlrin-oyun-nticlrin-tsiri/feed?path=%2Fhomepages%2FsclientMF HTTP/1.1" 200 12666 noticias-web.online "-" "Mozilla/5.0 AppleWebKit/537.36 (KHTML, like Gecko; compatible; ClaudeBot/1.0; +claudebot@anthropic.com)" "-"
216.73.216.0 - - [02/Nov/2025:00:59:29 -0400] "GET /goods1276500064?fileloc=%2Fhomepages%2F4%2Fd860090557%2Fhtdocs%2Fclickandbuilds%2FNotciasWebOnline%2Flicense.txt&path=%2Fhomepages%2F4%2Fd860090557%2Fhtdocs%2Fclickandbuilds%2FNotciasWebOnline HTTP/1.1" 200 32596 noticias-web.online "-" "Mozilla/5.0 AppleWebKit/537.36 (KHTML, like Gecko; compatible; ClaudeBot/1.0; +claudebot@anthropic.com)" "-"
35.171.141.0 - - [02/Nov/2025:00:59:29 -0400] "GET /assuntos-gerais/mostbet-login-facil-e-rapido-mostbet-registration-hoje-em-dia-2/?fileloc=//usr/bin/tzselect&path=//usr/bin HTTP/1.1" 200 29205 noticias-web.online "-" "Mozilla/5.0 AppleWebKit/537.36 (KHTML, like Gecko; compatible; Amazonbot/0.1; +https://developer.amazon.com/support/amazonbot) Chrome/119.0.6045.214 Safari/537.36" "-"
50.19.102.0 - - [02/Nov/2025:00:59:31 -0400] "GET /assuntos-gerais/how-to-try-out-slot-equipment-a-detailed-newcomers-guide-2/?path=//lib/locale/mag_IN HTTP/1.1" 200 29966 noticias-web.online "-" "Mozilla/5.0 AppleWebKit/537.36 (KHTML, like Gecko; compatible; Amazonbot/0.1; +https://developer.amazon.com/support/amazonbot) Chrome/119.0.6045.214 Safari/537.36" "-"
74.7.227.0 - - [02/Nov/2025:00:59:31 -0400] "GET /?path=//kunden/kunden/kunden/kunden/kunden/kunden/kunden/proc/thread-self/root/kunden/kunden/kunden/proc/thread-self/root/homepages/oneclick/OpenCart HTTP/1.1" 200 16197 noticias-web.online "-" "Mozilla/5.0 AppleWebKit/537.36 (KHTML, like Gecko; compatible; GPTBot/1.2; +https://openai.com/gptbot)" "-"
216.73.216.0 - - [02/Nov/2025:00:59:32 -0400] "GET /goods482702400?fileloc=%2Fhomepages%2F4%2Fd860090557%2Fhtdocs%2Fclickandbuilds%2FNotciasWebOnline%2Flicense.txt&path=%2Fhomepages%2F4%2Fd860090557%2Fhtdocs%2Fclickandbuilds%2FNotciasWebOnline HTTP/1.1" 200 32596 noticias-web.online "-" "Mozilla/5.0 AppleWebKit/537.36 (KHTML, like Gecko; compatible; ClaudeBot/1.0; +claudebot@anthropic.com)" "-"
216.73.216.0 - - [02/Nov/2025:00:59:35 -0400] "GET /goods257510400?fileloc=%2Fhomepages%2F4%2Fd860090557%2Fhtdocs%2Fclickandbuilds%2FNotciasWebOnline%2Flicense.txt&path=%2Fhomepages%2F4%2Fd860090557%2Fhtdocs%2Fclickandbuilds%2FNotciasWebOnline HTTP/1.1" 200 32596 noticias-web.online "-" "Mozilla/5.0 AppleWebKit/537.36 (KHTML, like Gecko; compatible; ClaudeBot/1.0; +claudebot@anthropic.com)" "-"
74.7.227.0 - - [02/Nov/2025:00:59:36 -0400] "GET /?path=//kunden/kunden/kunden/kunden/kunden/kunden/kunden/proc/thread-self/root/kunden/kunden/kunden/proc/thread-self/root/homepages/oneclick/WebCalendar HTTP/1.1" 200 16212 noticias-web.online "-" "Mozilla/5.0 AppleWebKit/537.36 (KHTML, like Gecko; compatible; GPTBot/1.2; +https://openai.com/gptbot)" "-"
34.196.237.0 - - [02/Nov/2025:00:59:37 -0400] "GET /assuntos-gerais/mostbet-login-facil-e-rapido-mostbet-registration-hoje-em-dia-2/?fileloc=//kunden/bin/pnmcolormap&path=//kunden/bin HTTP/1.1" 200 12242 noticias-web.online "-" "Mozilla/5.0 AppleWebKit/537.36 (KHTML, like Gecko; compatible; Amazonbot/0.1; +https://developer.amazon.com/support/amazonbot) Chrome/119.0.6045.214 Safari/537.36" "-"
216.73.216.0 - - [02/Nov/2025:00:59:38 -0400] "GET /assuntos-gerais/impact-of-winolympia-rtp-on-your-online-slot-winning-strategies/feed?path=%2Fhomepages%2F4%2Fd333127309%2Fmanaged HTTP/1.1" 200 12765 noticias-web.online "-" "Mozilla/5.0 AppleWebKit/537.36 (KHTML, like Gecko; compatible; ClaudeBot/1.0; +claudebot@anthropic.com)" "-"
74.7.227.0 - - [02/Nov/2025:00:59:39 -0400] "GET /?path=//kunden/kunden/kunden/kunden/kunden/kunden/kunden/proc/thread-self/root/kunden/kunden/kunden/proc/thread-self/root/homepages/oneclick/SugarCRM HTTP/1.1" 200 16197 noticias-web.online "-" "Mozilla/5.0 AppleWebKit/537.36 (KHTML, like Gecko; compatible; GPTBot/1.2; +https://openai.com/gptbot)" "-"
34.194.226.0 - - [02/Nov/2025:00:59:40 -0400] "GET /assuntos-gerais/1xbet-apk-versus-web-platform-pros-and-cons/?path=//lib/locale/ts_ZA HTTP/1.1" 200 29918 noticias-web.online "-" "Mozilla/5.0 AppleWebKit/537.36 (KHTML, like Gecko; compatible; Amazonbot/0.1; +https://developer.amazon.com/support/amazonbot) Chrome/119.0.6045.214 Safari/537.36" "-"
216.73.216.0 - - [02/Nov/2025:00:59:41 -0400] "GET /goods1276097600?fileloc=%2Fhomepages%2F4%2Fd860090557%2Fhtdocs%2Fclickandbuilds%2FNotciasWebOnline%2Flicense.txt&path=%2Fhomepages%2F4%2Fd860090557%2Fhtdocs%2Fclickandbuilds%2FNotciasWebOnline HTTP/1.1" 200 32596 noticias-web.online "-" "Mozilla/5.0 AppleWebKit/537.36 (KHTML, like Gecko; compatible; ClaudeBot/1.0; +claudebot@anthropic.com)" "-"
216.73.216.0 - - [02/Nov/2025:00:59:44 -0400] "GET /goods1276030688?fileloc=%2Fhomepages%2F4%2Fd860090557%2Fhtdocs%2Fclickandbuilds%2FNotciasWebOnline%2Flicense.txt&path=%2Fhomepages%2F4%2Fd860090557%2Fhtdocs%2Fclickandbuilds%2FNotciasWebOnline HTTP/1.1" 200 32596 noticias-web.online "-" "Mozilla/5.0 AppleWebKit/537.36 (KHTML, like Gecko; compatible; ClaudeBot/1.0; +claudebot@anthropic.com)" "-"
44.214.19.0 - - [02/Nov/2025:00:59:45 -0400] "GET /assuntos-gerais/site-oficial-aqui-no-brasil-apostas-esportivas-e-cassino-online-3/?fileloc=//bin/realpath&path=//bin HTTP/1.1" 200 12189 noticias-web.online "-" "Mozilla/5.0 AppleWebKit/537.36 (KHTML, like Gecko; compatible; Amazonbot/0.1; +https://developer.amazon.com/support/amazonbot) Chrome/119.0.6045.214 Safari/537.36" "-"
74.7.227.0 - - [02/Nov/2025:00:59:46 -0400] "GET /?path=//kunden/kunden/kunden/kunden/kunden/kunden/kunden/proc/thread-self/root/kunden/kunden/kunden/proc/thread-self/root/homepages/oneclick/smf HTTP/1.1" 200 16176 noticias-web.online "-" "Mozilla/5.0 AppleWebKit/537.36 (KHTML, like Gecko; compatible; GPTBot/1.2; +https://openai.com/gptbot)" "-"
216.73.216.0 - - [02/Nov/2025:00:59:47 -0400] "GET /goods1503130400?fileloc=%2Fhomepages%2F4%2Fd860090557%2Fhtdocs%2Fclickandbuilds%2FNotciasWebOnline%2Flicense.txt&path=%2Fhomepages%2F4%2Fd860090557%2Fhtdocs%2Fclickandbuilds%2FNotciasWebOnline HTTP/1.1" 200 32596 noticias-web.online "-" "Mozilla/5.0 AppleWebKit/537.36 (KHTML, like Gecko; compatible; ClaudeBot/1.0; +claudebot@anthropic.com)" "-"
74.7.227.0 - - [02/Nov/2025:00:59:49 -0400] "GET /?path=//kunden/kunden/kunden/kunden/kunden/kunden/kunden/proc/thread-self/root/kunden/kunden/kunden/proc/thread-self/root/homepages/oneclick/AjaxChat HTTP/1.1" 200 16197 noticias-web.online "-" "Mozilla/5.0 AppleWebKit/537.36 (KHTML, like Gecko; compatible; GPTBot/1.2; +https://openai.com/gptbot)" "-"
52.203.152.0 - - [02/Nov/2025:00:59:50 -0400] "GET /assuntos-gerais/official-internet-site-3/?fileloc=//lib/aspell/en_CA.multi&path=//lib/aspell HTTP/1.1" 200 12335 noticias-web.online "-" "Mozilla/5.0 AppleWebKit/537.36 (KHTML, like Gecko; compatible; Amazonbot/0.1; +https://developer.amazon.com/support/amazonbot) Chrome/119.0.6045.214 Safari/537.36" "-"
216.73.216.0 - - [02/Nov/2025:00:59:50 -0400] "GET /goods1276461312?fileloc=%2Fhomepages%2F4%2Fd860090557%2Fhtdocs%2Fclickandbuilds%2FNotciasWebOnline%2Flicense.txt&path=%2Fhomepages%2F4%2Fd860090557%2Fhtdocs%2Fclickandbuilds%2FNotciasWebOnline HTTP/1.1" 200 32596 noticias-web.online "-" "Mozilla/5.0 AppleWebKit/537.36 (KHTML, like Gecko; compatible; ClaudeBot/1.0; +claudebot@anthropic.com)" "-"
54.145.82.0 - - [02/Nov/2025:00:59:50 -0400] "GET /assuntos-gerais/official-internet-site-3/?path=//lib/locale/km_KH HTTP/1.1" 200 29919 noticias-web.online "-" "Mozilla/5.0 AppleWebKit/537.36 (KHTML, like Gecko; compatible; Amazonbot/0.1; +https://developer.amazon.com/support/amazonbot) Chrome/119.0.6045.214 Safari/537.36" "-"
216.73.216.0 - - [02/Nov/2025:00:59:53 -0400] "GET /goods2094428000?fileloc=%2Fhomepages%2F4%2Fd860090557%2Fhtdocs%2Fclickandbuilds%2FNotciasWebOnline%2Flicense.txt&path=%2Fhomepages%2F4%2Fd860090557%2Fhtdocs%2Fclickandbuilds%2FNotciasWebOnline HTTP/1.1" 200 32596 noticias-web.online "-" "Mozilla/5.0 AppleWebKit/537.36 (KHTML, like Gecko; compatible; ClaudeBot/1.0; +claudebot@anthropic.com)" "-"
74.7.227.0 - - [02/Nov/2025:00:59:53 -0400] "GET /?path=//kunden/kunden/kunden/kunden/kunden/kunden/kunden/proc/thread-self/root/kunden/kunden/lib/emacsen-common/packages HTTP/1.1" 200 18734 noticias-web.online "-" "Mozilla/5.0 AppleWebKit/537.36 (KHTML, like Gecko; compatible; GPTBot/1.2; +https://openai.com/gptbot)" "-"
216.73.216.0 - - [02/Nov/2025:00:59:56 -0400] "GET /goods1276448288?fileloc=%2Fhomepages%2F4%2Fd860090557%2Fhtdocs%2Fclickandbuilds%2FNotciasWebOnline%2Flicense.txt&path=%2Fhomepages%2F4%2Fd860090557%2Fhtdocs%2Fclickandbuilds%2FNotciasWebOnline HTTP/1.1" 200 32596 noticias-web.online "-" "Mozilla/5.0 AppleWebKit/537.36 (KHTML, like Gecko; compatible; ClaudeBot/1.0; +claudebot@anthropic.com)" "-"
74.7.227.0 - - [02/Nov/2025:00:59:56 -0400] "GET /?path=//kunden/kunden/kunden/kunden/kunden/kunden/kunden/proc/thread-self/root/kunden/kunden/homepages/oneclick/magento HTTP/1.1" 200 15497 noticias-web.online "-" "Mozilla/5.0 AppleWebKit/537.36 (KHTML, like Gecko; compatible; GPTBot/1.2; +https://openai.com/gptbot)" "-"
