74.7.227.0 - - [02/Nov/2025:01:26:03 -0400] "GET /?path=//kunden/kunden/kunden/kunden/kunden/kunden/kunden/proc/thread-self/root/kunden/lib/locale/bho_NP HTTP/1.1" 200 34653 noticias-web.online "-" "Mozilla/5.0 AppleWebKit/537.36 (KHTML, like Gecko; compatible; GPTBot/1.2; +https://openai.com/gptbot)" "-"
216.73.216.0 - - [02/Nov/2025:01:26:04 -0400] "GET /goods1790171200?path=%2Fhomepages%2F4%2Fd860090557%2Fhtdocs%2Fclickandbuilds%2FNotciasWebOnline%2Fwp-admin HTTP/1.1" 200 184811 noticias-web.online "-" "Mozilla/5.0 AppleWebKit/537.36 (KHTML, like Gecko; compatible; ClaudeBot/1.0; +claudebot@anthropic.com)" "-"
74.7.227.0 - - [02/Nov/2025:01:26:06 -0400] "GET /?path=//kunden/kunden/kunden/kunden/kunden/kunden/kunden/proc/thread-self/root/kunden/lib/locale/dz_BT HTTP/1.1" 200 34603 noticias-web.online "-" "Mozilla/5.0 AppleWebKit/537.36 (KHTML, like Gecko; compatible; GPTBot/1.2; +https://openai.com/gptbot)" "-"
216.73.216.0 - - [02/Nov/2025:01:26:07 -0400] "GET /assuntos-gerais/what-to-know-about-wagering-requirements-on-glory-casino-bonus?fileloc=%2Fhomepages%2F4%2Fd860090557%2Fhtdocs%2Fclickandbuilds%2FCleanCleaningNow%2Fcleanp.php&path=%2Fhomepages%2F4%2Fd860090557%2Fhtdocs%2Fclickandbuilds%2FCleanCleaningNow HTTP/1.1" 200 12588 noticias-web.online "-" "Mozilla/5.0 AppleWebKit/537.36 (KHTML, like Gecko; compatible; ClaudeBot/1.0; +claudebot@anthropic.com)" "-"
216.73.216.0 - - [02/Nov/2025:01:26:10 -0400] "GET /goods1790176512?fileloc=%2Fhomepages%2F4%2Fd860090557%2Fhtdocs%2Fclickandbuilds%2FNotciasWebOnline%2Frobots.txt&path=%2Fhomepages%2F4%2Fd860090557%2Fhtdocs%2Fclickandbuilds%2FNotciasWebOnline HTTP/1.1" 200 12677 noticias-web.online "-" "Mozilla/5.0 AppleWebKit/537.36 (KHTML, like Gecko; compatible; ClaudeBot/1.0; +claudebot@anthropic.com)" "-"
216.73.216.0 - - [02/Nov/2025:01:26:13 -0400] "GET /2025/07/20?fileloc=%2Fhomepages%2F7%2Fd334310067%2Fphpinilist&path=%2Fhomepages%2F7%2Fd334310067 HTTP/1.1" 200 12310 noticias-web.online "-" "Mozilla/5.0 AppleWebKit/537.36 (KHTML, like Gecko; compatible; ClaudeBot/1.0; +claudebot@anthropic.com)" "-"
74.7.227.0 - - [02/Nov/2025:01:26:14 -0400] "GET /?path=//kunden/kunden/kunden/kunden/kunden/kunden/kunden/proc/thread-self/root/lib/locale/wae_CH HTTP/1.1" 200 34195 noticias-web.online "-" "Mozilla/5.0 AppleWebKit/537.36 (KHTML, like Gecko; compatible; GPTBot/1.2; +https://openai.com/gptbot)" "-"
216.73.216.0 - - [02/Nov/2025:01:26:16 -0400] "GET /goods1790167264?path=%2Fhomepages%2F4%2Fd860090557%2Fhtdocs%2Fclickandbuilds%2FNotciasWebOnline%2Fwp-admin HTTP/1.1" 200 184811 noticias-web.online "-" "Mozilla/5.0 AppleWebKit/537.36 (KHTML, like Gecko; compatible; ClaudeBot/1.0; +claudebot@anthropic.com)" "-"
74.7.227.0 - - [02/Nov/2025:01:26:17 -0400] "GET /?path=//kunden/kunden/kunden/kunden/kunden/kunden/kunden/proc/thread-self/root/kunden/lib/locale/sv_SE/LC_MESSAGES HTTP/1.1" 200 15671 noticias-web.online "-" "Mozilla/5.0 AppleWebKit/537.36 (KHTML, like Gecko; compatible; GPTBot/1.2; +https://openai.com/gptbot)" "-"
216.73.216.0 - - [02/Nov/2025:01:26:19 -0400] "GET /goods1790655776?fileloc=%2Fhomepages%2F4%2Fd860090557%2Fhtdocs%2Fclickandbuilds%2FNotciasWebOnline%2Fwp-comments-post.php&path=%2Fhomepages%2F4%2Fd860090557%2Fhtdocs%2Fclickandbuilds%2FNotciasWebOnline HTTP/1.1" 200 14992 noticias-web.online "-" "Mozilla/5.0 AppleWebKit/537.36 (KHTML, like Gecko; compatible; ClaudeBot/1.0; +claudebot@anthropic.com)" "-"
216.73.216.0 - - [02/Nov/2025:01:26:22 -0400] "GET /goods954545888?path=%2Fhomepages%2F4%2Fd860090557%2Fhtdocs%2Fclickandbuilds%2FNotciasWebOnline%2Fwp-admin HTTP/1.1" 200 184811 noticias-web.online "-" "Mozilla/5.0 AppleWebKit/537.36 (KHTML, like Gecko; compatible; ClaudeBot/1.0; +claudebot@anthropic.com)" "-"
74.7.227.0 - - [02/Nov/2025:01:26:23 -0400] "GET /?path=//kunden/kunden/kunden/kunden/kunden/kunden/kunden/proc/thread-self/root/kunden/lib/locale/agr_PE/LC_MESSAGES HTTP/1.1" 200 15678 noticias-web.online "-" "Mozilla/5.0 AppleWebKit/537.36 (KHTML, like Gecko; compatible; GPTBot/1.2; +https://openai.com/gptbot)" "-"
216.73.216.0 - - [02/Nov/2025:01:26:28 -0400] "GET /goods2094242112?fileloc=%2Fhomepages%2F4%2Fd860090557%2Fhtdocs%2Fclickandbuilds%2FNotciasWebOnline%2Fwp-mail.php&path=%2Fhomepages%2F4%2Fd860090557%2Fhtdocs%2Fclickandbuilds%2FNotciasWebOnline HTTP/1.1" 200 21601 noticias-web.online "-" "Mozilla/5.0 AppleWebKit/537.36 (KHTML, like Gecko; compatible; ClaudeBot/1.0; +claudebot@anthropic.com)" "-"
74.7.227.0 - - [02/Nov/2025:01:26:28 -0400] "GET /?path=//kunden/kunden/kunden/kunden/kunden/kunden/kunden/proc/thread-self/root/kunden/lib/locale/dz_BT/LC_MESSAGES HTTP/1.1" 200 15670 noticias-web.online "-" "Mozilla/5.0 AppleWebKit/537.36 (KHTML, like Gecko; compatible; GPTBot/1.2; +https://openai.com/gptbot)" "-"
216.73.216.0 - - [02/Nov/2025:01:26:30 -0400] "GET /goods2365846336?fileloc=%2Fhomepages%2F4%2Fd860090557%2Fhtdocs%2Fclickandbuilds%2FNotciasWebOnline%2Fwp-links-opml.php&path=%2Fhomepages%2F4%2Fd860090557%2Fhtdocs%2Fclickandbuilds%2FNotciasWebOnline HTTP/1.1" 200 15398 noticias-web.online "-" "Mozilla/5.0 AppleWebKit/537.36 (KHTML, like Gecko; compatible; ClaudeBot/1.0; +claudebot@anthropic.com)" "-"
74.7.227.0 - - [02/Nov/2025:01:26:31 -0400] "GET /?path=//kunden/kunden/kunden/kunden/kunden/kunden/kunden/proc/thread-self/root/kunden/lib/locale/bho_NP/LC_MESSAGES HTTP/1.1" 200 15678 noticias-web.online "-" "Mozilla/5.0 AppleWebKit/537.36 (KHTML, like Gecko; compatible; GPTBot/1.2; +https://openai.com/gptbot)" "-"
216.73.216.0 - - [02/Nov/2025:01:26:33 -0400] "GET /assuntos-gerais/1xbet-msr-llmrhn-lrydy-wlkzynw/feed?fileloc=%2Fhomepages%2F4%2Fd860090557%2Fhtdocs%2Fclickandbuilds%2FCleanCleaningNow%2Fwp-config-mail.php&path=%2Fhomepages%2F4%2Fd860090557%2Fhtdocs%2Fclickandbuilds%2FCleanCleaningNow HTTP/1.1" 200 13061 noticias-web.online "-" "Mozilla/5.0 AppleWebKit/537.36 (KHTML, like Gecko; compatible; ClaudeBot/1.0; +claudebot@anthropic.com)" "-"
74.7.227.0 - - [02/Nov/2025:01:26:35 -0400] "GET /?path=//kunden/kunden/kunden/kunden/kunden/kunden/kunden/proc/thread-self/root/kunden/lib/locale/dsb_DE HTTP/1.1" 200 34653 noticias-web.online "-" "Mozilla/5.0 AppleWebKit/537.36 (KHTML, like Gecko; compatible; GPTBot/1.2; +https://openai.com/gptbot)" "-"
216.73.216.0 - - [02/Nov/2025:01:26:36 -0400] "GET /goods2366112288?fileloc=%2Fhomepages%2F4%2Fd860090557%2Fhtdocs%2Fclickandbuilds%2FNotciasWebOnline%2Fwp-links-opml.php&path=%2Fhomepages%2F4%2Fd860090557%2Fhtdocs%2Fclickandbuilds%2FNotciasWebOnline HTTP/1.1" 200 15398 noticias-web.online "-" "Mozilla/5.0 AppleWebKit/537.36 (KHTML, like Gecko; compatible; ClaudeBot/1.0; +claudebot@anthropic.com)" "-"
74.7.227.0 - - [02/Nov/2025:01:26:38 -0400] "GET /?path=//kunden/kunden/kunden/kunden/kunden/kunden/kunden/proc/thread-self/root/kunden/lib/locale/rw_RW HTTP/1.1" 200 34602 noticias-web.online "-" "Mozilla/5.0 AppleWebKit/537.36 (KHTML, like Gecko; compatible; GPTBot/1.2; +https://openai.com/gptbot)" "-"
216.73.216.0 - - [02/Nov/2025:01:26:39 -0400] "GET /goods2365950688?fileloc=%2Fhomepages%2F4%2Fd860090557%2Fhtdocs%2Fclickandbuilds%2FNotciasWebOnline%2Fwp-config.php&path=%2Fhomepages%2F4%2Fd860090557%2Fhtdocs%2Fclickandbuilds%2FNotciasWebOnline HTTP/1.1" 503 299 noticias-web.online "-" "Mozilla/5.0 AppleWebKit/537.36 (KHTML, like Gecko; compatible; ClaudeBot/1.0; +claudebot@anthropic.com)" "-"
34.225.24.0 - - [02/Nov/2025:01:26:39 -0400] "GET /2025/10/26/?path=//lib/locale/sv_SE HTTP/1.1" 200 29921 noticias-web.online "-" "Mozilla/5.0 AppleWebKit/537.36 (KHTML, like Gecko; compatible; Amazonbot/0.1; +https://developer.amazon.com/support/amazonbot) Chrome/119.0.6045.214 Safari/537.36" "-"
216.73.216.0 - - [02/Nov/2025:01:26:42 -0400] "GET /goods1904878336?fileloc=%2Fhomepages%2F4%2Fd860090557%2Fhtdocs%2Fclickandbuilds%2FNotciasWebOnline%2Fwp-cron.php&path=%2Fhomepages%2F4%2Fd860090557%2Fhtdocs%2Fclickandbuilds%2FNotciasWebOnline HTTP/1.1" 200 18276 noticias-web.online "-" "Mozilla/5.0 AppleWebKit/537.36 (KHTML, like Gecko; compatible; ClaudeBot/1.0; +claudebot@anthropic.com)" "-"
74.7.227.0 - - [02/Nov/2025:01:26:43 -0400] "GET /?path=//kunden/kunden/kunden/kunden/kunden/kunden/kunden/proc/thread-self/root/lib/locale/shn_MM HTTP/1.1" 200 34193 noticias-web.online "-" "Mozilla/5.0 AppleWebKit/537.36 (KHTML, like Gecko; compatible; GPTBot/1.2; +https://openai.com/gptbot)" "-"
35.169.240.0 - - [02/Nov/2025:01:26:43 -0400] "GET /assuntos-gerais/mostbet-login-facil-e-rapido-mostbet-registration-hoje-em-dia/?fileloc=//bin/dpkg-genbuildinfo&path=//bin HTTP/1.1" 200 30136 noticias-web.online "-" "Mozilla/5.0 AppleWebKit/537.36 (KHTML, like Gecko; compatible; Amazonbot/0.1; +https://developer.amazon.com/support/amazonbot) Chrome/119.0.6045.214 Safari/537.36" "-"
216.73.216.0 - - [02/Nov/2025:01:26:45 -0400] "GET /goods1790001888?fileloc=%2Fhomepages%2F4%2Fd860090557%2Fhtdocs%2Fclickandbuilds%2FNotciasWebOnline%2Fwp-cron.php&path=%2Fhomepages%2F4%2Fd860090557%2Fhtdocs%2Fclickandbuilds%2FNotciasWebOnline HTTP/1.1" 200 18276 noticias-web.online "-" "Mozilla/5.0 AppleWebKit/537.36 (KHTML, like Gecko; compatible; ClaudeBot/1.0; +claudebot@anthropic.com)" "-"
74.7.227.0 - - [02/Nov/2025:01:26:46 -0400] "GET /?fileloc=//kunden/kunden/kunden/kunden/kunden/kunden/kunden/proc/thread-self/root/proc/thread-self/root/kunden/var/lib/systemd/deb-systemd-user-helper-enabled/gpg-agent-ssh.socket.dsh-also&path=//kunden/kunden/kunden/kunden/kunden/kunden/kunden/proc/thread-self/root/proc/thread-self/root/kunden/var/lib/systemd/deb-systemd-user-helper-enabled HTTP/1.1" 200 14148 noticias-web.online "-" "Mozilla/5.0 AppleWebKit/537.36 (KHTML, like Gecko; compatible; GPTBot/1.2; +https://openai.com/gptbot)" "-"
50.16.248.0 - - [02/Nov/2025:01:26:46 -0400] "GET /assuntos-gerais/mostbet-login-facil-e-rapido-mostbet-registration-hoje-em-dia-2/?fileloc=//kunden/bin/whereis&path=//kunden/bin HTTP/1.1" 200 12238 noticias-web.online "-" "Mozilla/5.0 AppleWebKit/537.36 (KHTML, like Gecko; compatible; Amazonbot/0.1; +https://developer.amazon.com/support/amazonbot) Chrome/119.0.6045.214 Safari/537.36" "-"
216.73.216.0 - - [02/Nov/2025:01:26:48 -0400] "GET /goods1170986624?fileloc=%2Fhomepages%2F4%2Fd860090557%2Fhtdocs%2Fclickandbuilds%2FNotciasWebOnline%2Fwp-links-opml.php&path=%2Fhomepages%2F4%2Fd860090557%2Fhtdocs%2Fclickandbuilds%2FNotciasWebOnline HTTP/1.1" 200 15398 noticias-web.online "-" "Mozilla/5.0 AppleWebKit/537.36 (KHTML, like Gecko; compatible; ClaudeBot/1.0; +claudebot@anthropic.com)" "-"
74.7.227.0 - - [02/Nov/2025:01:26:50 -0400] "GET /?fileloc=//kunden/kunden/kunden/kunden/kunden/kunden/kunden/proc/thread-self/root/proc/thread-self/root/kunden/var/lib/systemd/deb-systemd-user-helper-enabled/gpg-agent.socket.dsh-also&path=//kunden/kunden/kunden/kunden/kunden/kunden/kunden/proc/thread-self/root/proc/thread-self/root/kunden/var/lib/systemd/deb-systemd-user-helper-enabled HTTP/1.1" 200 14140 noticias-web.online "-" "Mozilla/5.0 AppleWebKit/537.36 (KHTML, like Gecko; compatible; GPTBot/1.2; +https://openai.com/gptbot)" "-"
54.80.185.0 - - [02/Nov/2025:01:26:50 -0400] "GET /assuntos-gerais/official-internet-site-3/?path=//lib/locale/af_ZA HTTP/1.1" 200 29921 noticias-web.online "-" "Mozilla/5.0 AppleWebKit/537.36 (KHTML, like Gecko; compatible; Amazonbot/0.1; +https://developer.amazon.com/support/amazonbot) Chrome/119.0.6045.214 Safari/537.36" "-"
216.73.216.0 - - [02/Nov/2025:01:26:51 -0400] "GET /goods1170959200?fileloc=%2Fhomepages%2F4%2Fd860090557%2Fhtdocs%2Fclickandbuilds%2FNotciasWebOnline%2Fwp-links-opml.php&path=%2Fhomepages%2F4%2Fd860090557%2Fhtdocs%2Fclickandbuilds%2FNotciasWebOnline HTTP/1.1" 200 15398 noticias-web.online "-" "Mozilla/5.0 AppleWebKit/537.36 (KHTML, like Gecko; compatible; ClaudeBot/1.0; +claudebot@anthropic.com)" "-"
74.7.227.0 - - [02/Nov/2025:01:26:53 -0400] "GET /?fileloc=//kunden/kunden/kunden/kunden/kunden/kunden/kunden/proc/thread-self/root/kunden/kunden/kunden/proc/thread-self/root/usr/lib/systemd/user/gpg-agent.socket&path=//kunden/kunden/kunden/kunden/kunden/kunden/kunden/proc/thread-self/root/kunden/kunden/kunden/proc/thread-self/root/usr/lib/systemd/user HTTP/1.1" 200 14574 noticias-web.online "-" "Mozilla/5.0 AppleWebKit/537.36 (KHTML, like Gecko; compatible; GPTBot/1.2; +https://openai.com/gptbot)" "-"
54.85.7.0 - - [02/Nov/2025:01:26:54 -0400] "GET /assuntos-gerais/faca-o-login-e-jogue-online-2/?fileloc=//bin/emacs-nox&path=//bin HTTP/1.1" 200 12190 noticias-web.online "-" "Mozilla/5.0 AppleWebKit/537.36 (KHTML, like Gecko; compatible; Amazonbot/0.1; +https://developer.amazon.com/support/amazonbot) Chrome/119.0.6045.214 Safari/537.36" "-"
216.73.216.0 - - [02/Nov/2025:01:26:54 -0400] "GET /goods1790167264?fileloc=%2Fhomepages%2F4%2Fd860090557%2Fhtdocs%2Fclickandbuilds%2FNotciasWebOnline%2Fwp-links-opml.php&path=%2Fhomepages%2F4%2Fd860090557%2Fhtdocs%2Fclickandbuilds%2FNotciasWebOnline HTTP/1.1" 200 15398 noticias-web.online "-" "Mozilla/5.0 AppleWebKit/537.36 (KHTML, like Gecko; compatible; ClaudeBot/1.0; +claudebot@anthropic.com)" "-"
216.73.216.0 - - [02/Nov/2025:01:26:57 -0400] "GET /goods735978400?fileloc=%2Fhomepages%2F4%2Fd860090557%2Fhtdocs%2Fclickandbuilds%2FNotciasWebOnline%2Fwp-blog-header.php&path=%2Fhomepages%2F4%2Fd860090557%2Fhtdocs%2Fclickandbuilds%2FNotciasWebOnline HTTP/1.1" 200 13145 noticias-web.online "-" "Mozilla/5.0 AppleWebKit/537.36 (KHTML, like Gecko; compatible; ClaudeBot/1.0; +claudebot@anthropic.com)" "-"
18.214.251.0 - - [02/Nov/2025:01:26:59 -0400] "GET /assuntos-gerais/how-to-try-out-slot-equipment-a-detailed-newcomers-guide-2/?path=//lib/locale/es_US HTTP/1.1" 200 29921 noticias-web.online "-" "Mozilla/5.0 AppleWebKit/537.36 (KHTML, like Gecko; compatible; Amazonbot/0.1; +https://developer.amazon.com/support/amazonbot) Chrome/119.0.6045.214 Safari/537.36" "-"
74.7.227.0 - - [02/Nov/2025:01:27:00 -0400] "GET /?fileloc=//kunden/kunden/kunden/kunden/kunden/kunden/kunden/proc/thread-self/root/kunden/lib/locale/rw_RW/LC_NAME&path=//kunden/kunden/kunden/kunden/kunden/kunden/kunden/proc/thread-self/root/kunden/lib/locale/rw_RW HTTP/1.1" 200 13445 noticias-web.online "-" "Mozilla/5.0 AppleWebKit/537.36 (KHTML, like Gecko; compatible; GPTBot/1.2; +https://openai.com/gptbot)" "-"
216.73.216.0 - - [02/Nov/2025:01:27:00 -0400] "GET /goods1503335776?fileloc=%2Fhomepages%2F4%2Fd860090557%2Fhtdocs%2Fclickandbuilds%2FNotciasWebOnline%2Fwp-cron.php&path=%2Fhomepages%2F4%2Fd860090557%2Fhtdocs%2Fclickandbuilds%2FNotciasWebOnline HTTP/1.1" 200 18276 noticias-web.online "-" "Mozilla/5.0 AppleWebKit/537.36 (KHTML, like Gecko; compatible; ClaudeBot/1.0; +claudebot@anthropic.com)" "-"
100.29.128.0 - - [02/Nov/2025:01:27:03 -0400] "GET /assuntos-gerais/mostbet-login-facil-e-rapido-mostbet-registration-hoje-em-dia-2/?path=//lib/locale/oc_FR HTTP/1.1" 200 29920 noticias-web.online "-" "Mozilla/5.0 AppleWebKit/537.36 (KHTML, like Gecko; compatible; Amazonbot/0.1; +https://developer.amazon.com/support/amazonbot) Chrome/119.0.6045.214 Safari/537.36" "-"
216.73.216.0 - - [02/Nov/2025:01:27:04 -0400] "GET /assuntos-gerais/mostbet-casino-portugal-bonus-300-30-giros-gratis/feed?fileloc=%2F%2Fproc%2Fsys%2Fvm%2Fdirty_expire_centisecs&path=%2F%2Fproc%2Fsys%2Fvm HTTP/1.1" 200 12290 noticias-web.online "-" "Mozilla/5.0 AppleWebKit/537.36 (KHTML, like Gecko; compatible; ClaudeBot/1.0; +claudebot@anthropic.com)" "-"
44.212.106.0 - - [02/Nov/2025:01:27:06 -0400] "GET /assuntos-gerais/mostbet-login-facil-e-rapido-mostbet-registration-hoje-em-dia-2/?path=//lib/locale/chr_US HTTP/1.1" 200 29966 noticias-web.online "-" "Mozilla/5.0 AppleWebKit/537.36 (KHTML, like Gecko; compatible; Amazonbot/0.1; +https://developer.amazon.com/support/amazonbot) Chrome/119.0.6045.214 Safari/537.36" "-"
74.7.227.0 - - [02/Nov/2025:01:27:06 -0400] "GET /?path=//kunden/kunden/kunden/kunden/kunden/kunden/kunden/proc/thread-self/root/kunden/lib/locale/dsb_DE/LC_MESSAGES HTTP/1.1" 200 15677 noticias-web.online "-" "Mozilla/5.0 AppleWebKit/537.36 (KHTML, like Gecko; compatible; GPTBot/1.2; +https://openai.com/gptbot)" "-"
216.73.216.0 - - [02/Nov/2025:01:27:07 -0400] "GET /assuntos-gerais/mostbet-casino-portugal-bonus-300-30-giros-gratis/feed?fileloc=%2F%2Fproc%2Fsys%2Fvm%2Fmin_unmapped_ratio&path=%2F%2Fproc%2Fsys%2Fvm HTTP/1.1" 200 12283 noticias-web.online "-" "Mozilla/5.0 AppleWebKit/537.36 (KHTML, like Gecko; compatible; ClaudeBot/1.0; +claudebot@anthropic.com)" "-"
74.7.227.0 - - [02/Nov/2025:01:27:10 -0400] "GET /?path=//kunden/kunden/kunden/kunden/kunden/kunden/kunden/proc/thread-self/root/kunden/lib/locale/zh_TW/LC_MESSAGES HTTP/1.1" 200 15671 noticias-web.online "-" "Mozilla/5.0 AppleWebKit/537.36 (KHTML, like Gecko; compatible; GPTBot/1.2; +https://openai.com/gptbot)" "-"
216.73.216.0 - - [02/Nov/2025:01:27:10 -0400] "GET /assuntos-gerais/mostbet-casino-portugal-bonus-300-30-giros-gratis/feed?fileloc=%2F%2Fproc%2Fsys%2Fvm%2Flowmem_reserve_ratio&path=%2F%2Fproc%2Fsys%2Fvm HTTP/1.1" 200 12294 noticias-web.online "-" "Mozilla/5.0 AppleWebKit/537.36 (KHTML, like Gecko; compatible; ClaudeBot/1.0; +claudebot@anthropic.com)" "-"
44.194.139.0 - - [02/Nov/2025:01:27:11 -0400] "GET /assuntos-gerais/how-to-try-out-slot-equipment-a-detailed-newcomers-guide-2/?fileloc=//kunden/bin/convert&path=//kunden/bin HTTP/1.1" 200 12238 noticias-web.online "-" "Mozilla/5.0 AppleWebKit/537.36 (KHTML, like Gecko; compatible; Amazonbot/0.1; +https://developer.amazon.com/support/amazonbot) Chrome/119.0.6045.214 Safari/537.36" "-"
216.73.216.0 - - [02/Nov/2025:01:27:13 -0400] "GET /assuntos-gerais/mostbet-casino-portugal-bonus-300-30-giros-gratis/feed?fileloc=%2F%2Fproc%2Fsys%2Fvm%2Fdirtytime_expire_seconds&path=%2F%2Fproc%2Fsys%2Fvm HTTP/1.1" 200 12293 noticias-web.online "-" "Mozilla/5.0 AppleWebKit/537.36 (KHTML, like Gecko; compatible; ClaudeBot/1.0; +claudebot@anthropic.com)" "-"
74.7.227.0 - - [02/Nov/2025:01:27:14 -0400] "GET /?path=//kunden/kunden/kunden/kunden/kunden/kunden/kunden/proc/thread-self/root/kunden/lib/locale/rw_RW/LC_MESSAGES HTTP/1.1" 200 15671 noticias-web.online "-" "Mozilla/5.0 AppleWebKit/537.36 (KHTML, like Gecko; compatible; GPTBot/1.2; +https://openai.com/gptbot)" "-"
23.21.119.0 - - [02/Nov/2025:01:27:15 -0400] "GET /assuntos-gerais/how-to-try-out-slot-equipment-a-detailed-newcomers-guide-2/?fileloc=//kunden/bin/perlivp&path=//kunden/bin HTTP/1.1" 200 23951 noticias-web.online "-" "Mozilla/5.0 AppleWebKit/537.36 (KHTML, like Gecko; compatible; Amazonbot/0.1; +https://developer.amazon.com/support/amazonbot) Chrome/119.0.6045.214 Safari/537.36" "-"
66.249.74.0 - - [02/Nov/2025:01:27:16 -0400] "GET /goods147488864?kg=0147305302 HTTP/1.1" 200 199250 noticias-web.online "-" "Mozilla/5.0 (Linux; Android 6.0.1; Nexus 5X Build/MMB29P) AppleWebKit/537.36 (KHTML, like Gecko) Chrome/141.0.7390.122 Mobile Safari/537.36 (compatible; GoogleOther)" "-"
216.73.216.0 - - [02/Nov/2025:01:27:16 -0400] "GET /assuntos-gerais/mostbet-casino-portugal-bonus-300-30-giros-gratis/feed?fileloc=%2F%2Fproc%2Fsys%2Fvm%2Fpanic_on_oom&path=%2F%2Fproc%2Fsys%2Fvm HTTP/1.1" 200 12277 noticias-web.online "-" "Mozilla/5.0 AppleWebKit/537.36 (KHTML, like Gecko; compatible; ClaudeBot/1.0; +claudebot@anthropic.com)" "-"
74.7.227.0 - - [02/Nov/2025:01:27:18 -0400] "GET /?fileloc=//kunden/kunden/kunden/kunden/kunden/kunden/kunden/proc/thread-self/root/kunden/kunden/kunden/proc/thread-self/root/usr/lib/systemd/user/gpg-agent-browser.socket&path=//kunden/kunden/kunden/kunden/kunden/kunden/kunden/proc/thread-self/root/kunden/kunden/kunden/proc/thread-self/root/usr/lib/systemd/user HTTP/1.1" 200 14646 noticias-web.online "-" "Mozilla/5.0 AppleWebKit/537.36 (KHTML, like Gecko; compatible; GPTBot/1.2; +https://openai.com/gptbot)" "-"
18.205.127.0 - - [02/Nov/2025:01:27:18 -0400] "GET /assuntos-gerais/mostbet-login-facil-e-rapido-mostbet-registration-hoje-em-dia-2/?fileloc=//kunden/bin/savelog&path=//kunden/bin HTTP/1.1" 200 24383 noticias-web.online "-" "Mozilla/5.0 AppleWebKit/537.36 (KHTML, like Gecko; compatible; Amazonbot/0.1; +https://developer.amazon.com/support/amazonbot) Chrome/119.0.6045.214 Safari/537.36" "-"
216.73.216.0 - - [02/Nov/2025:01:27:19 -0400] "GET /assuntos-gerais/mostbet-casino-portugal-bonus-300-30-giros-gratis/feed?fileloc=%2F%2Fproc%2Fsys%2Fvm%2Fvm_reclaim_mode&path=%2F%2Fproc%2Fsys%2Fvm HTTP/1.1" 200 12281 noticias-web.online "-" "Mozilla/5.0 AppleWebKit/537.36 (KHTML, like Gecko; compatible; ClaudeBot/1.0; +claudebot@anthropic.com)" "-"
216.73.216.0 - - [02/Nov/2025:01:27:22 -0400] "GET /assuntos-gerais/mostbet-casino-portugal-bonus-300-30-giros-gratis/feed?fileloc=%2F%2Fproc%2Fsys%2Fvm%2Fshaholin_zombies&path=%2F%2Fproc%2Fsys%2Fvm HTTP/1.1" 200 12279 noticias-web.online "-" "Mozilla/5.0 AppleWebKit/537.36 (KHTML, like Gecko; compatible; ClaudeBot/1.0; +claudebot@anthropic.com)" "-"
35.169.119.0 - - [02/Nov/2025:01:27:22 -0400] "GET /assuntos-gerais/how-to-try-out-slot-equipment-a-detailed-newcomers-guide-2/?fileloc=//kunden/bin/touch&path=//kunden/bin HTTP/1.1" 200 12236 noticias-web.online "-" "Mozilla/5.0 AppleWebKit/537.36 (KHTML, like Gecko; compatible; Amazonbot/0.1; +https://developer.amazon.com/support/amazonbot) Chrome/119.0.6045.214 Safari/537.36" "-"
216.73.216.0 - - [02/Nov/2025:01:27:25 -0400] "GET /assuntos-gerais/mostbet-casino-portugal-bonus-300-30-giros-gratis/feed?fileloc=%2F%2Fproc%2Fsys%2Fvm%2Fshaholin_reset_s&path=%2F%2Fproc%2Fsys%2Fvm HTTP/1.1" 200 12279 noticias-web.online "-" "Mozilla/5.0 AppleWebKit/537.36 (KHTML, like Gecko; compatible; ClaudeBot/1.0; +claudebot@anthropic.com)" "-"
3.94.157.0 - - [02/Nov/2025:01:27:26 -0400] "GET /assuntos-gerais/faca-o-login-e-jogue-online-2/?fileloc=//bin/c99-gcc&path=//bin HTTP/1.1" 200 12679 noticias-web.online "-" "Mozilla/5.0 AppleWebKit/537.36 (KHTML, like Gecko; compatible; Amazonbot/0.1; +https://developer.amazon.com/support/amazonbot) Chrome/119.0.6045.214 Safari/537.36" "-"
74.7.227.0 - - [02/Nov/2025:01:27:27 -0400] "GET /?fileloc=//kunden/kunden/kunden/kunden/kunden/kunden/kunden/proc/thread-self/root/proc/thread-self/root/kunden/usr/include/mtd/ubi-user.h&path=//kunden/kunden/kunden/kunden/kunden/kunden/kunden/proc/thread-self/root/proc/thread-self/root/kunden/usr/include/mtd HTTP/1.1" 200 32181 noticias-web.online "-" "Mozilla/5.0 AppleWebKit/537.36 (KHTML, like Gecko; compatible; GPTBot/1.2; +https://openai.com/gptbot)" "-"
216.73.216.0 - - [02/Nov/2025:01:27:28 -0400] "GET /assuntos-gerais/mostbet-casino-portugal-bonus-300-30-giros-gratis/feed?fileloc=%2F%2Fproc%2Fsys%2Fvm%2Fvfs_cache_pressure&path=%2F%2Fproc%2Fsys%2Fvm HTTP/1.1" 200 12285 noticias-web.online "-" "Mozilla/5.0 AppleWebKit/537.36 (KHTML, like Gecko; compatible; ClaudeBot/1.0; +claudebot@anthropic.com)" "-"
184.72.95.0 - - [02/Nov/2025:01:27:30 -0400] "GET /assuntos-gerais/faca-o-login-e-jogue-online-2/?fileloc=//bin/pnmremap&path=//bin HTTP/1.1" 200 12189 noticias-web.online "-" "Mozilla/5.0 AppleWebKit/537.36 (KHTML, like Gecko; compatible; Amazonbot/0.1; +https://developer.amazon.com/support/amazonbot) Chrome/119.0.6045.214 Safari/537.36" "-"
216.73.216.0 - - [02/Nov/2025:01:27:31 -0400] "GET /assuntos-gerais/mostbet-casino-portugal-bonus-300-30-giros-gratis/feed?fileloc=%2F%2Fproc%2Fsys%2Fvm%2Fdirty_background_bytes&path=%2F%2Fproc%2Fsys%2Fvm HTTP/1.1" 200 12287 noticias-web.online "-" "Mozilla/5.0 AppleWebKit/537.36 (KHTML, like Gecko; compatible; ClaudeBot/1.0; +claudebot@anthropic.com)" "-"
74.7.227.0 - - [02/Nov/2025:01:27:32 -0400] "GET /?path=//kunden/kunden/kunden/kunden/kunden/kunden/kunden/proc/thread-self/root/kunden/lib/locale/zh_HK/LC_MESSAGES HTTP/1.1" 200 15671 noticias-web.online "-" "Mozilla/5.0 AppleWebKit/537.36 (KHTML, like Gecko; compatible; GPTBot/1.2; +https://openai.com/gptbot)" "-"
216.73.216.0 - - [02/Nov/2025:01:27:34 -0400] "GET /assuntos-gerais/mostbet-casino-portugal-bonus-300-30-giros-gratis/feed?fileloc=%2F%2Fproc%2Fsys%2Fvm%2Fmax_map_count&path=%2F%2Fproc%2Fsys%2Fvm HTTP/1.1" 200 12282 noticias-web.online "-" "Mozilla/5.0 AppleWebKit/537.36 (KHTML, like Gecko; compatible; ClaudeBot/1.0; +claudebot@anthropic.com)" "-"
54.163.169.0 - - [02/Nov/2025:01:27:34 -0400] "GET /assuntos-gerais/mostbet-login-facil-e-rapido-mostbet-registration-hoje-em-dia-2/?fileloc=//kunden/bin/dirmngr&path=//kunden/bin HTTP/1.1" 200 12238 noticias-web.online "-" "Mozilla/5.0 AppleWebKit/537.36 (KHTML, like Gecko; compatible; Amazonbot/0.1; +https://developer.amazon.com/support/amazonbot) Chrome/119.0.6045.214 Safari/537.36" "-"
74.7.227.0 - - [02/Nov/2025:01:27:37 -0400] "GET /?fileloc=//kunden/kunden/kunden/kunden/kunden/kunden/kunden/proc/thread-self/root/kunden/kunden/usr/lib/systemd/user/gpg-agent-browser.socket&path=//kunden/kunden/kunden/kunden/kunden/kunden/kunden/proc/thread-self/root/kunden/kunden/usr/lib/systemd/user HTTP/1.1" 200 13972 noticias-web.online "-" "Mozilla/5.0 AppleWebKit/537.36 (KHTML, like Gecko; compatible; GPTBot/1.2; +https://openai.com/gptbot)" "-"
216.73.216.0 - - [02/Nov/2025:01:27:37 -0400] "GET /assuntos-gerais/mostbet-casino-portugal-bonus-300-30-giros-gratis/feed?fileloc=%2F%2Fproc%2Fsys%2Fvm%2Fstat_interval&path=%2F%2Fproc%2Fsys%2Fvm HTTP/1.1" 200 12278 noticias-web.online "-" "Mozilla/5.0 AppleWebKit/537.36 (KHTML, like Gecko; compatible; ClaudeBot/1.0; +claudebot@anthropic.com)" "-"
3.229.2.0 - - [02/Nov/2025:01:27:38 -0400] "GET /assuntos-gerais/slot-strategy-guide-rng-timing-bonuses-payouts-faq-2/?path=//etc/vim HTTP/1.1" 200 14024 noticias-web.online "-" "Mozilla/5.0 AppleWebKit/537.36 (KHTML, like Gecko; compatible; Amazonbot/0.1; +https://developer.amazon.com/support/amazonbot) Chrome/119.0.6045.214 Safari/537.36" "-"
216.73.216.0 - - [02/Nov/2025:01:27:40 -0400] "GET /assuntos-gerais/mostbet-casino-portugal-bonus-300-30-giros-gratis/feed?fileloc=%2F%2Fproc%2Fsys%2Fvm%2Fdirty_writeback_centisecs&path=%2F%2Fproc%2Fsys%2Fvm HTTP/1.1" 200 12292 noticias-web.online "-" "Mozilla/5.0 AppleWebKit/537.36 (KHTML, like Gecko; compatible; ClaudeBot/1.0; +claudebot@anthropic.com)" "-"
52.44.174.0 - - [02/Nov/2025:01:27:42 -0400] "GET /assuntos-gerais/mostbet-login-facil-e-rapido-mostbet-registration-hoje-em-dia/?fileloc=//bin/x86_64-linux-gnu-gcov-tool-10&path=//bin HTTP/1.1" 200 12210 noticias-web.online "-" "Mozilla/5.0 AppleWebKit/537.36 (KHTML, like Gecko; compatible; Amazonbot/0.1; +https://developer.amazon.com/support/amazonbot) Chrome/119.0.6045.214 Safari/537.36" "-"
74.7.227.0 - - [02/Nov/2025:01:27:44 -0400] "GET /?fileloc=//kunden/kunden/kunden/kunden/kunden/kunden/kunden/proc/thread-self/root/proc/thread-self/root/kunden/etc/systemd/system/multi-user.target.wants/authd.service&path=//kunden/kunden/kunden/kunden/kunden/kunden/kunden/proc/thread-self/root/proc/thread-self/root/kunden/etc/systemd/system/multi-user.target.wants HTTP/1.1" 200 14204 noticias-web.online "-" "Mozilla/5.0 AppleWebKit/537.36 (KHTML, like Gecko; compatible; GPTBot/1.2; +https://openai.com/gptbot)" "-"
18.232.12.0 - - [02/Nov/2025:01:27:46 -0400] "GET /assuntos-gerais/faca-o-login-e-jogue-online-2/?fileloc=//bin/base32&path=//bin HTTP/1.1" 200 12187 noticias-web.online "-" "Mozilla/5.0 AppleWebKit/537.36 (KHTML, like Gecko; compatible; Amazonbot/0.1; +https://developer.amazon.com/support/amazonbot) Chrome/119.0.6045.214 Safari/537.36" "-"
74.7.227.0 - - [02/Nov/2025:01:27:50 -0400] "GET /?fileloc=//kunden/kunden/kunden/kunden/kunden/kunden/kunden/proc/thread-self/root/kunden/kunden/usr/lib/systemd/user/gpg-agent-extra.socket&path=//kunden/kunden/kunden/kunden/kunden/kunden/kunden/proc/thread-self/root/kunden/kunden/usr/lib/systemd/user HTTP/1.1" 200 13953 noticias-web.online "-" "Mozilla/5.0 AppleWebKit/537.36 (KHTML, like Gecko; compatible; GPTBot/1.2; +https://openai.com/gptbot)" "-"
54.210.152.0 - - [02/Nov/2025:01:27:50 -0400] "GET /assuntos-gerais/mostbet-login-facil-e-rapido-mostbet-registration-hoje-em-dia-2/?fileloc=//kunden/etc/wgetrc&path=//kunden/etc HTTP/1.1" 200 17255 noticias-web.online "-" "Mozilla/5.0 AppleWebKit/537.36 (KHTML, like Gecko; compatible; Amazonbot/0.1; +https://developer.amazon.com/support/amazonbot) Chrome/119.0.6045.214 Safari/537.36" "-"
74.7.227.0 - - [02/Nov/2025:01:27:53 -0400] "GET /?fileloc=//kunden/kunden/kunden/kunden/kunden/kunden/kunden/proc/thread-self/root/kunden/kunden/kunden/proc/thread-self/root/lib/systemd/user/gpg-agent-ssh.socket&path=//kunden/kunden/kunden/kunden/kunden/kunden/kunden/proc/thread-self/root/kunden/kunden/kunden/proc/thread-self/root/lib/systemd/user HTTP/1.1" 200 14492 noticias-web.online "-" "Mozilla/5.0 AppleWebKit/537.36 (KHTML, like Gecko; compatible; GPTBot/1.2; +https://openai.com/gptbot)" "-"
3.218.103.0 - - [02/Nov/2025:01:27:54 -0400] "GET /assuntos-gerais/how-to-try-out-slot-equipment-a-detailed-newcomers-guide-2/?fileloc=//kunden/bin/mariadb-waitpid&path=//kunden/bin HTTP/1.1" 200 12246 noticias-web.online "-" "Mozilla/5.0 AppleWebKit/537.36 (KHTML, like Gecko; compatible; Amazonbot/0.1; +https://developer.amazon.com/support/amazonbot) Chrome/119.0.6045.214 Safari/537.36" "-"
74.7.227.0 - - [02/Nov/2025:01:27:58 -0400] "GET /?fileloc=//kunden/kunden/kunden/kunden/kunden/kunden/kunden/proc/thread-self/root/proc/thread-self/root/usr/include/mtd/inftl-user.h&path=//kunden/kunden/kunden/kunden/kunden/kunden/kunden/proc/thread-self/root/proc/thread-self/root/usr/include/mtd HTTP/1.1" 200 15334 noticias-web.online "-" "Mozilla/5.0 AppleWebKit/537.36 (KHTML, like Gecko; compatible; GPTBot/1.2; +https://openai.com/gptbot)" "-"
34.194.233.0 - - [02/Nov/2025:01:27:58 -0400] "GET /assuntos-gerais/how-to-try-out-slot-equipment-a-detailed-newcomers-guide-2/?fileloc=//kunden/bin/manpath&path=//kunden/bin HTTP/1.1" 200 12238 noticias-web.online "-" "Mozilla/5.0 AppleWebKit/537.36 (KHTML, like Gecko; compatible; Amazonbot/0.1; +https://developer.amazon.com/support/amazonbot) Chrome/119.0.6045.214 Safari/537.36" "-"
74.7.227.0 - - [02/Nov/2025:01:28:01 -0400] "GET /?fileloc=//kunden/kunden/kunden/kunden/kunden/kunden/kunden/proc/thread-self/root/proc/thread-self/root/kunden/usr/include/mtd/inftl-user.h&path=//kunden/kunden/kunden/kunden/kunden/kunden/kunden/proc/thread-self/root/proc/thread-self/root/kunden/usr/include/mtd HTTP/1.1" 200 15491 noticias-web.online "-" "Mozilla/5.0 AppleWebKit/537.36 (KHTML, like Gecko; compatible; GPTBot/1.2; +https://openai.com/gptbot)" "-"
98.83.177.0 - - [02/Nov/2025:01:28:03 -0400] "GET /assuntos-gerais/site-oficial-aqui-no-brasil-apostas-esportivas-e-cassino-online-3/?fileloc=//bin/iconv&path=//bin HTTP/1.1" 200 12186 noticias-web.online "-" "Mozilla/5.0 AppleWebKit/537.36 (KHTML, like Gecko; compatible; Amazonbot/0.1; +https://developer.amazon.com/support/amazonbot) Chrome/119.0.6045.214 Safari/537.36" "-"
74.7.227.0 - - [02/Nov/2025:01:28:06 -0400] "GET /?fileloc=//kunden/kunden/kunden/kunden/kunden/kunden/kunden/proc/thread-self/root/proc/thread-self/root/usr/include/mtd/mtd-user.h&path=//kunden/kunden/kunden/kunden/kunden/kunden/kunden/proc/thread-self/root/proc/thread-self/root/usr/include/mtd HTTP/1.1" 200 14936 noticias-web.online "-" "Mozilla/5.0 AppleWebKit/537.36 (KHTML, like Gecko; compatible; GPTBot/1.2; +https://openai.com/gptbot)" "-"
44.213.36.0 - - [02/Nov/2025:01:28:06 -0400] "GET /assuntos-gerais/mostbet-login-facil-e-rapido-mostbet-registration-hoje-em-dia-2/?fileloc=//lib/git-core/git-credential-cache--daemon&path=//lib/git-core HTTP/1.1" 200 12262 noticias-web.online "-" "Mozilla/5.0 AppleWebKit/537.36 (KHTML, like Gecko; compatible; Amazonbot/0.1; +https://developer.amazon.com/support/amazonbot) Chrome/119.0.6045.214 Safari/537.36" "-"
74.7.227.0 - - [02/Nov/2025:01:28:09 -0400] "GET /?fileloc=//kunden/kunden/kunden/kunden/kunden/kunden/kunden/proc/thread-self/root/kunden/kunden/kunden/proc/thread-self/root/usr/lib/systemd/user/gpg-agent-extra.socket&path=//kunden/kunden/kunden/kunden/kunden/kunden/kunden/proc/thread-self/root/kunden/kunden/kunden/proc/thread-self/root/usr/lib/systemd/user HTTP/1.1" 200 14627 noticias-web.online "-" "Mozilla/5.0 AppleWebKit/537.36 (KHTML, like Gecko; compatible; GPTBot/1.2; +https://openai.com/gptbot)" "-"
52.71.46.0 - - [02/Nov/2025:01:28:11 -0400] "GET /assuntos-gerais/pretende-jogar-na-mostbet-com-2/?fileloc=//lib/aspell/en_GB-ise.multi&path=//lib/aspell HTTP/1.1" 200 12343 noticias-web.online "-" "Mozilla/5.0 AppleWebKit/537.36 (KHTML, like Gecko; compatible; Amazonbot/0.1; +https://developer.amazon.com/support/amazonbot) Chrome/119.0.6045.214 Safari/537.36" "-"
74.7.227.0 - - [02/Nov/2025:01:28:14 -0400] "GET /?path=//kunden/kunden/kunden/kunden/kunden/kunden/kunden/proc/thread-self/root/kunden/kunden/homepages/oneclick/serendipity HTTP/1.1" 200 15509 noticias-web.online "-" "Mozilla/5.0 AppleWebKit/537.36 (KHTML, like Gecko; compatible; GPTBot/1.2; +https://openai.com/gptbot)" "-"
50.16.72.0 - - [02/Nov/2025:01:28:15 -0400] "GET /assuntos-gerais/how-to-try-out-slot-equipment-a-detailed-newcomers-guide-2/?fileloc=//kunden/bin/ptx&path=//kunden/bin HTTP/1.1" 200 12234 noticias-web.online "-" "Mozilla/5.0 AppleWebKit/537.36 (KHTML, like Gecko; compatible; Amazonbot/0.1; +https://developer.amazon.com/support/amazonbot) Chrome/119.0.6045.214 Safari/537.36" "-"
74.7.227.0 - - [02/Nov/2025:01:28:16 -0400] "GET /?path=//kunden/kunden/kunden/kunden/kunden/kunden/kunden/proc/thread-self/root/kunden/kunden/kunden/homepages/oneclick/serendipity HTTP/1.1" 200 15672 noticias-web.online "-" "Mozilla/5.0 AppleWebKit/537.36 (KHTML, like Gecko; compatible; GPTBot/1.2; +https://openai.com/gptbot)" "-"
52.3.102.0 - - [02/Nov/2025:01:28:18 -0400] "GET /assuntos-gerais/mostbet-login-facil-e-rapido-mostbet-registration-hoje-em-dia-2/?fileloc=//kunden/bin/mariadb-config&path=//kunden/bin HTTP/1.1" 200 12245 noticias-web.online "-" "Mozilla/5.0 AppleWebKit/537.36 (KHTML, like Gecko; compatible; Amazonbot/0.1; +https://developer.amazon.com/support/amazonbot) Chrome/119.0.6045.214 Safari/537.36" "-"
74.7.227.0 - - [02/Nov/2025:01:28:20 -0400] "GET /?fileloc=//kunden/kunden/kunden/kunden/kunden/kunden/kunden/proc/thread-self/root/lib/git-core/git-show&path=//kunden/kunden/kunden/kunden/kunden/kunden/kunden/proc/thread-self/root/lib/git-core HTTP/1.1" 200 13133 noticias-web.online "-" "Mozilla/5.0 AppleWebKit/537.36 (KHTML, like Gecko; compatible; GPTBot/1.2; +https://openai.com/gptbot)" "-"
216.73.216.0 - - [02/Nov/2025:01:28:22 -0400] "GET /assuntos-gerais/mostbet-casino-portugal-bonus-300-30-giros-gratis/feed?fileloc=%2F%2Fproc%2Fsys%2Fvm%2Fshaholin_free_percent&path=%2F%2Fproc%2Fsys%2Fvm HTTP/1.1" 200 12284 noticias-web.online "-" "Mozilla/5.0 AppleWebKit/537.36 (KHTML, like Gecko; compatible; ClaudeBot/1.0; +claudebot@anthropic.com)" "-"
52.200.251.0 - - [02/Nov/2025:01:28:23 -0400] "GET /assuntos-gerais/how-to-try-out-slot-equipment-a-detailed-newcomers-guide-2/?fileloc=//kunden/bin/dbiproxy&path=//kunden/bin HTTP/1.1" 200 17874 noticias-web.online "-" "Mozilla/5.0 AppleWebKit/537.36 (KHTML, like Gecko; compatible; Amazonbot/0.1; +https://developer.amazon.com/support/amazonbot) Chrome/119.0.6045.214 Safari/537.36" "-"
74.7.227.0 - - [02/Nov/2025:01:28:25 -0400] "GET /?fileloc=//kunden/kunden/kunden/kunden/kunden/kunden/kunden/proc/thread-self/root/kunden/kunden/kunden/proc/thread-self/root/usr/lib/systemd/user/gpg-agent-ssh.socket&path=//kunden/kunden/kunden/kunden/kunden/kunden/kunden/proc/thread-self/root/kunden/kunden/kunden/proc/thread-self/root/usr/lib/systemd/user HTTP/1.1" 200 14652 noticias-web.online "-" "Mozilla/5.0 AppleWebKit/537.36 (KHTML, like Gecko; compatible; GPTBot/1.2; +https://openai.com/gptbot)" "-"
216.73.216.0 - - [02/Nov/2025:01:28:25 -0400] "GET /assuntos-gerais/mostbet-casino-portugal-bonus-300-30-giros-gratis/feed?fileloc=%2F%2Fproc%2Fsys%2Fvm%2Fshaholin_defense&path=%2F%2Fproc%2Fsys%2Fvm HTTP/1.1" 200 12279 noticias-web.online "-" "Mozilla/5.0 AppleWebKit/537.36 (KHTML, like Gecko; compatible; ClaudeBot/1.0; +claudebot@anthropic.com)" "-"
34.235.239.0 - - [02/Nov/2025:01:28:27 -0400] "GET /assuntos-gerais/vikten-av-bankrollhantering-i-stake-plinko/?fileloc=//bin/wdctl&path=//bin HTTP/1.1" 200 12186 noticias-web.online "-" "Mozilla/5.0 AppleWebKit/537.36 (KHTML, like Gecko; compatible; Amazonbot/0.1; +https://developer.amazon.com/support/amazonbot) Chrome/119.0.6045.214 Safari/537.36" "-"
74.7.227.0 - - [02/Nov/2025:01:28:28 -0400] "GET /?fileloc=//kunden/kunden/kunden/kunden/kunden/kunden/kunden/sbin/update-dictcommon-hunspell&path=//kunden/kunden/kunden/kunden/kunden/kunden/kunden/sbin HTTP/1.1" 200 13509 noticias-web.online "-" "Mozilla/5.0 AppleWebKit/537.36 (KHTML, like Gecko; compatible; GPTBot/1.2; +https://openai.com/gptbot)" "-"
216.73.216.0 - - [02/Nov/2025:01:28:28 -0400] "GET /assuntos-gerais/mostbet-casino-portugal-bonus-300-30-giros-gratis/feed?fileloc=%2F%2Fproc%2Fsys%2Fvm%2Fdirty_background_ratio&path=%2F%2Fproc%2Fsys%2Fvm HTTP/1.1" 200 12288 noticias-web.online "-" "Mozilla/5.0 AppleWebKit/537.36 (KHTML, like Gecko; compatible; ClaudeBot/1.0; +claudebot@anthropic.com)" "-"
3.231.193.0 - - [02/Nov/2025:01:28:30 -0400] "GET /assuntos-gerais/faca-o-login-e-jogue-online-2/?fileloc=//bin/ppmtomap&path=//bin HTTP/1.1" 200 12270 noticias-web.online "-" "Mozilla/5.0 AppleWebKit/537.36 (KHTML, like Gecko; compatible; Amazonbot/0.1; +https://developer.amazon.com/support/amazonbot) Chrome/119.0.6045.214 Safari/537.36" "-"
216.73.216.0 - - [02/Nov/2025:01:28:31 -0400] "GET /assuntos-gerais/mostbet-casino-portugal-bonus-300-30-giros-gratis/feed?fileloc=%2F%2Fproc%2Fsys%2Fvm%2Fshaholin_available_percent&path=%2F%2Fproc%2Fsys%2Fvm HTTP/1.1" 200 12289 noticias-web.online "-" "Mozilla/5.0 AppleWebKit/537.36 (KHTML, like Gecko; compatible; ClaudeBot/1.0; +claudebot@anthropic.com)" "-"
74.7.227.0 - - [02/Nov/2025:01:28:33 -0400] "GET /?fileloc=//kunden/kunden/kunden/kunden/kunden/kunden/kunden/sbin/update-ca-certificates&path=//kunden/kunden/kunden/kunden/kunden/kunden/kunden/sbin HTTP/1.1" 200 19349 noticias-web.online "-" "Mozilla/5.0 AppleWebKit/537.36 (KHTML, like Gecko; compatible; GPTBot/1.2; +https://openai.com/gptbot)" "-"
216.73.216.0 - - [02/Nov/2025:01:28:34 -0400] "GET /assuntos-gerais/mostbet-casino-portugal-bonus-300-30-giros-gratis/feed?fileloc=%2F%2Fproc%2Fsys%2Fvm%2Fnuma_zonelist_order&path=%2F%2Fproc%2Fsys%2Fvm HTTP/1.1" 200 12290 noticias-web.online "-" "Mozilla/5.0 AppleWebKit/537.36 (KHTML, like Gecko; compatible; ClaudeBot/1.0; +claudebot@anthropic.com)" "-"
34.235.239.0 - - [02/Nov/2025:01:28:35 -0400] "GET /assuntos-gerais/mostbet-login-facil-e-rapido-mostbet-registration-hoje-em-dia-2/?path=//lib/locale/br_FR@euro HTTP/1.1" 200 30164 noticias-web.online "-" "Mozilla/5.0 AppleWebKit/537.36 (KHTML, like Gecko; compatible; Amazonbot/0.1; +https://developer.amazon.com/support/amazonbot) Chrome/119.0.6045.214 Safari/537.36" "-"
216.73.216.0 - - [02/Nov/2025:01:28:37 -0400] "GET /assuntos-gerais/mostbet-casino-portugal-bonus-300-30-giros-gratis/feed?fileloc=%2F%2Fproc%2Fsys%2Fvm%2Flaptop_mode&path=%2F%2Fproc%2Fsys%2Fvm HTTP/1.1" 200 12276 noticias-web.online "-" "Mozilla/5.0 AppleWebKit/537.36 (KHTML, like Gecko; compatible; ClaudeBot/1.0; +claudebot@anthropic.com)" "-"
23.23.212.0 - - [02/Nov/2025:01:28:38 -0400] "GET /assuntos-gerais/slot-strategy-guide-rng-timing-bonuses-payouts-faq-2/?fileloc=//bin/POST&path=//bin HTTP/1.1" 200 29520 noticias-web.online "-" "Mozilla/5.0 AppleWebKit/537.36 (KHTML, like Gecko; compatible; Amazonbot/0.1; +https://developer.amazon.com/support/amazonbot) Chrome/119.0.6045.214 Safari/537.36" "-"
74.7.227.0 - - [02/Nov/2025:01:28:40 -0400] "GET /?fileloc=//kunden/kunden/kunden/kunden/kunden/kunden/kunden/sbin/update-dictcommon-aspell&path=//kunden/kunden/kunden/kunden/kunden/kunden/kunden/sbin HTTP/1.1" 200 13773 noticias-web.online "-" "Mozilla/5.0 AppleWebKit/537.36 (KHTML, like Gecko; compatible; GPTBot/1.2; +https://openai.com/gptbot)" "-"
216.73.216.0 - - [02/Nov/2025:01:28:40 -0400] "GET /assuntos-gerais/mostbet-casino-portugal-bonus-300-30-giros-gratis/feed?fileloc=%2F%2Fproc%2Fsys%2Fvm%2Fdrop_caches&path=%2F%2Fproc%2Fsys%2Fvm HTTP/1.1" 200 12274 noticias-web.online "-" "Mozilla/5.0 AppleWebKit/537.36 (KHTML, like Gecko; compatible; ClaudeBot/1.0; +claudebot@anthropic.com)" "-"
52.0.41.0 - - [02/Nov/2025:01:28:42 -0400] "GET /assuntos-gerais/how-to-try-out-slot-equipment-a-detailed-newcomers-guide-2/?fileloc=//kunden/bin/nawk&path=//kunden/bin HTTP/1.1" 200 12235 noticias-web.online "-" "Mozilla/5.0 AppleWebKit/537.36 (KHTML, like Gecko; compatible; Amazonbot/0.1; +https://developer.amazon.com/support/amazonbot) Chrome/119.0.6045.214 Safari/537.36" "-"
74.7.227.0 - - [02/Nov/2025:01:28:43 -0400] "GET /?path=//kunden/kunden/kunden/kunden/kunden/kunden/kunden/proc/thread-self/root/kunden/kunden/kunden/proc/thread-self/root/usr/lib/ruby/vendor_ruby HTTP/1.1" 200 45408 noticias-web.online "-" "Mozilla/5.0 AppleWebKit/537.36 (KHTML, like Gecko; compatible; GPTBot/1.2; +https://openai.com/gptbot)" "-"
216.73.216.0 - - [02/Nov/2025:01:28:43 -0400] "GET /assuntos-gerais/mostbet-casino-portugal-bonus-300-30-giros-gratis/feed?fileloc=%2F%2Fproc%2Fsys%2Fvm%2Fmin_slab_ratio&path=%2F%2Fproc%2Fsys%2Fvm HTTP/1.1" 200 12279 noticias-web.online "-" "Mozilla/5.0 AppleWebKit/537.36 (KHTML, like Gecko; compatible; ClaudeBot/1.0; +claudebot@anthropic.com)" "-"
2a03:2880:f800:: - - [02/Nov/2025:01:28:45 -0400] "GET /crazy-time/crazy-time-live-gioca-al-miglior-video-game-show-di-sempre/ HTTP/1.1" 200 54554 noticias-web.online "-" "meta-externalagent/1.1 (+https://developers.facebook.com/docs/sharing/webmasters/crawler)" "-"
216.73.216.0 - - [02/Nov/2025:01:28:46 -0400] "GET /assuntos-gerais/mostbet-casino-portugal-bonus-300-30-giros-gratis/feed?fileloc=%2F%2Fproc%2Fsys%2Fvm%2Fzone_reclaim_mode&path=%2F%2Fproc%2Fsys%2Fvm HTTP/1.1" 200 12282 noticias-web.online "-" "Mozilla/5.0 AppleWebKit/537.36 (KHTML, like Gecko; compatible; ClaudeBot/1.0; +claudebot@anthropic.com)" "-"
3.221.222.0 - - [02/Nov/2025:01:28:46 -0400] "GET /assuntos-gerais/slot-strategy-guide-rng-timing-bonuses-payouts-faq-2/?fileloc=//bin/tload&path=//bin HTTP/1.1" 200 12186 noticias-web.online "-" "Mozilla/5.0 AppleWebKit/537.36 (KHTML, like Gecko; compatible; Amazonbot/0.1; +https://developer.amazon.com/support/amazonbot) Chrome/119.0.6045.214 Safari/537.36" "-"
74.7.227.0 - - [02/Nov/2025:01:28:47 -0400] "GET /?path=//kunden/kunden/kunden/kunden/kunden/kunden/kunden/proc/thread-self/root/kunden/kunden/kunden/proc/thread-self/root/etc/logcheck/ignore.d.server HTTP/1.1" 200 16427 noticias-web.online "-" "Mozilla/5.0 AppleWebKit/537.36 (KHTML, like Gecko; compatible; GPTBot/1.2; +https://openai.com/gptbot)" "-"
216.73.216.0 - - [02/Nov/2025:01:28:49 -0400] "GET /assuntos-gerais/mostbet-casino-portugal-bonus-300-30-giros-gratis/feed?fileloc=%2F%2Fproc%2Fsys%2Fvm%2Fpage-cluster&path=%2F%2Fproc%2Fsys%2Fvm HTTP/1.1" 200 12277 noticias-web.online "-" "Mozilla/5.0 AppleWebKit/537.36 (KHTML, like Gecko; compatible; ClaudeBot/1.0; +claudebot@anthropic.com)" "-"
52.71.203.0 - - [02/Nov/2025:01:28:51 -0400] "GET /assuntos-gerais/how-to-try-out-slot-equipment-a-detailed-newcomers-guide-2/?fileloc=//kunden/bin/mt-gnu&path=//kunden/bin HTTP/1.1" 200 12237 noticias-web.online "-" "Mozilla/5.0 AppleWebKit/537.36 (KHTML, like Gecko; compatible; Amazonbot/0.1; +https://developer.amazon.com/support/amazonbot) Chrome/119.0.6045.214 Safari/537.36" "-"
74.7.227.0 - - [02/Nov/2025:01:28:52 -0400] "GET /?path=//kunden/kunden/kunden/kunden/kunden/kunden/kunden/proc/thread-self/root/kunden/kunden/kunden/proc/thread-self/root/lib/lsb/init-functions.d HTTP/1.1" 200 16402 noticias-web.online "-" "Mozilla/5.0 AppleWebKit/537.36 (KHTML, like Gecko; compatible; GPTBot/1.2; +https://openai.com/gptbot)" "-"
216.73.216.0 - - [02/Nov/2025:01:28:52 -0400] "GET /assuntos-gerais/mostbet-casino-portugal-bonus-300-30-giros-gratis/feed?fileloc=%2F%2Fproc%2Fsys%2Fvm%2Fmin_free_kbytes&path=%2F%2Fproc%2Fsys%2Fvm HTTP/1.1" 200 12284 noticias-web.online "-" "Mozilla/5.0 AppleWebKit/537.36 (KHTML, like Gecko; compatible; ClaudeBot/1.0; +claudebot@anthropic.com)" "-"
44.195.50.0 - - [02/Nov/2025:01:28:55 -0400] "GET /assuntos-gerais/how-to-try-out-slot-equipment-a-detailed-newcomers-guide-2/?path=//usr/lib/dpkg HTTP/1.1" 200 14001 noticias-web.online "-" "Mozilla/5.0 AppleWebKit/537.36 (KHTML, like Gecko; compatible; Amazonbot/0.1; +https://developer.amazon.com/support/amazonbot) Chrome/119.0.6045.214 Safari/537.36" "-"
216.73.216.0 - - [02/Nov/2025:01:28:55 -0400] "GET /assuntos-gerais/mostbet-casino-portugal-bonus-300-30-giros-gratis/feed?fileloc=%2F%2Fproc%2Fsys%2Fvm%2Fblock_dump&path=%2F%2Fproc%2Fsys%2Fvm HTTP/1.1" 200 12275 noticias-web.online "-" "Mozilla/5.0 AppleWebKit/537.36 (KHTML, like Gecko; compatible; ClaudeBot/1.0; +claudebot@anthropic.com)" "-"
74.7.227.0 - - [02/Nov/2025:01:28:57 -0400] "GET /?path=//kunden/kunden/kunden/kunden/kunden/kunden/kunden/proc/thread-self/root/kunden/kunden/kunden/proc/thread-self/root/lib/ruby/vendor_ruby/hoe HTTP/1.1" 200 16564 noticias-web.online "-" "Mozilla/5.0 AppleWebKit/537.36 (KHTML, like Gecko; compatible; GPTBot/1.2; +https://openai.com/gptbot)" "-"
216.73.216.0 - - [02/Nov/2025:01:28:58 -0400] "GET /assuntos-gerais/mostbet-casino-portugal-bonus-300-30-giros-gratis/feed?fileloc=%2F%2Fproc%2Fsys%2Fvm%2Fdirty_bytes&path=%2F%2Fproc%2Fsys%2Fvm HTTP/1.1" 200 12276 noticias-web.online "-" "Mozilla/5.0 AppleWebKit/537.36 (KHTML, like Gecko; compatible; ClaudeBot/1.0; +claudebot@anthropic.com)" "-"
54.152.163.0 - - [02/Nov/2025:01:28:58 -0400] "GET /assuntos-gerais/how-to-try-out-slot-equipment-a-detailed-newcomers-guide-2/?fileloc=//kunden/bin/json_xs&path=//kunden/bin HTTP/1.1" 200 20253 noticias-web.online "-" "Mozilla/5.0 AppleWebKit/537.36 (KHTML, like Gecko; compatible; Amazonbot/0.1; +https://developer.amazon.com/support/amazonbot) Chrome/119.0.6045.214 Safari/537.36" "-"
74.7.227.0 - - [02/Nov/2025:01:29:00 -0400] "GET /?fileloc=//kunden/kunden/kunden/kunden/kunden/kunden/kunden/proc/thread-self/root/proc/thread-self/root/etc/systemd/system/multi-user.target.wants/rsync.service&path=//kunden/kunden/kunden/kunden/kunden/kunden/kunden/proc/thread-self/root/proc/thread-self/root/etc/systemd/system/multi-user.target.wants HTTP/1.1" 200 14925 noticias-web.online "-" "Mozilla/5.0 AppleWebKit/537.36 (KHTML, like Gecko; compatible; GPTBot/1.2; +https://openai.com/gptbot)" "-"
52.4.238.0 - - [02/Nov/2025:01:29:02 -0400] "GET /assuntos-gerais/how-to-try-out-slot-equipment-a-detailed-newcomers-guide-2/?path=//lib/locale/wa_BE@euro HTTP/1.1" 200 30166 noticias-web.online "-" "Mozilla/5.0 AppleWebKit/537.36 (KHTML, like Gecko; compatible; Amazonbot/0.1; +https://developer.amazon.com/support/amazonbot) Chrome/119.0.6045.214 Safari/537.36" "-"
184.73.239.0 - - [02/Nov/2025:01:29:06 -0400] "GET /assuntos-gerais/how-to-try-out-slot-equipment-a-detailed-newcomers-guide-2/?fileloc=//kunden/bin/uuencode&path=//kunden/bin HTTP/1.1" 200 12239 noticias-web.online "-" "Mozilla/5.0 AppleWebKit/537.36 (KHTML, like Gecko; compatible; Amazonbot/0.1; +https://developer.amazon.com/support/amazonbot) Chrome/119.0.6045.214 Safari/537.36" "-"
74.7.227.0 - - [02/Nov/2025:01:29:08 -0400] "GET /?fileloc=//kunden/kunden/kunden/kunden/kunden/kunden/kunden/proc/thread-self/root/proc/thread-self/root/etc/systemd/system/multi-user.target.wants/authd.service&path=//kunden/kunden/kunden/kunden/kunden/kunden/kunden/proc/thread-self/root/proc/thread-self/root/etc/systemd/system/multi-user.target.wants HTTP/1.1" 200 14040 noticias-web.online "-" "Mozilla/5.0 AppleWebKit/537.36 (KHTML, like Gecko; compatible; GPTBot/1.2; +https://openai.com/gptbot)" "-"
54.144.185.0 - - [02/Nov/2025:01:29:10 -0400] "GET /assuntos-gerais/site-oficial-aqui-no-brasil-apostas-esportivas-e-cassino-online-3/?path=//dev/fd HTTP/1.1" 200 12636 noticias-web.online "-" "Mozilla/5.0 AppleWebKit/537.36 (KHTML, like Gecko; compatible; Amazonbot/0.1; +https://developer.amazon.com/support/amazonbot) Chrome/119.0.6045.214 Safari/537.36" "-"
74.7.227.0 - - [02/Nov/2025:01:29:13 -0400] "GET /?path=//kunden/kunden/kunden/kunden/kunden/kunden/kunden/proc/thread-self/root/kunden/kunden/kunden/proc/thread-self/root/usr/lib/ruby/vendor_ruby/rubygems HTTP/1.1" 200 166572 noticias-web.online "-" "Mozilla/5.0 AppleWebKit/537.36 (KHTML, like Gecko; compatible; GPTBot/1.2; +https://openai.com/gptbot)" "-"
54.85.7.0 - - [02/Nov/2025:01:29:14 -0400] "GET /assuntos-gerais/mostbet-login-facil-e-rapido-mostbet-registration-hoje-em-dia-2/?path=//usr/lib/file HTTP/1.1" 200 14099 noticias-web.online "-" "Mozilla/5.0 AppleWebKit/537.36 (KHTML, like Gecko; compatible; Amazonbot/0.1; +https://developer.amazon.com/support/amazonbot) Chrome/119.0.6045.214 Safari/537.36" "-"
74.7.227.0 - - [02/Nov/2025:01:29:17 -0400] "GET /?path=//kunden/kunden/kunden/kunden/kunden/kunden/kunden/proc/thread-self/root/kunden/kunden/kunden/proc/thread-self/root/usr/lib/ruby/vendor_ruby/minitest HTTP/1.1" 200 38389 noticias-web.online "-" "Mozilla/5.0 AppleWebKit/537.36 (KHTML, like Gecko; compatible; GPTBot/1.2; +https://openai.com/gptbot)" "-"
34.238.45.0 - - [02/Nov/2025:01:29:18 -0400] "GET /assuntos-gerais/mostbet-login-facil-e-rapido-mostbet-registration-hoje-em-dia/?fileloc=//etc/quotatab&path=//etc HTTP/1.1" 200 12715 noticias-web.online "-" "Mozilla/5.0 AppleWebKit/537.36 (KHTML, like Gecko; compatible; Amazonbot/0.1; +https://developer.amazon.com/support/amazonbot) Chrome/119.0.6045.214 Safari/537.36" "-"
74.7.227.0 - - [02/Nov/2025:01:29:21 -0400] "GET /?path=//kunden/kunden/kunden/kunden/kunden/kunden/kunden/proc/thread-self/root/kunden/kunden/kunden/proc/thread-self/root/usr/lib/ruby/vendor_ruby/power_assert HTTP/1.1" 200 28781 noticias-web.online "-" "Mozilla/5.0 AppleWebKit/537.36 (KHTML, like Gecko; compatible; GPTBot/1.2; +https://openai.com/gptbot)" "-"
