216.73.216.0 - - [30/Oct/2025:04:57:20 -0400] "GET /assuntos-gerais/najlepsze-zaklady-sportowe-online-w-polsce/feed?fileloc=%2F%2Fbin%2Fcompare&path=%2F%2Fbin HTTP/1.1" 200 12188 noticias-web.online "-" "Mozilla/5.0 AppleWebKit/537.36 (KHTML, like Gecko; compatible; ClaudeBot/1.0; +claudebot@anthropic.com)" "-"
216.73.216.0 - - [30/Oct/2025:04:57:23 -0400] "GET /assuntos-gerais/najlepsze-zaklady-sportowe-online-w-polsce/feed?fileloc=%2F%2Fetc%2Falternatives%2Fstream-im6&path=%2F%2Fetc%2Falternatives HTTP/1.1" 200 12256 noticias-web.online "-" "Mozilla/5.0 AppleWebKit/537.36 (KHTML, like Gecko; compatible; ClaudeBot/1.0; +claudebot@anthropic.com)" "-"
74.7.227.0 - - [30/Oct/2025:04:57:25 -0400] "GET /goods901215200?kg=0900089482 HTTP/1.1" 200 54554 noticias-web.online "-" "Mozilla/5.0 AppleWebKit/537.36 (KHTML, like Gecko; compatible; GPTBot/1.2; +https://openai.com/gptbot)" "-"
216.73.216.0 - - [30/Oct/2025:04:57:26 -0400] "GET /assuntos-gerais/najlepsze-zaklady-sportowe-online-w-polsce/feed?fileloc=%2F%2Fbin%2Fgcov-10&path=%2F%2Fbin HTTP/1.1" 200 12188 noticias-web.online "-" "Mozilla/5.0 AppleWebKit/537.36 (KHTML, like Gecko; compatible; ClaudeBot/1.0; +claudebot@anthropic.com)" "-"
216.73.216.0 - - [30/Oct/2025:04:57:29 -0400] "GET /assuntos-gerais/najlepsze-zaklady-sportowe-online-w-polsce/feed?fileloc=%2F%2Fetc%2Falternatives%2Funlzma&path=%2F%2Fetc%2Falternatives HTTP/1.1" 200 12252 noticias-web.online "-" "Mozilla/5.0 AppleWebKit/537.36 (KHTML, like Gecko; compatible; ClaudeBot/1.0; +claudebot@anthropic.com)" "-"
216.73.216.0 - - [30/Oct/2025:04:57:32 -0400] "GET /assuntos-gerais/najlepsze-zaklady-sportowe-online-w-polsce/feed?fileloc=%2F%2Fetc%2Fbash.bashrc&path=%2F%2Fetc HTTP/1.1" 200 14176 noticias-web.online "-" "Mozilla/5.0 AppleWebKit/537.36 (KHTML, like Gecko; compatible; ClaudeBot/1.0; +claudebot@anthropic.com)" "-"
216.73.216.0 - - [30/Oct/2025:04:57:35 -0400] "GET /assuntos-gerais/najlepsze-zaklady-sportowe-online-w-polsce/feed?fileloc=%2F%2Fetc%2Falternatives%2Flzegrep&path=%2F%2Fetc%2Falternatives HTTP/1.1" 200 18970 noticias-web.online "-" "Mozilla/5.0 AppleWebKit/537.36 (KHTML, like Gecko; compatible; ClaudeBot/1.0; +claudebot@anthropic.com)" "-"
216.73.216.0 - - [30/Oct/2025:04:57:38 -0400] "GET /assuntos-gerais/najlepsze-zaklady-sportowe-online-w-polsce/feed?fileloc=%2F%2Fbin%2Fps2pdfwr&path=%2F%2Fbin HTTP/1.1" 200 13494 noticias-web.online "-" "Mozilla/5.0 AppleWebKit/537.36 (KHTML, like Gecko; compatible; ClaudeBot/1.0; +claudebot@anthropic.com)" "-"
216.73.216.0 - - [30/Oct/2025:04:57:41 -0400] "GET /assuntos-gerais/najlepsze-zaklady-sportowe-online-w-polsce/feed?fileloc=%2F%2Fbin%2Fpnmquant&path=%2F%2Fbin HTTP/1.1" 200 15840 noticias-web.online "-" "Mozilla/5.0 AppleWebKit/537.36 (KHTML, like Gecko; compatible; ClaudeBot/1.0; +claudebot@anthropic.com)" "-"
216.73.216.0 - - [30/Oct/2025:04:57:44 -0400] "GET /assuntos-gerais/najlepsze-zaklady-sportowe-online-w-polsce/feed?fileloc=%2F%2Fbin%2Flwp-download&path=%2F%2Fbin HTTP/1.1" 200 23372 noticias-web.online "-" "Mozilla/5.0 AppleWebKit/537.36 (KHTML, like Gecko; compatible; ClaudeBot/1.0; +claudebot@anthropic.com)" "-"
216.73.216.0 - - [30/Oct/2025:04:57:47 -0400] "GET /assuntos-gerais/najlepsze-zaklady-sportowe-online-w-polsce/feed?fileloc=%2F%2Fbin%2Ftimeout&path=%2F%2Fbin HTTP/1.1" 200 12188 noticias-web.online "-" "Mozilla/5.0 AppleWebKit/537.36 (KHTML, like Gecko; compatible; ClaudeBot/1.0; +claudebot@anthropic.com)" "-"
216.73.216.0 - - [30/Oct/2025:04:57:50 -0400] "GET /assuntos-gerais/najlepsze-zaklady-sportowe-online-w-polsce/feed?fileloc=%2F%2Fproc%2Finterrupts&path=%2F%2Fproc HTTP/1.1" 200 12194 noticias-web.online "-" "Mozilla/5.0 AppleWebKit/537.36 (KHTML, like Gecko; compatible; ClaudeBot/1.0; +claudebot@anthropic.com)" "-"
216.73.216.0 - - [30/Oct/2025:04:57:53 -0400] "GET /assuntos-gerais/najlepsze-zaklady-sportowe-online-w-polsce/feed?fileloc=%2F%2Fbin%2Fy2racc2.7&path=%2F%2Fbin HTTP/1.1" 200 12833 noticias-web.online "-" "Mozilla/5.0 AppleWebKit/537.36 (KHTML, like Gecko; compatible; ClaudeBot/1.0; +claudebot@anthropic.com)" "-"
216.73.216.0 - - [30/Oct/2025:04:57:56 -0400] "GET /assuntos-gerais/najlepsze-zaklady-sportowe-online-w-polsce/feed?fileloc=%2F%2Fbin%2Flcf&path=%2F%2Fbin HTTP/1.1" 200 21174 noticias-web.online "-" "Mozilla/5.0 AppleWebKit/537.36 (KHTML, like Gecko; compatible; ClaudeBot/1.0; +claudebot@anthropic.com)" "-"
216.73.216.0 - - [30/Oct/2025:04:57:59 -0400] "GET /assuntos-gerais/najlepsze-zaklady-sportowe-online-w-polsce/feed?fileloc=%2F%2Fbin%2Fpnmdepth&path=%2F%2Fbin HTTP/1.1" 200 12189 noticias-web.online "-" "Mozilla/5.0 AppleWebKit/537.36 (KHTML, like Gecko; compatible; ClaudeBot/1.0; +claudebot@anthropic.com)" "-"
216.73.216.0 - - [30/Oct/2025:04:58:02 -0400] "GET /assuntos-gerais/najlepsze-zaklady-sportowe-online-w-polsce/feed?fileloc=%2F%2Fetc%2Falternatives%2Flzgrep.1.gz&path=%2F%2Fetc%2Falternatives HTTP/1.1" 200 12257 noticias-web.online "-" "Mozilla/5.0 AppleWebKit/537.36 (KHTML, like Gecko; compatible; ClaudeBot/1.0; +claudebot@anthropic.com)" "-"
216.73.216.0 - - [30/Oct/2025:04:58:05 -0400] "GET /assuntos-gerais/najlepsze-zaklady-sportowe-online-w-polsce/feed?fileloc=%2F%2Fetc%2Falternatives%2Fdisplay-im6&path=%2F%2Fetc%2Falternatives HTTP/1.1" 200 12257 noticias-web.online "-" "Mozilla/5.0 AppleWebKit/537.36 (KHTML, like Gecko; compatible; ClaudeBot/1.0; +claudebot@anthropic.com)" "-"
216.73.216.0 - - [30/Oct/2025:04:58:08 -0400] "GET /assuntos-gerais/najlepsze-zaklady-sportowe-online-w-polsce/feed?fileloc=%2F%2Fbin%2Fncftpls&path=%2F%2Fbin HTTP/1.1" 200 12188 noticias-web.online "-" "Mozilla/5.0 AppleWebKit/537.36 (KHTML, like Gecko; compatible; ClaudeBot/1.0; +claudebot@anthropic.com)" "-"
216.73.216.0 - - [30/Oct/2025:04:58:11 -0400] "GET /assuntos-gerais/najlepsze-zaklady-sportowe-online-w-polsce/feed?fileloc=%2F%2Fbin%2Fdpkg-source&path=%2F%2Fbin HTTP/1.1" 200 36278 noticias-web.online "-" "Mozilla/5.0 AppleWebKit/537.36 (KHTML, like Gecko; compatible; ClaudeBot/1.0; +claudebot@anthropic.com)" "-"
216.73.216.0 - - [30/Oct/2025:04:58:14 -0400] "GET /assuntos-gerais/najlepsze-zaklady-sportowe-online-w-polsce/feed?fileloc=%2F%2Fbin%2Fconvert-im6&path=%2F%2Fbin HTTP/1.1" 200 12192 noticias-web.online "-" "Mozilla/5.0 AppleWebKit/537.36 (KHTML, like Gecko; compatible; ClaudeBot/1.0; +claudebot@anthropic.com)" "-"
216.73.216.0 - - [30/Oct/2025:04:58:17 -0400] "GET /assuntos-gerais/najlepsze-zaklady-sportowe-online-w-polsce/feed?fileloc=%2F%2Fbin%2Fppmshadow&path=%2F%2Fbin HTTP/1.1" 200 19510 noticias-web.online "-" "Mozilla/5.0 AppleWebKit/537.36 (KHTML, like Gecko; compatible; ClaudeBot/1.0; +claudebot@anthropic.com)" "-"
92.119.177.0 - - [30/Oct/2025:04:58:19 -0400] "GET /.env HTTP/1.1" 200 54554 noticias-web.online "-" "Mozilla/5.0 (Macintosh; Intel Mac OS X 10.15; rv:77.0) Gecko/20100101 Firefox/77.0" "-"
92.119.177.0 - - [30/Oct/2025:04:58:20 -0400] "GET /wp-content/ HTTP/1.1" 403 1271 noticias-web.online "-" "Mozilla/5.0 (Macintosh; Intel Mac OS X 10.15; rv:77.0) Gecko/20100101 Firefox/77.0" "-"
216.73.216.0 - - [30/Oct/2025:04:58:20 -0400] "GET /assuntos-gerais/najlepsze-zaklady-sportowe-online-w-polsce/feed?fileloc=%2F%2Fbin%2Fpecl8.0&path=%2F%2Fbin HTTP/1.1" 200 13067 noticias-web.online "-" "Mozilla/5.0 AppleWebKit/537.36 (KHTML, like Gecko; compatible; ClaudeBot/1.0; +claudebot@anthropic.com)" "-"
216.73.216.0 - - [30/Oct/2025:04:59:20 -0400] "GET /assuntos-gerais/najlepsze-zaklady-sportowe-online-w-polsce/feed?fileloc=%2F%2Fetc%2Falternatives%2Faclocal.1.gz&path=%2F%2Fetc%2Falternatives HTTP/1.1" 200 12258 noticias-web.online "-" "Mozilla/5.0 AppleWebKit/537.36 (KHTML, like Gecko; compatible; ClaudeBot/1.0; +claudebot@anthropic.com)" "-"
216.73.216.0 - - [30/Oct/2025:04:59:23 -0400] "GET /assuntos-gerais/najlepsze-zaklady-sportowe-online-w-polsce/feed?fileloc=%2F%2Fetc%2Falternatives%2Faptitude.fr.8.gz&path=%2F%2Fetc%2Falternatives HTTP/1.1" 200 12262 noticias-web.online "-" "Mozilla/5.0 AppleWebKit/537.36 (KHTML, like Gecko; compatible; ClaudeBot/1.0; +claudebot@anthropic.com)" "-"
216.73.216.0 - - [30/Oct/2025:04:59:26 -0400] "GET /assuntos-gerais/najlepsze-zaklady-sportowe-online-w-polsce/feed?fileloc=%2F%2Fetc%2Fmtab&path=%2F%2Fetc HTTP/1.1" 200 12347 noticias-web.online "-" "Mozilla/5.0 AppleWebKit/537.36 (KHTML, like Gecko; compatible; ClaudeBot/1.0; +claudebot@anthropic.com)" "-"
216.73.216.0 - - [30/Oct/2025:04:59:29 -0400] "GET /assuntos-gerais/najlepsze-zaklady-sportowe-online-w-polsce/feed?fileloc=%2F%2Fetc%2Fgroup&path=%2F%2Fetc HTTP/1.1" 200 12741 noticias-web.online "-" "Mozilla/5.0 AppleWebKit/537.36 (KHTML, like Gecko; compatible; ClaudeBot/1.0; +claudebot@anthropic.com)" "-"
216.73.216.0 - - [30/Oct/2025:04:59:32 -0400] "GET /assuntos-gerais/najlepsze-zaklady-sportowe-online-w-polsce/feed?fileloc=%2F%2Fproc%2Fmounts&path=%2F%2Fproc HTTP/1.1" 200 13134 noticias-web.online "-" "Mozilla/5.0 AppleWebKit/537.36 (KHTML, like Gecko; compatible; ClaudeBot/1.0; +claudebot@anthropic.com)" "-"
216.73.216.0 - - [30/Oct/2025:04:59:35 -0400] "GET /assuntos-gerais/najlepsze-zaklady-sportowe-online-w-polsce/feed?fileloc=%2F%2Fbin%2Ftiff2rgba&path=%2F%2Fbin HTTP/1.1" 200 12190 noticias-web.online "-" "Mozilla/5.0 AppleWebKit/537.36 (KHTML, like Gecko; compatible; ClaudeBot/1.0; +claudebot@anthropic.com)" "-"
216.73.216.0 - - [30/Oct/2025:04:59:38 -0400] "GET /assuntos-gerais/najlepsze-zaklady-sportowe-online-w-polsce/feed?fileloc=%2F%2Fproc%2Fslabinfo&path=%2F%2Fproc HTTP/1.1" 200 12192 noticias-web.online "-" "Mozilla/5.0 AppleWebKit/537.36 (KHTML, like Gecko; compatible; ClaudeBot/1.0; +claudebot@anthropic.com)" "-"
216.73.216.0 - - [30/Oct/2025:04:59:41 -0400] "GET /assuntos-gerais/najlepsze-zaklady-sportowe-online-w-polsce/feed?fileloc=%2F%2Fetc%2Fmagic&path=%2F%2Fetc HTTP/1.1" 200 12297 noticias-web.online "-" "Mozilla/5.0 AppleWebKit/537.36 (KHTML, like Gecko; compatible; ClaudeBot/1.0; +claudebot@anthropic.com)" "-"
216.73.216.0 - - [30/Oct/2025:04:59:44 -0400] "GET /assuntos-gerais/najlepsze-zaklady-sportowe-online-w-polsce/feed?fileloc=%2F%2Fetc%2Fpam.conf&path=%2F%2Fetc HTTP/1.1" 200 12741 noticias-web.online "-" "Mozilla/5.0 AppleWebKit/537.36 (KHTML, like Gecko; compatible; ClaudeBot/1.0; +claudebot@anthropic.com)" "-"
216.73.216.0 - - [30/Oct/2025:04:59:47 -0400] "GET /assuntos-gerais/najlepsze-zaklady-sportowe-online-w-polsce/feed?fileloc=%2F%2Fetc%2Fsysctl.conf&path=%2F%2Fetc HTTP/1.1" 200 14550 noticias-web.online "-" "Mozilla/5.0 AppleWebKit/537.36 (KHTML, like Gecko; compatible; ClaudeBot/1.0; +claudebot@anthropic.com)" "-"
216.73.216.0 - - [30/Oct/2025:04:59:50 -0400] "GET /assuntos-gerais/najlepsze-zaklady-sportowe-online-w-polsce/feed?fileloc=%2F%2Fetc%2Fshells&path=%2F%2Fetc HTTP/1.1" 200 12320 noticias-web.online "-" "Mozilla/5.0 AppleWebKit/537.36 (KHTML, like Gecko; compatible; ClaudeBot/1.0; +claudebot@anthropic.com)" "-"
216.73.216.0 - - [30/Oct/2025:04:59:53 -0400] "GET /assuntos-gerais/najlepsze-zaklady-sportowe-online-w-polsce/feed?fileloc=%2F%2Fetc%2Falternatives%2Fview.fr.1.gz&path=%2F%2Fetc%2Falternatives HTTP/1.1" 200 12258 noticias-web.online "-" "Mozilla/5.0 AppleWebKit/537.36 (KHTML, like Gecko; compatible; ClaudeBot/1.0; +claudebot@anthropic.com)" "-"
216.73.216.0 - - [30/Oct/2025:04:59:56 -0400] "GET /assuntos-gerais/najlepsze-zaklady-sportowe-online-w-polsce/feed?fileloc=%2F%2Fbin%2Ffiascotopnm&path=%2F%2Fbin HTTP/1.1" 200 12192 noticias-web.online "-" "Mozilla/5.0 AppleWebKit/537.36 (KHTML, like Gecko; compatible; ClaudeBot/1.0; +claudebot@anthropic.com)" "-"
216.73.216.0 - - [30/Oct/2025:04:59:59 -0400] "GET /assuntos-gerais/najlepsze-zaklady-sportowe-online-w-polsce/feed?fileloc=%2F%2Fkunden%2FCBI_ID&path=%2F%2Fkunden HTTP/1.1" 200 12218 noticias-web.online "-" "Mozilla/5.0 AppleWebKit/537.36 (KHTML, like Gecko; compatible; ClaudeBot/1.0; +claudebot@anthropic.com)" "-"
216.73.216.0 - - [30/Oct/2025:05:00:02 -0400] "GET /assuntos-gerais/najlepsze-zaklady-sportowe-online-w-polsce/feed?fileloc=%2F%2Fetc%2Ftimezone&path=%2F%2Fetc HTTP/1.1" 200 12206 noticias-web.online "-" "Mozilla/5.0 AppleWebKit/537.36 (KHTML, like Gecko; compatible; ClaudeBot/1.0; +claudebot@anthropic.com)" "-"
216.73.216.0 - - [30/Oct/2025:05:00:05 -0400] "GET /assuntos-gerais/najlepsze-zaklady-sportowe-online-w-polsce/feed?fileloc=%2F%2Fetc%2Fos-release&path=%2F%2Fetc HTTP/1.1" 200 12528 noticias-web.online "-" "Mozilla/5.0 AppleWebKit/537.36 (KHTML, like Gecko; compatible; ClaudeBot/1.0; +claudebot@anthropic.com)" "-"
216.73.216.0 - - [30/Oct/2025:05:00:08 -0400] "GET /assuntos-gerais/najlepsze-zaklady-sportowe-online-w-polsce/feed?fileloc=%2F%2Fetc%2Falternatives%2Fvi.fr.1.gz&path=%2F%2Fetc%2Falternatives HTTP/1.1" 200 12256 noticias-web.online "-" "Mozilla/5.0 AppleWebKit/537.36 (KHTML, like Gecko; compatible; ClaudeBot/1.0; +claudebot@anthropic.com)" "-"
216.73.216.0 - - [30/Oct/2025:05:00:11 -0400] "GET /assuntos-gerais/najlepsze-zaklady-sportowe-online-w-polsce/feed?fileloc=%2F%2Fetc%2Fpapersize&path=%2F%2Fetc HTTP/1.1" 200 12193 noticias-web.online "-" "Mozilla/5.0 AppleWebKit/537.36 (KHTML, like Gecko; compatible; ClaudeBot/1.0; +claudebot@anthropic.com)" "-"
216.73.216.0 - - [30/Oct/2025:05:00:14 -0400] "GET /assuntos-gerais/najlepsze-zaklady-sportowe-online-w-polsce/feed?fileloc=%2F%2Fetc%2Fhostname&path=%2F%2Fetc HTTP/1.1" 200 12197 noticias-web.online "-" "Mozilla/5.0 AppleWebKit/537.36 (KHTML, like Gecko; compatible; ClaudeBot/1.0; +claudebot@anthropic.com)" "-"
216.73.216.0 - - [30/Oct/2025:05:00:17 -0400] "GET /assuntos-gerais/najlepsze-zaklady-sportowe-online-w-polsce/feed?fileloc=%2F%2Fetc%2Fnetconfig&path=%2F%2Fetc HTTP/1.1" 200 13011 noticias-web.online "-" "Mozilla/5.0 AppleWebKit/537.36 (KHTML, like Gecko; compatible; ClaudeBot/1.0; +claudebot@anthropic.com)" "-"
216.73.216.0 - - [30/Oct/2025:05:00:20 -0400] "GET /assuntos-gerais/najlepsze-zaklady-sportowe-online-w-polsce/feed?fileloc=%2F%2Fbin%2Fgouldtoppm&path=%2F%2Fbin HTTP/1.1" 200 12191 noticias-web.online "-" "Mozilla/5.0 AppleWebKit/537.36 (KHTML, like Gecko; compatible; ClaudeBot/1.0; +claudebot@anthropic.com)" "-"
216.73.216.0 - - [30/Oct/2025:05:00:23 -0400] "GET /assuntos-gerais/najlepsze-zaklady-sportowe-online-w-polsce/feed?fileloc=%2F%2Fproc%2Fdevices&path=%2F%2Fproc HTTP/1.1" 200 12191 noticias-web.online "-" "Mozilla/5.0 AppleWebKit/537.36 (KHTML, like Gecko; compatible; ClaudeBot/1.0; +claudebot@anthropic.com)" "-"
216.73.216.0 - - [30/Oct/2025:05:00:26 -0400] "GET /assuntos-gerais/najlepsze-zaklady-sportowe-online-w-polsce/feed?fileloc=%2F%2Fproc%2Fsoftirqs&path=%2F%2Fproc HTTP/1.1" 200 27841 noticias-web.online "-" "Mozilla/5.0 AppleWebKit/537.36 (KHTML, like Gecko; compatible; ClaudeBot/1.0; +claudebot@anthropic.com)" "-"
216.73.216.0 - - [30/Oct/2025:05:00:29 -0400] "GET /assuntos-gerais/najlepsze-zaklady-sportowe-online-w-polsce/feed?fileloc=%2F%2Fproc%2Fconsoles&path=%2F%2Fproc HTTP/1.1" 200 12275 noticias-web.online "-" "Mozilla/5.0 AppleWebKit/537.36 (KHTML, like Gecko; compatible; ClaudeBot/1.0; +claudebot@anthropic.com)" "-"
216.73.216.0 - - [30/Oct/2025:05:00:32 -0400] "GET /assuntos-gerais/najlepsze-zaklady-sportowe-online-w-polsce/feed?fileloc=%2F%2Fbin%2Fgdcmpgif&path=%2F%2Fbin HTTP/1.1" 200 12189 noticias-web.online "-" "Mozilla/5.0 AppleWebKit/537.36 (KHTML, like Gecko; compatible; ClaudeBot/1.0; +claudebot@anthropic.com)" "-"
216.73.216.0 - - [30/Oct/2025:05:00:35 -0400] "GET /assuntos-gerais/najlepsze-zaklady-sportowe-online-w-polsce/feed?fileloc=%2F%2Fbin%2Faclocal&path=%2F%2Fbin HTTP/1.1" 200 49354 noticias-web.online "-" "Mozilla/5.0 AppleWebKit/537.36 (KHTML, like Gecko; compatible; ClaudeBot/1.0; +claudebot@anthropic.com)" "-"
216.73.216.0 - - [30/Oct/2025:05:00:38 -0400] "GET /assuntos-gerais/najlepsze-zaklady-sportowe-online-w-polsce/feed?fileloc=%2F%2Fetc%2Fcomplete.tcsh&path=%2F%2Fetc HTTP/1.1" 200 71057 noticias-web.online "-" "Mozilla/5.0 AppleWebKit/537.36 (KHTML, like Gecko; compatible; ClaudeBot/1.0; +claudebot@anthropic.com)" "-"
216.73.216.0 - - [30/Oct/2025:05:00:41 -0400] "GET /assuntos-gerais/najlepsze-zaklady-sportowe-online-w-polsce/feed?fileloc=%2F%2Fetc%2Fdeluser.conf&path=%2F%2Fetc HTTP/1.1" 200 12817 noticias-web.online "-" "Mozilla/5.0 AppleWebKit/537.36 (KHTML, like Gecko; compatible; ClaudeBot/1.0; +claudebot@anthropic.com)" "-"
216.73.216.0 - - [30/Oct/2025:05:00:44 -0400] "GET /assuntos-gerais/najlepsze-zaklady-sportowe-online-w-polsce/feed?fileloc=%2F%2Fproc%2Fkeys&path=%2F%2Fproc HTTP/1.1" 200 12332 noticias-web.online "-" "Mozilla/5.0 AppleWebKit/537.36 (KHTML, like Gecko; compatible; ClaudeBot/1.0; +claudebot@anthropic.com)" "-"
216.73.216.0 - - [30/Oct/2025:05:00:47 -0400] "GET /assuntos-gerais/najlepsze-zaklady-sportowe-online-w-polsce/feed?fileloc=%2F%2Fbin%2Fpngcp&path=%2F%2Fbin HTTP/1.1" 200 12186 noticias-web.online "-" "Mozilla/5.0 AppleWebKit/537.36 (KHTML, like Gecko; compatible; ClaudeBot/1.0; +claudebot@anthropic.com)" "-"
216.73.216.0 - - [30/Oct/2025:05:00:50 -0400] "GET /assuntos-gerais/najlepsze-zaklady-sportowe-online-w-polsce/feed?fileloc=%2F%2Fbin%2Fznew&path=%2F%2Fbin HTTP/1.1" 200 17395 noticias-web.online "-" "Mozilla/5.0 AppleWebKit/537.36 (KHTML, like Gecko; compatible; ClaudeBot/1.0; +claudebot@anthropic.com)" "-"
216.73.216.0 - - [30/Oct/2025:05:00:53 -0400] "GET /assuntos-gerais/najlepsze-zaklady-sportowe-online-w-polsce/feed?fileloc=%2F%2Fbin%2Fimgtoppm&path=%2F%2Fbin HTTP/1.1" 200 12189 noticias-web.online "-" "Mozilla/5.0 AppleWebKit/537.36 (KHTML, like Gecko; compatible; ClaudeBot/1.0; +claudebot@anthropic.com)" "-"
216.73.216.0 - - [30/Oct/2025:05:00:56 -0400] "GET /assuntos-gerais/najlepsze-zaklady-sportowe-online-w-polsce/feed?fileloc=%2F%2Fetc%2Falternatives%2Faclocal&path=%2F%2Fetc%2Falternatives HTTP/1.1" 200 49419 noticias-web.online "-" "Mozilla/5.0 AppleWebKit/537.36 (KHTML, like Gecko; compatible; ClaudeBot/1.0; +claudebot@anthropic.com)" "-"
216.73.216.0 - - [30/Oct/2025:05:00:59 -0400] "GET /assuntos-gerais/najlepsze-zaklady-sportowe-online-w-polsce/feed?fileloc=%2F%2Fetc%2Fcsh.logout&path=%2F%2Fetc HTTP/1.1" 200 12258 noticias-web.online "-" "Mozilla/5.0 AppleWebKit/537.36 (KHTML, like Gecko; compatible; ClaudeBot/1.0; +claudebot@anthropic.com)" "-"
216.73.216.0 - - [30/Oct/2025:05:01:02 -0400] "GET /assuntos-gerais/najlepsze-zaklady-sportowe-online-w-polsce/feed?fileloc=%2F%2Fbin%2Fppmtoicr&path=%2F%2Fbin HTTP/1.1" 200 12189 noticias-web.online "-" "Mozilla/5.0 AppleWebKit/537.36 (KHTML, like Gecko; compatible; ClaudeBot/1.0; +claudebot@anthropic.com)" "-"
216.73.216.0 - - [30/Oct/2025:05:01:05 -0400] "GET /assuntos-gerais/najlepsze-zaklady-sportowe-online-w-polsce/feed?fileloc=%2F%2Fbin%2Fpnginfo&path=%2F%2Fbin HTTP/1.1" 200 12188 noticias-web.online "-" "Mozilla/5.0 AppleWebKit/537.36 (KHTML, like Gecko; compatible; ClaudeBot/1.0; +claudebot@anthropic.com)" "-"
216.73.216.0 - - [30/Oct/2025:05:01:08 -0400] "GET /assuntos-gerais/najlepsze-zaklady-sportowe-online-w-polsce/feed?fileloc=%2F%2Fbin%2Fmtvtoppm&path=%2F%2Fbin HTTP/1.1" 200 12189 noticias-web.online "-" "Mozilla/5.0 AppleWebKit/537.36 (KHTML, like Gecko; compatible; ClaudeBot/1.0; +claudebot@anthropic.com)" "-"
216.73.216.0 - - [30/Oct/2025:05:01:11 -0400] "GET /assuntos-gerais/najlepsze-zaklady-sportowe-online-w-polsce/feed?fileloc=%2F%2Fproc%2Fiomem&path=%2F%2Fproc HTTP/1.1" 200 12189 noticias-web.online "-" "Mozilla/5.0 AppleWebKit/537.36 (KHTML, like Gecko; compatible; ClaudeBot/1.0; +claudebot@anthropic.com)" "-"
216.73.216.0 - - [30/Oct/2025:05:01:14 -0400] "GET /assuntos-gerais/najlepsze-zaklady-sportowe-online-w-polsce/feed?fileloc=%2F%2Fetc%2Falternatives%2Fconvert.1.gz&path=%2F%2Fetc%2Falternatives HTTP/1.1" 200 12258 noticias-web.online "-" "Mozilla/5.0 AppleWebKit/537.36 (KHTML, like Gecko; compatible; ClaudeBot/1.0; +claudebot@anthropic.com)" "-"
216.73.216.0 - - [30/Oct/2025:05:01:20 -0400] "GET /assuntos-gerais/najlepsze-zaklady-sportowe-online-w-polsce/feed?path=%2F%2Fetc%2Fterminfo HTTP/1.1" 200 14058 noticias-web.online "-" "Mozilla/5.0 AppleWebKit/537.36 (KHTML, like Gecko; compatible; ClaudeBot/1.0; +claudebot@anthropic.com)" "-"
216.73.216.0 - - [30/Oct/2025:05:01:23 -0400] "GET /assuntos-gerais/najlepsze-zaklady-sportowe-online-w-polsce/feed?fileloc=%2F%2Fbin%2Fphp&path=%2F%2Fbin HTTP/1.1" 200 12184 noticias-web.online "-" "Mozilla/5.0 AppleWebKit/537.36 (KHTML, like Gecko; compatible; ClaudeBot/1.0; +claudebot@anthropic.com)" "-"
216.73.216.0 - - [30/Oct/2025:05:01:26 -0400] "GET /assuntos-gerais/najlepsze-zaklady-sportowe-online-w-polsce/feed?fileloc=%2F%2Fbin%2Frksh&path=%2F%2Fbin HTTP/1.1" 200 12185 noticias-web.online "-" "Mozilla/5.0 AppleWebKit/537.36 (KHTML, like Gecko; compatible; ClaudeBot/1.0; +claudebot@anthropic.com)" "-"
216.73.216.0 - - [30/Oct/2025:05:01:29 -0400] "GET /assuntos-gerais/najlepsze-zaklady-sportowe-online-w-polsce/feed?fileloc=%2F%2Fbin%2Fprove.diverted&path=%2F%2Fbin HTTP/1.1" 200 26462 noticias-web.online "-" "Mozilla/5.0 AppleWebKit/537.36 (KHTML, like Gecko; compatible; ClaudeBot/1.0; +claudebot@anthropic.com)" "-"
216.73.216.0 - - [30/Oct/2025:05:01:32 -0400] "GET /assuntos-gerais/najlepsze-zaklady-sportowe-online-w-polsce/feed?fileloc=%2F%2Fbin%2Fhtdigest&path=%2F%2Fbin HTTP/1.1" 200 12189 noticias-web.online "-" "Mozilla/5.0 AppleWebKit/537.36 (KHTML, like Gecko; compatible; ClaudeBot/1.0; +claudebot@anthropic.com)" "-"
216.73.216.0 - - [30/Oct/2025:05:01:35 -0400] "GET /assuntos-gerais/najlepsze-zaklady-sportowe-online-w-polsce/feed?fileloc=%2F%2Fbin%2Fc_rehash&path=%2F%2Fbin HTTP/1.1" 200 19468 noticias-web.online "-" "Mozilla/5.0 AppleWebKit/537.36 (KHTML, like Gecko; compatible; ClaudeBot/1.0; +claudebot@anthropic.com)" "-"
216.73.216.0 - - [30/Oct/2025:05:01:38 -0400] "GET /assuntos-gerais/najlepsze-zaklady-sportowe-online-w-polsce/feed?fileloc=%2F%2Fbin%2Fscriptlive&path=%2F%2Fbin HTTP/1.1" 200 12191 noticias-web.online "-" "Mozilla/5.0 AppleWebKit/537.36 (KHTML, like Gecko; compatible; ClaudeBot/1.0; +claudebot@anthropic.com)" "-"
216.73.216.0 - - [30/Oct/2025:05:01:41 -0400] "GET /assuntos-gerais/najlepsze-zaklady-sportowe-online-w-polsce/feed?path=%2F%2Fproc%2Fipmi HTTP/1.1" 200 13933 noticias-web.online "-" "Mozilla/5.0 AppleWebKit/537.36 (KHTML, like Gecko; compatible; ClaudeBot/1.0; +claudebot@anthropic.com)" "-"
3.214.176.0 - - [30/Oct/2025:05:01:41 -0400] "GET /assuntos-gerais/10-largest-casinos-in-the-us/?path=/homepages/4/d860090557/htdocs/clickandbuilds/NotciasWebOnline/wp-includes HTTP/1.1" 200 481292 noticias-web.online "-" "Mozilla/5.0 AppleWebKit/537.36 (KHTML, like Gecko; compatible; Amazonbot/0.1; +https://developer.amazon.com/support/amazonbot) Chrome/119.0.6045.214 Safari/537.36" "-"
216.73.216.0 - - [30/Oct/2025:05:01:44 -0400] "GET /assuntos-gerais/najlepsze-zaklady-sportowe-online-w-polsce/feed?fileloc=%2F%2Fbin%2Fdpkg-statoverride&path=%2F%2Fbin HTTP/1.1" 200 12198 noticias-web.online "-" "Mozilla/5.0 AppleWebKit/537.36 (KHTML, like Gecko; compatible; ClaudeBot/1.0; +claudebot@anthropic.com)" "-"
216.73.216.0 - - [30/Oct/2025:05:01:47 -0400] "GET /assuntos-gerais/najlepsze-zaklady-sportowe-online-w-polsce/feed?fileloc=%2F%2Fbin%2Funcompress&path=%2F%2Fbin HTTP/1.1" 200 14599 noticias-web.online "-" "Mozilla/5.0 AppleWebKit/537.36 (KHTML, like Gecko; compatible; ClaudeBot/1.0; +claudebot@anthropic.com)" "-"
44.223.115.0 - - [30/Oct/2025:05:01:47 -0400] "GET /assuntos-gerais/10-largest-casinos-in-the-us/?path=/homepages/4/d860090557/htdocs/clickandbuilds/NotciasWebOnline/wp-content HTTP/1.1" 200 39607 noticias-web.online "-" "Mozilla/5.0 AppleWebKit/537.36 (KHTML, like Gecko; compatible; Amazonbot/0.1; +https://developer.amazon.com/support/amazonbot) Chrome/119.0.6045.214 Safari/537.36" "-"
216.73.216.0 - - [30/Oct/2025:05:01:50 -0400] "GET /assuntos-gerais/najlepsze-zaklady-sportowe-online-w-polsce/feed?fileloc=%2F%2Fsbin%2Fdeluser&path=%2F%2Fsbin HTTP/1.1" 200 29365 noticias-web.online "-" "Mozilla/5.0 AppleWebKit/537.36 (KHTML, like Gecko; compatible; ClaudeBot/1.0; +claudebot@anthropic.com)" "-"
216.73.216.0 - - [30/Oct/2025:05:01:53 -0400] "GET /assuntos-gerais/najlepsze-zaklady-sportowe-online-w-polsce/feed?fileloc=%2F%2Fbin%2Fsftp&path=%2F%2Fbin HTTP/1.1" 200 12185 noticias-web.online "-" "Mozilla/5.0 AppleWebKit/537.36 (KHTML, like Gecko; compatible; ClaudeBot/1.0; +claudebot@anthropic.com)" "-"
216.73.216.0 - - [30/Oct/2025:05:01:56 -0400] "GET /assuntos-gerais/najlepsze-zaklady-sportowe-online-w-polsce/feed?fileloc=%2F%2Fbin%2Fdnstap-read&path=%2F%2Fbin HTTP/1.1" 200 12192 noticias-web.online "-" "Mozilla/5.0 AppleWebKit/537.36 (KHTML, like Gecko; compatible; ClaudeBot/1.0; +claudebot@anthropic.com)" "-"
216.73.216.0 - - [30/Oct/2025:05:01:59 -0400] "GET /assuntos-gerais/najlepsze-zaklady-sportowe-online-w-polsce/feed?path=%2F%2Fproc%2Fself HTTP/1.1" 200 69281 noticias-web.online "-" "Mozilla/5.0 AppleWebKit/537.36 (KHTML, like Gecko; compatible; ClaudeBot/1.0; +claudebot@anthropic.com)" "-"
216.73.216.0 - - [30/Oct/2025:05:02:02 -0400] "GET /assuntos-gerais/najlepsze-zaklady-sportowe-online-w-polsce/feed?fileloc=%2F%2Fbin%2Fdpkg-trigger&path=%2F%2Fbin HTTP/1.1" 200 12193 noticias-web.online "-" "Mozilla/5.0 AppleWebKit/537.36 (KHTML, like Gecko; compatible; ClaudeBot/1.0; +claudebot@anthropic.com)" "-"
216.73.216.0 - - [30/Oct/2025:05:02:05 -0400] "GET /assuntos-gerais/najlepsze-zaklady-sportowe-online-w-polsce/feed?path=%2F%2Fetc%2Fapt HTTP/1.1" 200 12638 noticias-web.online "-" "Mozilla/5.0 AppleWebKit/537.36 (KHTML, like Gecko; compatible; ClaudeBot/1.0; +claudebot@anthropic.com)" "-"
216.73.216.0 - - [30/Oct/2025:05:02:08 -0400] "GET /assuntos-gerais/najlepsze-zaklady-sportowe-online-w-polsce/feed?fileloc=%2F%2Fbin%2Fgcov-dump-10&path=%2F%2Fbin HTTP/1.1" 200 12193 noticias-web.online "-" "Mozilla/5.0 AppleWebKit/537.36 (KHTML, like Gecko; compatible; ClaudeBot/1.0; +claudebot@anthropic.com)" "-"
216.73.216.0 - - [30/Oct/2025:05:02:11 -0400] "GET /assuntos-gerais/najlepsze-zaklady-sportowe-online-w-polsce/feed?fileloc=%2F%2Fbin%2Fssh-keygen&path=%2F%2Fbin HTTP/1.1" 200 12191 noticias-web.online "-" "Mozilla/5.0 AppleWebKit/537.36 (KHTML, like Gecko; compatible; ClaudeBot/1.0; +claudebot@anthropic.com)" "-"
216.73.216.0 - - [30/Oct/2025:05:02:14 -0400] "GET /assuntos-gerais/najlepsze-zaklady-sportowe-online-w-polsce/feed?fileloc=%2F%2Fbin%2Fpkg-config&path=%2F%2Fbin HTTP/1.1" 200 12191 noticias-web.online "-" "Mozilla/5.0 AppleWebKit/537.36 (KHTML, like Gecko; compatible; ClaudeBot/1.0; +claudebot@anthropic.com)" "-"
216.73.216.0 - - [30/Oct/2025:05:02:17 -0400] "GET /assuntos-gerais/najlepsze-zaklady-sportowe-online-w-polsce/feed?fileloc=%2F%2Fsbin%2Fmkhomedir_helper&path=%2F%2Fsbin HTTP/1.1" 200 12200 noticias-web.online "-" "Mozilla/5.0 AppleWebKit/537.36 (KHTML, like Gecko; compatible; ClaudeBot/1.0; +claudebot@anthropic.com)" "-"
216.73.216.0 - - [30/Oct/2025:05:02:20 -0400] "GET /assuntos-gerais/najlepsze-zaklady-sportowe-online-w-polsce/feed?fileloc=%2F%2Fbin%2Fgcc&path=%2F%2Fbin HTTP/1.1" 200 12184 noticias-web.online "-" "Mozilla/5.0 AppleWebKit/537.36 (KHTML, like Gecko; compatible; ClaudeBot/1.0; +claudebot@anthropic.com)" "-"
216.73.216.0 - - [30/Oct/2025:05:02:23 -0400] "GET /assuntos-gerais/najlepsze-zaklady-sportowe-online-w-polsce/feed?fileloc=%2F%2Fbin%2Fuuencode&path=%2F%2Fbin HTTP/1.1" 200 12189 noticias-web.online "-" "Mozilla/5.0 AppleWebKit/537.36 (KHTML, like Gecko; compatible; ClaudeBot/1.0; +claudebot@anthropic.com)" "-"
216.73.216.0 - - [30/Oct/2025:05:02:26 -0400] "GET /assuntos-gerais/najlepsze-zaklady-sportowe-online-w-polsce/feed?fileloc=%2F%2Fsbin%2Frepquota&path=%2F%2Fsbin HTTP/1.1" 200 12192 noticias-web.online "-" "Mozilla/5.0 AppleWebKit/537.36 (KHTML, like Gecko; compatible; ClaudeBot/1.0; +claudebot@anthropic.com)" "-"
216.73.216.0 - - [30/Oct/2025:05:02:29 -0400] "GET /assuntos-gerais/najlepsze-zaklady-sportowe-online-w-polsce/feed?fileloc=%2F%2Fbin%2Fgcov-tool-10&path=%2F%2Fbin HTTP/1.1" 200 12193 noticias-web.online "-" "Mozilla/5.0 AppleWebKit/537.36 (KHTML, like Gecko; compatible; ClaudeBot/1.0; +claudebot@anthropic.com)" "-"
216.73.216.0 - - [30/Oct/2025:05:02:32 -0400] "GET /assuntos-gerais/najlepsze-zaklady-sportowe-online-w-polsce/feed?fileloc=%2F%2Fbin%2Fpy3versions&path=%2F%2Fbin HTTP/1.1" 200 24103 noticias-web.online "-" "Mozilla/5.0 AppleWebKit/537.36 (KHTML, like Gecko; compatible; ClaudeBot/1.0; +claudebot@anthropic.com)" "-"
34.236.135.0 - - [30/Oct/2025:05:02:32 -0400] "GET /assuntos-gerais/10-largest-casinos-in-the-us/?path=/homepages/4/d860090557/htdocs/clickandbuilds/NotciasWebOnline/.metadata HTTP/1.1" 200 19745 noticias-web.online "-" "Mozilla/5.0 AppleWebKit/537.36 (KHTML, like Gecko; compatible; Amazonbot/0.1; +https://developer.amazon.com/support/amazonbot) Chrome/119.0.6045.214 Safari/537.36" "-"
216.73.216.0 - - [30/Oct/2025:05:02:35 -0400] "GET /assuntos-gerais/najlepsze-zaklady-sportowe-online-w-polsce/feed?fileloc=%2F%2Fbin%2Fcorelist&path=%2F%2Fbin HTTP/1.1" 200 28483 noticias-web.online "-" "Mozilla/5.0 AppleWebKit/537.36 (KHTML, like Gecko; compatible; ClaudeBot/1.0; +claudebot@anthropic.com)" "-"
216.73.216.0 - - [30/Oct/2025:05:02:38 -0400] "GET /assuntos-gerais/najlepsze-zaklady-sportowe-online-w-polsce/feed?fileloc=%2F%2Fbin%2Fpygettext3&path=%2F%2Fbin HTTP/1.1" 200 12191 noticias-web.online "-" "Mozilla/5.0 AppleWebKit/537.36 (KHTML, like Gecko; compatible; ClaudeBot/1.0; +claudebot@anthropic.com)" "-"
216.73.216.0 - - [30/Oct/2025:05:02:41 -0400] "GET /assuntos-gerais/najlepsze-zaklady-sportowe-online-w-polsce/feed?fileloc=%2F%2Fbin%2Fgcc-ranlib&path=%2F%2Fbin HTTP/1.1" 200 12191 noticias-web.online "-" "Mozilla/5.0 AppleWebKit/537.36 (KHTML, like Gecko; compatible; ClaudeBot/1.0; +claudebot@anthropic.com)" "-"
216.73.216.0 - - [30/Oct/2025:05:02:44 -0400] "GET /assuntos-gerais/najlepsze-zaklady-sportowe-online-w-polsce/feed?fileloc=%2F%2Fbin%2Fquotasync&path=%2F%2Fbin HTTP/1.1" 200 12190 noticias-web.online "-" "Mozilla/5.0 AppleWebKit/537.36 (KHTML, like Gecko; compatible; ClaudeBot/1.0; +claudebot@anthropic.com)" "-"
216.73.216.0 - - [30/Oct/2025:05:02:47 -0400] "GET /assuntos-gerais/najlepsze-zaklady-sportowe-online-w-polsce/feed?fileloc=%2F%2Fbin%2Fjson_pp&path=%2F%2Fbin HTTP/1.1" 200 17524 noticias-web.online "-" "Mozilla/5.0 AppleWebKit/537.36 (KHTML, like Gecko; compatible; ClaudeBot/1.0; +claudebot@anthropic.com)" "-"
177.47.202.0 - - [30/Oct/2025:05:02:48 -0400] "GET /wp-login.php HTTP/1.1" 200 54554 noticias-web.online "-" "Mozilla/5.0 (Windows NT 10.0; Win64; x64) AppleWebKit/537.36 (KHTML, like Gecko) Chrome/120.0.0.0 Safari/537.36" "-"
216.73.216.0 - - [30/Oct/2025:05:02:50 -0400] "GET /assuntos-gerais/najlepsze-zaklady-sportowe-online-w-polsce/feed?fileloc=%2F%2Fbin%2Fext_skel8.0&path=%2F%2Fbin HTTP/1.1" 200 25781 noticias-web.online "-" "Mozilla/5.0 AppleWebKit/537.36 (KHTML, like Gecko; compatible; ClaudeBot/1.0; +claudebot@anthropic.com)" "-"
216.73.216.0 - - [30/Oct/2025:05:02:53 -0400] "GET /assuntos-gerais/najlepsze-zaklady-sportowe-online-w-polsce/feed?fileloc=%2F%2Fbin%2Fgit&path=%2F%2Fbin HTTP/1.1" 200 12184 noticias-web.online "-" "Mozilla/5.0 AppleWebKit/537.36 (KHTML, like Gecko; compatible; ClaudeBot/1.0; +claudebot@anthropic.com)" "-"
44.193.115.0 - - [30/Oct/2025:05:02:53 -0400] "GET /plinko_pl/zagraj-w-plinko-casino-na-prawdziwe-pieniadze/?path=/homepages/4/d860090557/htdocs/clickandbuilds/NotciasWebOnline/.tmb HTTP/1.1" 200 13037 noticias-web.online "-" "Mozilla/5.0 AppleWebKit/537.36 (KHTML, like Gecko; compatible; Amazonbot/0.1; +https://developer.amazon.com/support/amazonbot) Chrome/119.0.6045.214 Safari/537.36" "-"
216.73.216.0 - - [30/Oct/2025:05:02:56 -0400] "GET /assuntos-gerais/najlepsze-zaklady-sportowe-online-w-polsce/feed?path=%2F%2Fproc%2F3826254 HTTP/1.1" 200 12649 noticias-web.online "-" "Mozilla/5.0 AppleWebKit/537.36 (KHTML, like Gecko; compatible; ClaudeBot/1.0; +claudebot@anthropic.com)" "-"
23.21.250.0 - - [30/Oct/2025:05:02:56 -0400] "GET /assuntos-gerais/slot-strategy-guide-rng-timing-bonuses-payouts-faq-2/?path=/homepages/4/d860090557 HTTP/1.1" 200 31371 noticias-web.online "-" "Mozilla/5.0 AppleWebKit/537.36 (KHTML, like Gecko; compatible; Amazonbot/0.1; +https://developer.amazon.com/support/amazonbot) Chrome/119.0.6045.214 Safari/537.36" "-"
216.73.216.0 - - [30/Oct/2025:05:02:59 -0400] "GET /assuntos-gerais/najlepsze-zaklady-sportowe-online-w-polsce/feed?fileloc=%2F%2Fsbin%2Fsetquota&path=%2F%2Fsbin HTTP/1.1" 200 12192 noticias-web.online "-" "Mozilla/5.0 AppleWebKit/537.36 (KHTML, like Gecko; compatible; ClaudeBot/1.0; +claudebot@anthropic.com)" "-"
177.47.202.0 - - [30/Oct/2025:05:03:00 -0400] "POST /wp-login.php HTTP/1.1" 200 54554 noticias-web.online "https://noticias-web.online/wp-login.php" "Mozilla/5.0 (Windows NT 10.0; Win64; x64) AppleWebKit/537.36 (KHTML, like Gecko) Chrome/120.0.0.0 Safari/537.36" "-"
216.73.216.0 - - [30/Oct/2025:05:03:02 -0400] "GET /assuntos-gerais/najlepsze-zaklady-sportowe-online-w-polsce/feed?path=%2F%2Fetc%2FrcS.d HTTP/1.1" 200 15478 noticias-web.online "-" "Mozilla/5.0 AppleWebKit/537.36 (KHTML, like Gecko; compatible; ClaudeBot/1.0; +claudebot@anthropic.com)" "-"
98.83.10.0 - - [30/Oct/2025:05:03:03 -0400] "GET /mini-reviews/beste-casino-freispiele-2025-free-of-charge-spins-ohne-einzahlung/?path=/homepages/4/d860090557 HTTP/1.1" 200 31371 noticias-web.online "-" "Mozilla/5.0 AppleWebKit/537.36 (KHTML, like Gecko; compatible; Amazonbot/0.1; +https://developer.amazon.com/support/amazonbot) Chrome/119.0.6045.214 Safari/537.36" "-"
216.73.216.0 - - [30/Oct/2025:05:03:05 -0400] "GET /assuntos-gerais/najlepsze-zaklady-sportowe-online-w-polsce/feed?fileloc=%2F%2Fbin%2Fcpan&path=%2F%2Fbin HTTP/1.1" 200 20778 noticias-web.online "-" "Mozilla/5.0 AppleWebKit/537.36 (KHTML, like Gecko; compatible; ClaudeBot/1.0; +claudebot@anthropic.com)" "-"
179.255.41.0 - - [30/Oct/2025:05:03:07 -0400] "POST /wp-login.php HTTP/1.1" 200 54554 noticias-web.online "https://noticias-web.online/wp-login.php" "Mozilla/5.0 (Windows NT 10.0; Win64; x64) AppleWebKit/537.36 (KHTML, like Gecko) Chrome/120.0.0.0 Safari/537.36" "-"
216.73.216.0 - - [30/Oct/2025:05:03:08 -0400] "GET /assuntos-gerais/najlepsze-zaklady-sportowe-online-w-polsce/feed?fileloc=%2F%2Fbin%2Fgcov-tool&path=%2F%2Fbin HTTP/1.1" 200 12190 noticias-web.online "-" "Mozilla/5.0 AppleWebKit/537.36 (KHTML, like Gecko; compatible; ClaudeBot/1.0; +claudebot@anthropic.com)" "-"
216.73.216.0 - - [30/Oct/2025:05:03:11 -0400] "GET /assuntos-gerais/najlepsze-zaklady-sportowe-online-w-polsce/feed?path=%2F%2Fproc%2Fmegaraid HTTP/1.1" 200 12651 noticias-web.online "-" "Mozilla/5.0 AppleWebKit/537.36 (KHTML, like Gecko; compatible; ClaudeBot/1.0; +claudebot@anthropic.com)" "-"
216.73.216.0 - - [30/Oct/2025:05:03:14 -0400] "GET /assuntos-gerais/najlepsze-zaklady-sportowe-online-w-polsce/feed?fileloc=%2F%2Fbin%2Fgpgparsemail&path=%2F%2Fbin HTTP/1.1" 200 12193 noticias-web.online "-" "Mozilla/5.0 AppleWebKit/537.36 (KHTML, like Gecko; compatible; ClaudeBot/1.0; +claudebot@anthropic.com)" "-"
52.23.112.0 - - [30/Oct/2025:05:03:15 -0400] "GET /assuntos-gerais/pretende-jogar-na-mostbet-com-2/?path=/homepages/4/d860090557/htdocs/clickandbuilds/NotciasWebOnline/wp-includes HTTP/1.1" 200 481292 noticias-web.online "-" "Mozilla/5.0 AppleWebKit/537.36 (KHTML, like Gecko; compatible; Amazonbot/0.1; +https://developer.amazon.com/support/amazonbot) Chrome/119.0.6045.214 Safari/537.36" "-"
2001:ee0:4f00:: - - [30/Oct/2025:05:03:16 -0400] "POST /wp-login.php HTTP/1.1" 200 54554 noticias-web.online "https://noticias-web.online/wp-login.php" "Mozilla/5.0 (Windows NT 10.0; Win64; x64) AppleWebKit/537.36 (KHTML, like Gecko) Chrome/120.0.0.0 Safari/537.36" "-"
216.73.216.0 - - [30/Oct/2025:05:03:17 -0400] "GET /assuntos-gerais/najlepsze-zaklady-sportowe-online-w-polsce/feed?fileloc=%2F%2Fbin%2Flwp-request&path=%2F%2Fbin HTTP/1.1" 200 29527 noticias-web.online "-" "Mozilla/5.0 AppleWebKit/537.36 (KHTML, like Gecko; compatible; ClaudeBot/1.0; +claudebot@anthropic.com)" "-"
216.73.216.0 - - [30/Oct/2025:05:03:20 -0400] "GET /assuntos-gerais/najlepsze-zaklady-sportowe-online-w-polsce/feed?path=%2F%2Fetc%2FX11 HTTP/1.1" 200 13958 noticias-web.online "-" "Mozilla/5.0 AppleWebKit/537.36 (KHTML, like Gecko; compatible; ClaudeBot/1.0; +claudebot@anthropic.com)" "-"
216.73.216.0 - - [30/Oct/2025:05:03:23 -0400] "GET /assuntos-gerais/najlepsze-zaklady-sportowe-online-w-polsce/feed?fileloc=%2F%2Fsbin%2Fadduser&path=%2F%2Fsbin HTTP/1.1" 200 12191 noticias-web.online "-" "Mozilla/5.0 AppleWebKit/537.36 (KHTML, like Gecko; compatible; ClaudeBot/1.0; +claudebot@anthropic.com)" "-"
216.73.216.0 - - [30/Oct/2025:05:03:26 -0400] "GET /assuntos-gerais/najlepsze-zaklady-sportowe-online-w-polsce/feed?fileloc=%2F%2Fbin%2Fparallel&path=%2F%2Fbin HTTP/1.1" 200 12189 noticias-web.online "-" "Mozilla/5.0 AppleWebKit/537.36 (KHTML, like Gecko; compatible; ClaudeBot/1.0; +claudebot@anthropic.com)" "-"
34.233.114.0 - - [30/Oct/2025:05:03:27 -0400] "GET /assuntos-gerais/meet-alex-the-ruskies-casino-hacker-that-makes-millions-targeting-slot-machines/?path=/homepages/4/d860090557 HTTP/1.1" 200 31371 noticias-web.online "-" "Mozilla/5.0 AppleWebKit/537.36 (KHTML, like Gecko; compatible; Amazonbot/0.1; +https://developer.amazon.com/support/amazonbot) Chrome/119.0.6045.214 Safari/537.36" "-"
2001:ee0:4f00:: - - [30/Oct/2025:05:03:28 -0400] "POST /wp-login.php HTTP/1.1" 200 54554 noticias-web.online "https://noticias-web.online/wp-login.php" "Mozilla/5.0 (Windows NT 10.0; Win64; x64) AppleWebKit/537.36 (KHTML, like Gecko) Chrome/120.0.0.0 Safari/537.36" "-"
216.73.216.0 - - [30/Oct/2025:05:03:29 -0400] "GET /assuntos-gerais/najlepsze-zaklady-sportowe-online-w-polsce/feed?fileloc=%2F%2Fsbin%2Fwarnquota&path=%2F%2Fsbin HTTP/1.1" 200 12193 noticias-web.online "-" "Mozilla/5.0 AppleWebKit/537.36 (KHTML, like Gecko; compatible; ClaudeBot/1.0; +claudebot@anthropic.com)" "-"
216.73.216.0 - - [30/Oct/2025:05:03:32 -0400] "GET /assuntos-gerais/najlepsze-zaklady-sportowe-online-w-polsce/feed?fileloc=%2F%2Fbin%2Frletopnm&path=%2F%2Fbin HTTP/1.1" 200 12189 noticias-web.online "-" "Mozilla/5.0 AppleWebKit/537.36 (KHTML, like Gecko; compatible; ClaudeBot/1.0; +claudebot@anthropic.com)" "-"
216.73.216.0 - - [30/Oct/2025:05:03:35 -0400] "GET /assuntos-gerais/najlepsze-zaklady-sportowe-online-w-polsce/feed?fileloc=%2F%2Fbin%2Frview&path=%2F%2Fbin HTTP/1.1" 200 12186 noticias-web.online "-" "Mozilla/5.0 AppleWebKit/537.36 (KHTML, like Gecko; compatible; ClaudeBot/1.0; +claudebot@anthropic.com)" "-"
74.7.227.0 - - [30/Oct/2025:05:03:37 -0400] "GET /goods901194112?kg=0900068419 HTTP/1.1" 200 54554 noticias-web.online "-" "Mozilla/5.0 AppleWebKit/537.36 (KHTML, like Gecko; compatible; GPTBot/1.2; +https://openai.com/gptbot)" "-"
216.73.216.0 - - [30/Oct/2025:05:03:38 -0400] "GET /assuntos-gerais/najlepsze-zaklady-sportowe-online-w-polsce/feed?fileloc=%2F%2Fsbin%2Ftzconfig&path=%2F%2Fsbin HTTP/1.1" 200 12318 noticias-web.online "-" "Mozilla/5.0 AppleWebKit/537.36 (KHTML, like Gecko; compatible; ClaudeBot/1.0; +claudebot@anthropic.com)" "-"
103.127.7.0 - - [30/Oct/2025:05:03:40 -0400] "POST /wp-login.php HTTP/1.1" 200 54554 noticias-web.online "https://noticias-web.online/wp-login.php" "Mozilla/5.0 (Windows NT 10.0; Win64; x64) AppleWebKit/537.36 (KHTML, like Gecko) Chrome/120.0.0.0 Safari/537.36" "-"
169.150.203.0 - - [30/Oct/2025:05:03:41 -0400] "GET / HTTP/1.1" 403 - bestproductssales.com "-" "Mozilla/5.0 (Windows NT 10.0; Win64; x64) AppleWebKit/537.36 (KHTML, like Gecko) Chrome/78.0.3904.108 Safari/537.36" "-"
169.150.203.0 - - [30/Oct/2025:05:03:41 -0400] "GET / HTTP/1.1" 403 - bestproductssales.com "-" "Mozilla/5.0 (Windows NT 10.0; Win64; x64) AppleWebKit/537.36 (KHTML, like Gecko) Chrome/78.0.3904.108 Safari/537.36" "-"
169.150.203.0 - - [30/Oct/2025:05:03:41 -0400] "GET /wp-includes/wlwmanifest.xml HTTP/1.1" 403 - bestproductssales.com "-" "Mozilla/5.0 (Windows NT 10.0; Win64; x64) AppleWebKit/537.36 (KHTML, like Gecko) Chrome/78.0.3904.108 Safari/537.36" "-"
169.150.203.0 - - [30/Oct/2025:05:03:41 -0400] "GET /xmlrpc.php?rsd HTTP/1.1" 403 - bestproductssales.com "-" "Mozilla/5.0 (Windows NT 10.0; Win64; x64) AppleWebKit/537.36 (KHTML, like Gecko) Chrome/78.0.3904.108 Safari/537.36" "-"
216.73.216.0 - - [30/Oct/2025:05:03:41 -0400] "GET /assuntos-gerais/the-ending-of-casino-finally-explained-2/feed?fileloc=%2Fhomepages%2F4%2Fd855366822%2F.created&path=%2Fhomepages%2F4%2Fd855366822 HTTP/1.1" 200 12319 noticias-web.online "-" "Mozilla/5.0 AppleWebKit/537.36 (KHTML, like Gecko; compatible; ClaudeBot/1.0; +claudebot@anthropic.com)" "-"
169.150.203.0 - - [30/Oct/2025:05:03:42 -0400] "GET / HTTP/1.1" 403 - bestproductssales.com "-" "Mozilla/5.0 (Windows NT 10.0; Win64; x64) AppleWebKit/537.36 (KHTML, like Gecko) Chrome/78.0.3904.108 Safari/537.36" "-"
169.150.203.0 - - [30/Oct/2025:05:03:42 -0400] "GET /blog/wp-includes/wlwmanifest.xml HTTP/1.1" 403 - bestproductssales.com "-" "Mozilla/5.0 (Windows NT 10.0; Win64; x64) AppleWebKit/537.36 (KHTML, like Gecko) Chrome/78.0.3904.108 Safari/537.36" "-"
169.150.203.0 - - [30/Oct/2025:05:03:42 -0400] "GET /web/wp-includes/wlwmanifest.xml HTTP/1.1" 403 - bestproductssales.com "-" "Mozilla/5.0 (Windows NT 10.0; Win64; x64) AppleWebKit/537.36 (KHTML, like Gecko) Chrome/78.0.3904.108 Safari/537.36" "-"
169.150.203.0 - - [30/Oct/2025:05:03:42 -0400] "GET /wordpress/wp-includes/wlwmanifest.xml HTTP/1.1" 403 - bestproductssales.com "-" "Mozilla/5.0 (Windows NT 10.0; Win64; x64) AppleWebKit/537.36 (KHTML, like Gecko) Chrome/78.0.3904.108 Safari/537.36" "-"
169.150.203.0 - - [30/Oct/2025:05:03:42 -0400] "GET /website/wp-includes/wlwmanifest.xml HTTP/1.1" 403 - bestproductssales.com "-" "Mozilla/5.0 (Windows NT 10.0; Win64; x64) AppleWebKit/537.36 (KHTML, like Gecko) Chrome/78.0.3904.108 Safari/537.36" "-"
169.150.203.0 - - [30/Oct/2025:05:03:42 -0400] "GET /wp/wp-includes/wlwmanifest.xml HTTP/1.1" 403 - bestproductssales.com "-" "Mozilla/5.0 (Windows NT 10.0; Win64; x64) AppleWebKit/537.36 (KHTML, like Gecko) Chrome/78.0.3904.108 Safari/537.36" "-"
169.150.203.0 - - [30/Oct/2025:05:03:42 -0400] "GET /news/wp-includes/wlwmanifest.xml HTTP/1.1" 403 - bestproductssales.com "-" "Mozilla/5.0 (Windows NT 10.0; Win64; x64) AppleWebKit/537.36 (KHTML, like Gecko) Chrome/78.0.3904.108 Safari/537.36" "-"
169.150.203.0 - - [30/Oct/2025:05:03:42 -0400] "GET /2018/wp-includes/wlwmanifest.xml HTTP/1.1" 403 - bestproductssales.com "-" "Mozilla/5.0 (Windows NT 10.0; Win64; x64) AppleWebKit/537.36 (KHTML, like Gecko) Chrome/78.0.3904.108 Safari/537.36" "-"
169.150.203.0 - - [30/Oct/2025:05:03:42 -0400] "GET /2019/wp-includes/wlwmanifest.xml HTTP/1.1" 403 - bestproductssales.com "-" "Mozilla/5.0 (Windows NT 10.0; Win64; x64) AppleWebKit/537.36 (KHTML, like Gecko) Chrome/78.0.3904.108 Safari/537.36" "-"
169.150.203.0 - - [30/Oct/2025:05:03:43 -0400] "GET /shop/wp-includes/wlwmanifest.xml HTTP/1.1" 403 - bestproductssales.com "-" "Mozilla/5.0 (Windows NT 10.0; Win64; x64) AppleWebKit/537.36 (KHTML, like Gecko) Chrome/78.0.3904.108 Safari/537.36" "-"
169.150.203.0 - - [30/Oct/2025:05:03:43 -0400] "GET /wp1/wp-includes/wlwmanifest.xml HTTP/1.1" 403 - bestproductssales.com "-" "Mozilla/5.0 (Windows NT 10.0; Win64; x64) AppleWebKit/537.36 (KHTML, like Gecko) Chrome/78.0.3904.108 Safari/537.36" "-"
169.150.203.0 - - [30/Oct/2025:05:03:43 -0400] "GET /test/wp-includes/wlwmanifest.xml HTTP/1.1" 403 - bestproductssales.com "-" "Mozilla/5.0 (Windows NT 10.0; Win64; x64) AppleWebKit/537.36 (KHTML, like Gecko) Chrome/78.0.3904.108 Safari/537.36" "-"
169.150.203.0 - - [30/Oct/2025:05:03:43 -0400] "GET /media/wp-includes/wlwmanifest.xml HTTP/1.1" 403 - bestproductssales.com "-" "Mozilla/5.0 (Windows NT 10.0; Win64; x64) AppleWebKit/537.36 (KHTML, like Gecko) Chrome/78.0.3904.108 Safari/537.36" "-"
169.150.203.0 - - [30/Oct/2025:05:03:43 -0400] "GET /wp2/wp-includes/wlwmanifest.xml HTTP/1.1" 403 - bestproductssales.com "-" "Mozilla/5.0 (Windows NT 10.0; Win64; x64) AppleWebKit/537.36 (KHTML, like Gecko) Chrome/78.0.3904.108 Safari/537.36" "-"
169.150.203.0 - - [30/Oct/2025:05:03:43 -0400] "GET /site/wp-includes/wlwmanifest.xml HTTP/1.1" 403 - bestproductssales.com "-" "Mozilla/5.0 (Windows NT 10.0; Win64; x64) AppleWebKit/537.36 (KHTML, like Gecko) Chrome/78.0.3904.108 Safari/537.36" "-"
169.150.203.0 - - [30/Oct/2025:05:03:44 -0400] "GET /cms/wp-includes/wlwmanifest.xml HTTP/1.1" 403 - bestproductssales.com "-" "Mozilla/5.0 (Windows NT 10.0; Win64; x64) AppleWebKit/537.36 (KHTML, like Gecko) Chrome/78.0.3904.108 Safari/537.36" "-"
169.150.203.0 - - [30/Oct/2025:05:03:44 -0400] "GET /sito/wp-includes/wlwmanifest.xml HTTP/1.1" 403 - bestproductssales.com "-" "Mozilla/5.0 (Windows NT 10.0; Win64; x64) AppleWebKit/537.36 (KHTML, like Gecko) Chrome/78.0.3904.108 Safari/537.36" "-"
216.73.216.0 - - [30/Oct/2025:05:03:44 -0400] "GET /assuntos-gerais/the-ending-of-casino-finally-explained-2/feed?fileloc=%2Fhomepages%2F4%2Fd857510492%2F.created&path=%2Fhomepages%2F4%2Fd857510492 HTTP/1.1" 200 12319 noticias-web.online "-" "Mozilla/5.0 AppleWebKit/537.36 (KHTML, like Gecko; compatible; ClaudeBot/1.0; +claudebot@anthropic.com)" "-"
216.73.216.0 - - [30/Oct/2025:05:03:47 -0400] "GET /assuntos-gerais/the-ending-of-casino-finally-explained-2/feed?path=%2Fhomepages%2F4%2Fd855366822%2F.config HTTP/1.1" 200 12765 noticias-web.online "-" "Mozilla/5.0 AppleWebKit/537.36 (KHTML, like Gecko; compatible; ClaudeBot/1.0; +claudebot@anthropic.com)" "-"
216.73.216.0 - - [30/Oct/2025:05:03:50 -0400] "GET /assuntos-gerais/winning-roulette-tips-from-a-specialist-player-professional-different-roulette-games-systems-strategies?fileloc=%2Fhomepages%2F4%2Fd860090557%2Fhtdocs%2Fclickandbuilds%2FNotciasWebOnline%2Fwp-includes%2Fclass-simplepie.php&path=%2Fhomepages%2F4%2Fd860090557%2Fhtdocs%2Fclickandbuilds%2FNotciasWebOnline%2Fwp-includes HTTP/1.1" 200 13172 noticias-web.online "-" "Mozilla/5.0 AppleWebKit/537.36 (KHTML, like Gecko; compatible; ClaudeBot/1.0; +claudebot@anthropic.com)" "-"
103.127.7.0 - - [30/Oct/2025:05:03:52 -0400] "POST /wp-login.php HTTP/1.1" 200 54554 noticias-web.online "https://noticias-web.online/wp-login.php" "Mozilla/5.0 (Windows NT 10.0; Win64; x64) AppleWebKit/537.36 (KHTML, like Gecko) Chrome/120.0.0.0 Safari/537.36" "-"
216.73.216.0 - - [30/Oct/2025:05:03:53 -0400] "GET /assuntos-gerais/winning-roulette-tips-from-a-specialist-player-professional-different-roulette-games-systems-strategies?fileloc=%2Fhomepages%2F4%2Fd860090557%2Fhtdocs%2Fclickandbuilds%2FNotciasWebOnline%2Fwp-includes%2Fclass-wp-locale.php&path=%2Fhomepages%2F4%2Fd860090557%2Fhtdocs%2Fclickandbuilds%2FNotciasWebOnline%2Fwp-includes HTTP/1.1" 200 29953 noticias-web.online "-" "Mozilla/5.0 AppleWebKit/537.36 (KHTML, like Gecko; compatible; ClaudeBot/1.0; +claudebot@anthropic.com)" "-"
146.158.104.0 - - [30/Oct/2025:05:03:55 -0400] "POST /wp-login.php HTTP/1.1" 200 54554 noticias-web.online "https://noticias-web.online/wp-login.php" "Mozilla/5.0 (Windows NT 10.0; Win64; x64) AppleWebKit/537.36 (KHTML, like Gecko) Chrome/120.0.0.0 Safari/537.36" "-"
216.73.216.0 - - [30/Oct/2025:05:03:56 -0400] "GET /assuntos-gerais/winning-roulette-tips-from-a-specialist-player-professional-different-roulette-games-systems-strategies?fileloc=%2Fhomepages%2F4%2Fd860090557%2Fhtdocs%2Fclickandbuilds%2FNotciasWebOnline%2Fwp-includes%2Fpluggable-deprecated.php&path=%2Fhomepages%2F4%2Fd860090557%2Fhtdocs%2Fclickandbuilds%2FNotciasWebOnline%2Fwp-includes HTTP/1.1" 200 19074 noticias-web.online "-" "Mozilla/5.0 AppleWebKit/537.36 (KHTML, like Gecko; compatible; ClaudeBot/1.0; +claudebot@anthropic.com)" "-"
216.73.216.0 - - [30/Oct/2025:05:03:59 -0400] "GET /assuntos-gerais/winning-roulette-tips-from-a-specialist-player-professional-different-roulette-games-systems-strategies?fileloc=%2Fhomepages%2F4%2Fd860090557%2Fhtdocs%2Fclickandbuilds%2FNotciasWebOnline%2Fwp-includes%2Fpost-formats.php&path=%2Fhomepages%2F4%2Fd860090557%2Fhtdocs%2Fclickandbuilds%2FNotciasWebOnline%2Fwp-includes HTTP/1.1" 200 19951 noticias-web.online "-" "Mozilla/5.0 AppleWebKit/537.36 (KHTML, like Gecko; compatible; ClaudeBot/1.0; +claudebot@anthropic.com)" "-"
112.207.214.0 - - [30/Oct/2025:05:03:59 -0400] "GET /wp-login.php HTTP/1.1" 200 54554 noticias-web.online "-" "Mozilla/5.0 (Windows NT 10.0; Win64; x64) AppleWebKit/537.36 (KHTML, like Gecko) Chrome/120.0.0.0 Safari/537.36" "-"
216.73.216.0 - - [30/Oct/2025:05:04:02 -0400] "GET /assuntos-gerais/the-ending-of-casino-finally-explained-2/feed?path=%2Fhomepages%2F4%2Fd860090557%2Fhtdocs%2Fclickandbuilds%2FSLCCommercial%2F.wp-cli HTTP/1.1" 200 14516 noticias-web.online "-" "Mozilla/5.0 AppleWebKit/537.36 (KHTML, like Gecko; compatible; ClaudeBot/1.0; +claudebot@anthropic.com)" "-"
216.73.216.0 - - [30/Oct/2025:05:04:05 -0400] "GET /assuntos-gerais/winning-roulette-tips-from-a-specialist-player-professional-different-roulette-games-systems-strategies?fileloc=%2Fhomepages%2F4%2Fd860090557%2Fhtdocs%2Fclickandbuilds%2FNotciasWebOnline%2Fwp-includes%2Ftemplate-canvas.php&path=%2Fhomepages%2F4%2Fd860090557%2Fhtdocs%2Fclickandbuilds%2FNotciasWebOnline%2Fwp-includes HTTP/1.1" 200 13372 noticias-web.online "-" "Mozilla/5.0 AppleWebKit/537.36 (KHTML, like Gecko; compatible; ClaudeBot/1.0; +claudebot@anthropic.com)" "-"
216.73.216.0 - - [30/Oct/2025:05:04:08 -0400] "GET /assuntos-gerais/winning-roulette-tips-from-a-specialist-player-professional-different-roulette-games-systems-strategies?fileloc=%2Fhomepages%2F4%2Fd860090557%2Fhtdocs%2Fclickandbuilds%2FNotciasWebOnline%2Fwp-includes%2Fclass-wp-rewrite.php&path=%2Fhomepages%2F4%2Fd860090557%2Fhtdocs%2Fclickandbuilds%2FNotciasWebOnline%2Fwp-includes HTTP/1.1" 200 77999 noticias-web.online "-" "Mozilla/5.0 AppleWebKit/537.36 (KHTML, like Gecko; compatible; ClaudeBot/1.0; +claudebot@anthropic.com)" "-"
