216.73.216.0 - - [01/Nov/2025:02:29:50 -0400] "GET /assuntos-gerais/nouvelles-machines-a-sous-gratuites-sans-telechargement-2-five-hundred-jeux/?path=%2Fhomepages%2F4%2Fd860090557%2Fhtdocs%2Fclickandbuilds%2FPureSkill%2Fwp-content%2Fmu-plugins HTTP/1.1" 200 16597 noticias-web.online "-" "Mozilla/5.0 AppleWebKit/537.36 (KHTML, like Gecko; compatible; ClaudeBot/1.0; +claudebot@anthropic.com)" "-"
185.209.56.0 - - [01/Nov/2025:02:29:52 -0400] "GET /?fileloc=/homepages/4/d860090557/htdocs/clickandbuilds/NotciasWebOnline/wp-includes/revision.php&path=/homepages/4/d860090557/htdocs/clickandbuilds/NotciasWebOnline/wp-includes HTTP/1.1" 200 43889 noticias-web.online "-" "Mozilla/5.0 (compatible; MJ12bot/v1.4.8; http://mj12bot.com/)" "-"
216.73.216.0 - - [01/Nov/2025:02:29:53 -0400] "GET /assuntos-gerais/mostbet-casino-portugal-bonus-300-30-giros-gratis/feed?fileloc=%2Fhomepages%2F4%2Fd860090557%2Fhtdocs%2Fclickandbuilds%2FPureSkill%2Fsp-push-worker-fb.js&path=%2Fhomepages%2F4%2Fd860090557%2Fhtdocs%2Fclickandbuilds%2FPureSkill HTTP/1.1" 200 12642 noticias-web.online "-" "Mozilla/5.0 AppleWebKit/537.36 (KHTML, like Gecko; compatible; ClaudeBot/1.0; +claudebot@anthropic.com)" "-"
3.224.104.0 - - [01/Nov/2025:02:29:54 -0400] "GET /assuntos-gerais/takie-onlain-kazino-top-reiting-saitov-v-dengi-s-vyvodom/?fileloc=//bin/vimtutor&path=//bin HTTP/1.1" 200 14483 noticias-web.online "-" "Mozilla/5.0 AppleWebKit/537.36 (KHTML, like Gecko; compatible; Amazonbot/0.1; +https://developer.amazon.com/support/amazonbot) Chrome/119.0.6045.214 Safari/537.36" "-"
185.209.56.0 - - [01/Nov/2025:02:29:56 -0400] "GET /?fileloc=/homepages/4/d860090557/htdocs/clickandbuilds/NotciasWebOnline/wp-includes/rewrite.php&path=/homepages/4/d860090557/htdocs/clickandbuilds/NotciasWebOnline/wp-includes HTTP/1.1" 200 32646 noticias-web.online "-" "Mozilla/5.0 (compatible; MJ12bot/v1.4.8; http://mj12bot.com/)" "-"
216.73.216.0 - - [01/Nov/2025:02:29:56 -0400] "GET /?fileloc=%2Fhomepages%2F15%2Fd851508180%2F.created&path=%2Fhomepages%2F15%2Fd851508180 HTTP/1.1" 200 12323 noticias-web.online "-" "Mozilla/5.0 AppleWebKit/537.36 (KHTML, like Gecko; compatible; ClaudeBot/1.0; +claudebot@anthropic.com)" "-"
54.152.163.0 - - [01/Nov/2025:02:29:58 -0400] "GET /assuntos-gerais/10-largest-casinos-in-the-us/?fileloc=//bin/bunzip2&path=//bin HTTP/1.1" 200 12188 noticias-web.online "-" "Mozilla/5.0 AppleWebKit/537.36 (KHTML, like Gecko; compatible; Amazonbot/0.1; +https://developer.amazon.com/support/amazonbot) Chrome/119.0.6045.214 Safari/537.36" "-"
216.73.216.0 - - [01/Nov/2025:02:29:59 -0400] "GET /assuntos-gerais/ultimate-bets-casino-experience?fileloc=%2F%2Fhomepages%2F10%2Fd858775832%2Flast_traffic&path=%2F%2Fhomepages%2F10%2Fd858775832 HTTP/1.1" 200 12320 noticias-web.online "-" "Mozilla/5.0 AppleWebKit/537.36 (KHTML, like Gecko; compatible; ClaudeBot/1.0; +claudebot@anthropic.com)" "-"
185.209.56.0 - - [01/Nov/2025:02:30:00 -0400] "GET /?fileloc=/homepages/4/d860090557/htdocs/clickandbuilds/NotciasWebOnline/wp-includes/robots-template.php&path=/homepages/4/d860090557/htdocs/clickandbuilds/NotciasWebOnline/wp-includes HTTP/1.1" 200 17943 noticias-web.online "-" "Mozilla/5.0 (compatible; MJ12bot/v1.4.8; http://mj12bot.com/)" "-"
216.73.216.0 - - [01/Nov/2025:02:30:02 -0400] "GET /assuntos-gerais/ultimate-bets-casino-experience?fileloc=%2F%2Flib%2Flocale%2Far_BH.utf8%2FLC_NUMERIC&path=%2F%2Flib%2Flocale%2Far_BH.utf8 HTTP/1.1" 200 12363 noticias-web.online "-" "Mozilla/5.0 AppleWebKit/537.36 (KHTML, like Gecko; compatible; ClaudeBot/1.0; +claudebot@anthropic.com)" "-"
34.225.87.0 - - [01/Nov/2025:02:30:02 -0400] "GET /assuntos-gerais/mostbet-login-facil-e-rapido-mostbet-registration-hoje-em-dia-2/?path=//homepages/oneclick HTTP/1.1" 200 44922 noticias-web.online "-" "Mozilla/5.0 AppleWebKit/537.36 (KHTML, like Gecko; compatible; Amazonbot/0.1; +https://developer.amazon.com/support/amazonbot) Chrome/119.0.6045.214 Safari/537.36" "-"
185.209.56.0 - - [01/Nov/2025:02:30:04 -0400] "GET /?fileloc=/homepages/4/d860090557/htdocs/clickandbuilds/NotciasWebOnline/wp-includes/rss-functions.php&path=/homepages/4/d860090557/htdocs/clickandbuilds/NotciasWebOnline/wp-includes HTTP/1.1" 200 12972 noticias-web.online "-" "Mozilla/5.0 (compatible; MJ12bot/v1.4.8; http://mj12bot.com/)" "-"
216.73.216.0 - - [01/Nov/2025:02:30:05 -0400] "GET /assuntos-gerais/por-que-los-egipcios-valoraban-el-corazon-y-el-juego-de-senet/?fileloc=%2Fhomepages%2F33%2Fd854341499%2FDASTOOLSTART&path=%2Fhomepages%2F33%2Fd854341499 HTTP/1.1" 200 12316 noticias-web.online "-" "Mozilla/5.0 AppleWebKit/537.36 (KHTML, like Gecko; compatible; ClaudeBot/1.0; +claudebot@anthropic.com)" "-"
3.216.13.0 - - [01/Nov/2025:02:30:06 -0400] "GET /assuntos-gerais/mostbet-login-facil-e-rapido-mostbet-registration-hoje-em-dia-2/?fileloc=//sbin/groupadd&path=//sbin HTTP/1.1" 200 12192 noticias-web.online "-" "Mozilla/5.0 AppleWebKit/537.36 (KHTML, like Gecko; compatible; Amazonbot/0.1; +https://developer.amazon.com/support/amazonbot) Chrome/119.0.6045.214 Safari/537.36" "-"
185.209.56.0 - - [01/Nov/2025:02:30:08 -0400] "GET /?fileloc=/homepages/4/d860090557/htdocs/clickandbuilds/NotciasWebOnline/wp-includes/rss.php&path=/homepages/4/d860090557/htdocs/clickandbuilds/NotciasWebOnline/wp-includes HTTP/1.1" 200 36986 noticias-web.online "-" "Mozilla/5.0 (compatible; MJ12bot/v1.4.8; http://mj12bot.com/)" "-"
216.73.216.0 - - [01/Nov/2025:02:30:08 -0400] "GET /goods1170831200?fileloc=%2Fhomepages%2F4%2Fd860090557%2Fhtdocs%2Fclickandbuilds%2FNotciasWebOnline%2Flicense.txt&path=%2Fhomepages%2F4%2Fd860090557%2Fhtdocs%2Fclickandbuilds%2FNotciasWebOnline HTTP/1.1" 200 32596 noticias-web.online "-" "Mozilla/5.0 AppleWebKit/537.36 (KHTML, like Gecko; compatible; ClaudeBot/1.0; +claudebot@anthropic.com)" "-"
52.203.152.0 - - [01/Nov/2025:02:30:10 -0400] "GET /assuntos-gerais/pretende-jogar-na-mostbet-com-2/?fileloc=//bin/gcc-ar-10&path=//bin HTTP/1.1" 200 12190 noticias-web.online "-" "Mozilla/5.0 AppleWebKit/537.36 (KHTML, like Gecko; compatible; Amazonbot/0.1; +https://developer.amazon.com/support/amazonbot) Chrome/119.0.6045.214 Safari/537.36" "-"
74.7.227.0 - - [01/Nov/2025:02:30:10 -0400] "GET /goods576047264?kg=0575328004 HTTP/1.1" 200 54554 noticias-web.online "-" "Mozilla/5.0 AppleWebKit/537.36 (KHTML, like Gecko; compatible; GPTBot/1.2; +https://openai.com/gptbot)" "-"
216.73.216.0 - - [01/Nov/2025:02:30:11 -0400] "GET /goods2282804000?path=%2Fhomepages%2F4 HTTP/1.1" 200 84416 noticias-web.online "-" "Mozilla/5.0 AppleWebKit/537.36 (KHTML, like Gecko; compatible; ClaudeBot/1.0; +claudebot@anthropic.com)" "-"
185.209.56.0 - - [01/Nov/2025:02:30:12 -0400] "GET /?fileloc=/homepages/4/d860090557/htdocs/clickandbuilds/NotciasWebOnline/wp-includes/script-loader.php&path=/homepages/4/d860090557/htdocs/clickandbuilds/NotciasWebOnline/wp-includes HTTP/1.1" 200 152245 noticias-web.online "-" "Mozilla/5.0 (compatible; MJ12bot/v1.4.8; http://mj12bot.com/)" "-"
216.73.216.0 - - [01/Nov/2025:02:30:14 -0400] "GET /?path=%2F%2Fetc%2Fupdate-motd.d HTTP/1.1" 200 14096 noticias-web.online "-" "Mozilla/5.0 AppleWebKit/537.36 (KHTML, like Gecko; compatible; ClaudeBot/1.0; +claudebot@anthropic.com)" "-"
100.29.34.0 - - [01/Nov/2025:02:30:15 -0400] "GET /assuntos-gerais/how-to-try-out-slot-equipment-a-detailed-newcomers-guide-2/?fileloc=//sbin/useradd&path=//sbin HTTP/1.1" 200 12191 noticias-web.online "-" "Mozilla/5.0 AppleWebKit/537.36 (KHTML, like Gecko; compatible; Amazonbot/0.1; +https://developer.amazon.com/support/amazonbot) Chrome/119.0.6045.214 Safari/537.36" "-"
185.209.56.0 - - [01/Nov/2025:02:30:17 -0400] "GET /?fileloc=/homepages/4/d860090557/htdocs/clickandbuilds/NotciasWebOnline/wp-includes/script-modules.php&path=/homepages/4/d860090557/htdocs/clickandbuilds/NotciasWebOnline/wp-includes HTTP/1.1" 200 20535 noticias-web.online "-" "Mozilla/5.0 (compatible; MJ12bot/v1.4.8; http://mj12bot.com/)" "-"
216.73.216.0 - - [01/Nov/2025:02:30:17 -0400] "GET /assuntos-gerais/l-importance-des-certificats-ssl-dans-les-jeux-en-ligne-modernes/?fileloc=%2Fhomepages%2F4%2Fd332926807%2Fhtpasswd&path=%2Fhomepages%2F4%2Fd332926807 HTTP/1.1" 200 12308 noticias-web.online "-" "Mozilla/5.0 AppleWebKit/537.36 (KHTML, like Gecko; compatible; ClaudeBot/1.0; +claudebot@anthropic.com)" "-"
18.232.36.0 - - [01/Nov/2025:02:30:18 -0400] "GET /assuntos-gerais/pretende-jogar-na-mostbet-com-2/?path=//homepages/10 HTTP/1.1" 200 75399 noticias-web.online "-" "Mozilla/5.0 AppleWebKit/537.36 (KHTML, like Gecko; compatible; Amazonbot/0.1; +https://developer.amazon.com/support/amazonbot) Chrome/119.0.6045.214 Safari/537.36" "-"
216.73.216.0 - - [01/Nov/2025:02:30:20 -0400] "GET /?path=%2Fhomepages%2F36%2Fd853063572%2F.config HTTP/1.1" 200 12769 noticias-web.online "-" "Mozilla/5.0 AppleWebKit/537.36 (KHTML, like Gecko; compatible; ClaudeBot/1.0; +claudebot@anthropic.com)" "-"
185.209.56.0 - - [01/Nov/2025:02:30:21 -0400] "GET /?fileloc=/homepages/4/d860090557/htdocs/clickandbuilds/NotciasWebOnline/wp-includes/session.php&path=/homepages/4/d860090557/htdocs/clickandbuilds/NotciasWebOnline/wp-includes HTTP/1.1" 200 12969 noticias-web.online "-" "Mozilla/5.0 (compatible; MJ12bot/v1.4.8; http://mj12bot.com/)" "-"
3.232.39.0 - - [01/Nov/2025:02:30:22 -0400] "GET /assuntos-gerais/how-to-try-out-slot-equipment-a-detailed-newcomers-guide-2/?path=//homepages/22 HTTP/1.1" 200 56709 noticias-web.online "-" "Mozilla/5.0 AppleWebKit/537.36 (KHTML, like Gecko; compatible; Amazonbot/0.1; +https://developer.amazon.com/support/amazonbot) Chrome/119.0.6045.214 Safari/537.36" "-"
216.73.216.0 - - [01/Nov/2025:02:30:23 -0400] "GET /2025/07/20?fileloc=%2F%2Fkunden%2Fsbin%2Fnewusers&path=%2F%2Fkunden%2Fsbin HTTP/1.1" 200 12242 noticias-web.online "-" "Mozilla/5.0 AppleWebKit/537.36 (KHTML, like Gecko; compatible; ClaudeBot/1.0; +claudebot@anthropic.com)" "-"
185.209.56.0 - - [01/Nov/2025:02:30:25 -0400] "GET /?fileloc=/homepages/4/d860090557/htdocs/clickandbuilds/NotciasWebOnline/wp-includes/shortcodes.php&path=/homepages/4/d860090557/htdocs/clickandbuilds/NotciasWebOnline/wp-includes HTTP/1.1" 200 37185 noticias-web.online "-" "Mozilla/5.0 (compatible; MJ12bot/v1.4.8; http://mj12bot.com/)" "-"
216.73.216.0 - - [01/Nov/2025:02:30:26 -0400] "GET /?path=%2Fhomepages%2F13%2Fd330873903 HTTP/1.1" 200 26984 noticias-web.online "-" "Mozilla/5.0 AppleWebKit/537.36 (KHTML, like Gecko; compatible; ClaudeBot/1.0; +claudebot@anthropic.com)" "-"
52.71.216.0 - - [01/Nov/2025:02:30:26 -0400] "GET /assuntos-gerais/official-internet-site-3/?fileloc=//bin/st4topgm&path=//bin HTTP/1.1" 200 12189 noticias-web.online "-" "Mozilla/5.0 AppleWebKit/537.36 (KHTML, like Gecko; compatible; Amazonbot/0.1; +https://developer.amazon.com/support/amazonbot) Chrome/119.0.6045.214 Safari/537.36" "-"
185.209.56.0 - - [01/Nov/2025:02:30:29 -0400] "GET /?fileloc=/homepages/4/d860090557/htdocs/clickandbuilds/NotciasWebOnline/wp-includes/sitemaps.php&path=/homepages/4/d860090557/htdocs/clickandbuilds/NotciasWebOnline/wp-includes HTTP/1.1" 200 15994 noticias-web.online "-" "Mozilla/5.0 (compatible; MJ12bot/v1.4.8; http://mj12bot.com/)" "-"
216.73.216.0 - - [01/Nov/2025:02:30:29 -0400] "GET /assuntos-gerais/por-que-los-egipcios-valoraban-el-corazon-y-el-juego-de-senet/?fileloc=%2F%2Fhomepages%2F10%2Fd859320797%2FDASTOOLSTART&path=%2F%2Fhomepages%2F10%2Fd859320797 HTTP/1.1" 200 12320 noticias-web.online "-" "Mozilla/5.0 AppleWebKit/537.36 (KHTML, like Gecko; compatible; ClaudeBot/1.0; +claudebot@anthropic.com)" "-"
74.7.227.0 - - [01/Nov/2025:02:30:30 -0400] "GET /goods575706624?kg=0574987791 HTTP/1.1" 200 54554 noticias-web.online "-" "Mozilla/5.0 AppleWebKit/537.36 (KHTML, like Gecko; compatible; GPTBot/1.2; +https://openai.com/gptbot)" "-"
23.22.105.0 - - [01/Nov/2025:02:30:30 -0400] "GET /assuntos-gerais/takie-onlain-kazino-top-reiting-saitov-v-dengi-s-vyvodom/?fileloc=//bin/streamzip&path=//bin HTTP/1.1" 200 17945 noticias-web.online "-" "Mozilla/5.0 AppleWebKit/537.36 (KHTML, like Gecko; compatible; Amazonbot/0.1; +https://developer.amazon.com/support/amazonbot) Chrome/119.0.6045.214 Safari/537.36" "-"
216.73.216.0 - - [01/Nov/2025:02:30:32 -0400] "GET /?fileloc=%2Fhomepages%2F15%2Fd330542508%2F.created&path=%2Fhomepages%2F15%2Fd330542508 HTTP/1.1" 200 12323 noticias-web.online "-" "Mozilla/5.0 AppleWebKit/537.36 (KHTML, like Gecko; compatible; ClaudeBot/1.0; +claudebot@anthropic.com)" "-"
185.209.56.0 - - [01/Nov/2025:02:30:33 -0400] "GET /?fileloc=/homepages/4/d860090557/htdocs/clickandbuilds/NotciasWebOnline/wp-includes/speculative-loading.php&path=/homepages/4/d860090557/htdocs/clickandbuilds/NotciasWebOnline/wp-includes HTTP/1.1" 200 21511 noticias-web.online "-" "Mozilla/5.0 (compatible; MJ12bot/v1.4.8; http://mj12bot.com/)" "-"
44.223.116.0 - - [01/Nov/2025:02:30:34 -0400] "GET /assuntos-gerais/10-largest-casinos-in-the-us/?fileloc=//bin/leaftoppm&path=//bin HTTP/1.1" 200 12190 noticias-web.online "-" "Mozilla/5.0 AppleWebKit/537.36 (KHTML, like Gecko; compatible; Amazonbot/0.1; +https://developer.amazon.com/support/amazonbot) Chrome/119.0.6045.214 Safari/537.36" "-"
216.73.216.0 - - [01/Nov/2025:02:30:35 -0400] "GET /assuntos-gerais/what-is-the-better-time-of-30-days-to-learn-slot-equipment-2/?fileloc=%2F%2Fkunden%2Fsbin%2Fdumpe2fs&path=%2F%2Fkunden%2Fsbin HTTP/1.1" 200 12242 noticias-web.online "-" "Mozilla/5.0 AppleWebKit/537.36 (KHTML, like Gecko; compatible; ClaudeBot/1.0; +claudebot@anthropic.com)" "-"
185.209.56.0 - - [01/Nov/2025:02:30:37 -0400] "GET /?fileloc=/homepages/4/d860090557/htdocs/clickandbuilds/NotciasWebOnline/wp-includes/spl-autoload-compat.php&path=/homepages/4/d860090557/htdocs/clickandbuilds/NotciasWebOnline/wp-includes HTTP/1.1" 200 13164 noticias-web.online "-" "Mozilla/5.0 (compatible; MJ12bot/v1.4.8; http://mj12bot.com/)" "-"
216.73.216.0 - - [01/Nov/2025:02:30:38 -0400] "GET /assuntos-gerais/l-importance-des-certificats-ssl-dans-les-jeux-en-ligne-modernes/?path=%2F%2Fkunden%2Flib64 HTTP/1.1" 200 14119 noticias-web.online "-" "Mozilla/5.0 AppleWebKit/537.36 (KHTML, like Gecko; compatible; ClaudeBot/1.0; +claudebot@anthropic.com)" "-"
34.224.9.0 - - [01/Nov/2025:02:30:39 -0400] "GET /assuntos-gerais/official-internet-site-3/?fileloc=//bin/mountpoint&path=//bin HTTP/1.1" 200 12191 noticias-web.online "-" "Mozilla/5.0 AppleWebKit/537.36 (KHTML, like Gecko; compatible; Amazonbot/0.1; +https://developer.amazon.com/support/amazonbot) Chrome/119.0.6045.214 Safari/537.36" "-"
216.73.216.0 - - [01/Nov/2025:02:30:41 -0400] "GET /assuntos-gerais/l-importance-des-certificats-ssl-dans-les-jeux-en-ligne-modernes/?fileloc=%2Fhomepages%2F4%2Fd330177542%2Fdistributor.lock&path=%2Fhomepages%2F4%2Fd330177542 HTTP/1.1" 200 12316 noticias-web.online "-" "Mozilla/5.0 AppleWebKit/537.36 (KHTML, like Gecko; compatible; ClaudeBot/1.0; +claudebot@anthropic.com)" "-"
185.209.56.0 - - [01/Nov/2025:02:30:42 -0400] "GET /?fileloc=/homepages/4/d860090557/htdocs/clickandbuilds/NotciasWebOnline/wp-includes/style-engine.php&path=/homepages/4/d860090557/htdocs/clickandbuilds/NotciasWebOnline/wp-includes HTTP/1.1" 200 20428 noticias-web.online "-" "Mozilla/5.0 (compatible; MJ12bot/v1.4.8; http://mj12bot.com/)" "-"
23.22.59.0 - - [01/Nov/2025:02:30:42 -0400] "GET /assuntos-gerais/mostbet-bangladesh-official-site-athletics-betting-and-gambling-establishment-freebets-and-freespins/?fileloc=//bin/funzip&path=//bin HTTP/1.1" 200 12187 noticias-web.online "-" "Mozilla/5.0 AppleWebKit/537.36 (KHTML, like Gecko; compatible; Amazonbot/0.1; +https://developer.amazon.com/support/amazonbot) Chrome/119.0.6045.214 Safari/537.36" "-"
216.73.216.0 - - [01/Nov/2025:02:30:44 -0400] "GET /assuntos-gerais/ultimate-bets-casino-experience?fileloc=%2F%2Flib%2Flocale%2Fpt_BR%2FLC_NAME&path=%2F%2Flib%2Flocale%2Fpt_BR HTTP/1.1" 200 12353 noticias-web.online "-" "Mozilla/5.0 AppleWebKit/537.36 (KHTML, like Gecko; compatible; ClaudeBot/1.0; +claudebot@anthropic.com)" "-"
185.209.56.0 - - [01/Nov/2025:02:30:46 -0400] "GET /?fileloc=/homepages/4/d860090557/htdocs/clickandbuilds/NotciasWebOnline/wp-includes/taxonomy.php&path=/homepages/4/d860090557/htdocs/clickandbuilds/NotciasWebOnline/wp-includes HTTP/1.1" 200 192157 noticias-web.online "-" "Mozilla/5.0 (compatible; MJ12bot/v1.4.8; http://mj12bot.com/)" "-"
3.93.211.0 - - [01/Nov/2025:02:30:46 -0400] "GET /assuntos-gerais/1xbet-apk-versus-web-platform-pros-and-cons/?fileloc=//bin/POST&path=//bin HTTP/1.1" 200 29520 noticias-web.online "-" "Mozilla/5.0 AppleWebKit/537.36 (KHTML, like Gecko; compatible; Amazonbot/0.1; +https://developer.amazon.com/support/amazonbot) Chrome/119.0.6045.214 Safari/537.36" "-"
216.73.216.0 - - [01/Nov/2025:02:30:47 -0400] "GET /2025/07/20?fileloc=%2Fhomepages%2F23%2Fd853191070%2F.created&path=%2Fhomepages%2F23%2Fd853191070 HTTP/1.1" 200 12323 noticias-web.online "-" "Mozilla/5.0 AppleWebKit/537.36 (KHTML, like Gecko; compatible; ClaudeBot/1.0; +claudebot@anthropic.com)" "-"
74.7.227.0 - - [01/Nov/2025:02:30:50 -0400] "GET /goods575476800?kg=0574758253 HTTP/1.1" 200 54554 noticias-web.online "-" "Mozilla/5.0 AppleWebKit/537.36 (KHTML, like Gecko; compatible; GPTBot/1.2; +https://openai.com/gptbot)" "-"
185.209.56.0 - - [01/Nov/2025:02:30:50 -0400] "GET /?fileloc=/homepages/4/d860090557/htdocs/clickandbuilds/NotciasWebOnline/wp-includes/template-canvas.php&path=/homepages/4/d860090557/htdocs/clickandbuilds/NotciasWebOnline/wp-includes HTTP/1.1" 200 13372 noticias-web.online "-" "Mozilla/5.0 (compatible; MJ12bot/v1.4.8; http://mj12bot.com/)" "-"
3.220.70.0 - - [01/Nov/2025:02:30:50 -0400] "GET /assuntos-gerais/takie-onlain-kazino-top-reiting-saitov-v-dengi-s-vyvodom/?fileloc=//bin/mandb&path=//bin HTTP/1.1" 200 12186 noticias-web.online "-" "Mozilla/5.0 AppleWebKit/537.36 (KHTML, like Gecko; compatible; Amazonbot/0.1; +https://developer.amazon.com/support/amazonbot) Chrome/119.0.6045.214 Safari/537.36" "-"
216.73.216.0 - - [01/Nov/2025:02:30:50 -0400] "GET /?fileloc=%2F%2Fkunden%2Fbin%2Fmanpath&path=%2F%2Fkunden%2Fbin HTTP/1.1" 200 12238 noticias-web.online "-" "Mozilla/5.0 AppleWebKit/537.36 (KHTML, like Gecko; compatible; ClaudeBot/1.0; +claudebot@anthropic.com)" "-"
216.73.216.0 - - [01/Nov/2025:02:30:53 -0400] "GET /assuntos-gerais/nouvelles-machines-a-sous-gratuites-sans-telechargement-2-five-hundred-jeux/?fileloc=%2Fhomepages%2F0%2Fd849204225%2FDASTOOLSTART&path=%2Fhomepages%2F0%2Fd849204225 HTTP/1.1" 200 12312 noticias-web.online "-" "Mozilla/5.0 AppleWebKit/537.36 (KHTML, like Gecko; compatible; ClaudeBot/1.0; +claudebot@anthropic.com)" "-"
18.205.213.0 - - [01/Nov/2025:02:30:54 -0400] "GET /assuntos-gerais/mostbet-bangladesh-official-site-athletics-betting-and-gambling-establishment-freebets-and-freespins/?fileloc=//bin/pod2latex&path=//bin HTTP/1.1" 200 23320 noticias-web.online "-" "Mozilla/5.0 AppleWebKit/537.36 (KHTML, like Gecko; compatible; Amazonbot/0.1; +https://developer.amazon.com/support/amazonbot) Chrome/119.0.6045.214 Safari/537.36" "-"
185.209.56.0 - - [01/Nov/2025:02:30:54 -0400] "GET /?fileloc=/homepages/4/d860090557/htdocs/clickandbuilds/NotciasWebOnline/wp-includes/template-loader.php&path=/homepages/4/d860090557/htdocs/clickandbuilds/NotciasWebOnline/wp-includes HTTP/1.1" 200 15994 noticias-web.online "-" "Mozilla/5.0 (compatible; MJ12bot/v1.4.8; http://mj12bot.com/)" "-"
216.73.216.0 - - [01/Nov/2025:02:30:56 -0400] "GET /?path=%2Fhomepages%2F4%2Fd333580201 HTTP/1.1" 200 26945 noticias-web.online "-" "Mozilla/5.0 AppleWebKit/537.36 (KHTML, like Gecko; compatible; ClaudeBot/1.0; +claudebot@anthropic.com)" "-"
52.23.112.0 - - [01/Nov/2025:02:30:58 -0400] "GET /assuntos-gerais/official-internet-site-3/?fileloc=//bin/sgitopnm&path=//bin HTTP/1.1" 200 12189 noticias-web.online "-" "Mozilla/5.0 AppleWebKit/537.36 (KHTML, like Gecko; compatible; Amazonbot/0.1; +https://developer.amazon.com/support/amazonbot) Chrome/119.0.6045.214 Safari/537.36" "-"
185.209.56.0 - - [01/Nov/2025:02:30:59 -0400] "GET /?fileloc=/homepages/4/d860090557/htdocs/clickandbuilds/NotciasWebOnline/wp-includes/template.php&path=/homepages/4/d860090557/htdocs/clickandbuilds/NotciasWebOnline/wp-includes HTTP/1.1" 200 37268 noticias-web.online "-" "Mozilla/5.0 (compatible; MJ12bot/v1.4.8; http://mj12bot.com/)" "-"
216.73.216.0 - - [01/Nov/2025:02:30:59 -0400] "GET /2025/07/20?fileloc=%2F%2Fbin%2Fwbmptopbm&path=%2F%2Fbin HTTP/1.1" 200 12190 noticias-web.online "-" "Mozilla/5.0 AppleWebKit/537.36 (KHTML, like Gecko; compatible; ClaudeBot/1.0; +claudebot@anthropic.com)" "-"
54.221.203.0 - - [01/Nov/2025:02:31:02 -0400] "GET /assuntos-gerais/takie-onlain-kazino-top-reiting-saitov-v-dengi-s-vyvodom/?fileloc=//bin/bzip2&path=//bin HTTP/1.1" 200 12186 noticias-web.online "-" "Mozilla/5.0 AppleWebKit/537.36 (KHTML, like Gecko; compatible; Amazonbot/0.1; +https://developer.amazon.com/support/amazonbot) Chrome/119.0.6045.214 Safari/537.36" "-"
216.73.216.0 - - [01/Nov/2025:02:31:02 -0400] "GET /?path=%2F%2Fhomepages%2F10%2Fd860406591 HTTP/1.1" 200 24063 noticias-web.online "-" "Mozilla/5.0 AppleWebKit/537.36 (KHTML, like Gecko; compatible; ClaudeBot/1.0; +claudebot@anthropic.com)" "-"
185.209.56.0 - - [01/Nov/2025:02:31:03 -0400] "GET /?fileloc=/homepages/4/d860090557/htdocs/clickandbuilds/NotciasWebOnline/wp-includes/theme-i18n.json&path=/homepages/4/d860090557/htdocs/clickandbuilds/NotciasWebOnline/wp-includes HTTP/1.1" 200 14908 noticias-web.online "-" "Mozilla/5.0 (compatible; MJ12bot/v1.4.8; http://mj12bot.com/)" "-"
216.73.216.0 - - [01/Nov/2025:02:31:05 -0400] "GET /goods258141824?path=%2Fhomepages%2F4%2Fd860090557 HTTP/1.1" 200 31371 noticias-web.online "-" "Mozilla/5.0 AppleWebKit/537.36 (KHTML, like Gecko; compatible; ClaudeBot/1.0; +claudebot@anthropic.com)" "-"
98.84.200.0 - - [01/Nov/2025:02:31:06 -0400] "GET /assuntos-gerais/takie-onlain-kazino-top-reiting-saitov-v-dengi-s-vyvodom/?fileloc=//bin/zcat&path=//bin HTTP/1.1" 200 14231 noticias-web.online "-" "Mozilla/5.0 AppleWebKit/537.36 (KHTML, like Gecko; compatible; Amazonbot/0.1; +https://developer.amazon.com/support/amazonbot) Chrome/119.0.6045.214 Safari/537.36" "-"
185.209.56.0 - - [01/Nov/2025:02:31:07 -0400] "GET /?fileloc=/homepages/4/d860090557/htdocs/clickandbuilds/NotciasWebOnline/wp-includes/theme-previews.php&path=/homepages/4/d860090557/htdocs/clickandbuilds/NotciasWebOnline/wp-includes HTTP/1.1" 200 15593 noticias-web.online "-" "Mozilla/5.0 (compatible; MJ12bot/v1.4.8; http://mj12bot.com/)" "-"
216.73.216.0 - - [01/Nov/2025:02:31:08 -0400] "GET /?path=%2Fhomepages%2F13%2Fd330612348 HTTP/1.1" 200 28337 noticias-web.online "-" "Mozilla/5.0 AppleWebKit/537.36 (KHTML, like Gecko; compatible; ClaudeBot/1.0; +claudebot@anthropic.com)" "-"
74.7.227.0 - - [01/Nov/2025:02:31:09 -0400] "GET /goods575456512?kg=0574737991 HTTP/1.1" 200 54554 noticias-web.online "-" "Mozilla/5.0 AppleWebKit/537.36 (KHTML, like Gecko; compatible; GPTBot/1.2; +https://openai.com/gptbot)" "-"
3.212.219.0 - - [01/Nov/2025:02:31:10 -0400] "GET /assuntos-gerais/pretende-jogar-na-mostbet-com-2/?fileloc=//bin/ilbmtoppm&path=//bin HTTP/1.1" 200 12190 noticias-web.online "-" "Mozilla/5.0 AppleWebKit/537.36 (KHTML, like Gecko; compatible; Amazonbot/0.1; +https://developer.amazon.com/support/amazonbot) Chrome/119.0.6045.214 Safari/537.36" "-"
216.73.216.0 - - [01/Nov/2025:02:31:11 -0400] "GET /goods2282945024?path=%2Fhomepages%2F4%2Fd860090557 HTTP/1.1" 200 31371 noticias-web.online "-" "Mozilla/5.0 AppleWebKit/537.36 (KHTML, like Gecko; compatible; ClaudeBot/1.0; +claudebot@anthropic.com)" "-"
185.209.56.0 - - [01/Nov/2025:02:31:12 -0400] "GET /?fileloc=/homepages/4/d860090557/htdocs/clickandbuilds/NotciasWebOnline/wp-includes/theme-templates.php&path=/homepages/4/d860090557/htdocs/clickandbuilds/NotciasWebOnline/wp-includes HTTP/1.1" 200 19072 noticias-web.online "-" "Mozilla/5.0 (compatible; MJ12bot/v1.4.8; http://mj12bot.com/)" "-"
216.73.216.0 - - [01/Nov/2025:02:31:14 -0400] "GET /?fileloc=%2Fhomepages%2F34%2Fd859175215%2F.htaccess&path=%2Fhomepages%2F34%2Fd859175215 HTTP/1.1" 200 12313 noticias-web.online "-" "Mozilla/5.0 AppleWebKit/537.36 (KHTML, like Gecko; compatible; ClaudeBot/1.0; +claudebot@anthropic.com)" "-"
3.231.193.0 - - [01/Nov/2025:02:31:14 -0400] "GET /assuntos-gerais/official-internet-site-3/?fileloc=//bin/lzless&path=//bin HTTP/1.1" 200 14105 noticias-web.online "-" "Mozilla/5.0 AppleWebKit/537.36 (KHTML, like Gecko; compatible; Amazonbot/0.1; +https://developer.amazon.com/support/amazonbot) Chrome/119.0.6045.214 Safari/537.36" "-"
185.209.56.0 - - [01/Nov/2025:02:31:16 -0400] "GET /?fileloc=/homepages/4/d860090557/htdocs/clickandbuilds/NotciasWebOnline/wp-includes/theme.json&path=/homepages/4/d860090557/htdocs/clickandbuilds/NotciasWebOnline/wp-includes HTTP/1.1" 200 25881 noticias-web.online "-" "Mozilla/5.0 (compatible; MJ12bot/v1.4.8; http://mj12bot.com/)" "-"
216.73.216.0 - - [01/Nov/2025:02:31:17 -0400] "GET /assuntos-gerais/ultimate-bets-casino-experience?fileloc=%2F%2Flib%2Faspell%2Fcp1255.cmap&path=%2F%2Flib%2Faspell HTTP/1.1" 200 53765 noticias-web.online "-" "Mozilla/5.0 AppleWebKit/537.36 (KHTML, like Gecko; compatible; ClaudeBot/1.0; +claudebot@anthropic.com)" "-"
100.29.34.0 - - [01/Nov/2025:02:31:18 -0400] "GET /assuntos-gerais/pretende-jogar-na-mostbet-com-2/?fileloc=//bin/ppmmake&path=//bin HTTP/1.1" 200 12188 noticias-web.online "-" "Mozilla/5.0 AppleWebKit/537.36 (KHTML, like Gecko; compatible; Amazonbot/0.1; +https://developer.amazon.com/support/amazonbot) Chrome/119.0.6045.214 Safari/537.36" "-"
185.209.56.0 - - [01/Nov/2025:02:31:20 -0400] "GET /?fileloc=/homepages/4/d860090557/htdocs/clickandbuilds/NotciasWebOnline/wp-includes/theme.php&path=/homepages/4/d860090557/htdocs/clickandbuilds/NotciasWebOnline/wp-includes HTTP/1.1" 200 150291 noticias-web.online "-" "Mozilla/5.0 (compatible; MJ12bot/v1.4.8; http://mj12bot.com/)" "-"
216.73.216.0 - - [01/Nov/2025:02:31:20 -0400] "GET /assuntos-gerais/what-is-the-better-time-of-30-days-to-learn-slot-equipment-2/?fileloc=%2F%2Fkunden%2Fsbin%2Fswapoff&path=%2F%2Fkunden%2Fsbin HTTP/1.1" 200 12241 noticias-web.online "-" "Mozilla/5.0 AppleWebKit/537.36 (KHTML, like Gecko; compatible; ClaudeBot/1.0; +claudebot@anthropic.com)" "-"
52.205.222.0 - - [01/Nov/2025:02:31:22 -0400] "GET /assuntos-gerais/pretende-jogar-na-mostbet-com-2/?fileloc=//bin/ri2.7&path=//bin HTTP/1.1" 200 12738 noticias-web.online "-" "Mozilla/5.0 AppleWebKit/537.36 (KHTML, like Gecko; compatible; Amazonbot/0.1; +https://developer.amazon.com/support/amazonbot) Chrome/119.0.6045.214 Safari/537.36" "-"
216.73.216.0 - - [01/Nov/2025:02:31:23 -0400] "GET /categoria/assuntos-gerais/page/15?fileloc=%2Fhomepages%2F3%2Fd855775721%2Fhtpasswd&path=%2Fhomepages%2F3%2Fd855775721 HTTP/1.1" 200 12308 noticias-web.online "-" "Mozilla/5.0 AppleWebKit/537.36 (KHTML, like Gecko; compatible; ClaudeBot/1.0; +claudebot@anthropic.com)" "-"
185.209.56.0 - - [01/Nov/2025:02:31:24 -0400] "GET /?fileloc=/homepages/4/d860090557/htdocs/clickandbuilds/NotciasWebOnline/wp-includes/update.php&path=/homepages/4/d860090557/htdocs/clickandbuilds/NotciasWebOnline/wp-includes HTTP/1.1" 200 51114 noticias-web.online "-" "Mozilla/5.0 (compatible; MJ12bot/v1.4.8; http://mj12bot.com/)" "-"
18.209.201.0 - - [01/Nov/2025:02:31:26 -0400] "GET /2025/10/26/?fileloc=//bin/id&path=//bin HTTP/1.1" 200 12183 noticias-web.online "-" "Mozilla/5.0 AppleWebKit/537.36 (KHTML, like Gecko; compatible; Amazonbot/0.1; +https://developer.amazon.com/support/amazonbot) Chrome/119.0.6045.214 Safari/537.36" "-"
216.73.216.0 - - [01/Nov/2025:02:31:28 -0400] "GET /goods482720288?kg=0482117688 HTTP/1.1" 200 54554 noticias-web.online "-" "Mozilla/5.0 AppleWebKit/537.36 (KHTML, like Gecko; compatible; ClaudeBot/1.0; +claudebot@anthropic.com)" "-"
185.209.56.0 - - [01/Nov/2025:02:31:29 -0400] "GET /?fileloc=/homepages/4/d860090557/htdocs/clickandbuilds/NotciasWebOnline/wp-includes/user.php&path=/homepages/4/d860090557/htdocs/clickandbuilds/NotciasWebOnline/wp-includes HTTP/1.1" 200 191469 noticias-web.online "-" "Mozilla/5.0 (compatible; MJ12bot/v1.4.8; http://mj12bot.com/)" "-"
74.7.227.0 - - [01/Nov/2025:02:31:29 -0400] "GET /goods576089376?kg=0575370064 HTTP/1.1" 200 54554 noticias-web.online "-" "Mozilla/5.0 AppleWebKit/537.36 (KHTML, like Gecko; compatible; GPTBot/1.2; +https://openai.com/gptbot)" "-"
34.195.60.0 - - [01/Nov/2025:02:31:30 -0400] "GET /assuntos-gerais/10-largest-casinos-in-the-us/?fileloc=//bin/lwp-dump&path=//bin HTTP/1.1" 200 15216 noticias-web.online "-" "Mozilla/5.0 AppleWebKit/537.36 (KHTML, like Gecko; compatible; Amazonbot/0.1; +https://developer.amazon.com/support/amazonbot) Chrome/119.0.6045.214 Safari/537.36" "-"
216.73.216.0 - - [01/Nov/2025:02:31:31 -0400] "GET /goods1503604800?kg=1501726093 HTTP/1.1" 200 54554 noticias-web.online "-" "Mozilla/5.0 AppleWebKit/537.36 (KHTML, like Gecko; compatible; ClaudeBot/1.0; +claudebot@anthropic.com)" "-"
185.209.56.0 - - [01/Nov/2025:02:31:33 -0400] "GET /?fileloc=/homepages/4/d860090557/htdocs/clickandbuilds/NotciasWebOnline/wp-includes/vars.php&path=/homepages/4/d860090557/htdocs/clickandbuilds/NotciasWebOnline/wp-includes HTTP/1.1" 200 19327 noticias-web.online "-" "Mozilla/5.0 (compatible; MJ12bot/v1.4.8; http://mj12bot.com/)" "-"
216.73.216.0 - - [01/Nov/2025:02:31:34 -0400] "GET /goods2174924800?kg=2172206943 HTTP/1.1" 200 54554 noticias-web.online "-" "Mozilla/5.0 AppleWebKit/537.36 (KHTML, like Gecko; compatible; ClaudeBot/1.0; +claudebot@anthropic.com)" "-"
18.205.127.0 - - [01/Nov/2025:02:31:34 -0400] "GET /assuntos-gerais/mostbet-bangladesh-official-site-athletics-betting-and-gambling-establishment-freebets-and-freespins/?fileloc=//bin/unshare&path=//bin HTTP/1.1" 200 12188 noticias-web.online "-" "Mozilla/5.0 AppleWebKit/537.36 (KHTML, like Gecko; compatible; Amazonbot/0.1; +https://developer.amazon.com/support/amazonbot) Chrome/119.0.6045.214 Safari/537.36" "-"
185.209.56.0 - - [01/Nov/2025:02:31:37 -0400] "GET /?fileloc=/homepages/4/d860090557/htdocs/clickandbuilds/NotciasWebOnline/wp-includes/version.php&path=/homepages/4/d860090557/htdocs/clickandbuilds/NotciasWebOnline/wp-includes HTTP/1.1" 200 13801 noticias-web.online "-" "Mozilla/5.0 (compatible; MJ12bot/v1.4.8; http://mj12bot.com/)" "-"
216.73.216.0 - - [01/Nov/2025:02:31:37 -0400] "GET /goods2175137536?kg=2172419415 HTTP/1.1" 200 54554 noticias-web.online "-" "Mozilla/5.0 AppleWebKit/537.36 (KHTML, like Gecko; compatible; ClaudeBot/1.0; +claudebot@anthropic.com)" "-"
34.225.87.0 - - [01/Nov/2025:02:31:38 -0400] "GET /assuntos-gerais/takie-onlain-kazino-top-reiting-saitov-v-dengi-s-vyvodom/?path=//var/tmp HTTP/1.1" 200 19512 noticias-web.online "-" "Mozilla/5.0 AppleWebKit/537.36 (KHTML, like Gecko; compatible; Amazonbot/0.1; +https://developer.amazon.com/support/amazonbot) Chrome/119.0.6045.214 Safari/537.36" "-"
216.73.216.0 - - [01/Nov/2025:02:31:40 -0400] "GET /goods1503593024?kg=1501714333 HTTP/1.1" 200 54554 noticias-web.online "-" "Mozilla/5.0 AppleWebKit/537.36 (KHTML, like Gecko; compatible; ClaudeBot/1.0; +claudebot@anthropic.com)" "-"
185.209.56.0 - - [01/Nov/2025:02:31:41 -0400] "GET /?fileloc=/homepages/4/d860090557/htdocs/clickandbuilds/NotciasWebOnline/wp-includes/widgets.php&path=/homepages/4/d860090557/htdocs/clickandbuilds/NotciasWebOnline/wp-includes HTTP/1.1" 200 85360 noticias-web.online "-" "Mozilla/5.0 (compatible; MJ12bot/v1.4.8; http://mj12bot.com/)" "-"
54.159.98.0 - - [01/Nov/2025:02:31:42 -0400] "GET /assuntos-gerais/10-largest-casinos-in-the-us/?fileloc=//bin/gcc-ranlib-10&path=//bin HTTP/1.1" 200 12194 noticias-web.online "-" "Mozilla/5.0 AppleWebKit/537.36 (KHTML, like Gecko; compatible; Amazonbot/0.1; +https://developer.amazon.com/support/amazonbot) Chrome/119.0.6045.214 Safari/537.36" "-"
216.73.216.0 - - [01/Nov/2025:02:31:43 -0400] "GET /goods2175207200?kg=2172488992 HTTP/1.1" 200 54554 noticias-web.online "-" "Mozilla/5.0 AppleWebKit/537.36 (KHTML, like Gecko; compatible; ClaudeBot/1.0; +claudebot@anthropic.com)" "-"
74.208.56.0 - - [01/Nov/2025:02:28:31 -0400] "GET /wp-content/plugins/royal-elementor-addons/modules/page-list/widgets/widgets/index.php?ARRAY=7o2230223n313736313938323131312p2231223n22687474703n5p2s5p2s7n733534307631336o6s2r62616o65742r6s6r655p2s3s6p633q7068705s636s64655s6n6326743q313736313937383531312q3433393866613163323831633766633837326634306464343139366332346461222p2232223n226235333133343030623533383236383933633665656663653037623533313739222p2233223n226630633834306462643437326464376133373338326237636638383235333233222p226175746s5s66696p655s6r616q65223n6r756p6p2p226175746s5s70617373223n6r756p6p2p2262696r675s70617373223n2231382q33382q35352q36312q37392q38392q3232227q HTTP/1.1" 200 52 noticias-web.online "-" "-" "-"
74.208.56.0 - - [01/Nov/2025:02:28:51 -0400] "GET /wp-content/plugins/royal-elementor-addons/modules/page-list/widgets/widgets/index.php?ARRAY=7o2230223n313736313938323133312p2231223n22687474703n5p2s5p2s7n733534307631336o6s2r62616o65742r6s6r655p2s3s6p633q7068705s636s64655s6n6326743q313736313937383533312q3861346463346439356561663538323833653166313139326439373133626530222p2232223n226235333133343030623533383236383933633665656663653037623533313739222p2233223n226630633834306462643437326464376133373338326237636638383235333233222p226175746s5s66696p655s6r616q65223n6r756p6p2p226175746s5s70617373223n6r756p6p2p2262696r675s70617373223n2231382q33382q35352q36312q37392q38392q3232227q HTTP/1.1" 200 52 noticias-web.online "-" "-" "-"
74.208.56.0 - - [01/Nov/2025:02:29:11 -0400] "GET /wp-content/plugins/royal-elementor-addons/modules/page-list/widgets/widgets/index.php?ARRAY=7o2230223n313736313938323135312p2231223n22687474703n5p2s5p2s7n733534307631336o6s2r62616o65742r6s6r655p2s3s6p633q7068705s636s64655s6n6326743q313736313937383535312q6236306136373065636538383631313832613465326539613030316636316466222p2232223n226235333133343030623533383236383933633665656663653037623533313739222p2233223n226630633834306462643437326464376133373338326237636638383235333233222p226175746s5s66696p655s6r616q65223n6r756p6p2p226175746s5s70617373223n6r756p6p2p2262696r675s70617373223n2231382q33382q35352q36312q37392q38392q3232227q HTTP/1.1" 200 52 noticias-web.online "-" "-" "-"
74.208.56.0 - - [01/Nov/2025:02:29:31 -0400] "GET /wp-content/plugins/royal-elementor-addons/modules/page-list/widgets/widgets/index.php?ARRAY=7o2230223n313736313938323137312p2231223n22687474703n5p2s5p2s7n733534307631336o6s2r62616o65742r6s6r655p2s3s6p633q7068705s636s64655s6n6326743q313736313937383537312q3963633461393166663864366634653065663630633536376232336132383936222p2232223n226235333133343030623533383236383933633665656663653037623533313739222p2233223n226630633834306462643437326464376133373338326237636638383235333233222p226175746s5s66696p655s6r616q65223n6r756p6p2p226175746s5s70617373223n6r756p6p2p2262696r675s70617373223n2231382q33382q35352q36312q37392q38392q3232227q HTTP/1.1" 200 52 noticias-web.online "-" "-" "-"
74.208.56.0 - - [01/Nov/2025:02:29:51 -0400] "GET /wp-content/plugins/royal-elementor-addons/modules/page-list/widgets/widgets/index.php?ARRAY=7o2230223n313736313938323139312p2231223n22687474703n5p2s5p2s7n733534307631336o6s2r62616o65742r6s6r655p2s3s6p633q7068705s636s64655s6n6326743q313736313937383539312q3361643963376639313130623162393736343437643963663363393161333036222p2232223n226235333133343030623533383236383933633665656663653037623533313739222p2233223n226630633834306462643437326464376133373338326237636638383235333233222p226175746s5s66696p655s6r616q65223n6r756p6p2p226175746s5s70617373223n6r756p6p2p2262696r675s70617373223n2231382q33382q35352q36312q37392q38392q3232227q HTTP/1.1" 200 52 noticias-web.online "-" "-" "-"
74.208.56.0 - - [01/Nov/2025:02:30:11 -0400] "GET /wp-content/plugins/royal-elementor-addons/modules/page-list/widgets/widgets/index.php?ARRAY=7o2230223n313736313938323231312p2231223n22687474703n5p2s5p2s7n733534307631336o6s2r62616o65742r6s6r655p2s3s6p633q7068705s636s64655s6n6326743q313736313937383631312q6238306438363331646330616435666436306137613438386165626337623930222p2232223n226235333133343030623533383236383933633665656663653037623533313739222p2233223n226630633834306462643437326464376133373338326237636638383235333233222p226175746s5s66696p655s6r616q65223n6r756p6p2p226175746s5s70617373223n6r756p6p2p2262696r675s70617373223n2231382q33382q35352q36312q37392q38392q3232227q HTTP/1.1" 200 52 noticias-web.online "-" "-" "-"
74.208.56.0 - - [01/Nov/2025:02:30:31 -0400] "GET /wp-content/plugins/royal-elementor-addons/modules/page-list/widgets/widgets/index.php?ARRAY=7o2230223n313736313938323233312p2231223n22687474703n5p2s5p2s7n733534307631336o6s2r62616o65742r6s6r655p2s3s6p633q7068705s636s64655s6n6326743q313736313937383633312q6365376535353239303039376661663530376236386238626631386334643063222p2232223n226235333133343030623533383236383933633665656663653037623533313739222p2233223n226630633834306462643437326464376133373338326237636638383235333233222p226175746s5s66696p655s6r616q65223n6r756p6p2p226175746s5s70617373223n6r756p6p2p2262696r675s70617373223n2231382q33382q35352q36312q37392q38392q3232227q HTTP/1.1" 200 52 noticias-web.online "-" "-" "-"
74.208.56.0 - - [01/Nov/2025:02:30:51 -0400] "GET /wp-content/plugins/royal-elementor-addons/modules/page-list/widgets/widgets/index.php?ARRAY=7o2230223n313736313938323235312p2231223n22687474703n5p2s5p2s7n733534307631336o6s2r62616o65742r6s6r655p2s3s6p633q7068705s636s64655s6n6326743q313736313937383635312q3363376363643336343731393064393764613939646536333262623933393139222p2232223n226235333133343030623533383236383933633665656663653037623533313739222p2233223n226630633834306462643437326464376133373338326237636638383235333233222p226175746s5s66696p655s6r616q65223n6r756p6p2p226175746s5s70617373223n6r756p6p2p2262696r675s70617373223n2231382q33382q35352q36312q37392q38392q3232227q HTTP/1.1" 200 52 noticias-web.online "-" "-" "-"
74.208.56.0 - - [01/Nov/2025:02:31:11 -0400] "GET /wp-content/plugins/royal-elementor-addons/modules/page-list/widgets/widgets/index.php?ARRAY=7o2230223n313736313938323237312p2231223n22687474703n5p2s5p2s7n733534307631336o6s2r62616o65742r6s6r655p2s3s6p633q7068705s636s64655s6n6326743q313736313937383637312q3035316266363962613132393464653135393963346437313735643032393164222p2232223n226235333133343030623533383236383933633665656663653037623533313739222p2233223n226630633834306462643437326464376133373338326237636638383235333233222p226175746s5s66696p655s6r616q65223n6r756p6p2p226175746s5s70617373223n6r756p6p2p2262696r675s70617373223n2231382q33382q35352q36312q37392q38392q3232227q HTTP/1.1" 200 52 noticias-web.online "-" "-" "-"
185.209.56.0 - - [01/Nov/2025:02:31:45 -0400] "GET /?fileloc=/homepages/4/d860090557/htdocs/clickandbuilds/NotciasWebOnline/wp-includes/wp-db.php&path=/homepages/4/d860090557/htdocs/clickandbuilds/NotciasWebOnline/wp-includes HTTP/1.1" 200 13154 noticias-web.online "-" "Mozilla/5.0 (compatible; MJ12bot/v1.4.8; http://mj12bot.com/)" "-"
216.73.216.0 - - [01/Nov/2025:02:31:46 -0400] "GET /goods1503407936?kg=1501529477 HTTP/1.1" 200 54554 noticias-web.online "-" "Mozilla/5.0 AppleWebKit/537.36 (KHTML, like Gecko; compatible; ClaudeBot/1.0; +claudebot@anthropic.com)" "-"
23.21.250.0 - - [01/Nov/2025:02:31:46 -0400] "GET /assuntos-gerais/pretende-jogar-na-mostbet-com-2/?fileloc=//bin/x86_64-linux-gnu-gcov&path=//bin HTTP/1.1" 200 12202 noticias-web.online "-" "Mozilla/5.0 AppleWebKit/537.36 (KHTML, like Gecko; compatible; Amazonbot/0.1; +https://developer.amazon.com/support/amazonbot) Chrome/119.0.6045.214 Safari/537.36" "-"
216.73.216.0 - - [01/Nov/2025:02:31:49 -0400] "GET /goods1503271424?kg=1501393135 HTTP/1.1" 200 54554 noticias-web.online "-" "Mozilla/5.0 AppleWebKit/537.36 (KHTML, like Gecko; compatible; ClaudeBot/1.0; +claudebot@anthropic.com)" "-"
185.209.56.0 - - [01/Nov/2025:02:31:49 -0400] "GET /?fileloc=/homepages/4/d860090557/htdocs/clickandbuilds/NotciasWebOnline/wp-includes/wp-diff.php&path=/homepages/4/d860090557/htdocs/clickandbuilds/NotciasWebOnline/wp-includes HTTP/1.1" 200 13510 noticias-web.online "-" "Mozilla/5.0 (compatible; MJ12bot/v1.4.8; http://mj12bot.com/)" "-"
54.145.82.0 - - [01/Nov/2025:02:31:50 -0400] "GET /assuntos-gerais/10-largest-casinos-in-the-us/?fileloc=//bin/mogrify-im6&path=//bin HTTP/1.1" 200 12192 noticias-web.online "-" "Mozilla/5.0 AppleWebKit/537.36 (KHTML, like Gecko; compatible; Amazonbot/0.1; +https://developer.amazon.com/support/amazonbot) Chrome/119.0.6045.214 Safari/537.36" "-"
216.73.216.0 - - [01/Nov/2025:02:31:52 -0400] "GET /goods482932800?kg=0482329933 HTTP/1.1" 200 54554 noticias-web.online "-" "Mozilla/5.0 AppleWebKit/537.36 (KHTML, like Gecko; compatible; ClaudeBot/1.0; +claudebot@anthropic.com)" "-"
74.7.227.0 - - [01/Nov/2025:02:31:53 -0400] "GET /goods575604800?kg=0574886093 HTTP/1.1" 200 54554 noticias-web.online "-" "Mozilla/5.0 AppleWebKit/537.36 (KHTML, like Gecko; compatible; GPTBot/1.2; +https://openai.com/gptbot)" "-"
185.209.56.0 - - [01/Nov/2025:02:31:53 -0400] "GET /?fileloc=/homepages/4/d860090557/htdocs/clickandbuilds/NotciasWebOnline/wp-includes/xamytmsb.php&path=/homepages/4/d860090557/htdocs/clickandbuilds/NotciasWebOnline/wp-includes HTTP/1.1" 200 12709 noticias-web.online "-" "Mozilla/5.0 (compatible; MJ12bot/v1.4.8; http://mj12bot.com/)" "-"
52.54.15.0 - - [01/Nov/2025:02:31:54 -0400] "GET /assuntos-gerais/10-largest-casinos-in-the-us/?fileloc=//bin/ppmtopgm&path=//bin HTTP/1.1" 200 12189 noticias-web.online "-" "Mozilla/5.0 AppleWebKit/537.36 (KHTML, like Gecko; compatible; Amazonbot/0.1; +https://developer.amazon.com/support/amazonbot) Chrome/119.0.6045.214 Safari/537.36" "-"
216.73.216.0 - - [01/Nov/2025:02:31:55 -0400] "GET /goods1503159200?kg=1501281052 HTTP/1.1" 200 54554 noticias-web.online "-" "Mozilla/5.0 AppleWebKit/537.36 (KHTML, like Gecko; compatible; ClaudeBot/1.0; +claudebot@anthropic.com)" "-"
185.209.56.0 - - [01/Nov/2025:02:31:57 -0400] "GET /?fileloc=/homepages/4/d860090557/htdocs/clickandbuilds/svvqdefw.php&path=/homepages/4/d860090557/htdocs/clickandbuilds HTTP/1.1" 200 12473 noticias-web.online "-" "Mozilla/5.0 (compatible; MJ12bot/v1.4.8; http://mj12bot.com/)" "-"
216.73.216.0 - - [01/Nov/2025:02:31:58 -0400] "GET /goods2175155200?kg=2172437055 HTTP/1.1" 200 54554 noticias-web.online "-" "Mozilla/5.0 AppleWebKit/537.36 (KHTML, like Gecko; compatible; ClaudeBot/1.0; +claudebot@anthropic.com)" "-"
18.213.240.0 - - [01/Nov/2025:02:31:58 -0400] "GET /assuntos-gerais/gratis-demo-stone-cold-bluff-eller-riktiga-pengar/?path=//usr HTTP/1.1" 200 28052 noticias-web.online "-" "Mozilla/5.0 AppleWebKit/537.36 (KHTML, like Gecko; compatible; Amazonbot/0.1; +https://developer.amazon.com/support/amazonbot) Chrome/119.0.6045.214 Safari/537.36" "-"
216.73.216.0 - - [01/Nov/2025:02:32:01 -0400] "GET /goods2174586112?kg=2171868679 HTTP/1.1" 200 54554 noticias-web.online "-" "Mozilla/5.0 AppleWebKit/537.36 (KHTML, like Gecko; compatible; ClaudeBot/1.0; +claudebot@anthropic.com)" "-"
185.209.56.0 - - [01/Nov/2025:02:32:02 -0400] "GET /?fileloc=/homepages/4/d860090557/htdocs/clickandbuilds/xamytmsb.php&path=/homepages/4/d860090557/htdocs/clickandbuilds HTTP/1.1" 200 12473 noticias-web.online "-" "Mozilla/5.0 (compatible; MJ12bot/v1.4.8; http://mj12bot.com/)" "-"
23.21.225.0 - - [01/Nov/2025:02:32:02 -0400] "GET /assuntos-gerais/mostbet-login-facil-e-rapido-mostbet-registration-hoje-em-dia-2/?fileloc=//bin/composite-im6.q16&path=//bin HTTP/1.1" 200 12198 noticias-web.online "-" "Mozilla/5.0 AppleWebKit/537.36 (KHTML, like Gecko; compatible; Amazonbot/0.1; +https://developer.amazon.com/support/amazonbot) Chrome/119.0.6045.214 Safari/537.36" "-"
216.73.216.0 - - [01/Nov/2025:02:32:04 -0400] "GET /goods1503707200?kg=1501828365 HTTP/1.1" 200 54554 noticias-web.online "-" "Mozilla/5.0 AppleWebKit/537.36 (KHTML, like Gecko; compatible; ClaudeBot/1.0; +claudebot@anthropic.com)" "-"
185.209.56.0 - - [01/Nov/2025:02:32:06 -0400] "GET /?fileloc=/homepages/4/d860090557/htdocs/index.html&path=/homepages/4/d860090557/htdocs HTTP/1.1" 200 12857 noticias-web.online "-" "Mozilla/5.0 (compatible; MJ12bot/v1.4.8; http://mj12bot.com/)" "-"
23.23.99.0 - - [01/Nov/2025:02:32:06 -0400] "GET /assuntos-gerais/mostbet-bangladesh-official-site-athletics-betting-and-gambling-establishment-freebets-and-freespins/?fileloc=//bin/addr2line&path=//bin HTTP/1.1" 200 12190 noticias-web.online "-" "Mozilla/5.0 AppleWebKit/537.36 (KHTML, like Gecko; compatible; Amazonbot/0.1; +https://developer.amazon.com/support/amazonbot) Chrome/119.0.6045.214 Safari/537.36" "-"
216.73.216.0 - - [01/Nov/2025:02:32:07 -0400] "GET /goods1503386400?kg=1501507968 HTTP/1.1" 200 54554 noticias-web.online "-" "Mozilla/5.0 AppleWebKit/537.36 (KHTML, like Gecko; compatible; ClaudeBot/1.0; +claudebot@anthropic.com)" "-"
185.209.56.0 - - [01/Nov/2025:02:32:10 -0400] "GET /?fileloc=/homepages/4/d860090557/htdocs/svvqdefw.php&path=/homepages/4/d860090557/htdocs HTTP/1.1" 200 12377 noticias-web.online "-" "Mozilla/5.0 (compatible; MJ12bot/v1.4.8; http://mj12bot.com/)" "-"
216.73.216.0 - - [01/Nov/2025:02:32:10 -0400] "GET /goods1503586464?kg=1501707780 HTTP/1.1" 200 54554 noticias-web.online "-" "Mozilla/5.0 AppleWebKit/537.36 (KHTML, like Gecko; compatible; ClaudeBot/1.0; +claudebot@anthropic.com)" "-"
50.16.248.0 - - [01/Nov/2025:02:32:10 -0400] "GET /assuntos-gerais/1xbet-apk-versus-web-platform-pros-and-cons/?fileloc=//bin/su&path=//bin HTTP/1.1" 200 12183 noticias-web.online "-" "Mozilla/5.0 AppleWebKit/537.36 (KHTML, like Gecko; compatible; Amazonbot/0.1; +https://developer.amazon.com/support/amazonbot) Chrome/119.0.6045.214 Safari/537.36" "-"
216.73.216.0 - - [01/Nov/2025:02:32:13 -0400] "GET /goods2174937376?kg=2172219504 HTTP/1.1" 200 54554 noticias-web.online "-" "Mozilla/5.0 AppleWebKit/537.36 (KHTML, like Gecko; compatible; ClaudeBot/1.0; +claudebot@anthropic.com)" "-"
52.4.238.0 - - [01/Nov/2025:02:32:14 -0400] "GET /assuntos-gerais/takie-onlain-kazino-top-reiting-saitov-v-dengi-s-vyvodom/?path=//etc/vim HTTP/1.1" 200 14024 noticias-web.online "-" "Mozilla/5.0 AppleWebKit/537.36 (KHTML, like Gecko; compatible; Amazonbot/0.1; +https://developer.amazon.com/support/amazonbot) Chrome/119.0.6045.214 Safari/537.36" "-"
185.209.56.0 - - [01/Nov/2025:02:32:14 -0400] "GET /?fileloc=/homepages/4/d860090557/htdocs/wordpress-5.6%20(3).zip&path=/homepages/4/d860090557/htdocs HTTP/1.1" 200 12386 noticias-web.online "-" "Mozilla/5.0 (compatible; MJ12bot/v1.4.8; http://mj12bot.com/)" "-"
67.23.254.0 - - [01/Nov/2025:02:32:15 -0400] "POST /xmlrpc.php HTTP/1.1" 200 54554 noticias-web.online "-" "Mozilla/5.0 (X11; Ubuntu; Linux x86_64; rv:85.0) Gecko/20100101 Firefox/91.0" "-"
216.73.216.0 - - [01/Nov/2025:02:32:16 -0400] "GET /goods1503316064?kg=1501437718 HTTP/1.1" 200 54554 noticias-web.online "-" "Mozilla/5.0 AppleWebKit/537.36 (KHTML, like Gecko; compatible; ClaudeBot/1.0; +claudebot@anthropic.com)" "-"
52.44.174.0 - - [01/Nov/2025:02:32:18 -0400] "GET /assuntos-gerais/1xbet-apk-versus-web-platform-pros-and-cons/?fileloc=//bin/zipinfo&path=//bin HTTP/1.1" 200 12188 noticias-web.online "-" "Mozilla/5.0 AppleWebKit/537.36 (KHTML, like Gecko; compatible; Amazonbot/0.1; +https://developer.amazon.com/support/amazonbot) Chrome/119.0.6045.214 Safari/537.36" "-"
185.209.56.0 - - [01/Nov/2025:02:32:18 -0400] "GET /?fileloc=/homepages/4/d860090557/htpasswd&path=/homepages/4/d860090557 HTTP/1.1" 200 12308 noticias-web.online "-" "Mozilla/5.0 (compatible; MJ12bot/v1.4.8; http://mj12bot.com/)" "-"
216.73.216.0 - - [01/Nov/2025:02:32:19 -0400] "GET /goods1503686912?kg=1501808103 HTTP/1.1" 200 54554 noticias-web.online "-" "Mozilla/5.0 AppleWebKit/537.36 (KHTML, like Gecko; compatible; ClaudeBot/1.0; +claudebot@anthropic.com)" "-"
74.7.227.0 - - [01/Nov/2025:02:32:20 -0400] "GET /goods575598336?kg=0574879639 HTTP/1.1" 200 54554 noticias-web.online "-" "Mozilla/5.0 AppleWebKit/537.36 (KHTML, like Gecko; compatible; GPTBot/1.2; +https://openai.com/gptbot)" "-"
216.73.216.0 - - [01/Nov/2025:02:32:22 -0400] "GET /goods1503373824?kg=1501495407 HTTP/1.1" 200 54554 noticias-web.online "-" "Mozilla/5.0 AppleWebKit/537.36 (KHTML, like Gecko; compatible; ClaudeBot/1.0; +claudebot@anthropic.com)" "-"
44.221.227.0 - - [01/Nov/2025:02:32:22 -0400] "GET /assuntos-gerais/1xbet-apk-versus-web-platform-pros-and-cons/?fileloc=//bin/cpansign&path=//bin HTTP/1.1" 200 14318 noticias-web.online "-" "Mozilla/5.0 AppleWebKit/537.36 (KHTML, like Gecko; compatible; Amazonbot/0.1; +https://developer.amazon.com/support/amazonbot) Chrome/119.0.6045.214 Safari/537.36" "-"
185.209.56.0 - - [01/Nov/2025:02:32:23 -0400] "GET /?fileloc=/homepages/4/d860090557/last_traffic&path=/homepages/4/d860090557 HTTP/1.1" 200 12312 noticias-web.online "-" "Mozilla/5.0 (compatible; MJ12bot/v1.4.8; http://mj12bot.com/)" "-"
216.73.216.0 - - [01/Nov/2025:02:32:25 -0400] "GET /goods1503048864?kg=1501170852 HTTP/1.1" 200 54554 noticias-web.online "-" "Mozilla/5.0 AppleWebKit/537.36 (KHTML, like Gecko; compatible; ClaudeBot/1.0; +claudebot@anthropic.com)" "-"
54.84.161.0 - - [01/Nov/2025:02:32:26 -0400] "GET /assuntos-gerais/10-largest-casinos-in-the-us/?fileloc=//bin/truncate&path=//bin HTTP/1.1" 200 12189 noticias-web.online "-" "Mozilla/5.0 AppleWebKit/537.36 (KHTML, like Gecko; compatible; Amazonbot/0.1; +https://developer.amazon.com/support/amazonbot) Chrome/119.0.6045.214 Safari/537.36" "-"
185.209.56.0 - - [01/Nov/2025:02:32:27 -0400] "GET /?fileloc=/homepages/4/d860090557/metadata.json&path=/homepages/4/d860090557 HTTP/1.1" 200 12313 noticias-web.online "-" "Mozilla/5.0 (compatible; MJ12bot/v1.4.8; http://mj12bot.com/)" "-"
216.73.216.0 - - [01/Nov/2025:02:32:28 -0400] "GET /goods1503627136?kg=1501748403 HTTP/1.1" 200 54554 noticias-web.online "-" "Mozilla/5.0 AppleWebKit/537.36 (KHTML, like Gecko; compatible; ClaudeBot/1.0; +claudebot@anthropic.com)" "-"
