216.73.216.0 - - [01/Nov/2025:00:19:15 -0400] "GET /assuntos-gerais/top-28-onlain-kazino-te-kazino-spisok-nemnogikh-v-rossii-2025?fileloc=%2Fhomepages%2F33%2Fd334566102%2F.htaccessold&path=%2Fhomepages%2F33%2Fd334566102 HTTP/1.1" 200 12316 noticias-web.online "-" "Mozilla/5.0 AppleWebKit/537.36 (KHTML, like Gecko; compatible; ClaudeBot/1.0; +claudebot@anthropic.com)" "-"
216.73.216.0 - - [01/Nov/2025:00:19:18 -0400] "GET /assuntos-gerais/top-28-onlain-kazino-te-kazino-spisok-nemnogikh-v-rossii-2025?path=%2Fhomepages%2F3%2Fd331916964 HTTP/1.1" 200 25479 noticias-web.online "-" "Mozilla/5.0 AppleWebKit/537.36 (KHTML, like Gecko; compatible; ClaudeBot/1.0; +claudebot@anthropic.com)" "-"
98.84.184.0 - - [01/Nov/2025:00:19:19 -0400] "GET /assuntos-gerais/how-to-try-out-slot-equipment-a-detailed-newcomers-guide-2/?path=//tmp/.priv HTTP/1.1" 200 12642 noticias-web.online "-" "Mozilla/5.0 AppleWebKit/537.36 (KHTML, like Gecko; compatible; Amazonbot/0.1; +https://developer.amazon.com/support/amazonbot) Chrome/119.0.6045.214 Safari/537.36" "-"
101.100.194.0 - - [01/Nov/2025:00:19:20 -0400] "POST /wp-content/themes/cloud.php HTTP/1.1" 403 1271 noticias-web.online "-" "Mozilla/5.0 (Windows NT 10.0; Win64; x64) AppleWebKit/537.36 (KHTML, like Gecko) Chrome/110.0.0.0 Safari/537.36" "-"
216.73.216.0 - - [01/Nov/2025:00:19:21 -0400] "GET /assuntos-gerais/por-que-los-egipcios-valoraban-el-corazon-y-el-juego-de-senet/?fileloc=%2F%2Flib%2Flocale%2Far_KW%2FLC_IDENTIFICATION&path=%2F%2Flib%2Flocale%2Far_KW HTTP/1.1" 200 12296 noticias-web.online "-" "Mozilla/5.0 AppleWebKit/537.36 (KHTML, like Gecko; compatible; ClaudeBot/1.0; +claudebot@anthropic.com)" "-"
18.207.89.0 - - [01/Nov/2025:00:19:23 -0400] "GET /2025/10/26/?path=//lib/php8.0 HTTP/1.1" 200 55914 noticias-web.online "-" "Mozilla/5.0 AppleWebKit/537.36 (KHTML, like Gecko; compatible; Amazonbot/0.1; +https://developer.amazon.com/support/amazonbot) Chrome/119.0.6045.214 Safari/537.36" "-"
216.73.216.0 - - [01/Nov/2025:00:19:24 -0400] "GET /casino/reiting-onlain-kazino-v-2025-top-10-luchshikh-igrat-zhe-internet-kazino-v-realnye-dengi/feed?fileloc=%2F%2Fsbin%2Fnewusers&path=%2F%2Fsbin HTTP/1.1" 200 12192 noticias-web.online "-" "Mozilla/5.0 AppleWebKit/537.36 (KHTML, like Gecko; compatible; ClaudeBot/1.0; +claudebot@anthropic.com)" "-"
54.147.238.0 - - [01/Nov/2025:00:19:26 -0400] "GET /assuntos-gerais/mostbet-login-facil-e-rapido-mostbet-registration-hoje-em-dia-2/?fileloc=//bin/ppmtopj&path=//bin HTTP/1.1" 200 12188 noticias-web.online "-" "Mozilla/5.0 AppleWebKit/537.36 (KHTML, like Gecko; compatible; Amazonbot/0.1; +https://developer.amazon.com/support/amazonbot) Chrome/119.0.6045.214 Safari/537.36" "-"
216.73.216.0 - - [01/Nov/2025:00:19:27 -0400] "GET /assuntos-gerais/mostbet-diye-kibhaabe-ttaakaa-inkaam-kraa-yaay-bibhinn-suyog-niye?fileloc=%2Fhomepages%2F25%2Fd853995195%2FDASTOOLSTART&path=%2Fhomepages%2F25%2Fd853995195 HTTP/1.1" 200 12316 noticias-web.online "-" "Mozilla/5.0 AppleWebKit/537.36 (KHTML, like Gecko; compatible; ClaudeBot/1.0; +claudebot@anthropic.com)" "-"
216.73.216.0 - - [01/Nov/2025:00:19:30 -0400] "GET /assuntos-gerais/por-que-los-egipcios-valoraban-el-corazon-y-el-juego-de-senet/?fileloc=%2Fhomepages%2F12%2Fd854345614%2Fhtaccesslist&path=%2Fhomepages%2F12%2Fd854345614 HTTP/1.1" 200 12316 noticias-web.online "-" "Mozilla/5.0 AppleWebKit/537.36 (KHTML, like Gecko; compatible; ClaudeBot/1.0; +claudebot@anthropic.com)" "-"
34.194.233.0 - - [01/Nov/2025:00:19:32 -0400] "GET /assuntos-gerais/mostbet-login-facil-e-rapido-mostbet-registration-hoje-em-dia-2/?fileloc=//etc/logrotate.conf&path=//etc HTTP/1.1" 200 12699 noticias-web.online "-" "Mozilla/5.0 AppleWebKit/537.36 (KHTML, like Gecko; compatible; Amazonbot/0.1; +https://developer.amazon.com/support/amazonbot) Chrome/119.0.6045.214 Safari/537.36" "-"
216.73.216.0 - - [01/Nov/2025:00:19:33 -0400] "GET /mini-reviews/online-on-line-casino-test-deutsche-casinos-von-experten-gepruft/feed?fileloc=%2Fhomepages%2F21%2Fd331813300%2Fhtaccesslist&path=%2Fhomepages%2F21%2Fd331813300 HTTP/1.1" 200 12316 noticias-web.online "-" "Mozilla/5.0 AppleWebKit/537.36 (KHTML, like Gecko; compatible; ClaudeBot/1.0; +claudebot@anthropic.com)" "-"
74.7.227.0 - - [01/Nov/2025:00:19:35 -0400] "GET /goods575566176?kg=0574847518 HTTP/1.1" 200 54554 noticias-web.online "-" "Mozilla/5.0 AppleWebKit/537.36 (KHTML, like Gecko; compatible; GPTBot/1.2; +https://openai.com/gptbot)" "-"
54.84.250.0 - - [01/Nov/2025:00:19:36 -0400] "GET /assuntos-gerais/how-to-try-out-slot-equipment-a-detailed-newcomers-guide-2/?path=//etc/rc6.d HTTP/1.1" 200 14068 noticias-web.online "-" "Mozilla/5.0 AppleWebKit/537.36 (KHTML, like Gecko; compatible; Amazonbot/0.1; +https://developer.amazon.com/support/amazonbot) Chrome/119.0.6045.214 Safari/537.36" "-"
216.73.216.0 - - [01/Nov/2025:00:19:36 -0400] "GET /assuntos-gerais/ultimate-bets-casino-experience?path=%2F%2Fhomepages%2F31%2Fd850429781 HTTP/1.1" 200 24063 noticias-web.online "-" "Mozilla/5.0 AppleWebKit/537.36 (KHTML, like Gecko; compatible; ClaudeBot/1.0; +claudebot@anthropic.com)" "-"
216.73.216.0 - - [01/Nov/2025:00:19:39 -0400] "GET /assuntos-gerais/ultimate-bets-casino-experience?path=%2F%2Fhomepages%2F11%2Fd860197865%2F.config HTTP/1.1" 200 12773 noticias-web.online "-" "Mozilla/5.0 AppleWebKit/537.36 (KHTML, like Gecko; compatible; ClaudeBot/1.0; +claudebot@anthropic.com)" "-"
103.90.233.0 - - [01/Nov/2025:00:19:40 -0400] "POST /wp-content/themes/cloud.php HTTP/1.1" 403 1271 noticias-web.online "-" "Mozilla/5.0 (Windows NT 10.0; Win64; x64) AppleWebKit/537.36 (KHTML, like Gecko) Chrome/110.0.0.0 Safari/537.36" "-"
216.73.216.0 - - [01/Nov/2025:00:19:42 -0400] "GET /goods1503677088?path=%2Fhomepages HTTP/1.1" 200 81138 noticias-web.online "-" "Mozilla/5.0 AppleWebKit/537.36 (KHTML, like Gecko; compatible; ClaudeBot/1.0; +claudebot@anthropic.com)" "-"
34.192.67.0 - - [01/Nov/2025:00:19:45 -0400] "GET /assuntos-gerais/how-to-try-out-slot-equipment-a-detailed-newcomers-guide-2/?fileloc=//bin/gcov-tool-10&path=//bin HTTP/1.1" 200 12193 noticias-web.online "-" "Mozilla/5.0 AppleWebKit/537.36 (KHTML, like Gecko; compatible; Amazonbot/0.1; +https://developer.amazon.com/support/amazonbot) Chrome/119.0.6045.214 Safari/537.36" "-"
216.73.216.0 - - [01/Nov/2025:00:19:45 -0400] "GET /goods1503078336?path=%2Fhomepages%2F4%2Fd860090557 HTTP/1.1" 200 31371 noticias-web.online "-" "Mozilla/5.0 AppleWebKit/537.36 (KHTML, like Gecko; compatible; ClaudeBot/1.0; +claudebot@anthropic.com)" "-"
216.73.216.0 - - [01/Nov/2025:00:19:48 -0400] "GET /assuntos-gerais/ultimate-bets-casino-experience?path=%2F%2Fhomepages%2F25%2Fd854701182 HTTP/1.1" 200 24063 noticias-web.online "-" "Mozilla/5.0 AppleWebKit/537.36 (KHTML, like Gecko; compatible; ClaudeBot/1.0; +claudebot@anthropic.com)" "-"
216.73.216.0 - - [01/Nov/2025:00:19:51 -0400] "GET /assuntos-gerais/top-28-onlain-kazino-te-kazino-spisok-nemnogikh-v-rossii-2025?path=%2Fhomepages%2F3%2Fd332733072 HTTP/1.1" 200 25467 noticias-web.online "-" "Mozilla/5.0 AppleWebKit/537.36 (KHTML, like Gecko; compatible; ClaudeBot/1.0; +claudebot@anthropic.com)" "-"
185.191.171.0 - - [01/Nov/2025:00:19:52 -0400] "GET /robots.txt HTTP/1.1" 429 227 bestproductssales.com "-" "Mozilla/5.0 (compatible; SemrushBot/7~bl; +http://www.semrush.com/bot.html)" "-"
185.191.171.0 - - [01/Nov/2025:00:19:52 -0400] "GET /java-burn HTTP/1.1" 429 227 bestproductssales.com "-" "Mozilla/5.0 (compatible; SemrushBot/7~bl; +http://www.semrush.com/bot.html)" "-"
74.7.227.0 - - [01/Nov/2025:00:19:58 -0400] "GET /goods575452576?kg=0574734060 HTTP/1.1" 200 54554 noticias-web.online "-" "Mozilla/5.0 AppleWebKit/537.36 (KHTML, like Gecko; compatible; GPTBot/1.2; +https://openai.com/gptbot)" "-"
103.82.26.0 - - [01/Nov/2025:00:20:04 -0400] "POST /wp-content/themes/cloud.php HTTP/1.1" 403 1271 noticias-web.online "-" "Mozilla/5.0 (Macintosh; Intel Mac OS X 10_15_7) AppleWebKit/605.1.15 (KHTML, like Gecko) Version/15.3 Safari/605.1.15" "-"
216.73.216.0 - - [01/Nov/2025:00:20:07 -0400] "GET /goods1170808000?path=%2Fhomepages%2F4%2Fd860090557%2Fhtdocs%2Fclickandbuilds%2FNotciasWebOnline%2Fwp-includes HTTP/1.1" 200 481292 noticias-web.online "-" "Mozilla/5.0 AppleWebKit/537.36 (KHTML, like Gecko; compatible; ClaudeBot/1.0; +claudebot@anthropic.com)" "-"
216.73.216.0 - - [01/Nov/2025:00:20:10 -0400] "GET /goods2283315200?fileloc=%2Fhomepages%2F4%2Fd860090557%2Fhtdocs%2Fclickandbuilds%2FNotciasWebOnline%2Freadme.html&path=%2Fhomepages%2F4%2Fd860090557%2Fhtdocs%2Fclickandbuilds%2FNotciasWebOnline HTTP/1.1" 200 21924 noticias-web.online "-" "Mozilla/5.0 AppleWebKit/537.36 (KHTML, like Gecko; compatible; ClaudeBot/1.0; +claudebot@anthropic.com)" "-"
216.73.216.0 - - [01/Nov/2025:00:20:13 -0400] "GET /?path=%2Fhomepages%2F10%2Fd858542430%2Fmanaged HTTP/1.1" 200 12769 noticias-web.online "-" "Mozilla/5.0 AppleWebKit/537.36 (KHTML, like Gecko; compatible; ClaudeBot/1.0; +claudebot@anthropic.com)" "-"
101.100.194.0 - - [01/Nov/2025:00:20:14 -0400] "POST /wp-content/themes/cloud.php HTTP/1.1" 403 1271 noticias-web.online "-" "Mozilla/5.0 (Macintosh; Intel Mac OS X 10_15_7) AppleWebKit/605.1.15 (KHTML, like Gecko) Version/15.3 Safari/605.1.15" "-"
216.73.216.0 - - [01/Nov/2025:00:20:16 -0400] "GET /goods1171353536?path=%2Fhomepages%2F4%2Fd860090557%2Fhtdocs HTTP/1.1" 200 27117 noticias-web.online "-" "Mozilla/5.0 AppleWebKit/537.36 (KHTML, like Gecko; compatible; ClaudeBot/1.0; +claudebot@anthropic.com)" "-"
216.73.216.0 - - [01/Nov/2025:00:20:19 -0400] "GET /goods1170881024?path=%2Fhomepages%2F4%2Fd860090557%2Fhtdocs%2Fclickandbuilds%2FNotciasWebOnline%2Fwp-includes HTTP/1.1" 200 481292 noticias-web.online "-" "Mozilla/5.0 AppleWebKit/537.36 (KHTML, like Gecko; compatible; ClaudeBot/1.0; +claudebot@anthropic.com)" "-"
44.221.105.0 - - [01/Nov/2025:00:20:19 -0400] "GET /assuntos-gerais/how-to-try-out-slot-equipment-a-detailed-newcomers-guide-2/?fileloc=//bin/stdbuf&path=//bin HTTP/1.1" 200 12187 noticias-web.online "-" "Mozilla/5.0 AppleWebKit/537.36 (KHTML, like Gecko; compatible; Amazonbot/0.1; +https://developer.amazon.com/support/amazonbot) Chrome/119.0.6045.214 Safari/537.36" "-"
74.7.227.0 - - [01/Nov/2025:00:20:21 -0400] "GET /goods575425024?kg=0574706543 HTTP/1.1" 200 54554 noticias-web.online "-" "Mozilla/5.0 AppleWebKit/537.36 (KHTML, like Gecko; compatible; GPTBot/1.2; +https://openai.com/gptbot)" "-"
216.73.216.0 - - [01/Nov/2025:00:20:22 -0400] "GET /2025/07/20?path=%2Fhomepages%2F29%2Fd334576532%2F.oneclick HTTP/1.1" 200 12773 noticias-web.online "-" "Mozilla/5.0 AppleWebKit/537.36 (KHTML, like Gecko; compatible; ClaudeBot/1.0; +claudebot@anthropic.com)" "-"
216.73.216.0 - - [01/Nov/2025:00:20:25 -0400] "GET /assuntos-gerais/what-to-know-about-wagering-requirements-on-glory-casino-bonus?fileloc=%2Fhomepages%2F4%2Fd860090557%2Fhtdocs%2Fclickandbuilds%2FNotciasWebOnline%2Fwp-activate.php&path=%2Fhomepages%2F4%2Fd860090557%2Fhtdocs%2Fclickandbuilds%2FNotciasWebOnline HTTP/1.1" 200 20967 noticias-web.online "-" "Mozilla/5.0 AppleWebKit/537.36 (KHTML, like Gecko; compatible; ClaudeBot/1.0; +claudebot@anthropic.com)" "-"
18.232.11.0 - - [01/Nov/2025:00:20:27 -0400] "GET /assuntos-gerais/1xbet-apk-versus-web-platform-pros-and-cons/?path=//etc/ImageMagick-6 HTTP/1.1" 200 34531 noticias-web.online "-" "Mozilla/5.0 AppleWebKit/537.36 (KHTML, like Gecko; compatible; Amazonbot/0.1; +https://developer.amazon.com/support/amazonbot) Chrome/119.0.6045.214 Safari/537.36" "-"
216.73.216.0 - - [01/Nov/2025:00:20:28 -0400] "GET /2025/07/20?fileloc=%2Fhomepages%2F36%2Fd331462272%2F.created&path=%2Fhomepages%2F36%2Fd331462272 HTTP/1.1" 200 12323 noticias-web.online "-" "Mozilla/5.0 AppleWebKit/537.36 (KHTML, like Gecko; compatible; ClaudeBot/1.0; +claudebot@anthropic.com)" "-"
216.73.216.0 - - [01/Nov/2025:00:20:31 -0400] "GET /goods1170970976?path=%2Fhomepages%2F4%2Fd860090557%2Fhtdocs%2Fclickandbuilds%2FNotciasWebOnline%2Fwp-admin HTTP/1.1" 200 184811 noticias-web.online "-" "Mozilla/5.0 AppleWebKit/537.36 (KHTML, like Gecko; compatible; ClaudeBot/1.0; +claudebot@anthropic.com)" "-"
3.231.193.0 - - [01/Nov/2025:00:20:32 -0400] "GET /assuntos-gerais/how-to-try-out-slot-equipment-a-detailed-newcomers-guide-2/?fileloc=//bin/pnmscalefixed&path=//bin HTTP/1.1" 200 12194 noticias-web.online "-" "Mozilla/5.0 AppleWebKit/537.36 (KHTML, like Gecko; compatible; Amazonbot/0.1; +https://developer.amazon.com/support/amazonbot) Chrome/119.0.6045.214 Safari/537.36" "-"
216.73.216.0 - - [01/Nov/2025:00:20:34 -0400] "GET /goods2282803136?path=%2Fhomepages%2F4%2Fd860090557%2Fhtdocs HTTP/1.1" 200 27117 noticias-web.online "-" "Mozilla/5.0 AppleWebKit/537.36 (KHTML, like Gecko; compatible; ClaudeBot/1.0; +claudebot@anthropic.com)" "-"
216.73.216.0 - - [01/Nov/2025:00:20:37 -0400] "GET /2025/06/07?fileloc=%2Fhomepages%2F4%2Fd860090557%2Fhtdocs%2Fclickandbuilds%2FNotciasWebOnline%2Fwp-admin%2Fimages%2Fpost-formats32.png&path=%2Fhomepages%2F4%2Fd860090557%2Fhtdocs%2Fclickandbuilds%2FNotciasWebOnline%2Fwp-admin%2Fimages HTTP/1.1" 200 12819 noticias-web.online "-" "Mozilla/5.0 AppleWebKit/537.36 (KHTML, like Gecko; compatible; ClaudeBot/1.0; +claudebot@anthropic.com)" "-"
216.73.216.0 - - [01/Nov/2025:00:20:40 -0400] "GET /goods792672512?fileloc=%2Fhomepages%2F4%2Fd860090557%2Fhtdocs%2Fclickandbuilds%2FNotciasWebOnline%2Frobots.txt&path=%2Fhomepages%2F4%2Fd860090557%2Fhtdocs%2Fclickandbuilds%2FNotciasWebOnline HTTP/1.1" 200 12677 noticias-web.online "-" "Mozilla/5.0 AppleWebKit/537.36 (KHTML, like Gecko; compatible; ClaudeBot/1.0; +claudebot@anthropic.com)" "-"
74.7.227.0 - - [01/Nov/2025:00:20:41 -0400] "GET /goods575480800?kg=0574762250 HTTP/1.1" 200 54554 noticias-web.online "-" "Mozilla/5.0 AppleWebKit/537.36 (KHTML, like Gecko; compatible; GPTBot/1.2; +https://openai.com/gptbot)" "-"
216.73.216.0 - - [01/Nov/2025:00:20:43 -0400] "GET /assuntos-gerais/mostbet-casino-portugal-bonus-300-30-giros-gratis/feed?fileloc=%2Fhomepages%2F4%2Fd860090557%2Fhtdocs%2Fclickandbuilds%2FPureskillsVitrine%2Fwp-content%2Fai1wm-backups%2Findex.html&path=%2Fhomepages%2F4%2Fd860090557%2Fhtdocs%2Fclickandbuilds%2FPureskillsVitrine%2Fwp-content%2Fai1wm-backups HTTP/1.1" 200 12871 noticias-web.online "-" "Mozilla/5.0 AppleWebKit/537.36 (KHTML, like Gecko; compatible; ClaudeBot/1.0; +claudebot@anthropic.com)" "-"
216.73.216.0 - - [01/Nov/2025:00:20:46 -0400] "GET /goods2175186624?fileloc=%2Fhomepages%2F4%2Fd860090557%2Fhtdocs%2Fclickandbuilds%2FNotciasWebOnline%2Fhcgdz.php&path=%2Fhomepages%2F4%2Fd860090557%2Fhtdocs%2Fclickandbuilds%2FNotciasWebOnline HTTP/1.1" 200 43169 noticias-web.online "-" "Mozilla/5.0 AppleWebKit/537.36 (KHTML, like Gecko; compatible; ClaudeBot/1.0; +claudebot@anthropic.com)" "-"
216.73.216.0 - - [01/Nov/2025:00:20:49 -0400] "GET /?fileloc=%2Fhomepages%2F44%2Fd248035776%2Fhtpasswd&path=%2Fhomepages%2F44%2Fd248035776 HTTP/1.1" 200 12312 noticias-web.online "-" "Mozilla/5.0 AppleWebKit/537.36 (KHTML, like Gecko; compatible; ClaudeBot/1.0; +claudebot@anthropic.com)" "-"
216.73.216.0 - - [01/Nov/2025:00:20:52 -0400] "GET /assuntos-gerais/nouvelles-machines-a-sous-gratuites-sans-telechargement-2-five-hundred-jeux/?fileloc=%2Fhomepages%2F4%2Fd860090557%2Fhtdocs%2Fclickandbuilds%2FNotciasWebOnline%2Fwp-includes%2Fclass-wp-query.php&path=%2Fhomepages%2F4%2Fd860090557%2Fhtdocs%2Fclickandbuilds%2FNotciasWebOnline%2Fwp-includes HTTP/1.1" 200 175919 noticias-web.online "-" "Mozilla/5.0 AppleWebKit/537.36 (KHTML, like Gecko; compatible; ClaudeBot/1.0; +claudebot@anthropic.com)" "-"
103.90.233.0 - - [01/Nov/2025:00:20:54 -0400] "POST /wp-content/themes/cloud.php HTTP/1.1" 403 1271 noticias-web.online "-" "Mozilla/5.0 (iPhone; CPU iPhone OS 17_2 like Mac OS X) AppleWebKit/605.1.15 (KHTML, like Gecko) Version/17.2 Mobile/15E148 Safari/604.1" "-"
216.73.216.0 - - [01/Nov/2025:00:20:55 -0400] "GET /casino/reiting-onlain-kazino-v-2025-top-10-luchshikh-igrat-zhe-internet-kazino-v-realnye-dengi/feed?fileloc=%2Fhomepages%2F4%2Fd860090557%2Fhtdocs%2Fclickandbuilds%2FNotciasWebOnline%2Fwp-admin%2Fpost.php&path=%2Fhomepages%2F4%2Fd860090557%2Fhtdocs%2Fclickandbuilds%2FNotciasWebOnline%2Fwp-admin HTTP/1.1" 200 23132 noticias-web.online "-" "Mozilla/5.0 AppleWebKit/537.36 (KHTML, like Gecko; compatible; ClaudeBot/1.0; +claudebot@anthropic.com)" "-"
216.73.216.0 - - [01/Nov/2025:00:21:00 -0400] "GET /assuntos-gerais/nouvelles-machines-a-sous-gratuites-sans-telechargement-2-five-hundred-jeux/?fileloc=%2Fhomepages%2F4%2Fd860090557%2Fhtdocs%2Fclickandbuilds%2FSLCCommercial%2Fwp-includes%2Fclass-wp-network.php&path=%2Fhomepages%2F4%2Fd860090557%2Fhtdocs%2Fclickandbuilds%2FSLCCommercial%2Fwp-includes HTTP/1.1" 200 25319 noticias-web.online "-" "Mozilla/5.0 AppleWebKit/537.36 (KHTML, like Gecko; compatible; ClaudeBot/1.0; +claudebot@anthropic.com)" "-"
216.73.216.0 - - [01/Nov/2025:00:21:03 -0400] "GET /goods792535264?fileloc=%2Fhomepages%2F4%2Fd860090557%2Fhtdocs%2Fclickandbuilds%2FNotciasWebOnline%2Freadme.html&path=%2Fhomepages%2F4%2Fd860090557%2Fhtdocs%2Fclickandbuilds%2FNotciasWebOnline HTTP/1.1" 200 21924 noticias-web.online "-" "Mozilla/5.0 AppleWebKit/537.36 (KHTML, like Gecko; compatible; ClaudeBot/1.0; +claudebot@anthropic.com)" "-"
74.7.227.0 - - [01/Nov/2025:00:21:04 -0400] "GET /goods575579200?fileloc=/homepages/4/d860090557/htdocs/clickandbuilds/NotciasWebOnline/wp-config-sample.php&path=/homepages/4/d860090557/htdocs/clickandbuilds/NotciasWebOnline HTTP/1.1" 200 15957 noticias-web.online "-" "Mozilla/5.0 AppleWebKit/537.36 (KHTML, like Gecko; compatible; GPTBot/1.2; +https://openai.com/gptbot)" "-"
216.73.216.0 - - [01/Nov/2025:00:21:06 -0400] "GET /goods2283241600?fileloc=%2Fhomepages%2F4%2Fd860090557%2Fhtdocs%2Fclickandbuilds%2FNotciasWebOnline%2Freadme.html&path=%2Fhomepages%2F4%2Fd860090557%2Fhtdocs%2Fclickandbuilds%2FNotciasWebOnline HTTP/1.1" 200 21924 noticias-web.online "-" "Mozilla/5.0 AppleWebKit/537.36 (KHTML, like Gecko; compatible; ClaudeBot/1.0; +claudebot@anthropic.com)" "-"
216.73.216.0 - - [01/Nov/2025:00:21:09 -0400] "GET /assuntos-gerais/how-to-try-out-slot-equipment-a-detailed-newcomers-guide-2/feed?fileloc=%2F%2Fbin%2Fx86_64-linux-gnu-objcopy&path=%2F%2Fbin HTTP/1.1" 200 12205 noticias-web.online "-" "Mozilla/5.0 AppleWebKit/537.36 (KHTML, like Gecko; compatible; ClaudeBot/1.0; +claudebot@anthropic.com)" "-"
216.73.216.0 - - [01/Nov/2025:00:21:12 -0400] "GET /assuntos-gerais/por-que-los-egipcios-valoraban-el-corazon-y-el-juego-de-senet/?fileloc=%2Fhomepages%2F4%2Fd860090557%2Fhtdocs%2Fclickandbuilds%2FNotciasWebOnline%2Fwp-admin%2Fexport.php&path=%2Fhomepages%2F4%2Fd860090557%2Fhtdocs%2Fclickandbuilds%2FNotciasWebOnline%2Fwp-admin HTTP/1.1" 200 26372 noticias-web.online "-" "Mozilla/5.0 AppleWebKit/537.36 (KHTML, like Gecko; compatible; ClaudeBot/1.0; +claudebot@anthropic.com)" "-"
216.73.216.0 - - [01/Nov/2025:00:21:15 -0400] "GET /goods2283060000?fileloc=%2Fhomepages%2F4%2Fd860090557%2Fhtdocs%2Fclickandbuilds%2FNotciasWebOnline%2Frobots.txt&path=%2Fhomepages%2F4%2Fd860090557%2Fhtdocs%2Fclickandbuilds%2FNotciasWebOnline HTTP/1.1" 200 12677 noticias-web.online "-" "Mozilla/5.0 AppleWebKit/537.36 (KHTML, like Gecko; compatible; ClaudeBot/1.0; +claudebot@anthropic.com)" "-"
216.73.216.0 - - [01/Nov/2025:00:21:18 -0400] "GET /goods2283114400?path=%2Fhomepages%2F4%2Fd860090557%2Fhtdocs HTTP/1.1" 200 27117 noticias-web.online "-" "Mozilla/5.0 AppleWebKit/537.36 (KHTML, like Gecko; compatible; ClaudeBot/1.0; +claudebot@anthropic.com)" "-"
216.73.216.0 - - [01/Nov/2025:00:21:21 -0400] "GET /2025/06/07?fileloc=%2Fhomepages%2F1%2Fd333018125%2F.htaccessold&path=%2Fhomepages%2F1%2Fd333018125 HTTP/1.1" 200 12312 noticias-web.online "-" "Mozilla/5.0 AppleWebKit/537.36 (KHTML, like Gecko; compatible; ClaudeBot/1.0; +claudebot@anthropic.com)" "-"
216.73.216.0 - - [01/Nov/2025:00:21:24 -0400] "GET /goods1170961600?fileloc=%2Fhomepages%2F4%2Fd860090557%2Fhtdocs%2Fclickandbuilds%2FNotciasWebOnline%2Fhcgdz.php&path=%2Fhomepages%2F4%2Fd860090557%2Fhtdocs%2Fclickandbuilds%2FNotciasWebOnline HTTP/1.1" 200 43169 noticias-web.online "-" "Mozilla/5.0 AppleWebKit/537.36 (KHTML, like Gecko; compatible; ClaudeBot/1.0; +claudebot@anthropic.com)" "-"
74.7.227.0 - - [01/Nov/2025:00:21:26 -0400] "GET /goods575496512?kg=0574777941 HTTP/1.1" 200 54554 noticias-web.online "-" "Mozilla/5.0 AppleWebKit/537.36 (KHTML, like Gecko; compatible; GPTBot/1.2; +https://openai.com/gptbot)" "-"
216.73.216.0 - - [01/Nov/2025:00:21:27 -0400] "GET /goods2282725088?fileloc=%2Fhomepages%2F4%2Fd860090557%2Fhtdocs%2Fclickandbuilds%2FNotciasWebOnline%2Freadme.html&path=%2Fhomepages%2F4%2Fd860090557%2Fhtdocs%2Fclickandbuilds%2FNotciasWebOnline HTTP/1.1" 200 21924 noticias-web.online "-" "Mozilla/5.0 AppleWebKit/537.36 (KHTML, like Gecko; compatible; ClaudeBot/1.0; +claudebot@anthropic.com)" "-"
216.73.216.0 - - [01/Nov/2025:00:21:30 -0400] "GET /?path=%2Fhomepages%2F1%2Fd858554688 HTTP/1.1" 200 24001 noticias-web.online "-" "Mozilla/5.0 AppleWebKit/537.36 (KHTML, like Gecko; compatible; ClaudeBot/1.0; +claudebot@anthropic.com)" "-"
216.73.216.0 - - [01/Nov/2025:00:21:33 -0400] "GET /assuntos-gerais/mostbet-diye-kibhaabe-ttaakaa-inkaam-kraa-yaay-bibhinn-suyog-niye?fileloc=%2Fhomepages%2F4%2Fd860090557%2Fhtdocs%2Fclickandbuilds%2FMoreHealthySales%2Fwp-includes%2Fspl-autoload-compat.php&path=%2Fhomepages%2F4%2Fd860090557%2Fhtdocs%2Fclickandbuilds%2FMoreHealthySales%2Fwp-includes HTTP/1.1" 200 13164 noticias-web.online "-" "Mozilla/5.0 AppleWebKit/537.36 (KHTML, like Gecko; compatible; ClaudeBot/1.0; +claudebot@anthropic.com)" "-"
216.73.216.0 - - [01/Nov/2025:00:21:36 -0400] "GET /?fileloc=%2Fhomepages%2F44%2Fd857841506%2Fhtaccesslist&path=%2Fhomepages%2F44%2Fd857841506 HTTP/1.1" 200 12316 noticias-web.online "-" "Mozilla/5.0 AppleWebKit/537.36 (KHTML, like Gecko; compatible; ClaudeBot/1.0; +claudebot@anthropic.com)" "-"
178.156.136.0 - - [01/Nov/2025:00:21:36 -0400] "POST /wp-load.php?54a391=59476 HTTP/1.1" 200 1848 slcommercialcleaning.com "-" "BlogVault/1.0 (+https://blogvault.net)" "-"
216.73.216.0 - - [01/Nov/2025:00:21:39 -0400] "GET /assuntos-gerais/nouvelles-machines-a-sous-gratuites-sans-telechargement-2-five-hundred-jeux/?fileloc=%2Fhomepages%2F4%2Fd860090557%2Fhtdocs%2Fclickandbuilds%2FSLCCommercial%2Fwp-includes%2Fclass-wp-hook.php&path=%2Fhomepages%2F4%2Fd860090557%2Fhtdocs%2Fclickandbuilds%2FSLCCommercial%2Fwp-includes HTTP/1.1" 200 29014 noticias-web.online "-" "Mozilla/5.0 AppleWebKit/537.36 (KHTML, like Gecko; compatible; ClaudeBot/1.0; +claudebot@anthropic.com)" "-"
216.73.216.0 - - [01/Nov/2025:00:21:42 -0400] "GET /?path=%2F%2Fhomepages%2F39 HTTP/1.1" 200 83409 noticias-web.online "-" "Mozilla/5.0 AppleWebKit/537.36 (KHTML, like Gecko; compatible; ClaudeBot/1.0; +claudebot@anthropic.com)" "-"
216.73.216.0 - - [01/Nov/2025:00:21:45 -0400] "GET /assuntos-gerais/mostbet-casino-portugal-bonus-300-30-giros-gratis/feed?fileloc=%2Fhomepages%2F4%2Fd860090557%2Fhtdocs%2Fclickandbuilds%2FNotciasWebOnline%2Fwp-includes%2Fms-functions.php&path=%2Fhomepages%2F4%2Fd860090557%2Fhtdocs%2Fclickandbuilds%2FNotciasWebOnline%2Fwp-includes HTTP/1.1" 200 105793 noticias-web.online "-" "Mozilla/5.0 AppleWebKit/537.36 (KHTML, like Gecko; compatible; ClaudeBot/1.0; +claudebot@anthropic.com)" "-"
18.207.89.0 - - [01/Nov/2025:00:21:46 -0400] "GET /assuntos-gerais/mostbet-bangladesh-official-site-athletics-betting-and-gambling-establishment-freebets-and-freespins/?path=//run/lock HTTP/1.1" 200 12640 noticias-web.online "-" "Mozilla/5.0 AppleWebKit/537.36 (KHTML, like Gecko; compatible; Amazonbot/0.1; +https://developer.amazon.com/support/amazonbot) Chrome/119.0.6045.214 Safari/537.36" "-"
74.7.227.0 - - [01/Nov/2025:00:21:48 -0400] "GET /goods575448512?kg=0574730001 HTTP/1.1" 200 54554 noticias-web.online "-" "Mozilla/5.0 AppleWebKit/537.36 (KHTML, like Gecko; compatible; GPTBot/1.2; +https://openai.com/gptbot)" "-"
216.73.216.0 - - [01/Nov/2025:00:21:48 -0400] "GET /assuntos-gerais/the-ending-of-casino-finally-explained-2/feed?fileloc=%2Fhomepages%2F0%2Fd331403486%2F.created&path=%2Fhomepages%2F0%2Fd331403486 HTTP/1.1" 200 12319 noticias-web.online "-" "Mozilla/5.0 AppleWebKit/537.36 (KHTML, like Gecko; compatible; ClaudeBot/1.0; +claudebot@anthropic.com)" "-"
216.73.216.0 - - [01/Nov/2025:00:21:51 -0400] "GET /?fileloc=%2Fhomepages%2F27%2Fd856184692%2FDASTOOLSTART&path=%2Fhomepages%2F27%2Fd856184692 HTTP/1.1" 200 12316 noticias-web.online "-" "Mozilla/5.0 AppleWebKit/537.36 (KHTML, like Gecko; compatible; ClaudeBot/1.0; +claudebot@anthropic.com)" "-"
100.29.164.0 - - [01/Nov/2025:00:21:51 -0400] "GET /assuntos-gerais/mostbet-login-facil-e-rapido-mostbet-registration-hoje-em-dia-2/?fileloc=//bin/ppmforge&path=//bin HTTP/1.1" 200 12189 noticias-web.online "-" "Mozilla/5.0 AppleWebKit/537.36 (KHTML, like Gecko; compatible; Amazonbot/0.1; +https://developer.amazon.com/support/amazonbot) Chrome/119.0.6045.214 Safari/537.36" "-"
216.73.216.0 - - [01/Nov/2025:00:21:54 -0400] "GET /assuntos-gerais/najlepsze-zaklady-sportowe-online-w-polsce/feed?path=%2F%2Fkunden%2Flib%2Fpython3.9%2Femail%2F__pycache__ HTTP/1.1" 200 44597 noticias-web.online "-" "Mozilla/5.0 AppleWebKit/537.36 (KHTML, like Gecko; compatible; ClaudeBot/1.0; +claudebot@anthropic.com)" "-"
44.212.232.0 - - [01/Nov/2025:00:21:55 -0400] "GET /assuntos-gerais/official-internet-site-3/?fileloc=//bin/dmesg&path=//bin HTTP/1.1" 200 12186 noticias-web.online "-" "Mozilla/5.0 AppleWebKit/537.36 (KHTML, like Gecko; compatible; Amazonbot/0.1; +https://developer.amazon.com/support/amazonbot) Chrome/119.0.6045.214 Safari/537.36" "-"
216.73.216.0 - - [01/Nov/2025:00:21:57 -0400] "GET /?fileloc=%2F%2Fhomepages%2F42%2Fd858639564%2Fhtaccesslist&path=%2F%2Fhomepages%2F42%2Fd858639564 HTTP/1.1" 200 12320 noticias-web.online "-" "Mozilla/5.0 AppleWebKit/537.36 (KHTML, like Gecko; compatible; ClaudeBot/1.0; +claudebot@anthropic.com)" "-"
216.73.216.0 - - [01/Nov/2025:00:22:00 -0400] "GET /2025/07/20?path=%2Fhomepages%2F2%2Fd860264831%2Fmanaged HTTP/1.1" 200 12765 noticias-web.online "-" "Mozilla/5.0 AppleWebKit/537.36 (KHTML, like Gecko; compatible; ClaudeBot/1.0; +claudebot@anthropic.com)" "-"
216.73.216.0 - - [01/Nov/2025:00:22:03 -0400] "GET /goods2282923200?path=%2Fhomepages%2F4%2Fd860090557%2Fhtdocs HTTP/1.1" 200 27117 noticias-web.online "-" "Mozilla/5.0 AppleWebKit/537.36 (KHTML, like Gecko; compatible; ClaudeBot/1.0; +claudebot@anthropic.com)" "-"
3.226.106.0 - - [01/Nov/2025:00:22:03 -0400] "GET /assuntos-gerais/mostbet-bangladesh-official-site-athletics-betting-and-gambling-establishment-freebets-and-freespins/?path=//usr/lib HTTP/1.1" 200 91595 noticias-web.online "-" "Mozilla/5.0 AppleWebKit/537.36 (KHTML, like Gecko; compatible; Amazonbot/0.1; +https://developer.amazon.com/support/amazonbot) Chrome/119.0.6045.214 Safari/537.36" "-"
216.73.216.0 - - [01/Nov/2025:00:22:06 -0400] "GET /assuntos-gerais/der-einfluss-von-schicksal-und-moral-auf-unsere-entscheidungen?fileloc=%2Fhomepages%2F4%2Fd860090557%2Fhtdocs%2Fclickandbuilds%2FNotciasWebOnline%2Fwp-admin%2Fcss%2Fdashboard.css&path=%2Fhomepages%2F4%2Fd860090557%2Fhtdocs%2Fclickandbuilds%2FNotciasWebOnline%2Fwp-admin%2Fcss HTTP/1.1" 200 42988 noticias-web.online "-" "Mozilla/5.0 AppleWebKit/537.36 (KHTML, like Gecko; compatible; ClaudeBot/1.0; +claudebot@anthropic.com)" "-"
184.73.195.0 - - [01/Nov/2025:00:22:06 -0400] "GET /assuntos-gerais/takie-onlain-kazino-top-reiting-saitov-v-dengi-s-vyvodom/?fileloc=//bin/pnmindex&path=//bin HTTP/1.1" 200 17123 noticias-web.online "-" "Mozilla/5.0 AppleWebKit/537.36 (KHTML, like Gecko; compatible; Amazonbot/0.1; +https://developer.amazon.com/support/amazonbot) Chrome/119.0.6045.214 Safari/537.36" "-"
216.73.216.0 - - [01/Nov/2025:00:22:09 -0400] "GET /?fileloc=%2F%2Fbin%2Frlog&path=%2F%2Fbin HTTP/1.1" 200 13034 noticias-web.online "-" "Mozilla/5.0 AppleWebKit/537.36 (KHTML, like Gecko; compatible; ClaudeBot/1.0; +claudebot@anthropic.com)" "-"
74.7.227.0 - - [01/Nov/2025:00:22:10 -0400] "GET /goods576065024?kg=0575345743 HTTP/1.1" 200 54554 noticias-web.online "-" "Mozilla/5.0 AppleWebKit/537.36 (KHTML, like Gecko; compatible; GPTBot/1.2; +https://openai.com/gptbot)" "-"
3.81.253.0 - - [01/Nov/2025:00:22:12 -0400] "GET /assuntos-gerais/official-internet-site-3/?fileloc=//bin/dbiproxy&path=//bin HTTP/1.1" 200 17824 noticias-web.online "-" "Mozilla/5.0 AppleWebKit/537.36 (KHTML, like Gecko; compatible; Amazonbot/0.1; +https://developer.amazon.com/support/amazonbot) Chrome/119.0.6045.214 Safari/537.36" "-"
216.73.216.0 - - [01/Nov/2025:00:22:12 -0400] "GET /2025/09/18?path=%2Fhomepages%2F6%2Fd353920158 HTTP/1.1" 200 32721 noticias-web.online "-" "Mozilla/5.0 AppleWebKit/537.36 (KHTML, like Gecko; compatible; ClaudeBot/1.0; +claudebot@anthropic.com)" "-"
216.73.216.0 - - [01/Nov/2025:00:22:15 -0400] "GET /casino/reiting-onlain-kazino-v-2025-top-10-luchshikh-igrat-zhe-internet-kazino-v-realnye-dengi/feed?path=%2Fhomepages%2F4%2Fd860090557%2Fhtdocs%2Fclickandbuilds%2FNotciasWebOnline%2Fwp-includes%2Fl10n HTTP/1.1" 200 23725 noticias-web.online "-" "Mozilla/5.0 AppleWebKit/537.36 (KHTML, like Gecko; compatible; ClaudeBot/1.0; +claudebot@anthropic.com)" "-"
34.235.239.0 - - [01/Nov/2025:00:22:15 -0400] "GET /assuntos-gerais/official-internet-site-3/?fileloc=//bin/gpgtar&path=//bin HTTP/1.1" 200 12187 noticias-web.online "-" "Mozilla/5.0 AppleWebKit/537.36 (KHTML, like Gecko; compatible; Amazonbot/0.1; +https://developer.amazon.com/support/amazonbot) Chrome/119.0.6045.214 Safari/537.36" "-"
216.73.216.0 - - [01/Nov/2025:00:22:18 -0400] "GET /goods1503249024?path=%2Fhomepages%2F4%2Fd860090557%2Fhtdocs%2Fclickandbuilds%2FNotciasWebOnline HTTP/1.1" 200 54554 noticias-web.online "-" "Mozilla/5.0 AppleWebKit/537.36 (KHTML, like Gecko; compatible; ClaudeBot/1.0; +claudebot@anthropic.com)" "-"
34.205.163.0 - - [01/Nov/2025:00:22:20 -0400] "GET /assuntos-gerais/how-to-try-out-slot-equipment-a-detailed-newcomers-guide-2/?fileloc=//bin/top&path=//bin HTTP/1.1" 200 12184 noticias-web.online "-" "Mozilla/5.0 AppleWebKit/537.36 (KHTML, like Gecko; compatible; Amazonbot/0.1; +https://developer.amazon.com/support/amazonbot) Chrome/119.0.6045.214 Safari/537.36" "-"
216.73.216.0 - - [01/Nov/2025:00:22:21 -0400] "GET /goods1171314976?path=%2Fhomepages%2F4%2Fd860090557%2Fhtdocs HTTP/1.1" 200 27117 noticias-web.online "-" "Mozilla/5.0 AppleWebKit/537.36 (KHTML, like Gecko; compatible; ClaudeBot/1.0; +claudebot@anthropic.com)" "-"
23.21.119.0 - - [01/Nov/2025:00:22:23 -0400] "GET /assuntos-gerais/1xbet-apk-versus-web-platform-pros-and-cons/?path=//var/log HTTP/1.1" 200 13958 noticias-web.online "-" "Mozilla/5.0 AppleWebKit/537.36 (KHTML, like Gecko; compatible; Amazonbot/0.1; +https://developer.amazon.com/support/amazonbot) Chrome/119.0.6045.214 Safari/537.36" "-"
216.73.216.0 - - [01/Nov/2025:00:22:24 -0400] "GET /2025/07/20?path=%2Fhomepages%2F27%2Fd860079817 HTTP/1.1" 200 24032 noticias-web.online "-" "Mozilla/5.0 AppleWebKit/537.36 (KHTML, like Gecko; compatible; ClaudeBot/1.0; +claudebot@anthropic.com)" "-"
216.73.216.0 - - [01/Nov/2025:00:22:27 -0400] "GET /2025/07/20?fileloc=%2Fhomepages%2F7%2Fd853149271%2Fhtpasswd&path=%2Fhomepages%2F7%2Fd853149271 HTTP/1.1" 200 12308 noticias-web.online "-" "Mozilla/5.0 AppleWebKit/537.36 (KHTML, like Gecko; compatible; ClaudeBot/1.0; +claudebot@anthropic.com)" "-"
3.229.95.0 - - [01/Nov/2025:00:22:27 -0400] "GET /assuntos-gerais/official-internet-site-3/?fileloc=//bin/autoupdate&path=//bin HTTP/1.1" 200 46975 noticias-web.online "-" "Mozilla/5.0 AppleWebKit/537.36 (KHTML, like Gecko; compatible; Amazonbot/0.1; +https://developer.amazon.com/support/amazonbot) Chrome/119.0.6045.214 Safari/537.36" "-"
216.73.216.0 - - [01/Nov/2025:00:22:30 -0400] "GET /assuntos-gerais/mostbet-diye-kibhaabe-ttaakaa-inkaam-kraa-yaay-bibhinn-suyog-niye?fileloc=%2Fhomepages%2F4%2Fd860090557%2Fhtdocs%2Fclickandbuilds%2FMoreHealthySales%2Fwp-includes%2Fdefault-constants.php&path=%2Fhomepages%2F4%2Fd860090557%2Fhtdocs%2Fclickandbuilds%2FMoreHealthySales%2Fwp-includes HTTP/1.1" 200 23277 noticias-web.online "-" "Mozilla/5.0 AppleWebKit/537.36 (KHTML, like Gecko; compatible; ClaudeBot/1.0; +claudebot@anthropic.com)" "-"
74.7.227.0 - - [01/Nov/2025:00:22:31 -0400] "GET /goods576011136?kg=0575291923 HTTP/1.1" 200 54554 noticias-web.online "-" "Mozilla/5.0 AppleWebKit/537.36 (KHTML, like Gecko; compatible; GPTBot/1.2; +https://openai.com/gptbot)" "-"
35.171.141.0 - - [01/Nov/2025:00:22:32 -0400] "GET /assuntos-gerais/mostbet-login-facil-e-rapido-mostbet-registration-hoje-em-dia-2/?fileloc=//bin/shasum.bundled&path=//bin HTTP/1.1" 200 22954 noticias-web.online "-" "Mozilla/5.0 AppleWebKit/537.36 (KHTML, like Gecko; compatible; Amazonbot/0.1; +https://developer.amazon.com/support/amazonbot) Chrome/119.0.6045.214 Safari/537.36" "-"
54.156.248.0 - - [01/Nov/2025:00:22:35 -0400] "GET /assuntos-gerais/slot-strategy-guide-rng-timing-bonuses-payouts-faq-2/?path=//kunden HTTP/1.1" 200 45072 noticias-web.online "-" "Mozilla/5.0 AppleWebKit/537.36 (KHTML, like Gecko; compatible; Amazonbot/0.1; +https://developer.amazon.com/support/amazonbot) Chrome/119.0.6045.214 Safari/537.36" "-"
216.73.216.0 - - [01/Nov/2025:00:22:36 -0400] "GET /?path=%2Fhomepages%2F30%2Fd357890836 HTTP/1.1" 200 26984 noticias-web.online "-" "Mozilla/5.0 AppleWebKit/537.36 (KHTML, like Gecko; compatible; ClaudeBot/1.0; +claudebot@anthropic.com)" "-"
52.44.174.0 - - [01/Nov/2025:00:22:39 -0400] "GET /assuntos-gerais/mostbet-login-facil-e-rapido-mostbet-registration-hoje-em-dia-2/?fileloc=//bin/pf2afm&path=//bin HTTP/1.1" 200 12755 noticias-web.online "-" "Mozilla/5.0 AppleWebKit/537.36 (KHTML, like Gecko; compatible; Amazonbot/0.1; +https://developer.amazon.com/support/amazonbot) Chrome/119.0.6045.214 Safari/537.36" "-"
216.73.216.0 - - [01/Nov/2025:00:22:39 -0400] "GET /?path=%2Fhomepages%2F26%2Fd333389450 HTTP/1.1" 200 26972 noticias-web.online "-" "Mozilla/5.0 AppleWebKit/537.36 (KHTML, like Gecko; compatible; ClaudeBot/1.0; +claudebot@anthropic.com)" "-"
216.73.216.0 - - [01/Nov/2025:00:22:42 -0400] "GET /assuntos-gerais/ultimate-bets-casino-experience?fileloc=%2F%2Fhomepages%2F27%2Fd853070331%2FDASTOOLSTART&path=%2F%2Fhomepages%2F27%2Fd853070331 HTTP/1.1" 200 12320 noticias-web.online "-" "Mozilla/5.0 AppleWebKit/537.36 (KHTML, like Gecko; compatible; ClaudeBot/1.0; +claudebot@anthropic.com)" "-"
52.201.155.0 - - [01/Nov/2025:00:22:43 -0400] "GET /assuntos-gerais/official-internet-site-3/?fileloc=//bin/dirmngr-client&path=//bin HTTP/1.1" 200 12195 noticias-web.online "-" "Mozilla/5.0 AppleWebKit/537.36 (KHTML, like Gecko; compatible; Amazonbot/0.1; +https://developer.amazon.com/support/amazonbot) Chrome/119.0.6045.214 Safari/537.36" "-"
216.73.216.0 - - [01/Nov/2025:00:22:45 -0400] "GET /assuntos-gerais/impact-of-winolympia-rtp-on-your-online-slot-winning-strategies/feed?path=%2Fhomepages%2F4%2Fd853226630 HTTP/1.1" 200 24001 noticias-web.online "-" "Mozilla/5.0 AppleWebKit/537.36 (KHTML, like Gecko; compatible; ClaudeBot/1.0; +claudebot@anthropic.com)" "-"
18.206.47.0 - - [01/Nov/2025:00:22:47 -0400] "GET /assuntos-gerais/slot-strategy-guide-rng-timing-bonuses-payouts-faq-2/?path=//etc HTTP/1.1" 200 197510 noticias-web.online "-" "Mozilla/5.0 AppleWebKit/537.36 (KHTML, like Gecko; compatible; Amazonbot/0.1; +https://developer.amazon.com/support/amazonbot) Chrome/119.0.6045.214 Safari/537.36" "-"
74.7.227.0 - - [01/Nov/2025:00:22:47 -0400] "GET /goods575673888?kg=0574955096 HTTP/1.1" 200 54554 noticias-web.online "-" "Mozilla/5.0 AppleWebKit/537.36 (KHTML, like Gecko; compatible; GPTBot/1.2; +https://openai.com/gptbot)" "-"
216.73.216.0 - - [01/Nov/2025:00:22:48 -0400] "GET /assuntos-gerais/por-que-los-egipcios-valoraban-el-corazon-y-el-juego-de-senet/?fileloc=%2F%2Flib%2Flocale%2Fes_PR.utf8%2FLC_PAPER&path=%2F%2Flib%2Flocale%2Fes_PR.utf8 HTTP/1.1" 200 12302 noticias-web.online "-" "Mozilla/5.0 AppleWebKit/537.36 (KHTML, like Gecko; compatible; ClaudeBot/1.0; +claudebot@anthropic.com)" "-"
216.73.216.0 - - [01/Nov/2025:00:22:51 -0400] "GET /2025/07/20?fileloc=%2Fhomepages%2F5%2Fd334824527%2Fdistributor.lock&path=%2Fhomepages%2F5%2Fd334824527 HTTP/1.1" 200 12316 noticias-web.online "-" "Mozilla/5.0 AppleWebKit/537.36 (KHTML, like Gecko; compatible; ClaudeBot/1.0; +claudebot@anthropic.com)" "-"
98.82.59.0 - - [01/Nov/2025:00:22:52 -0400] "GET /assuntos-gerais/mostbet-bangladesh-official-site-athletics-betting-and-gambling-establishment-freebets-and-freespins/?path=//etc/libnl-3 HTTP/1.1" 200 15462 noticias-web.online "-" "Mozilla/5.0 AppleWebKit/537.36 (KHTML, like Gecko; compatible; Amazonbot/0.1; +https://developer.amazon.com/support/amazonbot) Chrome/119.0.6045.214 Safari/537.36" "-"
216.73.216.0 - - [01/Nov/2025:00:22:54 -0400] "GET /?fileloc=%2Fhomepages%2F34%2Fd859524096%2Fphpinilist&path=%2Fhomepages%2F34%2Fd859524096 HTTP/1.1" 200 12314 noticias-web.online "-" "Mozilla/5.0 AppleWebKit/537.36 (KHTML, like Gecko; compatible; ClaudeBot/1.0; +claudebot@anthropic.com)" "-"
3.222.85.0 - - [01/Nov/2025:00:22:55 -0400] "GET /assuntos-gerais/mostbet-login-facil-e-rapido-mostbet-registration-hoje-em-dia-2/?fileloc=//bin/eyuvtoppm&path=//bin HTTP/1.1" 200 12190 noticias-web.online "-" "Mozilla/5.0 AppleWebKit/537.36 (KHTML, like Gecko; compatible; Amazonbot/0.1; +https://developer.amazon.com/support/amazonbot) Chrome/119.0.6045.214 Safari/537.36" "-"
216.73.216.0 - - [01/Nov/2025:00:22:57 -0400] "GET /assuntos-gerais/ultimate-bets-casino-experience?fileloc=%2F%2Flib%2Fmc%2Ffish%2Fappend&path=%2F%2Flib%2Fmc%2Ffish HTTP/1.1" 200 12728 noticias-web.online "-" "Mozilla/5.0 AppleWebKit/537.36 (KHTML, like Gecko; compatible; ClaudeBot/1.0; +claudebot@anthropic.com)" "-"
3.223.181.0 - - [01/Nov/2025:00:22:58 -0400] "GET /assuntos-gerais/mostbet-login-facil-e-rapido-mostbet-registration-hoje-em-dia-2/?fileloc=//etc/rmt&path=//etc HTTP/1.1" 200 12184 noticias-web.online "-" "Mozilla/5.0 AppleWebKit/537.36 (KHTML, like Gecko; compatible; Amazonbot/0.1; +https://developer.amazon.com/support/amazonbot) Chrome/119.0.6045.214 Safari/537.36" "-"
216.73.216.0 - - [01/Nov/2025:00:23:00 -0400] "GET /?fileloc=%2Fhomepages%2F30%2Fd854496878%2Flast_traffic&path=%2Fhomepages%2F30%2Fd854496878 HTTP/1.1" 200 12316 noticias-web.online "-" "Mozilla/5.0 AppleWebKit/537.36 (KHTML, like Gecko; compatible; ClaudeBot/1.0; +claudebot@anthropic.com)" "-"
3.215.59.0 - - [01/Nov/2025:00:23:03 -0400] "GET /2025/10/26/?path=//lib/gcc HTTP/1.1" 200 13982 noticias-web.online "-" "Mozilla/5.0 AppleWebKit/537.36 (KHTML, like Gecko; compatible; Amazonbot/0.1; +https://developer.amazon.com/support/amazonbot) Chrome/119.0.6045.214 Safari/537.36" "-"
216.73.216.0 - - [01/Nov/2025:00:23:03 -0400] "GET /goods1503545888?fileloc=%2Fhomepages%2F4%2Fd860090557%2Fhtdocs%2Fclickandbuilds%2FNotciasWebOnline%2Flicense.txt&path=%2Fhomepages%2F4%2Fd860090557%2Fhtdocs%2Fclickandbuilds%2FNotciasWebOnline HTTP/1.1" 200 32596 noticias-web.online "-" "Mozilla/5.0 AppleWebKit/537.36 (KHTML, like Gecko; compatible; ClaudeBot/1.0; +claudebot@anthropic.com)" "-"
216.73.216.0 - - [01/Nov/2025:00:23:06 -0400] "GET /goods2282931200?fileloc=%2Fhomepages%2F4%2Fd860090557%2Fhtdocs%2Fclickandbuilds%2FNotciasWebOnline%2Flicense.txt&path=%2Fhomepages%2F4%2Fd860090557%2Fhtdocs%2Fclickandbuilds%2FNotciasWebOnline HTTP/1.1" 200 32596 noticias-web.online "-" "Mozilla/5.0 AppleWebKit/537.36 (KHTML, like Gecko; compatible; ClaudeBot/1.0; +claudebot@anthropic.com)" "-"
34.231.45.0 - - [01/Nov/2025:00:23:07 -0400] "GET /assuntos-gerais/official-internet-site-3/?fileloc=//bin/w&path=//bin HTTP/1.1" 200 12182 noticias-web.online "-" "Mozilla/5.0 AppleWebKit/537.36 (KHTML, like Gecko; compatible; Amazonbot/0.1; +https://developer.amazon.com/support/amazonbot) Chrome/119.0.6045.214 Safari/537.36" "-"
74.7.227.0 - - [01/Nov/2025:00:23:08 -0400] "GET /goods575492000?kg=0574773436 HTTP/1.1" 200 54554 noticias-web.online "-" "Mozilla/5.0 AppleWebKit/537.36 (KHTML, like Gecko; compatible; GPTBot/1.2; +https://openai.com/gptbot)" "-"
216.73.216.0 - - [01/Nov/2025:00:23:09 -0400] "GET /assuntos-gerais/ultimate-bets-casino-experience?fileloc=%2F%2Flib%2Flocale%2Fpt_BR%2FLC_MEASUREMENT&path=%2F%2Flib%2Flocale%2Fpt_BR HTTP/1.1" 200 12321 noticias-web.online "-" "Mozilla/5.0 AppleWebKit/537.36 (KHTML, like Gecko; compatible; ClaudeBot/1.0; +claudebot@anthropic.com)" "-"
98.83.177.0 - - [01/Nov/2025:00:23:12 -0400] "GET /assuntos-gerais/mostbet-login-facil-e-rapido-mostbet-registration-hoje-em-dia-2/?fileloc=//bin/htpasswd&path=//bin HTTP/1.1" 200 12189 noticias-web.online "-" "Mozilla/5.0 AppleWebKit/537.36 (KHTML, like Gecko; compatible; Amazonbot/0.1; +https://developer.amazon.com/support/amazonbot) Chrome/119.0.6045.214 Safari/537.36" "-"
216.73.216.0 - - [01/Nov/2025:00:23:12 -0400] "GET /assuntos-gerais/how-to-try-out-slot-equipment-a-detailed-newcomers-guide-2/feed?fileloc=%2F%2Fproc%2Firq%2F10%2Fspurious&path=%2F%2Fproc%2Firq%2F10 HTTP/1.1" 200 12314 noticias-web.online "-" "Mozilla/5.0 AppleWebKit/537.36 (KHTML, like Gecko; compatible; ClaudeBot/1.0; +claudebot@anthropic.com)" "-"
216.73.216.0 - - [01/Nov/2025:00:23:15 -0400] "GET /assuntos-gerais/what-is-the-better-time-of-30-days-to-learn-slot-equipment-2/?fileloc=%2F%2Fkunden%2Fsbin%2Fzramctl&path=%2F%2Fkunden%2Fsbin HTTP/1.1" 200 12241 noticias-web.online "-" "Mozilla/5.0 AppleWebKit/537.36 (KHTML, like Gecko; compatible; ClaudeBot/1.0; +claudebot@anthropic.com)" "-"
100.28.118.0 - - [01/Nov/2025:00:23:16 -0400] "GET /assuntos-gerais/pretende-jogar-na-mostbet-com-2/?fileloc=//bin/vi&path=//bin HTTP/1.1" 200 12183 noticias-web.online "-" "Mozilla/5.0 AppleWebKit/537.36 (KHTML, like Gecko; compatible; Amazonbot/0.1; +https://developer.amazon.com/support/amazonbot) Chrome/119.0.6045.214 Safari/537.36" "-"
216.73.216.0 - - [01/Nov/2025:00:23:18 -0400] "GET /2025/07/20?fileloc=%2F%2Fsbin%2Fchgpasswd&path=%2F%2Fsbin HTTP/1.1" 200 12193 noticias-web.online "-" "Mozilla/5.0 AppleWebKit/537.36 (KHTML, like Gecko; compatible; ClaudeBot/1.0; +claudebot@anthropic.com)" "-"
44.221.37.0 - - [01/Nov/2025:00:23:19 -0400] "GET /assuntos-gerais/hur-gratis-plinko-forbattrar-sociala-interaktioner/?path=//lib32 HTTP/1.1" 200 12608 noticias-web.online "-" "Mozilla/5.0 AppleWebKit/537.36 (KHTML, like Gecko; compatible; Amazonbot/0.1; +https://developer.amazon.com/support/amazonbot) Chrome/119.0.6045.214 Safari/537.36" "-"
216.73.216.0 - - [01/Nov/2025:00:23:21 -0400] "GET /assuntos-gerais/ultimate-bets-casino-experience?path=%2F%2Fhomepages%2F38%2Fd855150891%2F.oneclick HTTP/1.1" 200 12777 noticias-web.online "-" "Mozilla/5.0 AppleWebKit/537.36 (KHTML, like Gecko; compatible; ClaudeBot/1.0; +claudebot@anthropic.com)" "-"
3.235.215.0 - - [01/Nov/2025:00:23:23 -0400] "GET /assuntos-gerais/mostbet-login-facil-e-rapido-mostbet-registration-hoje-em-dia-2/?fileloc=//etc/nanorc&path=//etc HTTP/1.1" 200 22527 noticias-web.online "-" "Mozilla/5.0 AppleWebKit/537.36 (KHTML, like Gecko; compatible; Amazonbot/0.1; +https://developer.amazon.com/support/amazonbot) Chrome/119.0.6045.214 Safari/537.36" "-"
216.73.216.0 - - [01/Nov/2025:00:23:24 -0400] "GET /assuntos-gerais/pretende-jogar-na-mostbet-com-2?path=%2Fhomepages%2F4%2Fd334508686 HTTP/1.1" 200 26945 noticias-web.online "-" "Mozilla/5.0 AppleWebKit/537.36 (KHTML, like Gecko; compatible; ClaudeBot/1.0; +claudebot@anthropic.com)" "-"
216.73.216.0 - - [01/Nov/2025:00:23:27 -0400] "GET /assuntos-gerais/mostbet-diye-kibhaabe-ttaakaa-inkaam-kraa-yaay-bibhinn-suyog-niye?fileloc=%2Fhomepages%2F4%2Fd860090557%2Fhtdocs%2Fclickandbuilds%2FNotciasWebOnline%2Fwp-admin%2Fimages%2Fxit-2x.gif&path=%2Fhomepages%2F4%2Fd860090557%2Fhtdocs%2Fclickandbuilds%2FNotciasWebOnline%2Fwp-admin%2Fimages HTTP/1.1" 200 12811 noticias-web.online "-" "Mozilla/5.0 AppleWebKit/537.36 (KHTML, like Gecko; compatible; ClaudeBot/1.0; +claudebot@anthropic.com)" "-"
3.229.164.0 - - [01/Nov/2025:00:23:27 -0400] "GET /assuntos-gerais/mostbet-bangladesh-official-site-athletics-betting-and-gambling-establishment-freebets-and-freespins/?fileloc=//bin/which&path=//bin HTTP/1.1" 200 13348 noticias-web.online "-" "Mozilla/5.0 AppleWebKit/537.36 (KHTML, like Gecko; compatible; Amazonbot/0.1; +https://developer.amazon.com/support/amazonbot) Chrome/119.0.6045.214 Safari/537.36" "-"
74.7.227.0 - - [01/Nov/2025:00:23:30 -0400] "GET /goods575472288?path=/homepages/4 HTTP/1.1" 200 84416 noticias-web.online "-" "Mozilla/5.0 AppleWebKit/537.36 (KHTML, like Gecko; compatible; GPTBot/1.2; +https://openai.com/gptbot)" "-"
216.73.216.0 - - [01/Nov/2025:00:23:30 -0400] "GET /assuntos-gerais/the-ending-of-casino-finally-explained-2/feed?fileloc=%2Fhomepages%2F29%2Fd332227425%2Fphpinilist&path=%2Fhomepages%2F29%2Fd332227425 HTTP/1.1" 200 12314 noticias-web.online "-" "Mozilla/5.0 AppleWebKit/537.36 (KHTML, like Gecko; compatible; ClaudeBot/1.0; +claudebot@anthropic.com)" "-"
52.200.93.0 - - [01/Nov/2025:00:23:33 -0400] "GET /assuntos-gerais/10-largest-casinos-in-the-us/?fileloc=//bin/co&path=//bin HTTP/1.1" 200 13026 noticias-web.online "-" "Mozilla/5.0 AppleWebKit/537.36 (KHTML, like Gecko; compatible; Amazonbot/0.1; +https://developer.amazon.com/support/amazonbot) Chrome/119.0.6045.214 Safari/537.36" "-"
216.73.216.0 - - [01/Nov/2025:00:23:33 -0400] "GET /2025/07/20?path=%2F%2Fkunden%2Fbin HTTP/1.1" 200 1812463 noticias-web.online "-" "Mozilla/5.0 AppleWebKit/537.36 (KHTML, like Gecko; compatible; ClaudeBot/1.0; +claudebot@anthropic.com)" "-"
18.211.39.0 - - [01/Nov/2025:00:23:35 -0400] "GET /assuntos-gerais/mostbet-login-facil-e-rapido-mostbet-registration-hoje-em-dia-2/?fileloc=//bin/gcc-ranlib-10&path=//bin HTTP/1.1" 200 12194 noticias-web.online "-" "Mozilla/5.0 AppleWebKit/537.36 (KHTML, like Gecko; compatible; Amazonbot/0.1; +https://developer.amazon.com/support/amazonbot) Chrome/119.0.6045.214 Safari/537.36" "-"
216.73.216.0 - - [01/Nov/2025:00:23:36 -0400] "GET /assuntos-gerais/top-28-onlain-kazino-te-kazino-spisok-nemnogikh-v-rossii-2025?fileloc=%2Fhomepages%2F14%2Fd852015779%2FDASTOOLSTART&path=%2Fhomepages%2F14%2Fd852015779 HTTP/1.1" 200 12316 noticias-web.online "-" "Mozilla/5.0 AppleWebKit/537.36 (KHTML, like Gecko; compatible; ClaudeBot/1.0; +claudebot@anthropic.com)" "-"
35.169.240.0 - - [01/Nov/2025:00:23:39 -0400] "GET /assuntos-gerais/mostbet-bangladesh-official-site-athletics-betting-and-gambling-establishment-freebets-and-freespins/?fileloc=//bin/x86_64-linux-gnu-nm&path=//bin HTTP/1.1" 200 12200 noticias-web.online "-" "Mozilla/5.0 AppleWebKit/537.36 (KHTML, like Gecko; compatible; Amazonbot/0.1; +https://developer.amazon.com/support/amazonbot) Chrome/119.0.6045.214 Safari/537.36" "-"
216.73.216.0 - - [01/Nov/2025:00:23:39 -0400] "GET /2025/06/07?fileloc=%2Fhomepages%2F2%2Fd856627125%2F.created&path=%2Fhomepages%2F2%2Fd856627125 HTTP/1.1" 200 12319 noticias-web.online "-" "Mozilla/5.0 AppleWebKit/537.36 (KHTML, like Gecko; compatible; ClaudeBot/1.0; +claudebot@anthropic.com)" "-"
216.73.216.0 - - [01/Nov/2025:00:23:42 -0400] "GET /assuntos-gerais/ultimate-bets-casino-experience?fileloc=%2F%2Flib%2Flocale%2Fit_IT%2FLC_NAME&path=%2F%2Flib%2Flocale%2Fit_IT HTTP/1.1" 200 12353 noticias-web.online "-" "Mozilla/5.0 AppleWebKit/537.36 (KHTML, like Gecko; compatible; ClaudeBot/1.0; +claudebot@anthropic.com)" "-"
107.23.62.0 - - [01/Nov/2025:00:23:43 -0400] "GET /assuntos-gerais/pretende-jogar-na-mostbet-com-2/?fileloc=//bin/mc&path=//bin HTTP/1.1" 200 12183 noticias-web.online "-" "Mozilla/5.0 AppleWebKit/537.36 (KHTML, like Gecko; compatible; Amazonbot/0.1; +https://developer.amazon.com/support/amazonbot) Chrome/119.0.6045.214 Safari/537.36" "-"
216.73.216.0 - - [01/Nov/2025:00:23:45 -0400] "GET /assuntos-gerais/how-to-try-out-slot-equipment-a-detailed-newcomers-guide-2/feed?fileloc=%2F%2Fbin%2Fcmuwmtopbm&path=%2F%2Fbin HTTP/1.1" 200 12191 noticias-web.online "-" "Mozilla/5.0 AppleWebKit/537.36 (KHTML, like Gecko; compatible; ClaudeBot/1.0; +claudebot@anthropic.com)" "-"
52.6.97.0 - - [01/Nov/2025:00:23:47 -0400] "GET /assuntos-gerais/mostbet-bangladesh-official-site-athletics-betting-and-gambling-establishment-freebets-and-freespins/?fileloc=//bin/rsync-ssl&path=//bin HTTP/1.1" 200 17874 noticias-web.online "-" "Mozilla/5.0 AppleWebKit/537.36 (KHTML, like Gecko; compatible; Amazonbot/0.1; +https://developer.amazon.com/support/amazonbot) Chrome/119.0.6045.214 Safari/537.36" "-"
216.73.216.0 - - [01/Nov/2025:00:23:48 -0400] "GET /?path=%2Fhomepages%2F32%2Fd851749542 HTTP/1.1" 200 24032 noticias-web.online "-" "Mozilla/5.0 AppleWebKit/537.36 (KHTML, like Gecko; compatible; ClaudeBot/1.0; +claudebot@anthropic.com)" "-"
74.7.227.0 - - [01/Nov/2025:00:23:51 -0400] "GET /goods575528000?kg=0574809389 HTTP/1.1" 200 54554 noticias-web.online "-" "Mozilla/5.0 AppleWebKit/537.36 (KHTML, like Gecko; compatible; GPTBot/1.2; +https://openai.com/gptbot)" "-"
216.73.216.0 - - [01/Nov/2025:00:23:51 -0400] "GET /assuntos-gerais/how-to-try-out-slot-equipment-a-detailed-newcomers-guide-2/feed?fileloc=%2F%2Fsbin%2Fgroupadd&path=%2F%2Fsbin HTTP/1.1" 200 12192 noticias-web.online "-" "Mozilla/5.0 AppleWebKit/537.36 (KHTML, like Gecko; compatible; ClaudeBot/1.0; +claudebot@anthropic.com)" "-"
52.73.6.0 - - [01/Nov/2025:00:23:51 -0400] "GET /assuntos-gerais/10-largest-casinos-in-the-us/?fileloc=//bin/dpkg-gensymbols&path=//bin HTTP/1.1" 200 23664 noticias-web.online "-" "Mozilla/5.0 AppleWebKit/537.36 (KHTML, like Gecko; compatible; Amazonbot/0.1; +https://developer.amazon.com/support/amazonbot) Chrome/119.0.6045.214 Safari/537.36" "-"
216.73.216.0 - - [01/Nov/2025:00:23:54 -0400] "GET /assuntos-gerais/how-to-try-out-slot-equipment-a-detailed-newcomers-guide-2/feed?fileloc=%2F%2Fsbin%2Fshadowconfig&path=%2F%2Fsbin HTTP/1.1" 200 12196 noticias-web.online "-" "Mozilla/5.0 AppleWebKit/537.36 (KHTML, like Gecko; compatible; ClaudeBot/1.0; +claudebot@anthropic.com)" "-"
