185.209.56.0 - - [01/Nov/2025:02:27:11 -0400] "GET /?fileloc=/homepages/4/d860090557/htdocs/clickandbuilds/NotciasWebOnline/wp-includes/general-template.php&path=/homepages/4/d860090557/htdocs/clickandbuilds/NotciasWebOnline/wp-includes HTTP/1.1" 200 190846 noticias-web.online "-" "Mozilla/5.0 (compatible; MJ12bot/v1.4.8; http://mj12bot.com/)" "-"
216.73.216.0 - - [01/Nov/2025:02:27:13 -0400] "GET /assuntos-gerais/mostbet-diye-kibhaabe-ttaakaa-inkaam-kraa-yaay-bibhinn-suyog-niye?fileloc=%2F%2Fkunden%2Fsbin%2Flosetup&path=%2F%2Fkunden%2Fsbin HTTP/1.1" 200 12241 noticias-web.online "-" "Mozilla/5.0 AppleWebKit/537.36 (KHTML, like Gecko; compatible; ClaudeBot/1.0; +claudebot@anthropic.com)" "-"
34.224.9.0 - - [01/Nov/2025:02:27:15 -0400] "GET /assuntos-gerais/how-to-try-out-slot-equipment-a-detailed-newcomers-guide-2/?fileloc=//bin/setterm&path=//bin HTTP/1.1" 200 12188 noticias-web.online "-" "Mozilla/5.0 AppleWebKit/537.36 (KHTML, like Gecko; compatible; Amazonbot/0.1; +https://developer.amazon.com/support/amazonbot) Chrome/119.0.6045.214 Safari/537.36" "-"
185.209.56.0 - - [01/Nov/2025:02:27:16 -0400] "GET /?fileloc=/homepages/4/d860090557/htdocs/clickandbuilds/NotciasWebOnline/wp-includes/global-styles-and-settings.php&path=/homepages/4/d860090557/htdocs/clickandbuilds/NotciasWebOnline/wp-includes HTTP/1.1" 200 34289 noticias-web.online "-" "Mozilla/5.0 (compatible; MJ12bot/v1.4.8; http://mj12bot.com/)" "-"
74.7.227.0 - - [01/Nov/2025:02:27:16 -0400] "GET /goods576026976?kg=0575307742 HTTP/1.1" 200 54554 noticias-web.online "-" "Mozilla/5.0 AppleWebKit/537.36 (KHTML, like Gecko; compatible; GPTBot/1.2; +https://openai.com/gptbot)" "-"
216.73.216.0 - - [01/Nov/2025:02:27:16 -0400] "GET /assuntos-gerais/ultimate-bets-casino-experience?fileloc=%2F%2Fkunden%2Fbin%2Funzip&path=%2F%2Fkunden%2Fbin HTTP/1.1" 200 12236 noticias-web.online "-" "Mozilla/5.0 AppleWebKit/537.36 (KHTML, like Gecko; compatible; ClaudeBot/1.0; +claudebot@anthropic.com)" "-"
100.29.160.0 - - [01/Nov/2025:02:27:18 -0400] "GET /assuntos-gerais/10-largest-casinos-in-the-us/?fileloc=//bin/automake&path=//bin HTTP/1.1" 200 281791 noticias-web.online "-" "Mozilla/5.0 AppleWebKit/537.36 (KHTML, like Gecko; compatible; Amazonbot/0.1; +https://developer.amazon.com/support/amazonbot) Chrome/119.0.6045.214 Safari/537.36" "-"
216.73.216.0 - - [01/Nov/2025:02:27:19 -0400] "GET /assuntos-gerais/mostbet-diye-kibhaabe-ttaakaa-inkaam-kraa-yaay-bibhinn-suyog-niye?fileloc=%2F%2Fkunden%2Fsbin%2Fmke2fs&path=%2F%2Fkunden%2Fsbin HTTP/1.1" 200 12240 noticias-web.online "-" "Mozilla/5.0 AppleWebKit/537.36 (KHTML, like Gecko; compatible; ClaudeBot/1.0; +claudebot@anthropic.com)" "-"
185.209.56.0 - - [01/Nov/2025:02:27:20 -0400] "GET /?fileloc=/homepages/4/d860090557/htdocs/clickandbuilds/NotciasWebOnline/wp-includes/http.php&path=/homepages/4/d860090557/htdocs/clickandbuilds/NotciasWebOnline/wp-includes HTTP/1.1" 200 38224 noticias-web.online "-" "Mozilla/5.0 (compatible; MJ12bot/v1.4.8; http://mj12bot.com/)" "-"
216.73.216.0 - - [01/Nov/2025:02:27:22 -0400] "GET /assuntos-gerais/ultimate-bets-casino-experience?fileloc=%2F%2Fkunden%2Fbin%2Fnumfmt&path=%2F%2Fkunden%2Fbin HTTP/1.1" 200 12237 noticias-web.online "-" "Mozilla/5.0 AppleWebKit/537.36 (KHTML, like Gecko; compatible; ClaudeBot/1.0; +claudebot@anthropic.com)" "-"
50.16.248.0 - - [01/Nov/2025:02:27:22 -0400] "GET /assuntos-gerais/official-internet-site-3/?fileloc=//bin/leaftoppm&path=//bin HTTP/1.1" 200 12190 noticias-web.online "-" "Mozilla/5.0 AppleWebKit/537.36 (KHTML, like Gecko; compatible; Amazonbot/0.1; +https://developer.amazon.com/support/amazonbot) Chrome/119.0.6045.214 Safari/537.36" "-"
185.209.56.0 - - [01/Nov/2025:02:27:24 -0400] "GET /?fileloc=/homepages/4/d860090557/htdocs/clickandbuilds/NotciasWebOnline/wp-includes/https-detection.php&path=/homepages/4/d860090557/htdocs/clickandbuilds/NotciasWebOnline/wp-includes HTTP/1.1" 200 18612 noticias-web.online "-" "Mozilla/5.0 (compatible; MJ12bot/v1.4.8; http://mj12bot.com/)" "-"
216.73.216.0 - - [01/Nov/2025:02:27:25 -0400] "GET /assuntos-gerais/mostbet-diye-kibhaabe-ttaakaa-inkaam-kraa-yaay-bibhinn-suyog-niye?fileloc=%2F%2Fkunden%2Fsbin%2Ffdisk&path=%2F%2Fkunden%2Fsbin HTTP/1.1" 200 12239 noticias-web.online "-" "Mozilla/5.0 AppleWebKit/537.36 (KHTML, like Gecko; compatible; ClaudeBot/1.0; +claudebot@anthropic.com)" "-"
100.25.120.0 - - [01/Nov/2025:02:27:28 -0400] "GET /assuntos-gerais/10-largest-casinos-in-the-us/?fileloc=//bin/lastlog&path=//bin HTTP/1.1" 200 12188 noticias-web.online "-" "Mozilla/5.0 AppleWebKit/537.36 (KHTML, like Gecko; compatible; Amazonbot/0.1; +https://developer.amazon.com/support/amazonbot) Chrome/119.0.6045.214 Safari/537.36" "-"
216.73.216.0 - - [01/Nov/2025:02:27:28 -0400] "GET /assuntos-gerais/mostbet-diye-kibhaabe-ttaakaa-inkaam-kraa-yaay-bibhinn-suyog-niye?fileloc=%2F%2Fkunden%2Fsbin%2Fcpgr&path=%2F%2Fkunden%2Fsbin HTTP/1.1" 200 12238 noticias-web.online "-" "Mozilla/5.0 AppleWebKit/537.36 (KHTML, like Gecko; compatible; ClaudeBot/1.0; +claudebot@anthropic.com)" "-"
185.209.56.0 - - [01/Nov/2025:02:27:28 -0400] "GET /?fileloc=/homepages/4/d860090557/htdocs/clickandbuilds/NotciasWebOnline/wp-includes/https-migration.php&path=/homepages/4/d860090557/htdocs/clickandbuilds/NotciasWebOnline/wp-includes HTTP/1.1" 200 17476 noticias-web.online "-" "Mozilla/5.0 (compatible; MJ12bot/v1.4.8; http://mj12bot.com/)" "-"
54.198.33.0 - - [01/Nov/2025:02:27:30 -0400] "GET /assuntos-gerais/takie-onlain-kazino-top-reiting-saitov-v-dengi-s-vyvodom/?fileloc=//bin/pic&path=//bin HTTP/1.1" 200 12184 noticias-web.online "-" "Mozilla/5.0 AppleWebKit/537.36 (KHTML, like Gecko; compatible; Amazonbot/0.1; +https://developer.amazon.com/support/amazonbot) Chrome/119.0.6045.214 Safari/537.36" "-"
216.73.216.0 - - [01/Nov/2025:02:27:31 -0400] "GET /assuntos-gerais/ultimate-bets-casino-experience?fileloc=%2F%2Fkunden%2Fbin%2Fgpg-wks-server&path=%2F%2Fkunden%2Fbin HTTP/1.1" 200 12245 noticias-web.online "-" "Mozilla/5.0 AppleWebKit/537.36 (KHTML, like Gecko; compatible; ClaudeBot/1.0; +claudebot@anthropic.com)" "-"
185.209.56.0 - - [01/Nov/2025:02:27:33 -0400] "GET /?fileloc=/homepages/4/d860090557/htdocs/clickandbuilds/NotciasWebOnline/wp-includes/kses.php&path=/homepages/4/d860090557/htdocs/clickandbuilds/NotciasWebOnline/wp-includes HTTP/1.1" 200 89423 noticias-web.online "-" "Mozilla/5.0 (compatible; MJ12bot/v1.4.8; http://mj12bot.com/)" "-"
216.73.216.0 - - [01/Nov/2025:02:27:34 -0400] "GET /assuntos-gerais/mostbet-diye-kibhaabe-ttaakaa-inkaam-kraa-yaay-bibhinn-suyog-niye?fileloc=%2F%2Fkunden%2Fsbin%2Fifup&path=%2F%2Fkunden%2Fsbin HTTP/1.1" 200 12238 noticias-web.online "-" "Mozilla/5.0 AppleWebKit/537.36 (KHTML, like Gecko; compatible; ClaudeBot/1.0; +claudebot@anthropic.com)" "-"
54.235.191.0 - - [01/Nov/2025:02:27:35 -0400] "GET /assuntos-gerais/10-largest-casinos-in-the-us/?fileloc=//bin/mcookie&path=//bin HTTP/1.1" 200 12188 noticias-web.online "-" "Mozilla/5.0 AppleWebKit/537.36 (KHTML, like Gecko; compatible; Amazonbot/0.1; +https://developer.amazon.com/support/amazonbot) Chrome/119.0.6045.214 Safari/537.36" "-"
74.7.227.0 - - [01/Nov/2025:02:27:35 -0400] "GET /goods575678336?fileloc=/homepages/4/d860090557/htdocs/clickandbuilds/NotciasWebOnline/wp-mail.php&path=/homepages/4/d860090557/htdocs/clickandbuilds/NotciasWebOnline HTTP/1.1" 200 21601 noticias-web.online "-" "Mozilla/5.0 AppleWebKit/537.36 (KHTML, like Gecko; compatible; GPTBot/1.2; +https://openai.com/gptbot)" "-"
185.209.56.0 - - [01/Nov/2025:02:27:37 -0400] "GET /?fileloc=/homepages/4/d860090557/htdocs/clickandbuilds/NotciasWebOnline/wp-includes/l10n.php&path=/homepages/4/d860090557/htdocs/clickandbuilds/NotciasWebOnline/wp-includes HTTP/1.1" 200 82229 noticias-web.online "-" "Mozilla/5.0 (compatible; MJ12bot/v1.4.8; http://mj12bot.com/)" "-"
216.73.216.0 - - [01/Nov/2025:02:27:37 -0400] "GET /assuntos-gerais/ultimate-bets-casino-experience?fileloc=%2F%2Fkunden%2Fbin%2Fautoheader&path=%2F%2Fkunden%2Fbin HTTP/1.1" 200 21342 noticias-web.online "-" "Mozilla/5.0 AppleWebKit/537.36 (KHTML, like Gecko; compatible; ClaudeBot/1.0; +claudebot@anthropic.com)" "-"
34.236.135.0 - - [01/Nov/2025:02:27:40 -0400] "GET /2025/10/26/?path=//etc/ca-certificates HTTP/1.1" 200 14010 noticias-web.online "-" "Mozilla/5.0 AppleWebKit/537.36 (KHTML, like Gecko; compatible; Amazonbot/0.1; +https://developer.amazon.com/support/amazonbot) Chrome/119.0.6045.214 Safari/537.36" "-"
216.73.216.0 - - [01/Nov/2025:02:27:40 -0400] "GET /assuntos-gerais/ultimate-bets-casino-experience?fileloc=%2F%2Fkunden%2Fbin%2Fps2ps2&path=%2F%2Fkunden%2Fbin HTTP/1.1" 200 13020 noticias-web.online "-" "Mozilla/5.0 AppleWebKit/537.36 (KHTML, like Gecko; compatible; ClaudeBot/1.0; +claudebot@anthropic.com)" "-"
185.209.56.0 - - [01/Nov/2025:02:27:41 -0400] "GET /?fileloc=/homepages/4/d860090557/htdocs/clickandbuilds/NotciasWebOnline/wp-includes/link-template.php&path=/homepages/4/d860090557/htdocs/clickandbuilds/NotciasWebOnline/wp-includes HTTP/1.1" 200 173263 noticias-web.online "-" "Mozilla/5.0 (compatible; MJ12bot/v1.4.8; http://mj12bot.com/)" "-"
216.73.216.0 - - [01/Nov/2025:02:27:43 -0400] "GET /assuntos-gerais/ultimate-bets-casino-experience?fileloc=%2F%2Fkunden%2Fbin%2Fhtcacheclean&path=%2F%2Fkunden%2Fbin HTTP/1.1" 200 12243 noticias-web.online "-" "Mozilla/5.0 AppleWebKit/537.36 (KHTML, like Gecko; compatible; ClaudeBot/1.0; +claudebot@anthropic.com)" "-"
3.232.102.0 - - [01/Nov/2025:02:27:43 -0400] "GET /assuntos-gerais/mostbet-bangladesh-official-site-athletics-betting-and-gambling-establishment-freebets-and-freespins/?fileloc=//bin/lslogins&path=//bin HTTP/1.1" 200 12189 noticias-web.online "-" "Mozilla/5.0 AppleWebKit/537.36 (KHTML, like Gecko; compatible; Amazonbot/0.1; +https://developer.amazon.com/support/amazonbot) Chrome/119.0.6045.214 Safari/537.36" "-"
185.209.56.0 - - [01/Nov/2025:02:27:45 -0400] "GET /?fileloc=/homepages/4/d860090557/htdocs/clickandbuilds/NotciasWebOnline/wp-includes/load.php&path=/homepages/4/d860090557/htdocs/clickandbuilds/NotciasWebOnline/wp-includes HTTP/1.1" 200 69889 noticias-web.online "-" "Mozilla/5.0 (compatible; MJ12bot/v1.4.8; http://mj12bot.com/)" "-"
216.73.216.0 - - [01/Nov/2025:02:27:46 -0400] "GET /assuntos-gerais/mostbet-diye-kibhaabe-ttaakaa-inkaam-kraa-yaay-bibhinn-suyog-niye?fileloc=%2F%2Fkunden%2Fsbin%2Finsserv&path=%2F%2Fkunden%2Fsbin HTTP/1.1" 200 12241 noticias-web.online "-" "Mozilla/5.0 AppleWebKit/537.36 (KHTML, like Gecko; compatible; ClaudeBot/1.0; +claudebot@anthropic.com)" "-"
3.81.253.0 - - [01/Nov/2025:02:27:46 -0400] "GET /assuntos-gerais/official-internet-site-3/?fileloc=//bin/zless&path=//bin HTTP/1.1" 200 14502 noticias-web.online "-" "Mozilla/5.0 AppleWebKit/537.36 (KHTML, like Gecko; compatible; Amazonbot/0.1; +https://developer.amazon.com/support/amazonbot) Chrome/119.0.6045.214 Safari/537.36" "-"
216.73.216.0 - - [01/Nov/2025:02:27:49 -0400] "GET /assuntos-gerais/ultimate-bets-casino-experience?fileloc=%2F%2Fkunden%2Fbin%2Fdbiprof&path=%2F%2Fkunden%2Fbin HTTP/1.1" 200 18649 noticias-web.online "-" "Mozilla/5.0 AppleWebKit/537.36 (KHTML, like Gecko; compatible; ClaudeBot/1.0; +claudebot@anthropic.com)" "-"
185.209.56.0 - - [01/Nov/2025:02:27:50 -0400] "GET /?fileloc=/homepages/4/d860090557/htdocs/clickandbuilds/NotciasWebOnline/wp-includes/locale.php&path=/homepages/4/d860090557/htdocs/clickandbuilds/NotciasWebOnline/wp-includes HTTP/1.1" 200 12872 noticias-web.online "-" "Mozilla/5.0 (compatible; MJ12bot/v1.4.8; http://mj12bot.com/)" "-"
74.7.227.0 - - [01/Nov/2025:02:27:50 -0400] "GET /goods576070912?kg=0575351623 HTTP/1.1" 200 54554 noticias-web.online "-" "Mozilla/5.0 AppleWebKit/537.36 (KHTML, like Gecko; compatible; GPTBot/1.2; +https://openai.com/gptbot)" "-"
52.202.233.0 - - [01/Nov/2025:02:27:51 -0400] "GET /2025/10/26/?fileloc=//bin/rcsdiff&path=//bin HTTP/1.1" 200 13046 noticias-web.online "-" "Mozilla/5.0 AppleWebKit/537.36 (KHTML, like Gecko; compatible; Amazonbot/0.1; +https://developer.amazon.com/support/amazonbot) Chrome/119.0.6045.214 Safari/537.36" "-"
216.73.216.0 - - [01/Nov/2025:02:27:52 -0400] "GET /assuntos-gerais/ultimate-bets-casino-experience?fileloc=%2F%2Fkunden%2Fbin%2Frm&path=%2F%2Fkunden%2Fbin HTTP/1.1" 200 12233 noticias-web.online "-" "Mozilla/5.0 AppleWebKit/537.36 (KHTML, like Gecko; compatible; ClaudeBot/1.0; +claudebot@anthropic.com)" "-"
185.209.56.0 - - [01/Nov/2025:02:27:54 -0400] "GET /?fileloc=/homepages/4/d860090557/htdocs/clickandbuilds/NotciasWebOnline/wp-includes/media-template.php&path=/homepages/4/d860090557/htdocs/clickandbuilds/NotciasWebOnline/wp-includes HTTP/1.1" 200 94717 noticias-web.online "-" "Mozilla/5.0 (compatible; MJ12bot/v1.4.8; http://mj12bot.com/)" "-"
52.22.87.0 - - [01/Nov/2025:02:27:54 -0400] "GET /assuntos-gerais/how-to-try-out-slot-equipment-a-detailed-newcomers-guide-2/?fileloc=//bin/x86_64-linux-gnu-gcov-tool&path=//bin HTTP/1.1" 200 12207 noticias-web.online "-" "Mozilla/5.0 AppleWebKit/537.36 (KHTML, like Gecko; compatible; Amazonbot/0.1; +https://developer.amazon.com/support/amazonbot) Chrome/119.0.6045.214 Safari/537.36" "-"
216.73.216.0 - - [01/Nov/2025:02:27:55 -0400] "GET /assuntos-gerais/mostbet-diye-kibhaabe-ttaakaa-inkaam-kraa-yaay-bibhinn-suyog-niye?fileloc=%2F%2Fkunden%2Fsbin%2Fblkid&path=%2F%2Fkunden%2Fsbin HTTP/1.1" 200 12239 noticias-web.online "-" "Mozilla/5.0 AppleWebKit/537.36 (KHTML, like Gecko; compatible; ClaudeBot/1.0; +claudebot@anthropic.com)" "-"
216.73.216.0 - - [01/Nov/2025:02:27:58 -0400] "GET /assuntos-gerais/mostbet-diye-kibhaabe-ttaakaa-inkaam-kraa-yaay-bibhinn-suyog-niye?fileloc=%2F%2Fkunden%2Fsbin%2Fe4defrag&path=%2F%2Fkunden%2Fsbin HTTP/1.1" 200 12242 noticias-web.online "-" "Mozilla/5.0 AppleWebKit/537.36 (KHTML, like Gecko; compatible; ClaudeBot/1.0; +claudebot@anthropic.com)" "-"
185.209.56.0 - - [01/Nov/2025:02:27:58 -0400] "GET /?fileloc=/homepages/4/d860090557/htdocs/clickandbuilds/NotciasWebOnline/wp-includes/media.php&path=/homepages/4/d860090557/htdocs/clickandbuilds/NotciasWebOnline/wp-includes HTTP/1.1" 200 238735 noticias-web.online "-" "Mozilla/5.0 (compatible; MJ12bot/v1.4.8; http://mj12bot.com/)" "-"
54.159.18.0 - - [01/Nov/2025:02:27:58 -0400] "GET /assuntos-gerais/how-to-try-out-slot-equipment-a-detailed-newcomers-guide-2/?fileloc=//bin/cpan5.32-x86_64-linux-gnu&path=//bin HTTP/1.1" 200 20820 noticias-web.online "-" "Mozilla/5.0 AppleWebKit/537.36 (KHTML, like Gecko; compatible; Amazonbot/0.1; +https://developer.amazon.com/support/amazonbot) Chrome/119.0.6045.214 Safari/537.36" "-"
216.73.216.0 - - [01/Nov/2025:02:28:01 -0400] "GET /assuntos-gerais/mostbet-diye-kibhaabe-ttaakaa-inkaam-kraa-yaay-bibhinn-suyog-niye?fileloc=%2F%2Fkunden%2Fsbin%2Fe2mmpstatus&path=%2F%2Fkunden%2Fsbin HTTP/1.1" 200 12245 noticias-web.online "-" "Mozilla/5.0 AppleWebKit/537.36 (KHTML, like Gecko; compatible; ClaudeBot/1.0; +claudebot@anthropic.com)" "-"
185.209.56.0 - - [01/Nov/2025:02:28:02 -0400] "GET /?fileloc=/homepages/4/d860090557/htdocs/clickandbuilds/NotciasWebOnline/wp-includes/meta.php&path=/homepages/4/d860090557/htdocs/clickandbuilds/NotciasWebOnline/wp-includes HTTP/1.1" 200 78804 noticias-web.online "-" "Mozilla/5.0 (compatible; MJ12bot/v1.4.8; http://mj12bot.com/)" "-"
52.207.47.0 - - [01/Nov/2025:02:28:03 -0400] "GET /assuntos-gerais/pretende-jogar-na-mostbet-com-2/?fileloc=//bin/namei&path=//bin HTTP/1.1" 200 12186 noticias-web.online "-" "Mozilla/5.0 AppleWebKit/537.36 (KHTML, like Gecko; compatible; Amazonbot/0.1; +https://developer.amazon.com/support/amazonbot) Chrome/119.0.6045.214 Safari/537.36" "-"
216.73.216.0 - - [01/Nov/2025:02:28:04 -0400] "GET /assuntos-gerais/mostbet-diye-kibhaabe-ttaakaa-inkaam-kraa-yaay-bibhinn-suyog-niye?fileloc=%2F%2Fkunden%2Fsbin%2Ffsck&path=%2F%2Fkunden%2Fsbin HTTP/1.1" 200 12238 noticias-web.online "-" "Mozilla/5.0 AppleWebKit/537.36 (KHTML, like Gecko; compatible; ClaudeBot/1.0; +claudebot@anthropic.com)" "-"
185.209.56.0 - - [01/Nov/2025:02:28:07 -0400] "GET /?fileloc=/homepages/4/d860090557/htdocs/clickandbuilds/NotciasWebOnline/wp-includes/ms-blogs.php&path=/homepages/4/d860090557/htdocs/clickandbuilds/NotciasWebOnline/wp-includes HTTP/1.1" 200 38873 noticias-web.online "-" "Mozilla/5.0 (compatible; MJ12bot/v1.4.8; http://mj12bot.com/)" "-"
216.73.216.0 - - [01/Nov/2025:02:28:07 -0400] "GET /assuntos-gerais/mostbet-diye-kibhaabe-ttaakaa-inkaam-kraa-yaay-bibhinn-suyog-niye?fileloc=%2F%2Fkunden%2Fsbin%2Ftune2fs&path=%2F%2Fkunden%2Fsbin HTTP/1.1" 200 12241 noticias-web.online "-" "Mozilla/5.0 AppleWebKit/537.36 (KHTML, like Gecko; compatible; ClaudeBot/1.0; +claudebot@anthropic.com)" "-"
3.89.176.0 - - [01/Nov/2025:02:28:07 -0400] "GET /assuntos-gerais/10-largest-casinos-in-the-us/?fileloc=//bin/tail&path=//bin HTTP/1.1" 200 12185 noticias-web.online "-" "Mozilla/5.0 AppleWebKit/537.36 (KHTML, like Gecko; compatible; Amazonbot/0.1; +https://developer.amazon.com/support/amazonbot) Chrome/119.0.6045.214 Safari/537.36" "-"
74.7.227.0 - - [01/Nov/2025:02:28:09 -0400] "GET /goods575692800?kg=0574973983 HTTP/1.1" 200 54554 noticias-web.online "-" "Mozilla/5.0 AppleWebKit/537.36 (KHTML, like Gecko; compatible; GPTBot/1.2; +https://openai.com/gptbot)" "-"
216.73.216.0 - - [01/Nov/2025:02:28:10 -0400] "GET /assuntos-gerais/mostbet-bukmekerskaia-kontora-tolko-kazino-rabochee-zerkalo-mostbet/feed?fileloc=%2Fhomepages%2F36%2Fd353214154%2F.created&path=%2Fhomepages%2F36%2Fd353214154 HTTP/1.1" 200 12323 noticias-web.online "-" "Mozilla/5.0 AppleWebKit/537.36 (KHTML, like Gecko; compatible; ClaudeBot/1.0; +claudebot@anthropic.com)" "-"
3.229.164.0 - - [01/Nov/2025:02:28:10 -0400] "GET /assuntos-gerais/official-internet-site-3/?path=//homepages/26 HTTP/1.1" 200 55374 noticias-web.online "-" "Mozilla/5.0 AppleWebKit/537.36 (KHTML, like Gecko; compatible; Amazonbot/0.1; +https://developer.amazon.com/support/amazonbot) Chrome/119.0.6045.214 Safari/537.36" "-"
185.209.56.0 - - [01/Nov/2025:02:28:11 -0400] "GET /?fileloc=/homepages/4/d860090557/htdocs/clickandbuilds/NotciasWebOnline/wp-includes/ms-default-constants.php&path=/homepages/4/d860090557/htdocs/clickandbuilds/NotciasWebOnline/wp-includes HTTP/1.1" 200 17788 noticias-web.online "-" "Mozilla/5.0 (compatible; MJ12bot/v1.4.8; http://mj12bot.com/)" "-"
216.73.216.0 - - [01/Nov/2025:02:28:13 -0400] "GET /assuntos-gerais/mostbet-bukmekerskaia-kontora-tolko-kazino-rabochee-zerkalo-mostbet/feed?fileloc=%2Fhomepages%2F36%2Fd334555671%2F.htaccessold&path=%2Fhomepages%2F36%2Fd334555671 HTTP/1.1" 200 12316 noticias-web.online "-" "Mozilla/5.0 AppleWebKit/537.36 (KHTML, like Gecko; compatible; ClaudeBot/1.0; +claudebot@anthropic.com)" "-"
54.156.124.0 - - [01/Nov/2025:02:28:14 -0400] "GET /assuntos-gerais/meet-alex-the-ruskies-casino-hacker-that-makes-millions-targeting-slot-machines/?fileloc=//bin/slogin&path=//bin HTTP/1.1" 200 12187 noticias-web.online "-" "Mozilla/5.0 AppleWebKit/537.36 (KHTML, like Gecko; compatible; Amazonbot/0.1; +https://developer.amazon.com/support/amazonbot) Chrome/119.0.6045.214 Safari/537.36" "-"
185.209.56.0 - - [01/Nov/2025:02:28:15 -0400] "GET /?fileloc=/homepages/4/d860090557/htdocs/clickandbuilds/NotciasWebOnline/wp-includes/ms-default-filters.php&path=/homepages/4/d860090557/htdocs/clickandbuilds/NotciasWebOnline/wp-includes HTTP/1.1" 200 19358 noticias-web.online "-" "Mozilla/5.0 (compatible; MJ12bot/v1.4.8; http://mj12bot.com/)" "-"
216.73.216.0 - - [01/Nov/2025:02:28:16 -0400] "GET /assuntos-gerais/mostbet-bukmekerskaia-kontora-tolko-kazino-rabochee-zerkalo-mostbet/feed?fileloc=%2Fhomepages%2F19%2Fd858634042%2Fdistributor.lock&path=%2Fhomepages%2F19%2Fd858634042 HTTP/1.1" 200 12320 noticias-web.online "-" "Mozilla/5.0 AppleWebKit/537.36 (KHTML, like Gecko; compatible; ClaudeBot/1.0; +claudebot@anthropic.com)" "-"
44.208.223.0 - - [01/Nov/2025:02:28:19 -0400] "GET /assuntos-gerais/official-internet-site-3/?fileloc=//bin/composite&path=//bin HTTP/1.1" 200 12190 noticias-web.online "-" "Mozilla/5.0 AppleWebKit/537.36 (KHTML, like Gecko; compatible; Amazonbot/0.1; +https://developer.amazon.com/support/amazonbot) Chrome/119.0.6045.214 Safari/537.36" "-"
216.73.216.0 - - [01/Nov/2025:02:28:19 -0400] "GET /assuntos-gerais/ultimate-bets-casino-experience?fileloc=%2F%2Fkunden%2Fbin%2Fbash&path=%2F%2Fkunden%2Fbin HTTP/1.1" 200 12235 noticias-web.online "-" "Mozilla/5.0 AppleWebKit/537.36 (KHTML, like Gecko; compatible; ClaudeBot/1.0; +claudebot@anthropic.com)" "-"
185.209.56.0 - - [01/Nov/2025:02:28:19 -0400] "GET /?fileloc=/homepages/4/d860090557/htdocs/clickandbuilds/NotciasWebOnline/wp-includes/ms-deprecated.php&path=/homepages/4/d860090557/htdocs/clickandbuilds/NotciasWebOnline/wp-includes HTTP/1.1" 200 34996 noticias-web.online "-" "Mozilla/5.0 (compatible; MJ12bot/v1.4.8; http://mj12bot.com/)" "-"
216.73.216.0 - - [01/Nov/2025:02:28:22 -0400] "GET /assuntos-gerais/ultimate-bets-casino-experience?fileloc=%2F%2Fkunden%2Fbin%2Funshar&path=%2F%2Fkunden%2Fbin HTTP/1.1" 200 12237 noticias-web.online "-" "Mozilla/5.0 AppleWebKit/537.36 (KHTML, like Gecko; compatible; ClaudeBot/1.0; +claudebot@anthropic.com)" "-"
100.29.164.0 - - [01/Nov/2025:02:28:22 -0400] "GET /assuntos-gerais/takie-onlain-kazino-top-reiting-saitov-v-dengi-s-vyvodom/?fileloc=//bin/dh_perl_openssl&path=//bin HTTP/1.1" 200 13835 noticias-web.online "-" "Mozilla/5.0 AppleWebKit/537.36 (KHTML, like Gecko; compatible; Amazonbot/0.1; +https://developer.amazon.com/support/amazonbot) Chrome/119.0.6045.214 Safari/537.36" "-"
185.209.56.0 - - [01/Nov/2025:02:28:24 -0400] "GET /?fileloc=/homepages/4/d860090557/htdocs/clickandbuilds/NotciasWebOnline/wp-includes/ms-files.php&path=/homepages/4/d860090557/htdocs/clickandbuilds/NotciasWebOnline/wp-includes HTTP/1.1" 200 15523 noticias-web.online "-" "Mozilla/5.0 (compatible; MJ12bot/v1.4.8; http://mj12bot.com/)" "-"
216.73.216.0 - - [01/Nov/2025:02:28:26 -0400] "GET /?fileloc=%2F%2Fkunden%2Fbin%2Fssh-keyscan&path=%2F%2Fkunden%2Fbin HTTP/1.1" 200 12242 noticias-web.online "-" "Mozilla/5.0 AppleWebKit/537.36 (KHTML, like Gecko; compatible; ClaudeBot/1.0; +claudebot@anthropic.com)" "-"
50.19.221.0 - - [01/Nov/2025:02:28:27 -0400] "GET /assuntos-gerais/takie-onlain-kazino-top-reiting-saitov-v-dengi-s-vyvodom/?fileloc=//bin/pgmnoise&path=//bin HTTP/1.1" 200 12189 noticias-web.online "-" "Mozilla/5.0 AppleWebKit/537.36 (KHTML, like Gecko; compatible; Amazonbot/0.1; +https://developer.amazon.com/support/amazonbot) Chrome/119.0.6045.214 Safari/537.36" "-"
74.7.227.0 - - [01/Nov/2025:02:28:27 -0400] "GET /goods575648288?fileloc=/homepages/4/d860090557/htdocs/clickandbuilds/NotciasWebOnline/license.txt&path=/homepages/4/d860090557/htdocs/clickandbuilds/NotciasWebOnline HTTP/1.1" 200 32596 noticias-web.online "-" "Mozilla/5.0 AppleWebKit/537.36 (KHTML, like Gecko; compatible; GPTBot/1.2; +https://openai.com/gptbot)" "-"
185.209.56.0 - - [01/Nov/2025:02:28:28 -0400] "GET /?fileloc=/homepages/4/d860090557/htdocs/clickandbuilds/NotciasWebOnline/wp-includes/ms-functions.php&path=/homepages/4/d860090557/htdocs/clickandbuilds/NotciasWebOnline/wp-includes HTTP/1.1" 200 105793 noticias-web.online "-" "Mozilla/5.0 (compatible; MJ12bot/v1.4.8; http://mj12bot.com/)" "-"
216.73.216.0 - - [01/Nov/2025:02:28:29 -0400] "GET /assuntos-gerais/top-28-onlain-kazino-te-kazino-spisok-nemnogikh-v-rossii-2025?fileloc=%2F%2Fhomepages%2F16%2Fd330418617%2FDASTOOLSTART&path=%2F%2Fhomepages%2F16%2Fd330418617 HTTP/1.1" 200 12320 noticias-web.online "-" "Mozilla/5.0 AppleWebKit/537.36 (KHTML, like Gecko; compatible; ClaudeBot/1.0; +claudebot@anthropic.com)" "-"
52.4.229.0 - - [01/Nov/2025:02:28:30 -0400] "GET /assuntos-gerais/takie-onlain-kazino-top-reiting-saitov-v-dengi-s-vyvodom/?fileloc=//bin/date&path=//bin HTTP/1.1" 200 12185 noticias-web.online "-" "Mozilla/5.0 AppleWebKit/537.36 (KHTML, like Gecko; compatible; Amazonbot/0.1; +https://developer.amazon.com/support/amazonbot) Chrome/119.0.6045.214 Safari/537.36" "-"
185.209.56.0 - - [01/Nov/2025:02:28:32 -0400] "GET /?fileloc=/homepages/4/d860090557/htdocs/clickandbuilds/NotciasWebOnline/wp-includes/ms-load.php&path=/homepages/4/d860090557/htdocs/clickandbuilds/NotciasWebOnline/wp-includes HTTP/1.1" 200 33126 noticias-web.online "-" "Mozilla/5.0 (compatible; MJ12bot/v1.4.8; http://mj12bot.com/)" "-"
216.73.216.0 - - [01/Nov/2025:02:28:32 -0400] "GET /?path=%2F%2Fhomepages%2F23%2Fd331842771 HTTP/1.1" 200 27011 noticias-web.online "-" "Mozilla/5.0 AppleWebKit/537.36 (KHTML, like Gecko; compatible; ClaudeBot/1.0; +claudebot@anthropic.com)" "-"
52.202.52.0 - - [01/Nov/2025:02:28:34 -0400] "GET /assuntos-gerais/10-largest-casinos-in-the-us/?fileloc=//bin/mariadb-repair&path=//bin HTTP/1.1" 200 12195 noticias-web.online "-" "Mozilla/5.0 AppleWebKit/537.36 (KHTML, like Gecko; compatible; Amazonbot/0.1; +https://developer.amazon.com/support/amazonbot) Chrome/119.0.6045.214 Safari/537.36" "-"
216.73.216.0 - - [01/Nov/2025:02:28:35 -0400] "GET /assuntos-gerais/mostbet-diye-kibhaabe-ttaakaa-inkaam-kraa-yaay-bibhinn-suyog-niye?path=%2Fhomepages%2F4%2Fd860090557%2Fhtdocs%2Fclickandbuilds%2FMoreHealthySales%2Fwp-includes%2Fblocks HTTP/1.1" 200 265060 noticias-web.online "-" "Mozilla/5.0 AppleWebKit/537.36 (KHTML, like Gecko; compatible; ClaudeBot/1.0; +claudebot@anthropic.com)" "-"
185.209.56.0 - - [01/Nov/2025:02:28:36 -0400] "GET /?fileloc=/homepages/4/d860090557/htdocs/clickandbuilds/NotciasWebOnline/wp-includes/ms-network.php&path=/homepages/4/d860090557/htdocs/clickandbuilds/NotciasWebOnline/wp-includes HTTP/1.1" 200 16539 noticias-web.online "-" "Mozilla/5.0 (compatible; MJ12bot/v1.4.8; http://mj12bot.com/)" "-"
216.73.216.0 - - [01/Nov/2025:02:28:38 -0400] "GET /assuntos-gerais/how-to-try-out-slot-equipment-a-detailed-newcomers-guide-2/feed?fileloc=%2F%2Fbin%2Fsftp&path=%2F%2Fbin HTTP/1.1" 200 12185 noticias-web.online "-" "Mozilla/5.0 AppleWebKit/537.36 (KHTML, like Gecko; compatible; ClaudeBot/1.0; +claudebot@anthropic.com)" "-"
44.207.69.0 - - [01/Nov/2025:02:28:38 -0400] "GET /assuntos-gerais/official-internet-site-3/?fileloc=//bin/ifne&path=//bin HTTP/1.1" 200 12185 noticias-web.online "-" "Mozilla/5.0 AppleWebKit/537.36 (KHTML, like Gecko; compatible; Amazonbot/0.1; +https://developer.amazon.com/support/amazonbot) Chrome/119.0.6045.214 Safari/537.36" "-"
74.7.227.0 - - [01/Nov/2025:02:28:40 -0400] "GET /goods575614688?kg=0574895970 HTTP/1.1" 200 54554 noticias-web.online "-" "Mozilla/5.0 AppleWebKit/537.36 (KHTML, like Gecko; compatible; GPTBot/1.2; +https://openai.com/gptbot)" "-"
185.209.56.0 - - [01/Nov/2025:02:28:41 -0400] "GET /?fileloc=/homepages/4/d860090557/htdocs/clickandbuilds/NotciasWebOnline/wp-includes/ms-settings.php&path=/homepages/4/d860090557/htdocs/clickandbuilds/NotciasWebOnline/wp-includes HTTP/1.1" 200 16951 noticias-web.online "-" "Mozilla/5.0 (compatible; MJ12bot/v1.4.8; http://mj12bot.com/)" "-"
216.73.216.0 - - [01/Nov/2025:02:28:41 -0400] "GET /assuntos-gerais/ultimate-bets-casino-experience?path=%2F%2Flib%2Flocale%2Fnr_ZA%2FLC_MESSAGES HTTP/1.1" 200 14262 noticias-web.online "-" "Mozilla/5.0 AppleWebKit/537.36 (KHTML, like Gecko; compatible; ClaudeBot/1.0; +claudebot@anthropic.com)" "-"
23.20.178.0 - - [01/Nov/2025:02:28:42 -0400] "GET /2025/10/26/?fileloc=//bin/rm&path=//bin HTTP/1.1" 200 12183 noticias-web.online "-" "Mozilla/5.0 AppleWebKit/537.36 (KHTML, like Gecko; compatible; Amazonbot/0.1; +https://developer.amazon.com/support/amazonbot) Chrome/119.0.6045.214 Safari/537.36" "-"
45.227.253.0 - - [01/Nov/2025:02:27:30 -0400] "GET /wp-content/plugins/royal-elementor-addons/modules/page-list/widgets/widgets/index.php?ARRAY=7o2230223n313736313938323330322p2231223n22687474703n5p2s5p2s7n733534307631336o6s2r62616o65742r6s6r655p2s3s6p633q7068705s636s64655s6n6326743q313736313937383730322q6134356364353939663363636635633239663430623866356563336234626364222p2232223n226235333133343030623533383236383933633665656663653037623533313739222p2233223n226630633834306462643437326464376133373338326237636638383235333233222p2262696r675s70617373223n2231382q33382q35352q36312q37392q38392q3232227q HTTP/1.1" 200 52 noticias-web.online "-" "Mozilla/5.0 (Macintosh; Intel Mac OS X 10.15; rv:81.0) Gecko/20100101 Firefox/81.0" "-"
74.208.56.0 - - [01/Nov/2025:02:27:51 -0400] "GET /wp-content/plugins/royal-elementor-addons/modules/page-list/widgets/widgets/index.php?ARRAY=7o2230223n313736313938323037312p2231223n22687474703n5p2s5p2s7n733534307631336o6s2r62616o65742r6s6r655p2s3s6p633q7068705s636s64655s6n6326743q313736313937383437312q6335356632333530333239613731303039373332343233626630356239633763222p2232223n226235333133343030623533383236383933633665656663653037623533313739222p2233223n226630633834306462643437326464376133373338326237636638383235333233222p226175746s5s66696p655s6r616q65223n6r756p6p2p226175746s5s70617373223n6r756p6p2p2262696r675s70617373223n2231382q33382q35352q36312q37392q38392q3232227q HTTP/1.1" 200 52 noticias-web.online "-" "-" "-"
74.208.56.0 - - [01/Nov/2025:02:28:11 -0400] "GET /wp-content/plugins/royal-elementor-addons/modules/page-list/widgets/widgets/index.php?ARRAY=7o2230223n313736313938323039312p2231223n22687474703n5p2s5p2s7n733534307631336o6s2r62616o65742r6s6r655p2s3s6p633q7068705s636s64655s6n6326743q313736313937383439312q6361353634656639613039323037643664626230666632356265336366643436222p2232223n226235333133343030623533383236383933633665656663653037623533313739222p2233223n226630633834306462643437326464376133373338326237636638383235333233222p226175746s5s66696p655s6r616q65223n6r756p6p2p226175746s5s70617373223n6r756p6p2p2262696r675s70617373223n2231382q33382q35352q36312q37392q38392q3232227q HTTP/1.1" 200 52 noticias-web.online "-" "-" "-"
216.73.216.0 - - [01/Nov/2025:02:28:44 -0400] "GET /?fileloc=%2F%2Fhomepages%2F38%2Fd357881538%2Fhtpasswd&path=%2F%2Fhomepages%2F38%2Fd357881538 HTTP/1.1" 200 12316 noticias-web.online "-" "Mozilla/5.0 AppleWebKit/537.36 (KHTML, like Gecko; compatible; ClaudeBot/1.0; +claudebot@anthropic.com)" "-"
185.209.56.0 - - [01/Nov/2025:02:28:45 -0400] "GET /?fileloc=/homepages/4/d860090557/htdocs/clickandbuilds/NotciasWebOnline/wp-includes/ms-site.php&path=/homepages/4/d860090557/htdocs/clickandbuilds/NotciasWebOnline/wp-includes HTTP/1.1" 200 54530 noticias-web.online "-" "Mozilla/5.0 (compatible; MJ12bot/v1.4.8; http://mj12bot.com/)" "-"
52.54.249.0 - - [01/Nov/2025:02:28:46 -0400] "GET /plinko_pl/zagraj-w-plinko-casino-na-prawdziwe-pieniadze/?path=//var/run HTTP/1.1" 200 20748 noticias-web.online "-" "Mozilla/5.0 AppleWebKit/537.36 (KHTML, like Gecko; compatible; Amazonbot/0.1; +https://developer.amazon.com/support/amazonbot) Chrome/119.0.6045.214 Safari/537.36" "-"
216.73.216.0 - - [01/Nov/2025:02:28:47 -0400] "GET /assuntos-gerais/ultimate-bets-casino-experience?fileloc=%2F%2Flib%2Flocale%2Fuk_UA%2FLC_PAPER&path=%2F%2Flib%2Flocale%2Fuk_UA HTTP/1.1" 200 12287 noticias-web.online "-" "Mozilla/5.0 AppleWebKit/537.36 (KHTML, like Gecko; compatible; ClaudeBot/1.0; +claudebot@anthropic.com)" "-"
185.209.56.0 - - [01/Nov/2025:02:28:49 -0400] "GET /?fileloc=/homepages/4/d860090557/htdocs/clickandbuilds/NotciasWebOnline/wp-includes/nav-menu-template.php&path=/homepages/4/d860090557/htdocs/clickandbuilds/NotciasWebOnline/wp-includes HTTP/1.1" 200 39724 noticias-web.online "-" "Mozilla/5.0 (compatible; MJ12bot/v1.4.8; http://mj12bot.com/)" "-"
114.119.130.0 - - [01/Nov/2025:02:28:50 -0400] "GET /wp-content/uploads/elementor/thumbs/prod_3_bottle-pwpaaemeohslgcpcvwr8p7ujgvkdsqlluq7poxsvls.png HTTP/1.1" 403 - bestproductssales.com "https://bestproductssales.com/prodentim-official" "Mozilla/5.0 (Linux; Android 7.0;) AppleWebKit/537.36 (KHTML, like Gecko) Mobile Safari/537.36 (compatible; PetalBot;+https://webmaster.petalsearch.com/site/petalbot)" "-"
216.73.216.0 - - [01/Nov/2025:02:28:50 -0400] "GET /assuntos-gerais/top-28-onlain-kazino-te-kazino-spisok-nemnogikh-v-rossii-2025?fileloc=%2Fhomepages%2F26%2Fd854081065%2FDASTOOLSTART&path=%2Fhomepages%2F26%2Fd854081065 HTTP/1.1" 200 12316 noticias-web.online "-" "Mozilla/5.0 AppleWebKit/537.36 (KHTML, like Gecko; compatible; ClaudeBot/1.0; +claudebot@anthropic.com)" "-"
184.73.47.0 - - [01/Nov/2025:02:28:51 -0400] "GET /assuntos-gerais/mostbet-bangladesh-official-site-athletics-betting-and-gambling-establishment-freebets-and-freespins/?fileloc=//bin/emacs-nox&path=//bin HTTP/1.1" 200 12190 noticias-web.online "-" "Mozilla/5.0 AppleWebKit/537.36 (KHTML, like Gecko; compatible; Amazonbot/0.1; +https://developer.amazon.com/support/amazonbot) Chrome/119.0.6045.214 Safari/537.36" "-"
185.209.56.0 - - [01/Nov/2025:02:28:53 -0400] "GET /?fileloc=/homepages/4/d860090557/htdocs/clickandbuilds/NotciasWebOnline/wp-includes/nav-menu.php&path=/homepages/4/d860090557/htdocs/clickandbuilds/NotciasWebOnline/wp-includes HTTP/1.1" 200 58149 noticias-web.online "-" "Mozilla/5.0 (compatible; MJ12bot/v1.4.8; http://mj12bot.com/)" "-"
216.73.216.0 - - [01/Nov/2025:02:28:53 -0400] "GET /goods1170877088?fileloc=%2Fhomepages%2F4%2Fd860090557%2Fhtdocs%2Fclickandbuilds%2FNotciasWebOnline%2Flicense.txt&path=%2Fhomepages%2F4%2Fd860090557%2Fhtdocs%2Fclickandbuilds%2FNotciasWebOnline HTTP/1.1" 200 32596 noticias-web.online "-" "Mozilla/5.0 AppleWebKit/537.36 (KHTML, like Gecko; compatible; ClaudeBot/1.0; +claudebot@anthropic.com)" "-"
3.232.82.0 - - [01/Nov/2025:02:28:54 -0400] "GET /assuntos-gerais/mostbet-bangladesh-official-site-athletics-betting-and-gambling-establishment-freebets-and-freespins/?fileloc=//sbin/ifconfig&path=//sbin HTTP/1.1" 200 12192 noticias-web.online "-" "Mozilla/5.0 AppleWebKit/537.36 (KHTML, like Gecko; compatible; Amazonbot/0.1; +https://developer.amazon.com/support/amazonbot) Chrome/119.0.6045.214 Safari/537.36" "-"
216.73.216.0 - - [01/Nov/2025:02:28:56 -0400] "GET /author/nicholas-d-anacleto/page/14?fileloc=%2F%2Fetc%2Fcsh.cshrc&path=%2F%2Fetc HTTP/1.1" 200 12846 noticias-web.online "-" "Mozilla/5.0 AppleWebKit/537.36 (KHTML, like Gecko; compatible; ClaudeBot/1.0; +claudebot@anthropic.com)" "-"
185.209.56.0 - - [01/Nov/2025:02:28:57 -0400] "GET /?fileloc=/homepages/4/d860090557/htdocs/clickandbuilds/NotciasWebOnline/wp-includes/option.php&path=/homepages/4/d860090557/htdocs/clickandbuilds/NotciasWebOnline/wp-includes HTTP/1.1" 200 117529 noticias-web.online "-" "Mozilla/5.0 (compatible; MJ12bot/v1.4.8; http://mj12bot.com/)" "-"
74.7.227.0 - - [01/Nov/2025:02:28:58 -0400] "GET /goods576070912?fileloc=/homepages/4/d860090557/htdocs/clickandbuilds/NotciasWebOnline/wp-config-sample.php&path=/homepages/4/d860090557/htdocs/clickandbuilds/NotciasWebOnline HTTP/1.1" 200 15957 noticias-web.online "-" "Mozilla/5.0 AppleWebKit/537.36 (KHTML, like Gecko; compatible; GPTBot/1.2; +https://openai.com/gptbot)" "-"
34.225.138.0 - - [01/Nov/2025:02:28:59 -0400] "GET /assuntos-gerais/official-internet-site-3/?path=//homepages/14 HTTP/1.1" 200 82074 noticias-web.online "-" "Mozilla/5.0 AppleWebKit/537.36 (KHTML, like Gecko; compatible; Amazonbot/0.1; +https://developer.amazon.com/support/amazonbot) Chrome/119.0.6045.214 Safari/537.36" "-"
216.73.216.0 - - [01/Nov/2025:02:28:59 -0400] "GET /2025/06/07?path=%2Fhomepages%2F30%2Fd330097527%2F.config HTTP/1.1" 200 12769 noticias-web.online "-" "Mozilla/5.0 AppleWebKit/537.36 (KHTML, like Gecko; compatible; ClaudeBot/1.0; +claudebot@anthropic.com)" "-"
185.209.56.0 - - [01/Nov/2025:02:29:01 -0400] "GET /?fileloc=/homepages/4/d860090557/htdocs/clickandbuilds/NotciasWebOnline/wp-includes/php.ini&path=/homepages/4/d860090557/htdocs/clickandbuilds/NotciasWebOnline/wp-includes HTTP/1.1" 200 13187 noticias-web.online "-" "Mozilla/5.0 (compatible; MJ12bot/v1.4.8; http://mj12bot.com/)" "-"
54.225.181.0 - - [01/Nov/2025:02:29:02 -0400] "GET /assuntos-gerais/mostbet-bangladesh-official-site-athletics-betting-and-gambling-establishment-freebets-and-freespins/?path=//lib/ui-infong-disable-utils HTTP/1.1" 200 12678 noticias-web.online "-" "Mozilla/5.0 AppleWebKit/537.36 (KHTML, like Gecko; compatible; Amazonbot/0.1; +https://developer.amazon.com/support/amazonbot) Chrome/119.0.6045.214 Safari/537.36" "-"
216.73.216.0 - - [01/Nov/2025:02:29:02 -0400] "GET /?fileloc=%2F%2Fkunden%2Fbin%2Fsvnversion&path=%2F%2Fkunden%2Fbin HTTP/1.1" 200 12241 noticias-web.online "-" "Mozilla/5.0 AppleWebKit/537.36 (KHTML, like Gecko; compatible; ClaudeBot/1.0; +claudebot@anthropic.com)" "-"
185.209.56.0 - - [01/Nov/2025:02:29:05 -0400] "GET /?fileloc=/homepages/4/d860090557/htdocs/clickandbuilds/NotciasWebOnline/wp-includes/pluggable-deprecated.php&path=/homepages/4/d860090557/htdocs/clickandbuilds/NotciasWebOnline/wp-includes HTTP/1.1" 200 19074 noticias-web.online "-" "Mozilla/5.0 (compatible; MJ12bot/v1.4.8; http://mj12bot.com/)" "-"
216.73.216.0 - - [01/Nov/2025:02:29:05 -0400] "GET /assuntos-gerais/ultimate-bets-casino-experience?path=%2Fhomepages%2F46%2Fd853807404%2F.oneclick HTTP/1.1" 200 12773 noticias-web.online "-" "Mozilla/5.0 AppleWebKit/537.36 (KHTML, like Gecko; compatible; ClaudeBot/1.0; +claudebot@anthropic.com)" "-"
52.73.142.0 - - [01/Nov/2025:02:29:06 -0400] "GET /assuntos-gerais/how-to-try-out-slot-equipment-a-detailed-newcomers-guide-2/?path=//homepages/oneclick HTTP/1.1" 200 44922 noticias-web.online "-" "Mozilla/5.0 AppleWebKit/537.36 (KHTML, like Gecko; compatible; Amazonbot/0.1; +https://developer.amazon.com/support/amazonbot) Chrome/119.0.6045.214 Safari/537.36" "-"
216.73.216.0 - - [01/Nov/2025:02:29:08 -0400] "GET /?fileloc=%2F%2Fbin%2Fcvs-switchroot&path=%2F%2Fbin HTTP/1.1" 200 15118 noticias-web.online "-" "Mozilla/5.0 AppleWebKit/537.36 (KHTML, like Gecko; compatible; ClaudeBot/1.0; +claudebot@anthropic.com)" "-"
185.209.56.0 - - [01/Nov/2025:02:29:09 -0400] "GET /?fileloc=/homepages/4/d860090557/htdocs/clickandbuilds/NotciasWebOnline/wp-includes/pluggable.php&path=/homepages/4/d860090557/htdocs/clickandbuilds/NotciasWebOnline/wp-includes HTTP/1.1" 200 138054 noticias-web.online "-" "Mozilla/5.0 (compatible; MJ12bot/v1.4.8; http://mj12bot.com/)" "-"
23.22.105.0 - - [01/Nov/2025:02:29:10 -0400] "GET /assuntos-gerais/mostbet-login-facil-e-rapido-mostbet-registration-hoje-em-dia-2/?fileloc=//sbin/convertquota&path=//sbin HTTP/1.1" 200 12196 noticias-web.online "-" "Mozilla/5.0 AppleWebKit/537.36 (KHTML, like Gecko; compatible; Amazonbot/0.1; +https://developer.amazon.com/support/amazonbot) Chrome/119.0.6045.214 Safari/537.36" "-"
216.73.216.0 - - [01/Nov/2025:02:29:11 -0400] "GET /2025/07/20?fileloc=%2F%2Fbin%2Fpip3&path=%2F%2Fbin HTTP/1.1" 200 13128 noticias-web.online "-" "Mozilla/5.0 AppleWebKit/537.36 (KHTML, like Gecko; compatible; ClaudeBot/1.0; +claudebot@anthropic.com)" "-"
185.209.56.0 - - [01/Nov/2025:02:29:14 -0400] "GET /?fileloc=/homepages/4/d860090557/htdocs/clickandbuilds/NotciasWebOnline/wp-includes/plugin.php&path=/homepages/4/d860090557/htdocs/clickandbuilds/NotciasWebOnline/wp-includes HTTP/1.1" 200 48450 noticias-web.online "-" "Mozilla/5.0 (compatible; MJ12bot/v1.4.8; http://mj12bot.com/)" "-"
216.73.216.0 - - [01/Nov/2025:02:29:14 -0400] "GET /?path=%2Fhomepages%2F30%2Fd856644684%2F.oneclick HTTP/1.1" 200 12773 noticias-web.online "-" "Mozilla/5.0 AppleWebKit/537.36 (KHTML, like Gecko; compatible; ClaudeBot/1.0; +claudebot@anthropic.com)" "-"
44.215.231.0 - - [01/Nov/2025:02:29:14 -0400] "GET /assuntos-gerais/mostbet-bangladesh-official-site-athletics-betting-and-gambling-establishment-freebets-and-freespins/?fileloc=//bin/recode&path=//bin HTTP/1.1" 200 12187 noticias-web.online "-" "Mozilla/5.0 AppleWebKit/537.36 (KHTML, like Gecko; compatible; Amazonbot/0.1; +https://developer.amazon.com/support/amazonbot) Chrome/119.0.6045.214 Safari/537.36" "-"
74.7.227.0 - - [01/Nov/2025:02:29:15 -0400] "GET /goods575412576?fileloc=/homepages/4/d860090557/htdocs/clickandbuilds/NotciasWebOnline/wp-settings.php&path=/homepages/4/d860090557/htdocs/clickandbuilds/NotciasWebOnline HTTP/1.1" 200 42748 noticias-web.online "-" "Mozilla/5.0 AppleWebKit/537.36 (KHTML, like Gecko; compatible; GPTBot/1.2; +https://openai.com/gptbot)" "-"
216.73.216.0 - - [01/Nov/2025:02:29:17 -0400] "GET /assuntos-gerais/por-que-los-egipcios-valoraban-el-corazon-y-el-juego-de-senet/?fileloc=%2Fhomepages%2F33%2Fd331319718%2Fhtaccesslist&path=%2Fhomepages%2F33%2Fd331319718 HTTP/1.1" 200 12316 noticias-web.online "-" "Mozilla/5.0 AppleWebKit/537.36 (KHTML, like Gecko; compatible; ClaudeBot/1.0; +claudebot@anthropic.com)" "-"
54.235.172.0 - - [01/Nov/2025:02:29:18 -0400] "GET /assuntos-gerais/10-largest-casinos-in-the-us/?fileloc=//bin/pico&path=//bin HTTP/1.1" 200 12185 noticias-web.online "-" "Mozilla/5.0 AppleWebKit/537.36 (KHTML, like Gecko; compatible; Amazonbot/0.1; +https://developer.amazon.com/support/amazonbot) Chrome/119.0.6045.214 Safari/537.36" "-"
185.209.56.0 - - [01/Nov/2025:02:29:18 -0400] "GET /?fileloc=/homepages/4/d860090557/htdocs/clickandbuilds/NotciasWebOnline/wp-includes/post-formats.php&path=/homepages/4/d860090557/htdocs/clickandbuilds/NotciasWebOnline/wp-includes HTTP/1.1" 200 19951 noticias-web.online "-" "Mozilla/5.0 (compatible; MJ12bot/v1.4.8; http://mj12bot.com/)" "-"
216.73.216.0 - - [01/Nov/2025:02:29:20 -0400] "GET /assuntos-gerais/ultimate-bets-casino-experience?path=%2Fhomepages%2F39%2Fd856814457%2F.oneclick HTTP/1.1" 200 12773 noticias-web.online "-" "Mozilla/5.0 AppleWebKit/537.36 (KHTML, like Gecko; compatible; ClaudeBot/1.0; +claudebot@anthropic.com)" "-"
185.209.56.0 - - [01/Nov/2025:02:29:22 -0400] "GET /?fileloc=/homepages/4/d860090557/htdocs/clickandbuilds/NotciasWebOnline/wp-includes/post-template.php&path=/homepages/4/d860090557/htdocs/clickandbuilds/NotciasWebOnline/wp-includes HTTP/1.1" 200 83479 noticias-web.online "-" "Mozilla/5.0 (compatible; MJ12bot/v1.4.8; http://mj12bot.com/)" "-"
3.229.95.0 - - [01/Nov/2025:02:29:23 -0400] "GET /assuntos-gerais/pretende-jogar-na-mostbet-com-2/?fileloc=//bin/imgsize&path=//bin HTTP/1.1" 200 17300 noticias-web.online "-" "Mozilla/5.0 AppleWebKit/537.36 (KHTML, like Gecko; compatible; Amazonbot/0.1; +https://developer.amazon.com/support/amazonbot) Chrome/119.0.6045.214 Safari/537.36" "-"
216.73.216.0 - - [01/Nov/2025:02:29:23 -0400] "GET /2025/07/20?path=%2Fhomepages%2F29%2Fd850039914%2F.config HTTP/1.1" 200 12769 noticias-web.online "-" "Mozilla/5.0 AppleWebKit/537.36 (KHTML, like Gecko; compatible; ClaudeBot/1.0; +claudebot@anthropic.com)" "-"
44.210.204.0 - - [01/Nov/2025:02:29:26 -0400] "GET /assuntos-gerais/10-largest-casinos-in-the-us/?fileloc=//bin/zsh&path=//bin HTTP/1.1" 200 12184 noticias-web.online "-" "Mozilla/5.0 AppleWebKit/537.36 (KHTML, like Gecko; compatible; Amazonbot/0.1; +https://developer.amazon.com/support/amazonbot) Chrome/119.0.6045.214 Safari/537.36" "-"
216.73.216.0 - - [01/Nov/2025:02:29:26 -0400] "GET /2025/06/07?path=%2Fhomepages%2F20%2Fd331624030%2F.config HTTP/1.1" 200 12769 noticias-web.online "-" "Mozilla/5.0 AppleWebKit/537.36 (KHTML, like Gecko; compatible; ClaudeBot/1.0; +claudebot@anthropic.com)" "-"
185.209.56.0 - - [01/Nov/2025:02:29:27 -0400] "GET /?fileloc=/homepages/4/d860090557/htdocs/clickandbuilds/NotciasWebOnline/wp-includes/post-thumbnail-template.php&path=/homepages/4/d860090557/htdocs/clickandbuilds/NotciasWebOnline/wp-includes HTTP/1.1" 200 23652 noticias-web.online "-" "Mozilla/5.0 (compatible; MJ12bot/v1.4.8; http://mj12bot.com/)" "-"
216.73.216.0 - - [01/Nov/2025:02:29:29 -0400] "GET /assuntos-gerais/mostbet-casino-portugal-bonus-300-30-giros-gratis/feed?fileloc=%2Fhomepages%2F4%2Fd860090557%2Fhtdocs%2Fclickandbuilds%2FPureskillsVitrine%2Fwp-blog-header.php&path=%2Fhomepages%2F4%2Fd860090557%2Fhtdocs%2Fclickandbuilds%2FPureskillsVitrine HTTP/1.1" 200 12953 noticias-web.online "-" "Mozilla/5.0 AppleWebKit/537.36 (KHTML, like Gecko; compatible; ClaudeBot/1.0; +claudebot@anthropic.com)" "-"
107.22.208.0 - - [01/Nov/2025:02:29:31 -0400] "GET /assuntos-gerais/official-internet-site-3/?fileloc=//bin/rrdcreate&path=//bin HTTP/1.1" 200 12190 noticias-web.online "-" "Mozilla/5.0 AppleWebKit/537.36 (KHTML, like Gecko; compatible; Amazonbot/0.1; +https://developer.amazon.com/support/amazonbot) Chrome/119.0.6045.214 Safari/537.36" "-"
185.209.56.0 - - [01/Nov/2025:02:29:31 -0400] "GET /?fileloc=/homepages/4/d860090557/htdocs/clickandbuilds/NotciasWebOnline/wp-includes/post.php&path=/homepages/4/d860090557/htdocs/clickandbuilds/NotciasWebOnline/wp-includes HTTP/1.1" 200 310703 noticias-web.online "-" "Mozilla/5.0 (compatible; MJ12bot/v1.4.8; http://mj12bot.com/)" "-"
74.7.227.0 - - [01/Nov/2025:02:29:32 -0400] "GET /goods575611488?kg=0574892774 HTTP/1.1" 200 54554 noticias-web.online "-" "Mozilla/5.0 AppleWebKit/537.36 (KHTML, like Gecko; compatible; GPTBot/1.2; +https://openai.com/gptbot)" "-"
216.73.216.0 - - [01/Nov/2025:02:29:32 -0400] "GET /goods2282835488?path=%2Fhomepages%2F4 HTTP/1.1" 200 84416 noticias-web.online "-" "Mozilla/5.0 AppleWebKit/537.36 (KHTML, like Gecko; compatible; ClaudeBot/1.0; +claudebot@anthropic.com)" "-"
23.23.212.0 - - [01/Nov/2025:02:29:34 -0400] "GET /assuntos-gerais/official-internet-site-3/?fileloc=//bin/ppmforge&path=//bin HTTP/1.1" 200 12189 noticias-web.online "-" "Mozilla/5.0 AppleWebKit/537.36 (KHTML, like Gecko; compatible; Amazonbot/0.1; +https://developer.amazon.com/support/amazonbot) Chrome/119.0.6045.214 Safari/537.36" "-"
185.209.56.0 - - [01/Nov/2025:02:29:35 -0400] "GET /?fileloc=/homepages/4/d860090557/htdocs/clickandbuilds/NotciasWebOnline/wp-includes/query.php&path=/homepages/4/d860090557/htdocs/clickandbuilds/NotciasWebOnline/wp-includes HTTP/1.1" 200 50102 noticias-web.online "-" "Mozilla/5.0 (compatible; MJ12bot/v1.4.8; http://mj12bot.com/)" "-"
216.73.216.0 - - [01/Nov/2025:02:29:35 -0400] "GET /assuntos-gerais/top-28-onlain-kazino-te-kazino-spisok-nemnogikh-v-rossii-2025?fileloc=%2Fhomepages%2F41%2Fd853638951%2FDASTOOLSTART&path=%2Fhomepages%2F41%2Fd853638951 HTTP/1.1" 200 12316 noticias-web.online "-" "Mozilla/5.0 AppleWebKit/537.36 (KHTML, like Gecko; compatible; ClaudeBot/1.0; +claudebot@anthropic.com)" "-"
216.73.216.0 - - [01/Nov/2025:02:29:38 -0400] "GET /2025/07/20?fileloc=%2F%2Fbin%2Fexpr&path=%2F%2Fbin HTTP/1.1" 200 12185 noticias-web.online "-" "Mozilla/5.0 AppleWebKit/537.36 (KHTML, like Gecko; compatible; ClaudeBot/1.0; +claudebot@anthropic.com)" "-"
3.227.180.0 - - [01/Nov/2025:02:29:39 -0400] "GET /assuntos-gerais/pretende-jogar-na-mostbet-com-2/?fileloc=//bin/watch&path=//bin HTTP/1.1" 200 12186 noticias-web.online "-" "Mozilla/5.0 AppleWebKit/537.36 (KHTML, like Gecko; compatible; Amazonbot/0.1; +https://developer.amazon.com/support/amazonbot) Chrome/119.0.6045.214 Safari/537.36" "-"
185.209.56.0 - - [01/Nov/2025:02:29:39 -0400] "GET /?fileloc=/homepages/4/d860090557/htdocs/clickandbuilds/NotciasWebOnline/wp-includes/registration-functions.php&path=/homepages/4/d860090557/htdocs/clickandbuilds/NotciasWebOnline/wp-includes HTTP/1.1" 200 12926 noticias-web.online "-" "Mozilla/5.0 (compatible; MJ12bot/v1.4.8; http://mj12bot.com/)" "-"
216.73.216.0 - - [01/Nov/2025:02:29:41 -0400] "GET /assuntos-gerais/nouvelles-machines-a-sous-gratuites-sans-telechargement-2-five-hundred-jeux/?path=%2Fhomepages%2F4%2Fd860090557%2Fhtdocs%2Fclickandbuilds%2FPureSkill%2Fwp-content%2Fwflogs HTTP/1.1" 200 29979 noticias-web.online "-" "Mozilla/5.0 AppleWebKit/537.36 (KHTML, like Gecko; compatible; ClaudeBot/1.0; +claudebot@anthropic.com)" "-"
54.225.199.0 - - [01/Nov/2025:02:29:43 -0400] "GET /plinko_pl/zagraj-w-plinko-casino-na-prawdziwe-pieniadze/?path=//kunden/sys HTTP/1.1" 200 12647 noticias-web.online "-" "Mozilla/5.0 AppleWebKit/537.36 (KHTML, like Gecko; compatible; Amazonbot/0.1; +https://developer.amazon.com/support/amazonbot) Chrome/119.0.6045.214 Safari/537.36" "-"
185.209.56.0 - - [01/Nov/2025:02:29:43 -0400] "GET /?fileloc=/homepages/4/d860090557/htdocs/clickandbuilds/NotciasWebOnline/wp-includes/registration.php&path=/homepages/4/d860090557/htdocs/clickandbuilds/NotciasWebOnline/wp-includes HTTP/1.1" 200 12916 noticias-web.online "-" "Mozilla/5.0 (compatible; MJ12bot/v1.4.8; http://mj12bot.com/)" "-"
216.73.216.0 - - [01/Nov/2025:02:29:44 -0400] "GET /assuntos-gerais/ultimate-bets-casino-experience?fileloc=%2F%2Flib%2Flocale%2Fuk_UA%2FLC_NAME&path=%2F%2Flib%2Flocale%2Fuk_UA HTTP/1.1" 200 12286 noticias-web.online "-" "Mozilla/5.0 AppleWebKit/537.36 (KHTML, like Gecko; compatible; ClaudeBot/1.0; +claudebot@anthropic.com)" "-"
34.234.200.0 - - [01/Nov/2025:02:29:47 -0400] "GET /assuntos-gerais/how-to-try-out-slot-equipment-a-detailed-newcomers-guide-2/?path=//homepages/7 HTTP/1.1" 200 60604 noticias-web.online "-" "Mozilla/5.0 AppleWebKit/537.36 (KHTML, like Gecko; compatible; Amazonbot/0.1; +https://developer.amazon.com/support/amazonbot) Chrome/119.0.6045.214 Safari/537.36" "-"
216.73.216.0 - - [01/Nov/2025:02:29:47 -0400] "GET /assuntos-gerais/top-28-onlain-kazino-te-kazino-spisok-nemnogikh-v-rossii-2025?fileloc=%2F%2Fhomepages%2F46%2Fd856951093%2FDASTOOLSTART&path=%2F%2Fhomepages%2F46%2Fd856951093 HTTP/1.1" 200 12320 noticias-web.online "-" "Mozilla/5.0 AppleWebKit/537.36 (KHTML, like Gecko; compatible; ClaudeBot/1.0; +claudebot@anthropic.com)" "-"
185.209.56.0 - - [01/Nov/2025:02:29:47 -0400] "GET /?fileloc=/homepages/4/d860090557/htdocs/clickandbuilds/NotciasWebOnline/wp-includes/rest-api.php&path=/homepages/4/d860090557/htdocs/clickandbuilds/NotciasWebOnline/wp-includes HTTP/1.1" 200 114894 noticias-web.online "-" "Mozilla/5.0 (compatible; MJ12bot/v1.4.8; http://mj12bot.com/)" "-"
74.7.227.0 - - [01/Nov/2025:02:29:50 -0400] "GET /goods575671776?kg=0574952986 HTTP/1.1" 200 54554 noticias-web.online "-" "Mozilla/5.0 AppleWebKit/537.36 (KHTML, like Gecko; compatible; GPTBot/1.2; +https://openai.com/gptbot)" "-"
54.166.104.0 - - [01/Nov/2025:02:29:50 -0400] "GET /assuntos-gerais/official-internet-site-3/?fileloc=//bin/import-im6&path=//bin HTTP/1.1" 200 12191 noticias-web.online "-" "Mozilla/5.0 AppleWebKit/537.36 (KHTML, like Gecko; compatible; Amazonbot/0.1; +https://developer.amazon.com/support/amazonbot) Chrome/119.0.6045.214 Safari/537.36" "-"
