54.91.122.0 - - [01/Nov/2025:00:36:03 -0400] "GET /assuntos-gerais/10-largest-casinos-in-the-us/?fileloc=//sbin/groupdel&path=//sbin HTTP/1.1" 200 12192 noticias-web.online "-" "Mozilla/5.0 AppleWebKit/537.36 (KHTML, like Gecko; compatible; Amazonbot/0.1; +https://developer.amazon.com/support/amazonbot) Chrome/119.0.6045.214 Safari/537.36" "-"
216.73.216.0 - - [01/Nov/2025:00:36:04 -0400] "GET /assuntos-gerais/ultimate-bets-casino-experience?fileloc=%2F%2Fhomepages%2F13%2Fd857581377%2F.created&path=%2F%2Fhomepages%2F13%2Fd857581377 HTTP/1.1" 200 12327 noticias-web.online "-" "Mozilla/5.0 AppleWebKit/537.36 (KHTML, like Gecko; compatible; ClaudeBot/1.0; +claudebot@anthropic.com)" "-"
216.73.216.0 - - [01/Nov/2025:00:36:07 -0400] "GET /assuntos-gerais/najlepsze-zaklady-sportowe-online-w-polsce/feed?fileloc=%2F%2Fhomepages%2F27%2Fd856895144%2Fhtaccesslist&path=%2F%2Fhomepages%2F27%2Fd856895144 HTTP/1.1" 200 12320 noticias-web.online "-" "Mozilla/5.0 AppleWebKit/537.36 (KHTML, like Gecko; compatible; ClaudeBot/1.0; +claudebot@anthropic.com)" "-"
34.206.193.0 - - [01/Nov/2025:00:36:07 -0400] "GET /assuntos-gerais/official-internet-site-3/?fileloc=//sbin/tarcat&path=//sbin HTTP/1.1" 200 13271 noticias-web.online "-" "Mozilla/5.0 AppleWebKit/537.36 (KHTML, like Gecko; compatible; Amazonbot/0.1; +https://developer.amazon.com/support/amazonbot) Chrome/119.0.6045.214 Safari/537.36" "-"
74.7.227.0 - - [01/Nov/2025:00:36:07 -0400] "GET /goods575616000?kg=0574897279 HTTP/1.1" 200 54554 noticias-web.online "-" "Mozilla/5.0 AppleWebKit/537.36 (KHTML, like Gecko; compatible; GPTBot/1.2; +https://openai.com/gptbot)" "-"
216.73.216.0 - - [01/Nov/2025:00:36:10 -0400] "GET /mini-reviews/online-on-line-casino-test-deutsche-casinos-von-experten-gepruft/feed?path=%2Fhomepages%2F37%2Fd853233149 HTTP/1.1" 200 24032 noticias-web.online "-" "Mozilla/5.0 AppleWebKit/537.36 (KHTML, like Gecko; compatible; ClaudeBot/1.0; +claudebot@anthropic.com)" "-"
52.22.64.0 - - [01/Nov/2025:00:36:10 -0400] "GET /assuntos-gerais/takie-onlain-kazino-top-reiting-saitov-v-dengi-s-vyvodom/?fileloc=//bin/ppmpat&path=//bin HTTP/1.1" 200 12187 noticias-web.online "-" "Mozilla/5.0 AppleWebKit/537.36 (KHTML, like Gecko; compatible; Amazonbot/0.1; +https://developer.amazon.com/support/amazonbot) Chrome/119.0.6045.214 Safari/537.36" "-"
216.73.216.0 - - [01/Nov/2025:00:36:13 -0400] "GET /assuntos-gerais/ultimate-bets-casino-experience?fileloc=%2F%2Fkunden%2Fbin%2Fdh_perl_openssl&path=%2F%2Fkunden%2Fbin HTTP/1.1" 200 13885 noticias-web.online "-" "Mozilla/5.0 AppleWebKit/537.36 (KHTML, like Gecko; compatible; ClaudeBot/1.0; +claudebot@anthropic.com)" "-"
44.221.227.0 - - [01/Nov/2025:00:36:15 -0400] "GET /assuntos-gerais/meet-alex-the-ruskies-casino-hacker-that-makes-millions-targeting-slot-machines/?fileloc=//bin/cmake&path=//bin HTTP/1.1" 200 12186 noticias-web.online "-" "Mozilla/5.0 AppleWebKit/537.36 (KHTML, like Gecko; compatible; Amazonbot/0.1; +https://developer.amazon.com/support/amazonbot) Chrome/119.0.6045.214 Safari/537.36" "-"
216.73.216.0 - - [01/Nov/2025:00:36:16 -0400] "GET /assuntos-gerais/l-importance-des-certificats-ssl-dans-les-jeux-en-ligne-modernes/?fileloc=%2F%2Fkunden%2Fbin%2Fzdiff&path=%2F%2Fkunden%2Fbin HTTP/1.1" 200 18906 noticias-web.online "-" "Mozilla/5.0 AppleWebKit/537.36 (KHTML, like Gecko; compatible; ClaudeBot/1.0; +claudebot@anthropic.com)" "-"
44.218.170.0 - - [01/Nov/2025:00:36:18 -0400] "GET /assuntos-gerais/1xbet-apk-versus-web-platform-pros-and-cons/?fileloc=//bin/watchgnupg&path=//bin HTTP/1.1" 200 12191 noticias-web.online "-" "Mozilla/5.0 AppleWebKit/537.36 (KHTML, like Gecko; compatible; Amazonbot/0.1; +https://developer.amazon.com/support/amazonbot) Chrome/119.0.6045.214 Safari/537.36" "-"
216.73.216.0 - - [01/Nov/2025:00:36:19 -0400] "GET /mini-reviews/online-on-line-casino-test-deutsche-casinos-von-experten-gepruft/feed?path=%2Fhomepages%2F26%2Fd859123413 HTTP/1.1" 200 28466 noticias-web.online "-" "Mozilla/5.0 AppleWebKit/537.36 (KHTML, like Gecko; compatible; ClaudeBot/1.0; +claudebot@anthropic.com)" "-"
216.73.216.0 - - [01/Nov/2025:00:36:22 -0400] "GET /goods257928512?path=%2Fhomepages HTTP/1.1" 200 81138 noticias-web.online "-" "Mozilla/5.0 AppleWebKit/537.36 (KHTML, like Gecko; compatible; ClaudeBot/1.0; +claudebot@anthropic.com)" "-"
35.168.238.0 - - [01/Nov/2025:00:36:23 -0400] "GET /2025/10/26/?fileloc=//bin/gpgv&path=//bin HTTP/1.1" 200 12185 noticias-web.online "-" "Mozilla/5.0 AppleWebKit/537.36 (KHTML, like Gecko; compatible; Amazonbot/0.1; +https://developer.amazon.com/support/amazonbot) Chrome/119.0.6045.214 Safari/537.36" "-"
216.73.216.0 - - [01/Nov/2025:00:36:25 -0400] "GET /assuntos-gerais/top-28-onlain-kazino-te-kazino-spisok-nemnogikh-v-rossii-2025?fileloc=%2F%2Fhomepages%2F39%2Fd851009487%2Fhtpasswd&path=%2F%2Fhomepages%2F39%2Fd851009487 HTTP/1.1" 200 12316 noticias-web.online "-" "Mozilla/5.0 AppleWebKit/537.36 (KHTML, like Gecko; compatible; ClaudeBot/1.0; +claudebot@anthropic.com)" "-"
74.7.227.0 - - [01/Nov/2025:00:36:25 -0400] "GET /goods575986976?kg=0575267792 HTTP/1.1" 200 54554 noticias-web.online "-" "Mozilla/5.0 AppleWebKit/537.36 (KHTML, like Gecko; compatible; GPTBot/1.2; +https://openai.com/gptbot)" "-"
18.215.77.0 - - [01/Nov/2025:00:36:27 -0400] "GET /assuntos-gerais/mostbet-bangladesh-official-site-athletics-betting-and-gambling-establishment-freebets-and-freespins/?fileloc=//bin/rlksh&path=//bin HTTP/1.1" 200 12186 noticias-web.online "-" "Mozilla/5.0 AppleWebKit/537.36 (KHTML, like Gecko; compatible; Amazonbot/0.1; +https://developer.amazon.com/support/amazonbot) Chrome/119.0.6045.214 Safari/537.36" "-"
2602:fa59:: - - [01/Nov/2025:00:36:27 -0400] "GET /wp-includes/SimplePie/Content/Type/index.php HTTP/1.1" 403 - bestproductssales.com "-" "Mozlila/5.0 (Linux; Android 7.0; SM-G892A Bulid/NRD90M; wv) AppleWebKit/537.36 (KHTML, like Gecko) Version/4.0 Chrome/60.0.3112.107 Moblie Safari/537.36" "-"
216.73.216.0 - - [01/Nov/2025:00:36:28 -0400] "GET /goods1503051488?path=%2Fhomepages%2F4%2Fd860090557 HTTP/1.1" 200 31371 noticias-web.online "-" "Mozilla/5.0 AppleWebKit/537.36 (KHTML, like Gecko; compatible; ClaudeBot/1.0; +claudebot@anthropic.com)" "-"
34.196.237.0 - - [01/Nov/2025:00:36:30 -0400] "GET /assuntos-gerais/takie-onlain-kazino-top-reiting-saitov-v-dengi-s-vyvodom/?fileloc=//bin/ppmspread&path=//bin HTTP/1.1" 200 12190 noticias-web.online "-" "Mozilla/5.0 AppleWebKit/537.36 (KHTML, like Gecko; compatible; Amazonbot/0.1; +https://developer.amazon.com/support/amazonbot) Chrome/119.0.6045.214 Safari/537.36" "-"
216.73.216.0 - - [01/Nov/2025:00:36:31 -0400] "GET /assuntos-gerais/ultimate-bets-casino-experience?path=%2Fhomepages%2F20%2Fd330330120%2Fmanaged HTTP/1.1" 200 12769 noticias-web.online "-" "Mozilla/5.0 AppleWebKit/537.36 (KHTML, like Gecko; compatible; ClaudeBot/1.0; +claudebot@anthropic.com)" "-"
2001:41d0:200:: - - [01/Nov/2025:00:36:32 -0400] "GET /robots.txt HTTP/1.1" 200 89 noticias-web.online "-" "Mozilla/5.0 (compatible; MJ12bot/v1.4.8; http://mj12bot.com/)" "-"
216.73.216.0 - - [01/Nov/2025:00:36:34 -0400] "GET /assuntos-gerais/ultimate-bets-casino-experience?path=%2F%2Fhomepages%2F42%2Fd858639564 HTTP/1.1" 200 27035 noticias-web.online "-" "Mozilla/5.0 AppleWebKit/537.36 (KHTML, like Gecko; compatible; ClaudeBot/1.0; +claudebot@anthropic.com)" "-"
3.211.105.0 - - [01/Nov/2025:00:36:34 -0400] "GET /assuntos-gerais/meet-alex-the-ruskies-casino-hacker-that-makes-millions-targeting-slot-machines/?fileloc=//bin/montage&path=//bin HTTP/1.1" 200 12188 noticias-web.online "-" "Mozilla/5.0 AppleWebKit/537.36 (KHTML, like Gecko; compatible; Amazonbot/0.1; +https://developer.amazon.com/support/amazonbot) Chrome/119.0.6045.214 Safari/537.36" "-"
2001:41d0:200:: - - [01/Nov/2025:00:36:36 -0400] "GET /?fileloc=/homepages/4/d860090557/htdocs/clickandbuilds/NotciasWebOnline/.htaccess&path=/homepages/4/d860090557/htdocs/clickandbuilds/NotciasWebOnline HTTP/1.1" 200 14668 noticias-web.online "-" "Mozilla/5.0 (compatible; MJ12bot/v1.4.8; http://mj12bot.com/)" "-"
216.73.216.0 - - [01/Nov/2025:00:36:37 -0400] "GET /goods1503095424?path=%2Fhomepages%2F4 HTTP/1.1" 200 84416 noticias-web.online "-" "Mozilla/5.0 AppleWebKit/537.36 (KHTML, like Gecko; compatible; ClaudeBot/1.0; +claudebot@anthropic.com)" "-"
3.231.193.0 - - [01/Nov/2025:00:36:38 -0400] "GET /assuntos-gerais/pretende-jogar-na-mostbet-com-2/?fileloc=//bin/pftp&path=//bin HTTP/1.1" 200 12185 noticias-web.online "-" "Mozilla/5.0 AppleWebKit/537.36 (KHTML, like Gecko; compatible; Amazonbot/0.1; +https://developer.amazon.com/support/amazonbot) Chrome/119.0.6045.214 Safari/537.36" "-"
216.73.216.0 - - [01/Nov/2025:00:36:40 -0400] "GET /assuntos-gerais/top-28-onlain-kazino-te-kazino-spisok-nemnogikh-v-rossii-2025?fileloc=%2F%2Fhomepages%2F23%2Fd858797747%2F.created&path=%2F%2Fhomepages%2F23%2Fd858797747 HTTP/1.1" 200 12327 noticias-web.online "-" "Mozilla/5.0 AppleWebKit/537.36 (KHTML, like Gecko; compatible; ClaudeBot/1.0; +claudebot@anthropic.com)" "-"
2001:41d0:200:: - - [01/Nov/2025:00:36:40 -0400] "GET /?fileloc=/homepages/4/d860090557/htdocs/clickandbuilds/NotciasWebOnline/hcgdz.php&path=/homepages/4/d860090557/htdocs/clickandbuilds/NotciasWebOnline HTTP/1.1" 200 43169 noticias-web.online "-" "Mozilla/5.0 (compatible; MJ12bot/v1.4.8; http://mj12bot.com/)" "-"
44.205.120.0 - - [01/Nov/2025:00:36:42 -0400] "GET /mini-reviews/beste-casino-freispiele-2025-free-of-charge-spins-ohne-einzahlung/?fileloc=//bin/db5.3_deadlock&path=//bin HTTP/1.1" 200 12195 noticias-web.online "-" "Mozilla/5.0 AppleWebKit/537.36 (KHTML, like Gecko; compatible; Amazonbot/0.1; +https://developer.amazon.com/support/amazonbot) Chrome/119.0.6045.214 Safari/537.36" "-"
216.73.216.0 - - [01/Nov/2025:00:36:43 -0400] "GET /assuntos-gerais/top-28-onlain-kazino-te-kazino-spisok-nemnogikh-v-rossii-2025?path=%2Fhomepages%2F43%2Fd331680312 HTTP/1.1" 200 29787 noticias-web.online "-" "Mozilla/5.0 AppleWebKit/537.36 (KHTML, like Gecko; compatible; ClaudeBot/1.0; +claudebot@anthropic.com)" "-"
74.7.227.0 - - [01/Nov/2025:00:36:44 -0400] "GET /goods575556224?kg=0574837579 HTTP/1.1" 200 54554 noticias-web.online "-" "Mozilla/5.0 AppleWebKit/537.36 (KHTML, like Gecko; compatible; GPTBot/1.2; +https://openai.com/gptbot)" "-"
2001:41d0:200:: - - [01/Nov/2025:00:36:44 -0400] "GET /?fileloc=/homepages/4/d860090557/htdocs/clickandbuilds/NotciasWebOnline/index.php&path=/homepages/4/d860090557/htdocs/clickandbuilds/NotciasWebOnline HTTP/1.1" 200 37483 noticias-web.online "-" "Mozilla/5.0 (compatible; MJ12bot/v1.4.8; http://mj12bot.com/)" "-"
216.73.216.0 - - [01/Nov/2025:00:36:46 -0400] "GET /assuntos-gerais/l-importance-des-certificats-ssl-dans-les-jeux-en-ligne-modernes/?fileloc=%2F%2Fproc%2Fself%2Fcmdline&path=%2F%2Fproc%2Fself HTTP/1.1" 200 12334 noticias-web.online "-" "Mozilla/5.0 AppleWebKit/537.36 (KHTML, like Gecko; compatible; ClaudeBot/1.0; +claudebot@anthropic.com)" "-"
34.204.150.0 - - [01/Nov/2025:00:36:46 -0400] "GET /assuntos-gerais/mostbet-bangladesh-official-site-athletics-betting-and-gambling-establishment-freebets-and-freespins/?path=//homepages/15 HTTP/1.1" 200 79400 noticias-web.online "-" "Mozilla/5.0 AppleWebKit/537.36 (KHTML, like Gecko; compatible; Amazonbot/0.1; +https://developer.amazon.com/support/amazonbot) Chrome/119.0.6045.214 Safari/537.36" "-"
2001:41d0:200:: - - [01/Nov/2025:00:36:47 -0400] "GET /robots.txt HTTP/1.1" 200 89 noticias-web.online "-" "Mozilla/5.0 (compatible; MJ12bot/v1.4.8; http://mj12bot.com/)" "-"
2001:41d0:200:: - - [01/Nov/2025:00:36:47 -0400] "GET /robots.txt HTTP/1.1" 200 89 noticias-web.online "-" "Mozilla/5.0 (compatible; MJ12bot/v1.4.8; http://mj12bot.com/)" "-"
2001:41d0:200:: - - [01/Nov/2025:00:36:49 -0400] "GET /?fileloc=/homepages/4/d860090557/htdocs/clickandbuilds/NotciasWebOnline/license.txt&path=/homepages/4/d860090557/htdocs/clickandbuilds/NotciasWebOnline HTTP/1.1" 200 32596 noticias-web.online "-" "Mozilla/5.0 (compatible; MJ12bot/v1.4.8; http://mj12bot.com/)" "-"
216.73.216.0 - - [01/Nov/2025:00:36:49 -0400] "GET /assuntos-gerais/najlepsze-zaklady-sportowe-online-w-polsce/feed?fileloc=%2Fhomepages%2F17%2Fd854895519%2FDASTOOLSTART&path=%2Fhomepages%2F17%2Fd854895519 HTTP/1.1" 200 12316 noticias-web.online "-" "Mozilla/5.0 AppleWebKit/537.36 (KHTML, like Gecko; compatible; ClaudeBot/1.0; +claudebot@anthropic.com)" "-"
2001:41d0:200:: - - [01/Nov/2025:00:36:50 -0400] "GET /?fileloc=/homepages/4/d860090557/htdocs/clickandbuilds/NotciasWebOnline/.htaccess&path=/homepages/4/d860090557/htdocs/clickandbuilds/NotciasWebOnline HTTP/1.1" 200 14668 noticias-web.online "-" "Mozilla/5.0 (compatible; MJ12bot/v1.4.8; http://mj12bot.com/)" "-"
34.231.45.0 - - [01/Nov/2025:00:36:50 -0400] "GET /assuntos-gerais/1xbet-apk-versus-web-platform-pros-and-cons/?fileloc=//bin/encguess&path=//bin HTTP/1.1" 200 15436 noticias-web.online "-" "Mozilla/5.0 AppleWebKit/537.36 (KHTML, like Gecko; compatible; Amazonbot/0.1; +https://developer.amazon.com/support/amazonbot) Chrome/119.0.6045.214 Safari/537.36" "-"
2001:41d0:200:: - - [01/Nov/2025:00:36:51 -0400] "GET /?fileloc=/homepages/4/d860090557/htdocs/clickandbuilds/NotciasWebOnline/.htaccess&path=/homepages/4/d860090557/htdocs/clickandbuilds/NotciasWebOnline HTTP/1.1" 200 14668 noticias-web.online "-" "Mozilla/5.0 (compatible; MJ12bot/v1.4.8; http://mj12bot.com/)" "-"
2602:fa59:: - - [01/Nov/2025:00:36:51 -0400] "GET /wp-includes/Requests/Auth/index.php HTTP/1.1" 403 - bestproductssales.com "-" "Mozlila/5.0 (Linux; Android 7.0; SM-G892A Bulid/NRD90M; wv) AppleWebKit/537.36 (KHTML, like Gecko) Version/4.0 Chrome/60.0.3112.107 Moblie Safari/537.36" "-"
216.73.216.0 - - [01/Nov/2025:00:36:52 -0400] "GET /assuntos-gerais/top-28-onlain-kazino-te-kazino-spisok-nemnogikh-v-rossii-2025?path=%2Fhomepages%2F43%2Fd856627730 HTTP/1.1" 200 24032 noticias-web.online "-" "Mozilla/5.0 AppleWebKit/537.36 (KHTML, like Gecko; compatible; ClaudeBot/1.0; +claudebot@anthropic.com)" "-"
2001:41d0:200:: - - [01/Nov/2025:00:36:53 -0400] "GET /?fileloc=/homepages/4/d860090557/htdocs/clickandbuilds/NotciasWebOnline/readme.html&path=/homepages/4/d860090557/htdocs/clickandbuilds/NotciasWebOnline HTTP/1.1" 200 21924 noticias-web.online "-" "Mozilla/5.0 (compatible; MJ12bot/v1.4.8; http://mj12bot.com/)" "-"
2001:41d0:200:: - - [01/Nov/2025:00:36:54 -0400] "GET /?fileloc=/homepages/4/d860090557/htdocs/clickandbuilds/NotciasWebOnline/hcgdz.php&path=/homepages/4/d860090557/htdocs/clickandbuilds/NotciasWebOnline HTTP/1.1" 200 43169 noticias-web.online "-" "Mozilla/5.0 (compatible; MJ12bot/v1.4.8; http://mj12bot.com/)" "-"
44.218.170.0 - - [01/Nov/2025:00:36:54 -0400] "GET /assuntos-gerais/1xbet-apk-versus-web-platform-pros-and-cons/?fileloc=//bin/gcov-10&path=//bin HTTP/1.1" 200 12188 noticias-web.online "-" "Mozilla/5.0 AppleWebKit/537.36 (KHTML, like Gecko; compatible; Amazonbot/0.1; +https://developer.amazon.com/support/amazonbot) Chrome/119.0.6045.214 Safari/537.36" "-"
216.73.216.0 - - [01/Nov/2025:00:36:55 -0400] "GET /assuntos-gerais/ultimate-bets-casino-experience?path=%2F%2Fhomepages%2F40%2Fd332498767 HTTP/1.1" 200 27011 noticias-web.online "-" "Mozilla/5.0 AppleWebKit/537.36 (KHTML, like Gecko; compatible; ClaudeBot/1.0; +claudebot@anthropic.com)" "-"
2001:41d0:200:: - - [01/Nov/2025:00:36:55 -0400] "GET /?fileloc=/homepages/4/d860090557/htdocs/clickandbuilds/NotciasWebOnline/hcgdz.php&path=/homepages/4/d860090557/htdocs/clickandbuilds/NotciasWebOnline HTTP/1.1" 200 43169 noticias-web.online "-" "Mozilla/5.0 (compatible; MJ12bot/v1.4.8; http://mj12bot.com/)" "-"
2001:41d0:200:: - - [01/Nov/2025:00:36:57 -0400] "GET /?fileloc=/homepages/4/d860090557/htdocs/clickandbuilds/NotciasWebOnline/robots.txt&path=/homepages/4/d860090557/htdocs/clickandbuilds/NotciasWebOnline HTTP/1.1" 200 12677 noticias-web.online "-" "Mozilla/5.0 (compatible; MJ12bot/v1.4.8; http://mj12bot.com/)" "-"
216.73.216.0 - - [01/Nov/2025:00:36:58 -0400] "GET /mini-reviews/online-on-line-casino-test-deutsche-casinos-von-experten-gepruft/feed?path=%2Fhomepages%2F41%2Fd334923780 HTTP/1.1" 200 26972 noticias-web.online "-" "Mozilla/5.0 AppleWebKit/537.36 (KHTML, like Gecko; compatible; ClaudeBot/1.0; +claudebot@anthropic.com)" "-"
54.157.84.0 - - [01/Nov/2025:00:36:59 -0400] "GET /assuntos-gerais/meet-alex-the-ruskies-casino-hacker-that-makes-millions-targeting-slot-machines/?fileloc=//sbin/sysctl&path=//sbin HTTP/1.1" 200 12190 noticias-web.online "-" "Mozilla/5.0 AppleWebKit/537.36 (KHTML, like Gecko; compatible; Amazonbot/0.1; +https://developer.amazon.com/support/amazonbot) Chrome/119.0.6045.214 Safari/537.36" "-"
2001:41d0:200:: - - [01/Nov/2025:00:36:59 -0400] "GET /?fileloc=/homepages/4/d860090557/htdocs/clickandbuilds/NotciasWebOnline/index.php&path=/homepages/4/d860090557/htdocs/clickandbuilds/NotciasWebOnline HTTP/1.1" 200 37483 noticias-web.online "-" "Mozilla/5.0 (compatible; MJ12bot/v1.4.8; http://mj12bot.com/)" "-"
2001:41d0:200:: - - [01/Nov/2025:00:37:00 -0400] "GET /?fileloc=/homepages/4/d860090557/htdocs/clickandbuilds/NotciasWebOnline/index.php&path=/homepages/4/d860090557/htdocs/clickandbuilds/NotciasWebOnline HTTP/1.1" 200 37483 noticias-web.online "-" "Mozilla/5.0 (compatible; MJ12bot/v1.4.8; http://mj12bot.com/)" "-"
216.73.216.0 - - [01/Nov/2025:00:37:01 -0400] "GET /assuntos-gerais/top-28-onlain-kazino-te-kazino-spisok-nemnogikh-v-rossii-2025?path=%2F%2Fhomepages%2F39%2Fd851009487%2Fmanaged HTTP/1.1" 200 12773 noticias-web.online "-" "Mozilla/5.0 AppleWebKit/537.36 (KHTML, like Gecko; compatible; ClaudeBot/1.0; +claudebot@anthropic.com)" "-"
2001:41d0:200:: - - [01/Nov/2025:00:37:02 -0400] "GET /?fileloc=/homepages/4/d860090557/htdocs/clickandbuilds/NotciasWebOnline/wp-activate.php&path=/homepages/4/d860090557/htdocs/clickandbuilds/NotciasWebOnline HTTP/1.1" 200 20967 noticias-web.online "-" "Mozilla/5.0 (compatible; MJ12bot/v1.4.8; http://mj12bot.com/)" "-"
54.197.178.0 - - [01/Nov/2025:00:37:03 -0400] "GET /plinko_pl/zagraj-w-plinko-casino-na-prawdziwe-pieniadze/?fileloc=//bin/slogin&path=//bin HTTP/1.1" 200 12187 noticias-web.online "-" "Mozilla/5.0 AppleWebKit/537.36 (KHTML, like Gecko; compatible; Amazonbot/0.1; +https://developer.amazon.com/support/amazonbot) Chrome/119.0.6045.214 Safari/537.36" "-"
2001:41d0:200:: - - [01/Nov/2025:00:37:03 -0400] "GET /?fileloc=/homepages/4/d860090557/htdocs/clickandbuilds/NotciasWebOnline/license.txt&path=/homepages/4/d860090557/htdocs/clickandbuilds/NotciasWebOnline HTTP/1.1" 200 32596 noticias-web.online "-" "Mozilla/5.0 (compatible; MJ12bot/v1.4.8; http://mj12bot.com/)" "-"
216.73.216.0 - - [01/Nov/2025:00:37:04 -0400] "GET /assuntos-gerais/top-28-onlain-kazino-te-kazino-spisok-nemnogikh-v-rossii-2025?path=%2Fhomepages%2F41%2Fd857999047 HTTP/1.1" 200 29952 noticias-web.online "-" "Mozilla/5.0 AppleWebKit/537.36 (KHTML, like Gecko; compatible; ClaudeBot/1.0; +claudebot@anthropic.com)" "-"
2001:41d0:200:: - - [01/Nov/2025:00:37:04 -0400] "GET /?fileloc=/homepages/4/d860090557/htdocs/clickandbuilds/NotciasWebOnline/license.txt&path=/homepages/4/d860090557/htdocs/clickandbuilds/NotciasWebOnline HTTP/1.1" 200 32596 noticias-web.online "-" "Mozilla/5.0 (compatible; MJ12bot/v1.4.8; http://mj12bot.com/)" "-"
52.2.4.0 - - [01/Nov/2025:00:37:06 -0400] "GET /assuntos-gerais/mostbet-bangladesh-official-site-athletics-betting-and-gambling-establishment-freebets-and-freespins/?fileloc=//bin/debconf-escape&path=//bin HTTP/1.1" 200 12909 noticias-web.online "-" "Mozilla/5.0 AppleWebKit/537.36 (KHTML, like Gecko; compatible; Amazonbot/0.1; +https://developer.amazon.com/support/amazonbot) Chrome/119.0.6045.214 Safari/537.36" "-"
2001:41d0:200:: - - [01/Nov/2025:00:37:07 -0400] "GET /?fileloc=/homepages/4/d860090557/htdocs/clickandbuilds/NotciasWebOnline/wp-blog-header.php&path=/homepages/4/d860090557/htdocs/clickandbuilds/NotciasWebOnline HTTP/1.1" 200 13145 noticias-web.online "-" "Mozilla/5.0 (compatible; MJ12bot/v1.4.8; http://mj12bot.com/)" "-"
216.73.216.0 - - [01/Nov/2025:00:37:07 -0400] "GET /assuntos-gerais/top-28-onlain-kazino-te-kazino-spisok-nemnogikh-v-rossii-2025?path=%2Fhomepages%2F34%2Fd330633378%2Fmanaged HTTP/1.1" 200 12769 noticias-web.online "-" "Mozilla/5.0 AppleWebKit/537.36 (KHTML, like Gecko; compatible; ClaudeBot/1.0; +claudebot@anthropic.com)" "-"
74.7.227.0 - - [01/Nov/2025:00:37:07 -0400] "GET /goods575850400?kg=0575131388 HTTP/1.1" 200 54554 noticias-web.online "-" "Mozilla/5.0 AppleWebKit/537.36 (KHTML, like Gecko; compatible; GPTBot/1.2; +https://openai.com/gptbot)" "-"
2001:41d0:200:: - - [01/Nov/2025:00:37:08 -0400] "GET /?fileloc=/homepages/4/d860090557/htdocs/clickandbuilds/NotciasWebOnline/readme.html&path=/homepages/4/d860090557/htdocs/clickandbuilds/NotciasWebOnline HTTP/1.1" 200 21924 noticias-web.online "-" "Mozilla/5.0 (compatible; MJ12bot/v1.4.8; http://mj12bot.com/)" "-"
2001:41d0:200:: - - [01/Nov/2025:00:37:08 -0400] "GET /?fileloc=/homepages/4/d860090557/htdocs/clickandbuilds/NotciasWebOnline/readme.html&path=/homepages/4/d860090557/htdocs/clickandbuilds/NotciasWebOnline HTTP/1.1" 200 21924 noticias-web.online "-" "Mozilla/5.0 (compatible; MJ12bot/v1.4.8; http://mj12bot.com/)" "-"
216.73.216.0 - - [01/Nov/2025:00:37:10 -0400] "GET /assuntos-gerais/l-importance-des-certificats-ssl-dans-les-jeux-en-ligne-modernes/?fileloc=%2F%2Fkunden%2Fbin%2Flzgrep&path=%2F%2Fkunden%2Fbin HTTP/1.1" 200 18954 noticias-web.online "-" "Mozilla/5.0 AppleWebKit/537.36 (KHTML, like Gecko; compatible; ClaudeBot/1.0; +claudebot@anthropic.com)" "-"
3.220.148.0 - - [01/Nov/2025:00:37:10 -0400] "GET /assuntos-gerais/takie-onlain-kazino-top-reiting-saitov-v-dengi-s-vyvodom/?fileloc=//run/crond.pid&path=//run HTTP/1.1" 200 12198 noticias-web.online "-" "Mozilla/5.0 AppleWebKit/537.36 (KHTML, like Gecko; compatible; Amazonbot/0.1; +https://developer.amazon.com/support/amazonbot) Chrome/119.0.6045.214 Safari/537.36" "-"
2001:41d0:200:: - - [01/Nov/2025:00:37:11 -0400] "GET /?fileloc=/homepages/4/d860090557/htdocs/clickandbuilds/NotciasWebOnline/wp-comments-post.php&path=/homepages/4/d860090557/htdocs/clickandbuilds/NotciasWebOnline HTTP/1.1" 200 14992 noticias-web.online "-" "Mozilla/5.0 (compatible; MJ12bot/v1.4.8; http://mj12bot.com/)" "-"
2001:41d0:200:: - - [01/Nov/2025:00:37:12 -0400] "GET /?fileloc=/homepages/4/d860090557/htdocs/clickandbuilds/NotciasWebOnline/robots.txt&path=/homepages/4/d860090557/htdocs/clickandbuilds/NotciasWebOnline HTTP/1.1" 200 12677 noticias-web.online "-" "Mozilla/5.0 (compatible; MJ12bot/v1.4.8; http://mj12bot.com/)" "-"
2001:41d0:200:: - - [01/Nov/2025:00:37:13 -0400] "GET /?fileloc=/homepages/4/d860090557/htdocs/clickandbuilds/NotciasWebOnline/robots.txt&path=/homepages/4/d860090557/htdocs/clickandbuilds/NotciasWebOnline HTTP/1.1" 200 12677 noticias-web.online "-" "Mozilla/5.0 (compatible; MJ12bot/v1.4.8; http://mj12bot.com/)" "-"
216.73.216.0 - - [01/Nov/2025:00:37:13 -0400] "GET /assuntos-gerais/top-28-onlain-kazino-te-kazino-spisok-nemnogikh-v-rossii-2025?path=%2F%2Fhomepages%2F16%2Fd853226501%2Fmanaged HTTP/1.1" 200 12773 noticias-web.online "-" "Mozilla/5.0 AppleWebKit/537.36 (KHTML, like Gecko; compatible; ClaudeBot/1.0; +claudebot@anthropic.com)" "-"
74.208.56.0 - - [01/Nov/2025:00:37:15 -0400] "POST /wp-cron.php?doing_wp_cron=1761971835.5468719005584716796875 HTTP/1.1" 403 1271 cleancleaningnow.com "http://cleancleaningnow.com/wp-cron.php?doing_wp_cron=1761971835.5468719005584716796875" "WordPress/5.8.2; https://cleancleaningnow.com" "-"
4.185.112.0 - - [01/Nov/2025:00:37:15 -0400] "GET /.env HTTP/1.1" 404 29808 cleancleaningnow.com "-" "Mozilla/5.0" "-"
2001:41d0:200:: - - [01/Nov/2025:00:37:15 -0400] "GET /?fileloc=/homepages/4/d860090557/htdocs/clickandbuilds/NotciasWebOnline/wp-config-sample.php&path=/homepages/4/d860090557/htdocs/clickandbuilds/NotciasWebOnline HTTP/1.1" 200 15957 noticias-web.online "-" "Mozilla/5.0 (compatible; MJ12bot/v1.4.8; http://mj12bot.com/)" "-"
44.214.19.0 - - [01/Nov/2025:00:37:16 -0400] "GET /assuntos-gerais/what-to-know-about-wagering-requirements-on-glory-casino-bonus/?path=//etc/logrotate.d HTTP/1.1" 200 21182 noticias-web.online "-" "Mozilla/5.0 AppleWebKit/537.36 (KHTML, like Gecko; compatible; Amazonbot/0.1; +https://developer.amazon.com/support/amazonbot) Chrome/119.0.6045.214 Safari/537.36" "-"
216.73.216.0 - - [01/Nov/2025:00:37:16 -0400] "GET /assuntos-gerais/czy-burze-moga-usunac-symbole-z-gry-inspiracje-z-mitologii-i-nauki/?fileloc=%2Fhomepages%2F4%2Fd860090557%2Fhtdocs%2Fclickandbuilds%2FBesMarketHealth%2Findex.php&path=%2Fhomepages%2F4%2Fd860090557%2Fhtdocs%2Fclickandbuilds%2FBesMarketHealth HTTP/1.1" 200 12992 noticias-web.online "-" "Mozilla/5.0 AppleWebKit/537.36 (KHTML, like Gecko; compatible; ClaudeBot/1.0; +claudebot@anthropic.com)" "-"
2001:41d0:200:: - - [01/Nov/2025:00:37:16 -0400] "GET /?fileloc=/homepages/4/d860090557/htdocs/clickandbuilds/NotciasWebOnline/wp-activate.php&path=/homepages/4/d860090557/htdocs/clickandbuilds/NotciasWebOnline HTTP/1.1" 200 20967 noticias-web.online "-" "Mozilla/5.0 (compatible; MJ12bot/v1.4.8; http://mj12bot.com/)" "-"
2001:41d0:200:: - - [01/Nov/2025:00:37:17 -0400] "GET /?fileloc=/homepages/4/d860090557/htdocs/clickandbuilds/NotciasWebOnline/wp-activate.php&path=/homepages/4/d860090557/htdocs/clickandbuilds/NotciasWebOnline HTTP/1.1" 200 20967 noticias-web.online "-" "Mozilla/5.0 (compatible; MJ12bot/v1.4.8; http://mj12bot.com/)" "-"
52.3.155.0 - - [01/Nov/2025:00:37:18 -0400] "GET /assuntos-gerais/how-to-try-out-slot-equipment-a-detailed-newcomers-guide-2/?fileloc=//sbin/chpasswd&path=//sbin HTTP/1.1" 200 12192 noticias-web.online "-" "Mozilla/5.0 AppleWebKit/537.36 (KHTML, like Gecko; compatible; Amazonbot/0.1; +https://developer.amazon.com/support/amazonbot) Chrome/119.0.6045.214 Safari/537.36" "-"
216.73.216.0 - - [01/Nov/2025:00:37:19 -0400] "GET /assuntos-gerais/ultimate-bets-casino-experience?fileloc=%2F%2Fhomepages%2F23%2Fd858010027%2Fphpinilist&path=%2F%2Fhomepages%2F23%2Fd858010027 HTTP/1.1" 200 12318 noticias-web.online "-" "Mozilla/5.0 AppleWebKit/537.36 (KHTML, like Gecko; compatible; ClaudeBot/1.0; +claudebot@anthropic.com)" "-"
2001:41d0:200:: - - [01/Nov/2025:00:37:20 -0400] "GET /?fileloc=/homepages/4/d860090557/htdocs/clickandbuilds/NotciasWebOnline/wp-config.php&path=/homepages/4/d860090557/htdocs/clickandbuilds/NotciasWebOnline HTTP/1.1" 503 299 noticias-web.online "-" "Mozilla/5.0 (compatible; MJ12bot/v1.4.8; http://mj12bot.com/)" "-"
2001:41d0:200:: - - [01/Nov/2025:00:37:20 -0400] "GET /?fileloc=/homepages/4/d860090557/htdocs/clickandbuilds/NotciasWebOnline/wp-blog-header.php&path=/homepages/4/d860090557/htdocs/clickandbuilds/NotciasWebOnline HTTP/1.1" 200 13145 noticias-web.online "-" "Mozilla/5.0 (compatible; MJ12bot/v1.4.8; http://mj12bot.com/)" "-"
2001:41d0:200:: - - [01/Nov/2025:00:37:21 -0400] "GET /?fileloc=/homepages/4/d860090557/htdocs/clickandbuilds/NotciasWebOnline/wp-blog-header.php&path=/homepages/4/d860090557/htdocs/clickandbuilds/NotciasWebOnline HTTP/1.1" 200 13145 noticias-web.online "-" "Mozilla/5.0 (compatible; MJ12bot/v1.4.8; http://mj12bot.com/)" "-"
216.73.216.0 - - [01/Nov/2025:00:37:22 -0400] "GET /assuntos-gerais/ultimate-bets-casino-experience?fileloc=%2F%2Fhomepages%2F21%2Fd851696468%2Fhtpasswd&path=%2F%2Fhomepages%2F21%2Fd851696468 HTTP/1.1" 200 12316 noticias-web.online "-" "Mozilla/5.0 AppleWebKit/537.36 (KHTML, like Gecko; compatible; ClaudeBot/1.0; +claudebot@anthropic.com)" "-"
98.84.184.0 - - [01/Nov/2025:00:37:23 -0400] "GET /assuntos-gerais/10-largest-casinos-in-the-us/?fileloc=//bin/hg-ssh&path=//bin HTTP/1.1" 200 15651 noticias-web.online "-" "Mozilla/5.0 AppleWebKit/537.36 (KHTML, like Gecko; compatible; Amazonbot/0.1; +https://developer.amazon.com/support/amazonbot) Chrome/119.0.6045.214 Safari/537.36" "-"
2001:41d0:200:: - - [01/Nov/2025:00:37:23 -0400] "GET /?fileloc=/homepages/4/d860090557/htdocs/clickandbuilds/NotciasWebOnline/wp-cron.php&path=/homepages/4/d860090557/htdocs/clickandbuilds/NotciasWebOnline HTTP/1.1" 200 18276 noticias-web.online "-" "Mozilla/5.0 (compatible; MJ12bot/v1.4.8; http://mj12bot.com/)" "-"
2001:41d0:200:: - - [01/Nov/2025:00:37:24 -0400] "GET /?fileloc=/homepages/4/d860090557/htdocs/clickandbuilds/NotciasWebOnline/wp-comments-post.php&path=/homepages/4/d860090557/htdocs/clickandbuilds/NotciasWebOnline HTTP/1.1" 200 14992 noticias-web.online "-" "Mozilla/5.0 (compatible; MJ12bot/v1.4.8; http://mj12bot.com/)" "-"
74.7.227.0 - - [01/Nov/2025:00:37:25 -0400] "GET /goods575452000?fileloc=/homepages/4/d860090557/htdocs/clickandbuilds/NotciasWebOnline/wp-blog-header.php&path=/homepages/4/d860090557/htdocs/clickandbuilds/NotciasWebOnline HTTP/1.1" 200 13145 noticias-web.online "-" "Mozilla/5.0 AppleWebKit/537.36 (KHTML, like Gecko; compatible; GPTBot/1.2; +https://openai.com/gptbot)" "-"
216.73.216.0 - - [01/Nov/2025:00:37:25 -0400] "GET /goods257466464?path=%2Fhomepages HTTP/1.1" 200 81138 noticias-web.online "-" "Mozilla/5.0 AppleWebKit/537.36 (KHTML, like Gecko; compatible; ClaudeBot/1.0; +claudebot@anthropic.com)" "-"
2001:41d0:200:: - - [01/Nov/2025:00:37:25 -0400] "GET /?fileloc=/homepages/4/d860090557/htdocs/clickandbuilds/NotciasWebOnline/wp-comments-post.php&path=/homepages/4/d860090557/htdocs/clickandbuilds/NotciasWebOnline HTTP/1.1" 200 14992 noticias-web.online "-" "Mozilla/5.0 (compatible; MJ12bot/v1.4.8; http://mj12bot.com/)" "-"
2602:fa59:: - - [01/Nov/2025:00:37:26 -0400] "GET /wp-admin/css/colors/index.php HTTP/1.1" 403 - bestproductssales.com "-" "Mozlila/5.0 (Linux; Android 7.0; SM-G892A Bulid/NRD90M; wv) AppleWebKit/537.36 (KHTML, like Gecko) Version/4.0 Chrome/60.0.3112.107 Moblie Safari/537.36" "-"
35.173.38.0 - - [01/Nov/2025:00:37:27 -0400] "GET /assuntos-gerais/pretende-jogar-na-mostbet-com-2/?fileloc=//bin/x86_64-linux-gnu-gcc-10&path=//bin HTTP/1.1" 200 12204 noticias-web.online "-" "Mozilla/5.0 AppleWebKit/537.36 (KHTML, like Gecko; compatible; Amazonbot/0.1; +https://developer.amazon.com/support/amazonbot) Chrome/119.0.6045.214 Safari/537.36" "-"
2001:41d0:200:: - - [01/Nov/2025:00:37:27 -0400] "GET /?fileloc=/homepages/4/d860090557/htdocs/clickandbuilds/NotciasWebOnline/wp-links-opml.php&path=/homepages/4/d860090557/htdocs/clickandbuilds/NotciasWebOnline HTTP/1.1" 200 15398 noticias-web.online "-" "Mozilla/5.0 (compatible; MJ12bot/v1.4.8; http://mj12bot.com/)" "-"
2001:41d0:200:: - - [01/Nov/2025:00:37:28 -0400] "GET /?fileloc=/homepages/4/d860090557/htdocs/clickandbuilds/NotciasWebOnline/wp-config-sample.php&path=/homepages/4/d860090557/htdocs/clickandbuilds/NotciasWebOnline HTTP/1.1" 200 15957 noticias-web.online "-" "Mozilla/5.0 (compatible; MJ12bot/v1.4.8; http://mj12bot.com/)" "-"
2001:41d0:200:: - - [01/Nov/2025:00:37:29 -0400] "GET /?fileloc=/homepages/4/d860090557/htdocs/clickandbuilds/NotciasWebOnline/wp-config-sample.php&path=/homepages/4/d860090557/htdocs/clickandbuilds/NotciasWebOnline HTTP/1.1" 200 15957 noticias-web.online "-" "Mozilla/5.0 (compatible; MJ12bot/v1.4.8; http://mj12bot.com/)" "-"
44.208.193.0 - - [01/Nov/2025:00:37:31 -0400] "GET /assuntos-gerais/takie-onlain-kazino-top-reiting-saitov-v-dengi-s-vyvodom/?fileloc=//bin/zfgrep&path=//bin HTTP/1.1" 200 12226 noticias-web.online "-" "Mozilla/5.0 AppleWebKit/537.36 (KHTML, like Gecko; compatible; Amazonbot/0.1; +https://developer.amazon.com/support/amazonbot) Chrome/119.0.6045.214 Safari/537.36" "-"
2001:41d0:200:: - - [01/Nov/2025:00:37:31 -0400] "GET /?fileloc=/homepages/4/d860090557/htdocs/clickandbuilds/NotciasWebOnline/wp-load.php&path=/homepages/4/d860090557/htdocs/clickandbuilds/NotciasWebOnline HTTP/1.1" 200 16894 noticias-web.online "-" "Mozilla/5.0 (compatible; MJ12bot/v1.4.8; http://mj12bot.com/)" "-"
2001:41d0:200:: - - [01/Nov/2025:00:37:32 -0400] "GET /?fileloc=/homepages/4/d860090557/htdocs/clickandbuilds/NotciasWebOnline/wp-config.php&path=/homepages/4/d860090557/htdocs/clickandbuilds/NotciasWebOnline HTTP/1.1" 503 299 noticias-web.online "-" "Mozilla/5.0 (compatible; MJ12bot/v1.4.8; http://mj12bot.com/)" "-"
2001:41d0:200:: - - [01/Nov/2025:00:37:34 -0400] "GET /?fileloc=/homepages/4/d860090557/htdocs/clickandbuilds/NotciasWebOnline/wp-config.php&path=/homepages/4/d860090557/htdocs/clickandbuilds/NotciasWebOnline HTTP/1.1" 503 299 noticias-web.online "-" "Mozilla/5.0 (compatible; MJ12bot/v1.4.8; http://mj12bot.com/)" "-"
3.90.73.0 - - [01/Nov/2025:00:37:35 -0400] "GET /assuntos-gerais/1xbet-apk-versus-web-platform-pros-and-cons/?fileloc=//bin/rbash&path=//bin HTTP/1.1" 200 12186 noticias-web.online "-" "Mozilla/5.0 AppleWebKit/537.36 (KHTML, like Gecko; compatible; Amazonbot/0.1; +https://developer.amazon.com/support/amazonbot) Chrome/119.0.6045.214 Safari/537.36" "-"
2001:41d0:200:: - - [01/Nov/2025:00:37:36 -0400] "GET /?fileloc=/homepages/4/d860090557/htdocs/clickandbuilds/NotciasWebOnline/wp-cron.php&path=/homepages/4/d860090557/htdocs/clickandbuilds/NotciasWebOnline HTTP/1.1" 200 18276 noticias-web.online "-" "Mozilla/5.0 (compatible; MJ12bot/v1.4.8; http://mj12bot.com/)" "-"
2001:41d0:200:: - - [01/Nov/2025:00:37:36 -0400] "GET /?fileloc=/homepages/4/d860090557/htdocs/clickandbuilds/NotciasWebOnline/wp-mail.php&path=/homepages/4/d860090557/htdocs/clickandbuilds/NotciasWebOnline HTTP/1.1" 200 21601 noticias-web.online "-" "Mozilla/5.0 (compatible; MJ12bot/v1.4.8; http://mj12bot.com/)" "-"
2001:41d0:200:: - - [01/Nov/2025:00:37:37 -0400] "GET /?fileloc=/homepages/4/d860090557/htdocs/clickandbuilds/NotciasWebOnline/wp-cron.php&path=/homepages/4/d860090557/htdocs/clickandbuilds/NotciasWebOnline HTTP/1.1" 200 18276 noticias-web.online "-" "Mozilla/5.0 (compatible; MJ12bot/v1.4.8; http://mj12bot.com/)" "-"
52.3.26.0 - - [01/Nov/2025:00:37:38 -0400] "GET /assuntos-gerais/meet-alex-the-ruskies-casino-hacker-that-makes-millions-targeting-slot-machines/?fileloc=//bin/gsdj&path=//bin HTTP/1.1" 200 12617 noticias-web.online "-" "Mozilla/5.0 AppleWebKit/537.36 (KHTML, like Gecko; compatible; Amazonbot/0.1; +https://developer.amazon.com/support/amazonbot) Chrome/119.0.6045.214 Safari/537.36" "-"
2001:41d0:200:: - - [01/Nov/2025:00:37:40 -0400] "GET /?fileloc=/homepages/4/d860090557/htdocs/clickandbuilds/NotciasWebOnline/wp-links-opml.php&path=/homepages/4/d860090557/htdocs/clickandbuilds/NotciasWebOnline HTTP/1.1" 200 15398 noticias-web.online "-" "Mozilla/5.0 (compatible; MJ12bot/v1.4.8; http://mj12bot.com/)" "-"
2001:41d0:200:: - - [01/Nov/2025:00:37:40 -0400] "GET /?fileloc=/homepages/4/d860090557/htdocs/clickandbuilds/NotciasWebOnline/wp-settings.php&path=/homepages/4/d860090557/htdocs/clickandbuilds/NotciasWebOnline HTTP/1.1" 200 42748 noticias-web.online "-" "Mozilla/5.0 (compatible; MJ12bot/v1.4.8; http://mj12bot.com/)" "-"
2001:41d0:200:: - - [01/Nov/2025:00:37:41 -0400] "GET /?fileloc=/homepages/4/d860090557/htdocs/clickandbuilds/NotciasWebOnline/wp-links-opml.php&path=/homepages/4/d860090557/htdocs/clickandbuilds/NotciasWebOnline HTTP/1.1" 200 15398 noticias-web.online "-" "Mozilla/5.0 (compatible; MJ12bot/v1.4.8; http://mj12bot.com/)" "-"
54.83.240.0 - - [01/Nov/2025:00:37:42 -0400] "GET /mini-reviews/beste-casino-freispiele-2025-free-of-charge-spins-ohne-einzahlung/?fileloc=//bin/apt-cdrom&path=//bin HTTP/1.1" 200 12190 noticias-web.online "-" "Mozilla/5.0 AppleWebKit/537.36 (KHTML, like Gecko; compatible; Amazonbot/0.1; +https://developer.amazon.com/support/amazonbot) Chrome/119.0.6045.214 Safari/537.36" "-"
2602:fa59:: - - [01/Nov/2025:00:37:42 -0400] "GET /wp-content/languages/index.php HTTP/1.1" 403 - bestproductssales.com "-" "Mozlila/5.0 (Linux; Android 7.0; SM-G892A Bulid/NRD90M; wv) AppleWebKit/537.36 (KHTML, like Gecko) Version/4.0 Chrome/60.0.3112.107 Moblie Safari/537.36" "-"
2001:41d0:200:: - - [01/Nov/2025:00:37:44 -0400] "GET /?fileloc=/homepages/4/d860090557/htdocs/clickandbuilds/NotciasWebOnline/wp-load.php&path=/homepages/4/d860090557/htdocs/clickandbuilds/NotciasWebOnline HTTP/1.1" 200 16894 noticias-web.online "-" "Mozilla/5.0 (compatible; MJ12bot/v1.4.8; http://mj12bot.com/)" "-"
2001:41d0:200:: - - [01/Nov/2025:00:37:44 -0400] "GET /?fileloc=/homepages/4/d860090557/htdocs/clickandbuilds/NotciasWebOnline/wp-signup.php&path=/homepages/4/d860090557/htdocs/clickandbuilds/NotciasWebOnline HTTP/1.1" 200 50609 noticias-web.online "-" "Mozilla/5.0 (compatible; MJ12bot/v1.4.8; http://mj12bot.com/)" "-"
2001:41d0:200:: - - [01/Nov/2025:00:37:46 -0400] "GET /?fileloc=/homepages/4/d860090557/htdocs/clickandbuilds/NotciasWebOnline/wp-load.php&path=/homepages/4/d860090557/htdocs/clickandbuilds/NotciasWebOnline HTTP/1.1" 200 16894 noticias-web.online "-" "Mozilla/5.0 (compatible; MJ12bot/v1.4.8; http://mj12bot.com/)" "-"
50.16.72.0 - - [01/Nov/2025:00:37:47 -0400] "GET /assuntos-gerais/meet-alex-the-ruskies-casino-hacker-that-makes-millions-targeting-slot-machines/?fileloc=//bin/linux64&path=//bin HTTP/1.1" 200 12188 noticias-web.online "-" "Mozilla/5.0 AppleWebKit/537.36 (KHTML, like Gecko; compatible; Amazonbot/0.1; +https://developer.amazon.com/support/amazonbot) Chrome/119.0.6045.214 Safari/537.36" "-"
74.7.227.0 - - [01/Nov/2025:00:37:47 -0400] "GET /goods575746624?kg=0575027741 HTTP/1.1" 200 54554 noticias-web.online "-" "Mozilla/5.0 AppleWebKit/537.36 (KHTML, like Gecko; compatible; GPTBot/1.2; +https://openai.com/gptbot)" "-"
2001:41d0:200:: - - [01/Nov/2025:00:37:49 -0400] "GET /?fileloc=/homepages/4/d860090557/htdocs/clickandbuilds/NotciasWebOnline/wp-mail.php&path=/homepages/4/d860090557/htdocs/clickandbuilds/NotciasWebOnline HTTP/1.1" 200 21601 noticias-web.online "-" "Mozilla/5.0 (compatible; MJ12bot/v1.4.8; http://mj12bot.com/)" "-"
2001:41d0:200:: - - [01/Nov/2025:00:37:49 -0400] "GET /?fileloc=/homepages/4/d860090557/htdocs/clickandbuilds/NotciasWebOnline/wp-trackback.php&path=/homepages/4/d860090557/htdocs/clickandbuilds/NotciasWebOnline HTTP/1.1" 200 17987 noticias-web.online "-" "Mozilla/5.0 (compatible; MJ12bot/v1.4.8; http://mj12bot.com/)" "-"
2001:41d0:200:: - - [01/Nov/2025:00:37:50 -0400] "GET /?fileloc=/homepages/4/d860090557/htdocs/clickandbuilds/NotciasWebOnline/wp-mail.php&path=/homepages/4/d860090557/htdocs/clickandbuilds/NotciasWebOnline HTTP/1.1" 200 21601 noticias-web.online "-" "Mozilla/5.0 (compatible; MJ12bot/v1.4.8; http://mj12bot.com/)" "-"
3.213.106.0 - - [01/Nov/2025:00:37:50 -0400] "GET /assuntos-gerais/mostbet-login-facil-e-rapido-mostbet-registration-hoje-em-dia-2/?path=//homepages/37 HTTP/1.1" 200 76734 noticias-web.online "-" "Mozilla/5.0 AppleWebKit/537.36 (KHTML, like Gecko; compatible; Amazonbot/0.1; +https://developer.amazon.com/support/amazonbot) Chrome/119.0.6045.214 Safari/537.36" "-"
2001:41d0:200:: - - [01/Nov/2025:00:37:53 -0400] "GET /?fileloc=/homepages/4/d860090557/htdocs/clickandbuilds/NotciasWebOnline/wp-settings.php&path=/homepages/4/d860090557/htdocs/clickandbuilds/NotciasWebOnline HTTP/1.1" 200 42748 noticias-web.online "-" "Mozilla/5.0 (compatible; MJ12bot/v1.4.8; http://mj12bot.com/)" "-"
2001:41d0:200:: - - [01/Nov/2025:00:37:53 -0400] "GET /?path=/ HTTP/1.1" 200 44504 noticias-web.online "-" "Mozilla/5.0 (compatible; MJ12bot/v1.4.8; http://mj12bot.com/)" "-"
2001:41d0:200:: - - [01/Nov/2025:00:37:54 -0400] "GET /?fileloc=/homepages/4/d860090557/htdocs/clickandbuilds/NotciasWebOnline/wp-settings.php&path=/homepages/4/d860090557/htdocs/clickandbuilds/NotciasWebOnline HTTP/1.1" 200 42748 noticias-web.online "-" "Mozilla/5.0 (compatible; MJ12bot/v1.4.8; http://mj12bot.com/)" "-"
18.235.81.0 - - [01/Nov/2025:00:37:54 -0400] "GET /mini-reviews/beste-casino-freispiele-2025-free-of-charge-spins-ohne-einzahlung/?fileloc=//bin/mariadb-repair&path=//bin HTTP/1.1" 200 12195 noticias-web.online "-" "Mozilla/5.0 AppleWebKit/537.36 (KHTML, like Gecko; compatible; Amazonbot/0.1; +https://developer.amazon.com/support/amazonbot) Chrome/119.0.6045.214 Safari/537.36" "-"
2001:41d0:200:: - - [01/Nov/2025:00:37:57 -0400] "GET /?fileloc=/homepages/4/d860090557/htdocs/clickandbuilds/NotciasWebOnline/wp-signup.php&path=/homepages/4/d860090557/htdocs/clickandbuilds/NotciasWebOnline HTTP/1.1" 200 50609 noticias-web.online "-" "Mozilla/5.0 (compatible; MJ12bot/v1.4.8; http://mj12bot.com/)" "-"
2001:41d0:200:: - - [01/Nov/2025:00:37:57 -0400] "GET /?path=/homepages HTTP/1.1" 200 81138 noticias-web.online "-" "Mozilla/5.0 (compatible; MJ12bot/v1.4.8; http://mj12bot.com/)" "-"
2001:41d0:200:: - - [01/Nov/2025:00:37:58 -0400] "GET /?fileloc=/homepages/4/d860090557/htdocs/clickandbuilds/NotciasWebOnline/wp-signup.php&path=/homepages/4/d860090557/htdocs/clickandbuilds/NotciasWebOnline HTTP/1.1" 200 50609 noticias-web.online "-" "Mozilla/5.0 (compatible; MJ12bot/v1.4.8; http://mj12bot.com/)" "-"
52.200.142.0 - - [01/Nov/2025:00:37:58 -0400] "GET /assuntos-gerais/10-largest-casinos-in-the-us/?fileloc=//etc/ca-certificates.conf&path=//etc HTTP/1.1" 200 19621 noticias-web.online "-" "Mozilla/5.0 AppleWebKit/537.36 (KHTML, like Gecko; compatible; Amazonbot/0.1; +https://developer.amazon.com/support/amazonbot) Chrome/119.0.6045.214 Safari/537.36" "-"
2001:41d0:200:: - - [01/Nov/2025:00:38:01 -0400] "GET /?fileloc=/homepages/4/d860090557/htdocs/clickandbuilds/NotciasWebOnline/wp-trackback.php&path=/homepages/4/d860090557/htdocs/clickandbuilds/NotciasWebOnline HTTP/1.1" 200 17987 noticias-web.online "-" "Mozilla/5.0 (compatible; MJ12bot/v1.4.8; http://mj12bot.com/)" "-"
2001:41d0:200:: - - [01/Nov/2025:00:38:01 -0400] "GET /?path=/homepages/4 HTTP/1.1" 200 84416 noticias-web.online "-" "Mozilla/5.0 (compatible; MJ12bot/v1.4.8; http://mj12bot.com/)" "-"
2001:41d0:200:: - - [01/Nov/2025:00:38:03 -0400] "GET /?fileloc=/homepages/4/d860090557/htdocs/clickandbuilds/NotciasWebOnline/wp-trackback.php&path=/homepages/4/d860090557/htdocs/clickandbuilds/NotciasWebOnline HTTP/1.1" 200 17987 noticias-web.online "-" "Mozilla/5.0 (compatible; MJ12bot/v1.4.8; http://mj12bot.com/)" "-"
34.192.125.0 - - [01/Nov/2025:00:38:03 -0400] "GET /assuntos-gerais/1xbet-apk-versus-web-platform-pros-and-cons/?fileloc=//bin/gslp&path=//bin HTTP/1.1" 200 12615 noticias-web.online "-" "Mozilla/5.0 AppleWebKit/537.36 (KHTML, like Gecko; compatible; Amazonbot/0.1; +https://developer.amazon.com/support/amazonbot) Chrome/119.0.6045.214 Safari/537.36" "-"
74.7.227.0 - - [01/Nov/2025:00:38:05 -0400] "GET /goods575798400?kg=0575079451 HTTP/1.1" 200 54554 noticias-web.online "-" "Mozilla/5.0 AppleWebKit/537.36 (KHTML, like Gecko; compatible; GPTBot/1.2; +https://openai.com/gptbot)" "-"
2001:41d0:200:: - - [01/Nov/2025:00:38:05 -0400] "GET /?path=/ HTTP/1.1" 200 44504 noticias-web.online "-" "Mozilla/5.0 (compatible; MJ12bot/v1.4.8; http://mj12bot.com/)" "-"
2602:fa59:: - - [01/Nov/2025:00:38:06 -0400] "GET /wp-content/upgrade/index.php HTTP/1.1" 403 - bestproductssales.com "-" "Mozlila/5.0 (Linux; Android 7.0; SM-G892A Bulid/NRD90M; wv) AppleWebKit/537.36 (KHTML, like Gecko) Version/4.0 Chrome/60.0.3112.107 Moblie Safari/537.36" "-"
2001:41d0:200:: - - [01/Nov/2025:00:38:06 -0400] "GET /?path=/homepages/4/d860090557 HTTP/1.1" 200 31371 noticias-web.online "-" "Mozilla/5.0 (compatible; MJ12bot/v1.4.8; http://mj12bot.com/)" "-"
52.200.251.0 - - [01/Nov/2025:00:38:06 -0400] "GET /assuntos-gerais/10-largest-casinos-in-the-us/?fileloc=//bin/ppmtoyuv&path=//bin HTTP/1.1" 200 12189 noticias-web.online "-" "Mozilla/5.0 AppleWebKit/537.36 (KHTML, like Gecko; compatible; Amazonbot/0.1; +https://developer.amazon.com/support/amazonbot) Chrome/119.0.6045.214 Safari/537.36" "-"
2001:41d0:200:: - - [01/Nov/2025:00:38:07 -0400] "GET /?path=/ HTTP/1.1" 200 44504 noticias-web.online "-" "Mozilla/5.0 (compatible; MJ12bot/v1.4.8; http://mj12bot.com/)" "-"
2001:41d0:200:: - - [01/Nov/2025:00:38:10 -0400] "GET /?path=/homepages HTTP/1.1" 200 81138 noticias-web.online "-" "Mozilla/5.0 (compatible; MJ12bot/v1.4.8; http://mj12bot.com/)" "-"
2602:fa59:: - - [01/Nov/2025:00:38:11 -0400] "GET /wp-content/IXR/index.php HTTP/1.1" 403 - bestproductssales.com "-" "Mozlila/5.0 (Linux; Android 7.0; SM-G892A Bulid/NRD90M; wv) AppleWebKit/537.36 (KHTML, like Gecko) Version/4.0 Chrome/60.0.3112.107 Moblie Safari/537.36" "-"
2001:41d0:200:: - - [01/Nov/2025:00:38:11 -0400] "GET /?path=/homepages/4/d860090557/htdocs HTTP/1.1" 200 27117 noticias-web.online "-" "Mozilla/5.0 (compatible; MJ12bot/v1.4.8; http://mj12bot.com/)" "-"
2001:41d0:200:: - - [01/Nov/2025:00:38:12 -0400] "GET /?path=/homepages HTTP/1.1" 200 81138 noticias-web.online "-" "Mozilla/5.0 (compatible; MJ12bot/v1.4.8; http://mj12bot.com/)" "-"
52.70.138.0 - - [01/Nov/2025:00:38:12 -0400] "GET /mini-reviews/beste-casino-freispiele-2025-free-of-charge-spins-ohne-einzahlung/?path=//lib/dpkg HTTP/1.1" 200 13951 noticias-web.online "-" "Mozilla/5.0 AppleWebKit/537.36 (KHTML, like Gecko; compatible; Amazonbot/0.1; +https://developer.amazon.com/support/amazonbot) Chrome/119.0.6045.214 Safari/537.36" "-"
34.225.243.0 - - [01/Nov/2025:00:38:14 -0400] "GET /assuntos-gerais/takie-onlain-kazino-top-reiting-saitov-v-dengi-s-vyvodom/?fileloc=//bin/sshpass&path=//bin HTTP/1.1" 200 12188 noticias-web.online "-" "Mozilla/5.0 AppleWebKit/537.36 (KHTML, like Gecko; compatible; Amazonbot/0.1; +https://developer.amazon.com/support/amazonbot) Chrome/119.0.6045.214 Safari/537.36" "-"
2001:41d0:200:: - - [01/Nov/2025:00:38:15 -0400] "GET /?path=/homepages/4 HTTP/1.1" 200 84416 noticias-web.online "-" "Mozilla/5.0 (compatible; MJ12bot/v1.4.8; http://mj12bot.com/)" "-"
2001:41d0:200:: - - [01/Nov/2025:00:38:15 -0400] "GET /?path=/homepages/4/d860090557/htdocs/clickandbuilds HTTP/1.1" 200 30496 noticias-web.online "-" "Mozilla/5.0 (compatible; MJ12bot/v1.4.8; http://mj12bot.com/)" "-"
2001:41d0:200:: - - [01/Nov/2025:00:38:16 -0400] "GET /?path=/homepages/4 HTTP/1.1" 200 84416 noticias-web.online "-" "Mozilla/5.0 (compatible; MJ12bot/v1.4.8; http://mj12bot.com/)" "-"
2602:fa59:: - - [01/Nov/2025:00:38:19 -0400] "GET /wp-content/plugins/about.php HTTP/1.1" 403 - bestproductssales.com "-" "Mozlila/5.0 (Linux; Android 7.0; SM-G892A Bulid/NRD90M; wv) AppleWebKit/537.36 (KHTML, like Gecko) Version/4.0 Chrome/60.0.3112.107 Moblie Safari/537.36" "-"
18.214.124.0 - - [01/Nov/2025:00:38:19 -0400] "GET /assuntos-gerais/1xbet-apk-versus-web-platform-pros-and-cons/?fileloc=//bin/toe&path=//bin HTTP/1.1" 200 12184 noticias-web.online "-" "Mozilla/5.0 AppleWebKit/537.36 (KHTML, like Gecko; compatible; Amazonbot/0.1; +https://developer.amazon.com/support/amazonbot) Chrome/119.0.6045.214 Safari/537.36" "-"
2001:41d0:200:: - - [01/Nov/2025:00:38:19 -0400] "GET /?path=/homepages/4/d860090557 HTTP/1.1" 200 31371 noticias-web.online "-" "Mozilla/5.0 (compatible; MJ12bot/v1.4.8; http://mj12bot.com/)" "-"
2001:41d0:200:: - - [01/Nov/2025:00:38:19 -0400] "GET /?path=/homepages/4/d860090557/htdocs/clickandbuilds/NotciasWebOnline HTTP/1.1" 200 54554 noticias-web.online "-" "Mozilla/5.0 (compatible; MJ12bot/v1.4.8; http://mj12bot.com/)" "-"
2001:41d0:200:: - - [01/Nov/2025:00:38:20 -0400] "GET /?path=/homepages/4/d860090557 HTTP/1.1" 200 31371 noticias-web.online "-" "Mozilla/5.0 (compatible; MJ12bot/v1.4.8; http://mj12bot.com/)" "-"
18.215.112.0 - - [01/Nov/2025:00:38:22 -0400] "GET /assuntos-gerais/10-largest-casinos-in-the-us/?fileloc=//sbin/fsck.minix&path=//sbin HTTP/1.1" 200 12194 noticias-web.online "-" "Mozilla/5.0 AppleWebKit/537.36 (KHTML, like Gecko; compatible; Amazonbot/0.1; +https://developer.amazon.com/support/amazonbot) Chrome/119.0.6045.214 Safari/537.36" "-"
2001:41d0:200:: - - [01/Nov/2025:00:38:23 -0400] "GET /?path=/homepages/4/d860090557/htdocs HTTP/1.1" 200 27117 noticias-web.online "-" "Mozilla/5.0 (compatible; MJ12bot/v1.4.8; http://mj12bot.com/)" "-"
2001:41d0:200:: - - [01/Nov/2025:00:38:24 -0400] "GET /?path=/homepages/4/d860090557/htdocs/clickandbuilds/NotciasWebOnline/.metadata HTTP/1.1" 200 19745 noticias-web.online "-" "Mozilla/5.0 (compatible; MJ12bot/v1.4.8; http://mj12bot.com/)" "-"
2001:41d0:200:: - - [01/Nov/2025:00:38:24 -0400] "GET /?path=/homepages/4/d860090557/htdocs HTTP/1.1" 200 27117 noticias-web.online "-" "Mozilla/5.0 (compatible; MJ12bot/v1.4.8; http://mj12bot.com/)" "-"
74.7.227.0 - - [01/Nov/2025:00:38:26 -0400] "GET /goods575725088?fileloc=/homepages/4/d860090557/htdocs/clickandbuilds/NotciasWebOnline/wp-config.php&path=/homepages/4/d860090557/htdocs/clickandbuilds/NotciasWebOnline HTTP/1.1" 503 299 noticias-web.online "-" "Mozilla/5.0 AppleWebKit/537.36 (KHTML, like Gecko; compatible; GPTBot/1.2; +https://openai.com/gptbot)" "-"
2001:41d0:200:: - - [01/Nov/2025:00:38:27 -0400] "GET /?path=/homepages/4/d860090557/htdocs/clickandbuilds HTTP/1.1" 200 30496 noticias-web.online "-" "Mozilla/5.0 (compatible; MJ12bot/v1.4.8; http://mj12bot.com/)" "-"
18.233.24.0 - - [01/Nov/2025:00:38:28 -0400] "GET /2025/10/26/?fileloc=//bin/rvim&path=//bin HTTP/1.1" 200 12185 noticias-web.online "-" "Mozilla/5.0 AppleWebKit/537.36 (KHTML, like Gecko; compatible; Amazonbot/0.1; +https://developer.amazon.com/support/amazonbot) Chrome/119.0.6045.214 Safari/537.36" "-"
2001:41d0:200:: - - [01/Nov/2025:00:38:28 -0400] "GET /?path=/homepages/4/d860090557/htdocs/clickandbuilds/NotciasWebOnline/.tmb HTTP/1.1" 200 13037 noticias-web.online "-" "Mozilla/5.0 (compatible; MJ12bot/v1.4.8; http://mj12bot.com/)" "-"
2001:41d0:200:: - - [01/Nov/2025:00:38:29 -0400] "GET /?path=/homepages/4/d860090557/htdocs/clickandbuilds HTTP/1.1" 200 30496 noticias-web.online "-" "Mozilla/5.0 (compatible; MJ12bot/v1.4.8; http://mj12bot.com/)" "-"
2602:fa59:: - - [01/Nov/2025:00:38:30 -0400] "GET /wp-content/plugins/about.php HTTP/1.1" 403 - bestproductssales.com "-" "Mozlila/5.0 (Linux; Android 7.0; SM-G892A Bulid/NRD90M; wv) AppleWebKit/537.36 (KHTML, like Gecko) Version/4.0 Chrome/60.0.3112.107 Moblie Safari/537.36" "-"
3.231.193.0 - - [01/Nov/2025:00:38:31 -0400] "GET /mini-reviews/beste-casino-freispiele-2025-free-of-charge-spins-ohne-einzahlung/?fileloc=//bin/atktopbm&path=//bin HTTP/1.1" 200 12189 noticias-web.online "-" "Mozilla/5.0 AppleWebKit/537.36 (KHTML, like Gecko; compatible; Amazonbot/0.1; +https://developer.amazon.com/support/amazonbot) Chrome/119.0.6045.214 Safari/537.36" "-"
