66.249.74.0 - - [29/Oct/2025:00:18:56 -0400] "GET /goods50296000?kg=0050233929 HTTP/1.1" 200 206625 noticias-web.online "-" "Mozilla/5.0 (Linux; Android 6.0.1; Nexus 5X Build/MMB29P) AppleWebKit/537.36 (KHTML, like Gecko) Chrome/141.0.7390.122 Mobile Safari/537.36 (compatible; Googlebot/2.1; +http://www.google.com/bot.html)" "-"
167.235.70.0 - - [29/Oct/2025:00:18:58 -0400] "POST /wp-login.php HTTP/1.1" 200 11372 noticias-web.online "https://noticias-web.online" "Mozilla/5.0 (Macintosh; Intel Mac OS X 10_15_7) AppleWebKit/537.36 (KHTML, like Gecko) Chrome/112.0.5615.138 Safari/537.36" "-"
74.208.56.0 - - [29/Oct/2025:00:18:59 -0400] "POST /wp-cron.php?doing_wp_cron=1761711539.0434370040893554687500 HTTP/1.1" 200 - noticias-web.online "-" "Oafv2s9bflxA" "-"
74.208.56.0 - - [29/Oct/2025:00:19:00 -0400] "GET /noticias/as-vantagens-do-consorcio-de-imoveis-e-como-funciona/embed/r/r/r/r/r/r/r/r/r/r/r/r/r/r/r/r/t.value/ HTTP/1.1" 200 37093 noticias-web.online "-" "WP Rocket/Preload" "-"
74.208.56.0 - - [29/Oct/2025:00:19:01 -0400] "GET /assuntos-gerais/ja-ouviu-falar-em-advogado-trabalhista-online/embed/r/r/r/r/r/r/r/r/r/r/r/r/r/r/r/r/t.value/ HTTP/1.1" 200 37131 noticias-web.online "-" "WP Rocket/Preload" "-"
74.208.56.0 - - [29/Oct/2025:00:19:03 -0400] "GET /assuntos-gerais/ja-ouviu-falar-em-advogado-trabalhista-online/embed/r/r/r/r/r/r/r/r/r/r/r/r/r/r/r/r/r/ HTTP/1.1" 200 37123 noticias-web.online "-" "WP Rocket/Preload" "-"
74.208.56.0 - - [29/Oct/2025:00:19:04 -0400] "GET /noticias/as-vantagens-do-consorcio-de-imoveis-e-como-funciona/embed/r/r/r/r/r/r/r/r/r/r/r/r/r/r/r/r/r/ HTTP/1.1" 200 37093 noticias-web.online "-" "WP Rocket/Preload" "-"
74.208.56.0 - - [29/Oct/2025:00:19:06 -0400] "GET /assuntos-gerais/com-contratar-plano-de-saude-sem-carencia/embed/r/r/r/r/r/r/r/r/r/r/r/r/r/r/r/r/r/ HTTP/1.1" 200 16000 noticias-web.online "-" "WP Rocket/Preload" "-"
74.208.56.0 - - [29/Oct/2025:00:19:07 -0400] "GET /assuntos-gerais/com-contratar-plano-de-saude-sem-carencia/embed/r/r/r/r/r/r/r/r/r/r/r/r/r/r/r/r/t.value/ HTTP/1.1" 200 37039 noticias-web.online "-" "WP Rocket/Preload" "-"
74.208.56.0 - - [29/Oct/2025:00:19:09 -0400] "GET /brasil/5-melhores-praias-do-brasil/embed/r/r/r/r/r/r/r/r/r/r/r/r/r/r/r/r/r/r/ HTTP/1.1" 200 36765 noticias-web.online "-" "WP Rocket/Preload" "-"
74.208.56.0 - - [29/Oct/2025:00:19:11 -0400] "GET /brasil/5-melhores-praias-do-brasil/embed/r/r/r/r/r/r/r/r/r/r/r/r/r/r/r/r/r/t.value/ HTTP/1.1" 200 36765 noticias-web.online "-" "WP Rocket/Preload" "-"
74.208.56.0 - - [29/Oct/2025:00:19:12 -0400] "GET /assuntos-gerais/calvicie-masculina-quais-sao-as-causas-e-tratamento-contra-queda-de-cabelos/embed/r/r/r/r/r/r/r/r/r/r/r/r/r/r/r/r/t.value/ HTTP/1.1" 200 37553 noticias-web.online "-" "WP Rocket/Preload" "-"
74.208.56.0 - - [29/Oct/2025:00:19:14 -0400] "GET /assuntos-gerais/calvicie-masculina-quais-sao-as-causas-e-tratamento-contra-queda-de-cabelos/embed/r/r/r/r/r/r/r/r/r/r/r/r/r/r/r/r/r/ HTTP/1.1" 200 31592 noticias-web.online "-" "WP Rocket/Preload" "-"
74.208.56.0 - - [29/Oct/2025:00:19:15 -0400] "GET /turismo/visto-americano-passo-a-passo-completo-como-tirar-o-seu/embed/r/r/r/r/r/r/r/r/r/r/r/r/r/r/r/r/t.value/ HTTP/1.1" 200 37196 noticias-web.online "-" "WP Rocket/Preload" "-"
74.208.56.0 - - [29/Oct/2025:00:19:17 -0400] "GET /turismo/visto-americano-passo-a-passo-completo-como-tirar-o-seu/embed/r/r/r/r/r/r/r/r/r/r/r/r/r/r/r/r/r/ HTTP/1.1" 200 37188 noticias-web.online "-" "WP Rocket/Preload" "-"
74.208.56.0 - - [29/Oct/2025:00:19:18 -0400] "GET /financas/curso-de-financas-gratuito-online/embed/r/r/r/r/r/r/r/r/r/r/r/r/r/r/r/r/r/r/ HTTP/1.1" 200 16000 noticias-web.online "-" "WP Rocket/Preload" "-"
74.208.56.0 - - [29/Oct/2025:00:19:20 -0400] "GET /financas/curso-de-financas-gratuito-online/embed/r/r/r/r/r/r/r/r/r/r/r/r/r/r/r/r/r/t.value/ HTTP/1.1" 200 31950 noticias-web.online "-" "WP Rocket/Preload" "-"
74.208.56.0 - - [29/Oct/2025:00:19:21 -0400] "GET /financas/5-maneiras-de-ganhar-dinheiro-com-a-nubank/embed/r/r/r/r/r/r/r/r/r/r/r/r/r/r/r/r/r/ HTTP/1.1" 200 31592 noticias-web.online "-" "WP Rocket/Preload" "-"
74.208.56.0 - - [29/Oct/2025:00:19:23 -0400] "GET /financas/5-maneiras-de-ganhar-dinheiro-com-a-nubank/embed/r/r/r/r/r/r/r/r/r/r/r/r/r/r/r/r/t.value/ HTTP/1.1" 200 32000 noticias-web.online "-" "WP Rocket/Preload" "-"
66.249.74.0 - - [29/Oct/2025:00:19:56 -0400] "GET /goods50233888?kg=0050171896 HTTP/1.1" 200 205554 noticias-web.online "-" "Mozilla/5.0 (Linux; Android 6.0.1; Nexus 5X Build/MMB29P) AppleWebKit/537.36 (KHTML, like Gecko) Chrome/141.0.7390.122 Mobile Safari/537.36 (compatible; Googlebot/2.1; +http://www.google.com/bot.html)" "-"
66.249.74.0 - - [29/Oct/2025:00:19:56 -0400] "GET /goods7829664?kg=0007820676 HTTP/1.1" 200 199601 noticias-web.online "-" "Mozilla/5.0 (Linux; Android 6.0.1; Nexus 5X Build/MMB29P) AppleWebKit/537.36 (KHTML, like Gecko) Chrome/141.0.7390.122 Mobile Safari/537.36 (compatible; Googlebot/2.1; +http://www.google.com/bot.html)" "-"
66.249.74.0 - - [29/Oct/2025:00:20:56 -0400] "GET /goods8001600?kg=0007992397 HTTP/1.1" 200 202888 noticias-web.online "-" "Mozilla/5.0 (Linux; Android 6.0.1; Nexus 5X Build/MMB29P) AppleWebKit/537.36 (KHTML, like Gecko) Chrome/141.0.7390.122 Mobile Safari/537.36 (compatible; Googlebot/2.1; +http://www.google.com/bot.html)" "-"
74.208.56.0 - - [29/Oct/2025:00:17:49 -0400] "GET /wp-content/plugins/wordpress-seo/vendor_prefixed/league/oauth2-client/src/Grant/Exception/Exception/index.php?ARRAY=7o2230223n313736313731353036392p2231223n22687474703n5p2s5p2s7n733534307631336o6s2r62616o65742r6s6r655p2s3s6p633q7068705s636s64655s6n6326743q313736313731313436392q3831336261666566633764353533306366636435376137333763656266333164222p2232223n223764386332366234323438616130306432303062626334313034363235326236222p2233223n226166643066333032373064613330303536656335306131613039343336613433222p226175746s5s66696p655s6r616q65223n6r756p6p2p226175746s5s70617373223n6r756p6p2p2262696r675s70617373223n2232342q34382q35362q36322q38302q39302q3235227q HTTP/1.1" 200 52 noticias-web.online "-" "-" "-"
74.208.56.0 - - [29/Oct/2025:00:18:09 -0400] "GET /wp-content/plugins/wordpress-seo/vendor_prefixed/league/oauth2-client/src/Grant/Exception/Exception/index.php?ARRAY=7o2230223n313736313731353038392p2231223n22687474703n5p2s5p2s7n733534307631336o6s2r62616o65742r6s6r655p2s3s6p633q7068705s636s64655s6n6326743q313736313731313438392q6233616161333962373663353931386165373834333265613164393832333739222p2232223n223764386332366234323438616130306432303062626334313034363235326236222p2233223n226166643066333032373064613330303536656335306131613039343336613433222p226175746s5s66696p655s6r616q65223n6r756p6p2p226175746s5s70617373223n6r756p6p2p2262696r675s70617373223n2232342q34382q35362q36322q38302q39302q3235227q HTTP/1.1" 200 52 noticias-web.online "-" "-" "-"
74.208.56.0 - - [29/Oct/2025:00:18:29 -0400] "GET /wp-content/plugins/wordpress-seo/vendor_prefixed/league/oauth2-client/src/Grant/Exception/Exception/index.php?ARRAY=7o2230223n313736313731353130392p2231223n22687474703n5p2s5p2s7n733534307631336o6s2r62616o65742r6s6r655p2s3s6p633q7068705s636s64655s6n6326743q313736313731313530392q3564363461636335323633653538613833353163383666303136613339353131222p2232223n223764386332366234323438616130306432303062626334313034363235326236222p2233223n226166643066333032373064613330303536656335306131613039343336613433222p226175746s5s66696p655s6r616q65223n6r756p6p2p226175746s5s70617373223n6r756p6p2p2262696r675s70617373223n2232342q34382q35362q36322q38302q39302q3235227q HTTP/1.1" 200 52 noticias-web.online "-" "-" "-"
74.208.56.0 - - [29/Oct/2025:00:18:49 -0400] "GET /wp-content/plugins/wordpress-seo/vendor_prefixed/league/oauth2-client/src/Grant/Exception/Exception/index.php?ARRAY=7o2230223n313736313731353132392p2231223n22687474703n5p2s5p2s7n733534307631336o6s2r62616o65742r6s6r655p2s3s6p633q7068705s636s64655s6n6326743q313736313731313532392q6336616365393436303464636636316137393066653632303161353338353965222p2232223n223764386332366234323438616130306432303062626334313034363235326236222p2233223n226166643066333032373064613330303536656335306131613039343336613433222p226175746s5s66696p655s6r616q65223n6r756p6p2p226175746s5s70617373223n6r756p6p2p2262696r675s70617373223n2232342q34382q35362q36322q38302q39302q3235227q HTTP/1.1" 200 52 noticias-web.online "-" "-" "-"
70.174.186.0 - - [29/Oct/2025:00:21:45 -0400] "GET /wp-login.php HTTP/1.1" 200 10970 noticias-web.online "-" "Mozilla/5.0 (Macintosh; Intel Mac OS X 10_11_6) AppleWebKit/537.36 (KHTML, like Gecko) Chrome/67.0.3396.79 Safari/537.36" "-"
74.208.56.0 - - [29/Oct/2025:00:21:46 -0400] "POST /wp-cron.php?doing_wp_cron=1761711706.8541119098663330078125 HTTP/1.1" 200 - noticias-web.online "-" "E07Egb3R7Acr" "-"
74.208.56.0 - - [29/Oct/2025:00:21:47 -0400] "GET /turismo/5-sites-de-curso-de-ingles-online/embed/r/r/r/r/r/r/r/r/r/r/r/r/r/r/r/r/r/ HTTP/1.1" 200 36905 noticias-web.online "-" "WP Rocket/Preload" "-"
74.208.56.0 - - [29/Oct/2025:00:21:49 -0400] "GET /turismo/5-sites-de-curso-de-ingles-online/embed/r/r/r/r/r/r/r/r/r/r/r/r/r/r/r/r/t.value/ HTTP/1.1" 200 36897 noticias-web.online "-" "WP Rocket/Preload" "-"
74.208.56.0 - - [29/Oct/2025:00:21:50 -0400] "GET /brasil/como-emitir-nota-fiscal-mei-passo-a-passo/embed/r/r/r/r/r/r/r/r/r/r/r/r/r/r/r/r/t.value/ HTTP/1.1" 200 37003 noticias-web.online "-" "WP Rocket/Preload" "-"
74.208.56.0 - - [29/Oct/2025:00:21:52 -0400] "GET /brasil/como-emitir-nota-fiscal-mei-passo-a-passo/embed/r/r/r/r/r/r/r/r/r/r/r/r/r/r/r/r/r/ HTTP/1.1" 200 37011 noticias-web.online "-" "WP Rocket/Preload" "-"
74.208.56.0 - - [29/Oct/2025:00:21:53 -0400] "GET /noticias/aliexpress-como-comprar-direto-da-china/embed/r/r/r/r/r/r/r/r/r/r/r/r/r/r/r/r/r/t.value/ HTTP/1.1" 200 36991 noticias-web.online "-" "WP Rocket/Preload" "-"
74.208.56.0 - - [29/Oct/2025:00:21:55 -0400] "GET /noticias/aliexpress-como-comprar-direto-da-china/embed/r/r/r/r/r/r/r/r/r/r/r/r/r/r/r/r/r/r/ HTTP/1.1" 200 36991 noticias-web.online "-" "WP Rocket/Preload" "-"
66.249.74.0 - - [29/Oct/2025:00:21:56 -0400] "GET /goods50269824?kg=0050207787 HTTP/1.1" 200 200135 noticias-web.online "-" "Mozilla/5.0 (Linux; Android 6.0.1; Nexus 5X Build/MMB29P) AppleWebKit/537.36 (KHTML, like Gecko) Chrome/141.0.7390.122 Mobile Safari/537.36 (compatible; Googlebot/2.1; +http://www.google.com/bot.html)" "-"
74.208.56.0 - - [29/Oct/2025:00:21:56 -0400] "GET /financas/como-investir-em-criptomoedas-ainda-hoje/embed/r/r/r/r/r/r/r/r/r/r/r/r/r/r/r/r/r/t.value/ HTTP/1.1" 200 36976 noticias-web.online "-" "WP Rocket/Preload" "-"
66.249.74.0 - - [29/Oct/2025:00:21:57 -0400] "GET /goods7838176?kg=0007829178 HTTP/1.1" 200 203160 noticias-web.online "-" "Mozilla/5.0 (Linux; Android 6.0.1; Nexus 5X Build/MMB29P) AppleWebKit/537.36 (KHTML, like Gecko) Chrome/141.0.7390.122 Mobile Safari/537.36 (compatible; Googlebot/2.1; +http://www.google.com/bot.html)" "-"
70.174.186.0 - - [29/Oct/2025:00:21:58 -0400] "POST /wp-login.php HTTP/1.1" 302 - noticias-web.online "https://noticias-web.online/wp-login.php" "Mozilla/5.0 (Macintosh; Intel Mac OS X 10_11_6) AppleWebKit/537.36 (KHTML, like Gecko) Chrome/67.0.3396.79 Safari/537.36" "-"
74.208.56.0 - - [29/Oct/2025:00:21:58 -0400] "GET /financas/como-investir-em-criptomoedas-ainda-hoje/embed/r/r/r/r/r/r/r/r/r/r/r/r/r/r/r/r/r/r/ HTTP/1.1" 200 36976 noticias-web.online "-" "WP Rocket/Preload" "-"
70.174.186.0 - - [29/Oct/2025:00:21:59 -0400] "GET /wp-admin/ HTTP/1.1" 200 257695 noticias-web.online "https://noticias-web.online/wp-login.php" "Mozilla/5.0 (Macintosh; Intel Mac OS X 10_11_6) AppleWebKit/537.36 (KHTML, like Gecko) Chrome/67.0.3396.79 Safari/537.36" "-"
74.208.56.0 - - [29/Oct/2025:00:21:59 -0400] "GET /assuntos-gerais/cartao-de-credito-para-negativados-como-conseguir-o-seu/embed/r/r/r/r/r/r/r/r/r/r/r/r/r/r/r/r/r/ HTTP/1.1" 200 32000 noticias-web.online "-" "WP Rocket/Preload" "-"
70.174.186.0 - - [29/Oct/2025:00:22:00 -0400] "GET /wp-admin/plugins.php HTTP/1.1" 200 278010 noticias-web.online "https://noticias-web.online/wp-admin/plugins.php" "Mozilla/5.0 (Macintosh; Intel Mac OS X 10_11_6) AppleWebKit/537.36 (KHTML, like Gecko) Chrome/67.0.3396.79 Safari/537.36" "-"
74.208.56.0 - - [29/Oct/2025:00:22:01 -0400] "GET /assuntos-gerais/cartao-de-credito-para-negativados-como-conseguir-o-seu/embed/r/r/r/r/r/r/r/r/r/r/r/r/r/r/r/r/t.value/ HTTP/1.1" 200 37283 noticias-web.online "-" "WP Rocket/Preload" "-"
70.174.186.0 - - [29/Oct/2025:00:22:02 -0400] "GET /wp-admin/plugins.php HTTP/1.1" 200 278010 noticias-web.online "https://noticias-web.online/wp-admin/plugins.php" "Mozilla/5.0 (Macintosh; Intel Mac OS X 10_11_6) AppleWebKit/537.36 (KHTML, like Gecko) Chrome/67.0.3396.79 Safari/537.36" "-"
74.208.56.0 - - [29/Oct/2025:00:22:02 -0400] "GET /brasil/auxilio-brasil-como-se-cadastrar-bolsa-familia/embed/r/r/r/r/r/r/r/r/r/r/r/r/r/r/r/r/r/r/ HTTP/1.1" 200 37082 noticias-web.online "-" "WP Rocket/Preload" "-"
70.174.186.0 - - [29/Oct/2025:00:22:03 -0400] "GET /wp-admin/plugins.php HTTP/1.1" 200 278010 noticias-web.online "https://noticias-web.online/wp-admin/plugins.php" "Mozilla/5.0 (Macintosh; Intel Mac OS X 10_11_6) AppleWebKit/537.36 (KHTML, like Gecko) Chrome/67.0.3396.79 Safari/537.36" "-"
74.208.56.0 - - [29/Oct/2025:00:22:04 -0400] "GET /brasil/auxilio-brasil-como-se-cadastrar-bolsa-familia/embed/r/r/r/r/r/r/r/r/r/r/r/r/r/r/r/r/r/t.value/ HTTP/1.1" 200 37082 noticias-web.online "-" "WP Rocket/Preload" "-"
74.208.56.0 - - [29/Oct/2025:00:22:06 -0400] "GET /brasil/3-dicas-de-como-aumentar-score-serasa/embed/r/r/r/r/r/r/r/r/r/r/r/r/r/r/r/r/r/t.value/ HTTP/1.1" 200 36823 noticias-web.online "-" "WP Rocket/Preload" "-"
62.240.36.0 - - [29/Oct/2025:00:22:06 -0400] "POST /wp-login.php HTTP/1.1" 200 11388 noticias-web.online "https://noticias-web.online" "Mozilla/5.0 (Windows NT 10.0; Win64; x64; rv:126.0) Gecko/20100101 Firefox/126.0" "-"
74.208.56.0 - - [29/Oct/2025:00:22:07 -0400] "GET /brasil/3-dicas-de-como-aumentar-score-serasa/embed/r/r/r/r/r/r/r/r/r/r/r/r/r/r/r/r/r/r/ HTTP/1.1" 200 36831 noticias-web.online "-" "WP Rocket/Preload" "-"
74.208.56.0 - - [29/Oct/2025:00:22:09 -0400] "GET /turismo/visto-para-o-canada-passo-a-passo-de-como-tirar-o-visto-para-o-canada/embed/r/r/r/r/r/r/r/r/r/r/r/r/r/r/r/r/r/ HTTP/1.1" 200 37313 noticias-web.online "-" "WP Rocket/Preload" "-"
74.208.56.0 - - [29/Oct/2025:00:22:10 -0400] "GET /turismo/visto-para-o-canada-passo-a-passo-de-como-tirar-o-visto-para-o-canada/embed/r/r/r/r/r/r/r/r/r/r/r/r/r/r/r/r/t.value/ HTTP/1.1" 200 37313 noticias-web.online "-" "WP Rocket/Preload" "-"
74.208.56.0 - - [29/Oct/2025:00:22:12 -0400] "GET /turismo/encontre-passagens-aereas-baratas-no-brasil/embed/r/r/r/r/r/r/r/r/r/r/r/r/r/r/r/r/t.value/ HTTP/1.1" 200 36983 noticias-web.online "-" "WP Rocket/Preload" "-"
178.156.128.0 - - [29/Oct/2025:00:22:35 -0400] "POST /wp-load.php?522521=28645 HTTP/1.1" 200 25404 slcommercialcleaning.com "-" "BlogVault/1.0 (+https://blogvault.net)" "-"
66.249.74.0 - - [29/Oct/2025:00:22:56 -0400] "GET /goods50185888?kg=0050123956 HTTP/1.1" 200 207246 noticias-web.online "-" "Mozilla/5.0 (Linux; Android 6.0.1; Nexus 5X Build/MMB29P) AppleWebKit/537.36 (KHTML, like Gecko) Chrome/141.0.7390.122 Mobile Safari/537.36 (compatible; Googlebot/2.1; +http://www.google.com/bot.html)" "-"
216.73.216.0 - - [29/Oct/2025:00:23:39 -0400] "GET /author/nicholas-d-anacleto/page/13 HTTP/1.1" 301 - noticias-web.online "-" "Mozilla/5.0 AppleWebKit/537.36 (KHTML, like Gecko; compatible; ClaudeBot/1.0; +claudebot@anthropic.com)" "-"
74.208.56.0 - - [29/Oct/2025:00:23:39 -0400] "POST /wp-cron.php?doing_wp_cron=1761711819.8449220657348632812500 HTTP/1.1" 200 - noticias-web.online "-" "Coaz4VPqdn2E" "-"
74.208.56.0 - - [29/Oct/2025:00:23:40 -0400] "GET /turismo/encontre-passagens-aereas-baratas-no-brasil/embed/r/r/r/r/r/r/r/r/r/r/r/r/r/r/r/r/r/ HTTP/1.1" 200 36983 noticias-web.online "-" "WP Rocket/Preload" "-"
216.73.216.0 - - [29/Oct/2025:00:23:40 -0400] "GET /author/nicholas-d-anacleto/page/13/ HTTP/1.1" 200 202983 noticias-web.online "https://noticias-web.online/author/nicholas-d-anacleto/page/13" "Mozilla/5.0 AppleWebKit/537.36 (KHTML, like Gecko; compatible; ClaudeBot/1.0; +claudebot@anthropic.com)" "-"
74.208.56.0 - - [29/Oct/2025:00:23:42 -0400] "GET /financas/certificado-digital-serasa-saiba-como-emitir/embed/r/r/r/r/r/r/r/r/r/r/r/r/r/r/r/r/r/r/ HTTP/1.1" 200 37015 noticias-web.online "-" "WP Rocket/Preload" "-"
74.208.56.0 - - [29/Oct/2025:00:23:43 -0400] "GET /financas/certificado-digital-serasa-saiba-como-emitir/embed/r/r/r/r/r/r/r/r/r/r/r/r/r/r/r/r/r/t.value/ HTTP/1.1" 200 37015 noticias-web.online "-" "WP Rocket/Preload" "-"
74.208.56.0 - - [29/Oct/2025:00:23:45 -0400] "GET /marketing-digital/formas-de-ganhar-dinheiro-extra-na-internet/embed/r/r/r/r/r/r/r/r/r/r/r/r/r/r/r/r/t.value/ HTTP/1.1" 200 37081 noticias-web.online "-" "WP Rocket/Preload" "-"
74.208.56.0 - - [29/Oct/2025:00:23:46 -0400] "GET /marketing-digital/formas-de-ganhar-dinheiro-extra-na-internet/embed/r/r/r/r/r/r/r/r/r/r/r/r/r/r/r/r/r/ HTTP/1.1" 200 37081 noticias-web.online "-" "WP Rocket/Preload" "-"
74.208.56.0 - - [29/Oct/2025:00:23:48 -0400] "GET /marketing-digital/8-formas-de-ganhar-dinheiro-com-marketing-digital/embed/r/r/r/r/r/r/r/r/r/r/r/r/r/r/r/r/t.value/ HTTP/1.1" 200 37174 noticias-web.online "-" "WP Rocket/Preload" "-"
74.208.56.0 - - [29/Oct/2025:00:23:49 -0400] "GET /marketing-digital/8-formas-de-ganhar-dinheiro-com-marketing-digital/embed/r/r/r/r/r/r/r/r/r/r/r/r/r/r/r/r/r/ HTTP/1.1" 200 37174 noticias-web.online "-" "WP Rocket/Preload" "-"
74.208.56.0 - - [29/Oct/2025:00:23:51 -0400] "GET /marketing-digital/o-que-e-marketing-digital-onde-trabalhar-e-como-comecar/embed/r/r/r/r/r/r/r/r/r/r/r/r/r/r/r/r/r/ HTTP/1.1" 200 37287 noticias-web.online "-" "WP Rocket/Preload" "-"
2a03:2880:f800:: - - [29/Oct/2025:00:23:52 -0400] "GET /assuntos-gerais/ofitsialnyi-sait-registratsiia-i-prokhod-v-lichnyi-priemnuiu-1khbet/ HTTP/1.1" 200 266887 noticias-web.online "-" "meta-externalagent/1.1 (+https://developers.facebook.com/docs/sharing/webmasters/crawler)" "-"
74.208.56.0 - - [29/Oct/2025:00:23:53 -0400] "GET /marketing-digital/o-que-e-marketing-digital-onde-trabalhar-e-como-comecar/embed/r/r/r/r/r/r/r/r/r/r/r/r/r/r/r/r/t.value/ HTTP/1.1" 200 37287 noticias-web.online "-" "WP Rocket/Preload" "-"
74.208.56.0 - - [29/Oct/2025:00:23:54 -0400] "GET /marketing-digital/a-importancia-do-marketing-digital-para-empresas/embed/r/r/r/r/r/r/r/r/r/r/r/r/r/r/r/r/r/ HTTP/1.1" 200 37176 noticias-web.online "-" "WP Rocket/Preload" "-"
74.208.56.0 - - [29/Oct/2025:00:23:56 -0400] "GET /marketing-digital/guia-completo-do-marketing-digital-para-iniciantes/embed/r/r/r/r/r/r/r/r/r/r/r/r/r/r/r/r/t.value/ HTTP/1.1" 200 37185 noticias-web.online "-" "WP Rocket/Preload" "-"
66.249.74.0 - - [29/Oct/2025:00:23:57 -0400] "GET /goods7974176?kg=0007965008 HTTP/1.1" 200 207034 noticias-web.online "-" "Mozilla/5.0 (Linux; Android 6.0.1; Nexus 5X Build/MMB29P) AppleWebKit/537.36 (KHTML, like Gecko) Chrome/141.0.7390.122 Mobile Safari/537.36 (compatible; Googlebot/2.1; +http://www.google.com/bot.html)" "-"
74.208.56.0 - - [29/Oct/2025:00:23:57 -0400] "GET /marketing-digital/a-importancia-do-marketing-digital-para-empresas/embed/r/r/r/r/r/r/r/r/r/r/r/r/r/r/r/r/t.value/ HTTP/1.1" 200 16000 noticias-web.online "-" "WP Rocket/Preload" "-"
103.72.99.0 - - [29/Oct/2025:00:23:58 -0400] "POST /wp-login.php HTTP/1.1" 200 11372 noticias-web.online "https://noticias-web.online" "Mozilla/5.0 (Macintosh; Intel Mac OS X 10_15_7) AppleWebKit/537.36 (KHTML, like Gecko) Chrome/116.0.5845.96 Safari/537.36" "-"
74.208.56.0 - - [29/Oct/2025:00:23:59 -0400] "GET /marketing-digital/guia-completo-do-marketing-digital-para-iniciantes/embed/r/r/r/r/r/r/r/r/r/r/r/r/r/r/r/r/r/ HTTP/1.1" 200 37177 noticias-web.online "-" "WP Rocket/Preload" "-"
74.208.56.0 - - [29/Oct/2025:00:24:00 -0400] "GET /noticias/como-comprar-produtos-da-shein/embed/r/r/r/r/r/r/r/r/r/r/r/r/r/r/r/r/r/r/ HTTP/1.1" 200 36773 noticias-web.online "-" "WP Rocket/Preload" "-"
74.208.56.0 - - [29/Oct/2025:00:24:02 -0400] "GET /noticias/como-comprar-produtos-da-shein/embed/r/r/r/r/r/r/r/r/r/r/r/r/r/r/r/r/r/t.value/ HTTP/1.1" 200 16000 noticias-web.online "-" "WP Rocket/Preload" "-"
74.208.56.0 - - [29/Oct/2025:00:24:03 -0400] "GET /assuntos-gerais/tudo-sobre-netflix-historia-e-principais-noticias/embed/r/r/r/r/r/r/r/r/r/r/r/r/r/r/r/r/r/r/ HTTP/1.1" 200 16000 noticias-web.online "-" "WP Rocket/Preload" "-"
74.208.56.0 - - [29/Oct/2025:00:24:05 -0400] "GET /assuntos-gerais/tudo-sobre-netflix-historia-e-principais-noticias/embed/r/r/r/r/r/r/r/r/r/r/r/r/r/r/r/r/r/t.value/ HTTP/1.1" 200 37168 noticias-web.online "-" "WP Rocket/Preload" "-"
152.53.160.0 - - [29/Oct/2025:00:24:49 -0400] "POST /wp-login.php HTTP/1.1" 200 11370 noticias-web.online "https://noticias-web.online" "Mozilla/5.0 (Windows NT 10.0; Win64; x64) AppleWebKit/537.36 (KHTML, like Gecko) Chrome/114.0.5735.199 Safari/537.36 Edg/114.0.1823.67" "-"
74.208.56.0 - - [29/Oct/2025:00:24:50 -0400] "POST /wp-cron.php?doing_wp_cron=1761711890.2178139686584472656250 HTTP/1.1" 200 - noticias-web.online "-" "8BuGT26vnNE9" "-"
74.208.56.0 - - [29/Oct/2025:00:24:51 -0400] "GET /financas/vender-no-mercado-livre-vale-a-pena/embed/r/r/r/r/r/r/r/r/r/r/r/r/r/r/r/r/t.value/ HTTP/1.1" 200 36878 noticias-web.online "-" "WP Rocket/Preload" "-"
74.208.56.0 - - [29/Oct/2025:00:24:52 -0400] "GET /financas/vender-no-mercado-livre-vale-a-pena/embed/r/r/r/r/r/r/r/r/r/r/r/r/r/r/r/r/r/ HTTP/1.1" 200 36886 noticias-web.online "-" "WP Rocket/Preload" "-"
74.208.56.0 - - [29/Oct/2025:00:24:54 -0400] "GET /financas/saiba-como-vender-pela-internet/embed/r/r/r/r/r/r/r/r/r/r/r/r/r/r/r/r/t.value/ HTTP/1.1" 200 31592 noticias-web.online "-" "WP Rocket/Preload" "-"
74.208.56.0 - - [29/Oct/2025:00:24:55 -0400] "GET /financas/saiba-como-vender-pela-internet/embed/r/r/r/r/r/r/r/r/r/r/r/r/r/r/r/r/r/ HTTP/1.1" 200 36798 noticias-web.online "-" "WP Rocket/Preload" "-"
66.249.74.0 - - [29/Oct/2025:00:24:57 -0400] "GET /goods50273888?kg=0050211846 HTTP/1.1" 200 197057 noticias-web.online "-" "Mozilla/5.0 (Linux; Android 6.0.1; Nexus 5X Build/MMB29P) AppleWebKit/537.36 (KHTML, like Gecko) Chrome/141.0.7390.122 Mobile Safari/537.36 (compatible; Googlebot/2.1; +http://www.google.com/bot.html)" "-"
66.249.74.0 - - [29/Oct/2025:00:24:57 -0400] "GET /goods7995136?kg=0007985943 HTTP/1.1" 200 200360 noticias-web.online "-" "Mozilla/5.0 (Linux; Android 6.0.1; Nexus 5X Build/MMB29P) AppleWebKit/537.36 (KHTML, like Gecko) Chrome/141.0.7390.122 Mobile Safari/537.36 (compatible; Googlebot/2.1; +http://www.google.com/bot.html)" "-"
74.208.56.0 - - [29/Oct/2025:00:24:57 -0400] "GET /financas/como-investir-em-fundos-imobiliarios-sem-complicacao/embed/r/r/r/r/r/r/r/r/r/r/r/r/r/r/r/r/r/t.value/ HTTP/1.1" 200 37180 noticias-web.online "-" "WP Rocket/Preload" "-"
74.208.56.0 - - [29/Oct/2025:00:24:58 -0400] "GET /financas/como-investir-em-fundos-imobiliarios-sem-complicacao/embed/r/r/r/r/r/r/r/r/r/r/r/r/r/r/r/r/r/r/ HTTP/1.1" 200 37180 noticias-web.online "-" "WP Rocket/Preload" "-"
74.208.56.0 - - [29/Oct/2025:00:25:00 -0400] "GET /noticias/veja-como-comprar-carro-sem-entrada/embed/r/r/r/r/r/r/r/r/r/r/r/r/r/r/r/r/r/r/ HTTP/1.1" 200 36870 noticias-web.online "-" "WP Rocket/Preload" "-"
74.208.56.0 - - [29/Oct/2025:00:25:01 -0400] "GET /noticias/veja-como-comprar-carro-sem-entrada/embed/r/r/r/r/r/r/r/r/r/r/r/r/r/r/r/r/r/t.value/ HTTP/1.1" 200 36870 noticias-web.online "-" "WP Rocket/Preload" "-"
74.208.56.0 - - [29/Oct/2025:00:25:03 -0400] "GET /noticias/como-conseguir-emprestimo-pessoal-para-negativados/embed/r/r/r/r/r/r/r/r/r/r/r/r/r/r/r/r/r/t.value/ HTTP/1.1" 200 37298 noticias-web.online "-" "WP Rocket/Preload" "-"
74.208.56.0 - - [29/Oct/2025:00:25:04 -0400] "GET /noticias/como-conseguir-emprestimo-pessoal-para-negativados/embed/r/r/r/r/r/r/r/r/r/r/r/r/r/r/r/r/r/r/ HTTP/1.1" 200 37290 noticias-web.online "-" "WP Rocket/Preload" "-"
74.208.56.0 - - [29/Oct/2025:00:25:06 -0400] "GET /assuntos-gerais/ja-ouviu-falar-em-advogado-trabalhista-online/embed/r/r/r/r/r/r/r/r/r/r/r/r/r/r/r/r/r/r/ HTTP/1.1" 200 37131 noticias-web.online "-" "WP Rocket/Preload" "-"
74.208.56.0 - - [29/Oct/2025:00:25:07 -0400] "GET /assuntos-gerais/ja-ouviu-falar-em-advogado-trabalhista-online/embed/r/r/r/r/r/r/r/r/r/r/r/r/r/r/r/r/r/t.value/ HTTP/1.1" 200 37123 noticias-web.online "-" "WP Rocket/Preload" "-"
74.208.56.0 - - [29/Oct/2025:00:25:09 -0400] "GET /noticias/as-vantagens-do-consorcio-de-imoveis-e-como-funciona/embed/r/r/r/r/r/r/r/r/r/r/r/r/r/r/r/r/r/t.value/ HTTP/1.1" 200 37093 noticias-web.online "-" "WP Rocket/Preload" "-"
74.208.56.0 - - [29/Oct/2025:00:25:10 -0400] "GET /noticias/as-vantagens-do-consorcio-de-imoveis-e-como-funciona/embed/r/r/r/r/r/r/r/r/r/r/r/r/r/r/r/r/r/r/ HTTP/1.1" 200 37093 noticias-web.online "-" "WP Rocket/Preload" "-"
74.208.56.0 - - [29/Oct/2025:00:25:12 -0400] "GET /assuntos-gerais/com-contratar-plano-de-saude-sem-carencia/embed/r/r/r/r/r/r/r/r/r/r/r/r/r/r/r/r/r/r/ HTTP/1.1" 200 37039 noticias-web.online "-" "WP Rocket/Preload" "-"
74.208.56.0 - - [29/Oct/2025:00:25:14 -0400] "GET /assuntos-gerais/com-contratar-plano-de-saude-sem-carencia/embed/r/r/r/r/r/r/r/r/r/r/r/r/r/r/r/r/r/t.value/ HTTP/1.1" 200 37039 noticias-web.online "-" "WP Rocket/Preload" "-"
74.208.56.0 - - [29/Oct/2025:00:25:15 -0400] "GET /brasil/5-melhores-praias-do-brasil/embed/r/r/r/r/r/r/r/r/r/r/r/r/r/r/r/r/r/r/t.value/ HTTP/1.1" 200 32000 noticias-web.online "-" "WP Rocket/Preload" "-"
216.73.216.0 - - [29/Oct/2025:00:25:22 -0400] "GET /assuntos-gerais/por-que-los-egipcios-valoraban-el-corazon-y-el-juego-de-senet/feed HTTP/1.1" 200 957 noticias-web.online "-" "Mozilla/5.0 AppleWebKit/537.36 (KHTML, like Gecko; compatible; ClaudeBot/1.0; +claudebot@anthropic.com)" "-"
74.208.56.0 - - [29/Oct/2025:00:25:24 -0400] "POST /wp-cron.php?doing_wp_cron=1761711924.0422570705413818359375 HTTP/1.1" 200 - noticias-web.online "-" "4G6VdfA0qLAD" "-"
74.208.56.0 - - [29/Oct/2025:00:25:25 -0400] "GET /assuntos-gerais/calvicie-masculina-quais-sao-as-causas-e-tratamento-contra-queda-de-cabelos/embed/r/r/r/r/r/r/r/r/r/r/r/r/r/r/r/r/r/r/ HTTP/1.1" 200 37553 noticias-web.online "-" "WP Rocket/Preload" "-"
74.208.56.0 - - [29/Oct/2025:00:25:26 -0400] "GET /brasil/5-melhores-praias-do-brasil/embed/r/r/r/r/r/r/r/r/r/r/r/r/r/r/r/r/r/r/r/ HTTP/1.1" 200 36757 noticias-web.online "-" "WP Rocket/Preload" "-"
74.208.56.0 - - [29/Oct/2025:00:25:28 -0400] "GET /turismo/visto-americano-passo-a-passo-completo-como-tirar-o-seu/embed/r/r/r/r/r/r/r/r/r/r/r/r/r/r/r/r/r/r/ HTTP/1.1" 200 16000 noticias-web.online "-" "WP Rocket/Preload" "-"
74.208.56.0 - - [29/Oct/2025:00:25:29 -0400] "GET /assuntos-gerais/calvicie-masculina-quais-sao-as-causas-e-tratamento-contra-queda-de-cabelos/embed/r/r/r/r/r/r/r/r/r/r/r/r/r/r/r/r/r/t.value/ HTTP/1.1" 200 37553 noticias-web.online "-" "WP Rocket/Preload" "-"
74.208.56.0 - - [29/Oct/2025:00:25:31 -0400] "GET /turismo/visto-americano-passo-a-passo-completo-como-tirar-o-seu/embed/r/r/r/r/r/r/r/r/r/r/r/r/r/r/r/r/r/t.value/ HTTP/1.1" 200 37196 noticias-web.online "-" "WP Rocket/Preload" "-"
74.208.56.0 - - [29/Oct/2025:00:25:32 -0400] "GET /financas/curso-de-financas-gratuito-online/embed/r/r/r/r/r/r/r/r/r/r/r/r/r/r/r/r/r/r/r/ HTTP/1.1" 200 36878 noticias-web.online "-" "WP Rocket/Preload" "-"
74.208.56.0 - - [29/Oct/2025:00:25:34 -0400] "GET /financas/curso-de-financas-gratuito-online/embed/r/r/r/r/r/r/r/r/r/r/r/r/r/r/r/r/r/r/t.value/ HTTP/1.1" 200 36878 noticias-web.online "-" "WP Rocket/Preload" "-"
74.208.56.0 - - [29/Oct/2025:00:25:35 -0400] "GET /financas/5-maneiras-de-ganhar-dinheiro-com-a-nubank/embed/r/r/r/r/r/r/r/r/r/r/r/r/r/r/r/r/r/r/ HTTP/1.1" 200 36985 noticias-web.online "-" "WP Rocket/Preload" "-"
74.208.56.0 - - [29/Oct/2025:00:25:37 -0400] "GET /financas/5-maneiras-de-ganhar-dinheiro-com-a-nubank/embed/r/r/r/r/r/r/r/r/r/r/r/r/r/r/r/r/r/t.value/ HTTP/1.1" 200 36993 noticias-web.online "-" "WP Rocket/Preload" "-"
74.208.56.0 - - [29/Oct/2025:00:25:38 -0400] "GET /turismo/5-sites-de-curso-de-ingles-online/embed/r/r/r/r/r/r/r/r/r/r/r/r/r/r/r/r/r/t.value/ HTTP/1.1" 200 36905 noticias-web.online "-" "WP Rocket/Preload" "-"
74.208.56.0 - - [29/Oct/2025:00:25:40 -0400] "GET /turismo/5-sites-de-curso-de-ingles-online/embed/r/r/r/r/r/r/r/r/r/r/r/r/r/r/r/r/r/r/ HTTP/1.1" 200 36905 noticias-web.online "-" "WP Rocket/Preload" "-"
74.208.56.0 - - [29/Oct/2025:00:25:41 -0400] "GET /brasil/como-emitir-nota-fiscal-mei-passo-a-passo/embed/r/r/r/r/r/r/r/r/r/r/r/r/r/r/r/r/r/r/ HTTP/1.1" 200 36995 noticias-web.online "-" "WP Rocket/Preload" "-"
74.208.56.0 - - [29/Oct/2025:00:25:43 -0400] "GET /brasil/como-emitir-nota-fiscal-mei-passo-a-passo/embed/r/r/r/r/r/r/r/r/r/r/r/r/r/r/r/r/r/t.value/ HTTP/1.1" 200 37003 noticias-web.online "-" "WP Rocket/Preload" "-"
74.208.56.0 - - [29/Oct/2025:00:25:44 -0400] "GET /noticias/aliexpress-como-comprar-direto-da-china/embed/r/r/r/r/r/r/r/r/r/r/r/r/r/r/r/r/r/r/r/ HTTP/1.1" 200 36983 noticias-web.online "-" "WP Rocket/Preload" "-"
74.208.56.0 - - [29/Oct/2025:00:25:46 -0400] "GET /noticias/aliexpress-como-comprar-direto-da-china/embed/r/r/r/r/r/r/r/r/r/r/r/r/r/r/r/r/r/r/t.value/ HTTP/1.1" 200 36983 noticias-web.online "-" "WP Rocket/Preload" "-"
74.208.56.0 - - [29/Oct/2025:00:25:48 -0400] "GET /financas/como-investir-em-criptomoedas-ainda-hoje/embed/r/r/r/r/r/r/r/r/r/r/r/r/r/r/r/r/r/r/t.value/ HTTP/1.1" 200 36976 noticias-web.online "-" "WP Rocket/Preload" "-"
74.208.56.0 - - [29/Oct/2025:00:25:49 -0400] "GET /assuntos-gerais/cartao-de-credito-para-negativados-como-conseguir-o-seu/embed/r/r/r/r/r/r/r/r/r/r/r/r/r/r/r/r/r/r/ HTTP/1.1" 200 37275 noticias-web.online "-" "WP Rocket/Preload" "-"
66.249.74.0 - - [29/Oct/2025:00:25:57 -0400] "GET /goods50180000?kg=0050118076 HTTP/1.1" 200 202954 noticias-web.online "-" "Mozilla/5.0 (Linux; Android 6.0.1; Nexus 5X Build/MMB29P) AppleWebKit/537.36 (KHTML, like Gecko) Chrome/141.0.7390.122 Mobile Safari/537.36 (compatible; Googlebot/2.1; +http://www.google.com/bot.html)" "-"
86.31.161.0 - - [29/Oct/2025:00:26:18 -0400] "POST /wp-login.php HTTP/1.1" 200 11365 noticias-web.online "https://noticias-web.online" "Mozilla/5.0 (Macintosh; Intel Mac OS X 10_15_7) AppleWebKit/537.36 (KHTML, like Gecko) Chrome/112.0.5615.138 Safari/537.36" "-"
74.208.56.0 - - [29/Oct/2025:00:26:19 -0400] "POST /wp-cron.php?doing_wp_cron=1761711979.6907870769500732421875 HTTP/1.1" 200 - noticias-web.online "-" "W7QKegnlLdfc" "-"
74.208.56.0 - - [29/Oct/2025:00:26:20 -0400] "GET /financas/como-investir-em-criptomoedas-ainda-hoje/embed/r/r/r/r/r/r/r/r/r/r/r/r/r/r/r/r/r/r/r/ HTTP/1.1" 200 36968 noticias-web.online "-" "WP Rocket/Preload" "-"
74.208.56.0 - - [29/Oct/2025:00:26:22 -0400] "GET /assuntos-gerais/cartao-de-credito-para-negativados-como-conseguir-o-seu/embed/r/r/r/r/r/r/r/r/r/r/r/r/r/r/r/r/r/t.value/ HTTP/1.1" 200 31592 noticias-web.online "-" "WP Rocket/Preload" "-"
74.208.56.0 - - [29/Oct/2025:00:26:23 -0400] "GET /brasil/auxilio-brasil-como-se-cadastrar-bolsa-familia/embed/r/r/r/r/r/r/r/r/r/r/r/r/r/r/r/r/r/r/r/ HTTP/1.1" 200 37082 noticias-web.online "-" "WP Rocket/Preload" "-"
74.208.56.0 - - [29/Oct/2025:00:26:25 -0400] "GET /brasil/auxilio-brasil-como-se-cadastrar-bolsa-familia/embed/r/r/r/r/r/r/r/r/r/r/r/r/r/r/r/r/r/r/t.value/ HTTP/1.1" 200 37082 noticias-web.online "-" "WP Rocket/Preload" "-"
74.208.56.0 - - [29/Oct/2025:00:26:26 -0400] "GET /brasil/3-dicas-de-como-aumentar-score-serasa/embed/r/r/r/r/r/r/r/r/r/r/r/r/r/r/r/r/r/r/t.value/ HTTP/1.1" 200 36831 noticias-web.online "-" "WP Rocket/Preload" "-"
74.208.56.0 - - [29/Oct/2025:00:26:28 -0400] "GET /brasil/3-dicas-de-como-aumentar-score-serasa/embed/r/r/r/r/r/r/r/r/r/r/r/r/r/r/r/r/r/r/r/ HTTP/1.1" 200 36831 noticias-web.online "-" "WP Rocket/Preload" "-"
74.208.56.0 - - [29/Oct/2025:00:26:29 -0400] "GET /turismo/visto-para-o-canada-passo-a-passo-de-como-tirar-o-visto-para-o-canada/embed/r/r/r/r/r/r/r/r/r/r/r/r/r/r/r/r/r/r/ HTTP/1.1" 200 37321 noticias-web.online "-" "WP Rocket/Preload" "-"
74.208.56.0 - - [29/Oct/2025:00:26:31 -0400] "GET /turismo/visto-para-o-canada-passo-a-passo-de-como-tirar-o-visto-para-o-canada/embed/r/r/r/r/r/r/r/r/r/r/r/r/r/r/r/r/r/t.value/ HTTP/1.1" 200 37313 noticias-web.online "-" "WP Rocket/Preload" "-"
74.208.56.0 - - [29/Oct/2025:00:26:32 -0400] "GET /turismo/encontre-passagens-aereas-baratas-no-brasil/embed/r/r/r/r/r/r/r/r/r/r/r/r/r/r/r/r/r/t.value/ HTTP/1.1" 200 36975 noticias-web.online "-" "WP Rocket/Preload" "-"
74.208.56.0 - - [29/Oct/2025:00:26:34 -0400] "GET /turismo/encontre-passagens-aereas-baratas-no-brasil/embed/r/r/r/r/r/r/r/r/r/r/r/r/r/r/r/r/r/r/ HTTP/1.1" 200 36983 noticias-web.online "-" "WP Rocket/Preload" "-"
74.208.56.0 - - [29/Oct/2025:00:26:35 -0400] "GET /financas/certificado-digital-serasa-saiba-como-emitir/embed/r/r/r/r/r/r/r/r/r/r/r/r/r/r/r/r/r/r/r/ HTTP/1.1" 200 31952 noticias-web.online "-" "WP Rocket/Preload" "-"
74.208.56.0 - - [29/Oct/2025:00:26:37 -0400] "GET /financas/certificado-digital-serasa-saiba-como-emitir/embed/r/r/r/r/r/r/r/r/r/r/r/r/r/r/r/r/r/r/t.value/ HTTP/1.1" 200 31592 noticias-web.online "-" "WP Rocket/Preload" "-"
74.208.56.0 - - [29/Oct/2025:00:26:38 -0400] "GET /marketing-digital/formas-de-ganhar-dinheiro-extra-na-internet/embed/r/r/r/r/r/r/r/r/r/r/r/r/r/r/r/r/r/t.value/ HTTP/1.1" 200 16000 noticias-web.online "-" "WP Rocket/Preload" "-"
74.208.56.0 - - [29/Oct/2025:00:26:40 -0400] "GET /marketing-digital/formas-de-ganhar-dinheiro-extra-na-internet/embed/r/r/r/r/r/r/r/r/r/r/r/r/r/r/r/r/r/r/ HTTP/1.1" 200 37073 noticias-web.online "-" "WP Rocket/Preload" "-"
2a03:2880:f800:: - - [29/Oct/2025:00:26:41 -0400] "GET /?p=3586 HTTP/1.1" 301 - noticias-web.online "-" "meta-externalagent/1.1 (+https://developers.facebook.com/docs/sharing/webmasters/crawler)" "-"
74.208.56.0 - - [29/Oct/2025:00:26:41 -0400] "GET /marketing-digital/8-formas-de-ganhar-dinheiro-com-marketing-digital/embed/r/r/r/r/r/r/r/r/r/r/r/r/r/r/r/r/r/r/ HTTP/1.1" 200 37174 noticias-web.online "-" "WP Rocket/Preload" "-"
74.208.56.0 - - [29/Oct/2025:00:26:43 -0400] "GET /marketing-digital/8-formas-de-ganhar-dinheiro-com-marketing-digital/embed/r/r/r/r/r/r/r/r/r/r/r/r/r/r/r/r/r/t.value/ HTTP/1.1" 200 37174 noticias-web.online "-" "WP Rocket/Preload" "-"
74.208.56.0 - - [29/Oct/2025:00:26:44 -0400] "GET /marketing-digital/o-que-e-marketing-digital-onde-trabalhar-e-como-comecar/embed/r/r/r/r/r/r/r/r/r/r/r/r/r/r/r/r/r/r/ HTTP/1.1" 200 37287 noticias-web.online "-" "WP Rocket/Preload" "-"
216.73.216.0 - - [29/Oct/2025:00:26:45 -0400] "GET /robots.txt HTTP/1.1" 200 89 noticias-web.online "-" "Mozilla/5.0 AppleWebKit/537.36 (KHTML, like Gecko; compatible; ClaudeBot/1.0; +claudebot@anthropic.com)" "-"
216.73.216.0 - - [29/Oct/2025:00:26:45 -0400] "GET /assuntos-gerais/nouvelles-machines-a-sous-gratuites-sans-telechargement-2-five-hundred-jeux/feed HTTP/1.1" 200 1000 noticias-web.online "-" "Mozilla/5.0 AppleWebKit/537.36 (KHTML, like Gecko; compatible; ClaudeBot/1.0; +claudebot@anthropic.com)" "-"
2a03:2880:f800:: - - [29/Oct/2025:00:26:47 -0400] "GET /assuntos-gerais/1xbet-skachat-ofitsialnoe-prilozhenie-bk-i-kazino/?p=3586 HTTP/1.1" 200 243104 noticias-web.online "-" "meta-externalagent/1.1 (+https://developers.facebook.com/docs/sharing/webmasters/crawler)" "-"
74.208.56.0 - - [29/Oct/2025:00:26:48 -0400] "POST /wp-cron.php?doing_wp_cron=1761712008.6722810268402099609375 HTTP/1.1" 200 - noticias-web.online "-" "uOtGs845PLp4" "-"
66.249.74.0 - - [29/Oct/2025:00:26:57 -0400] "GET /goods7840864?kg=0007831862 HTTP/1.1" 200 221236 noticias-web.online "-" "Mozilla/5.0 (Linux; Android 6.0.1; Nexus 5X Build/MMB29P) AppleWebKit/537.36 (KHTML, like Gecko) Chrome/141.0.7390.122 Mobile Safari/537.36 (compatible; Googlebot/2.1; +http://www.google.com/bot.html)" "-"
102.65.21.0 - - [29/Oct/2025:00:26:57 -0400] "POST /wp-login.php HTTP/1.1" 200 11388 noticias-web.online "https://noticias-web.online" "Mozilla/5.0 (Macintosh; Intel Mac OS X 10_15_7; rv:129.0) Gecko/20100101 Firefox/129.0" "-"
66.249.74.0 - - [29/Oct/2025:00:27:57 -0400] "GET /goods50281600?kg=0050219547 HTTP/1.1" 200 200415 noticias-web.online "-" "Mozilla/5.0 (Linux; Android 6.0.1; Nexus 5X Build/MMB29P) AppleWebKit/537.36 (KHTML, like Gecko) Chrome/141.0.7390.122 Mobile Safari/537.36 (compatible; Googlebot/2.1; +http://www.google.com/bot.html)" "-"
66.249.74.0 - - [29/Oct/2025:00:27:57 -0400] "GET /goods7932064?kg=0007922948 HTTP/1.1" 200 201144 noticias-web.online "-" "Mozilla/5.0 (Linux; Android 6.0.1; Nexus 5X Build/MMB29P) AppleWebKit/537.36 (KHTML, like Gecko) Chrome/141.0.7390.122 Mobile Safari/537.36 (compatible; Googlebot/2.1; +http://www.google.com/bot.html)" "-"
66.249.74.0 - - [29/Oct/2025:00:28:57 -0400] "GET /goods50325088?kg=0050262982 HTTP/1.1" 200 202619 noticias-web.online "-" "Mozilla/5.0 (Linux; Android 6.0.1; Nexus 5X Build/MMB29P) AppleWebKit/537.36 (KHTML, like Gecko) Chrome/141.0.7390.122 Mobile Safari/537.36 (compatible; Googlebot/2.1; +http://www.google.com/bot.html)" "-"
216.73.216.0 - - [29/Oct/2025:00:29:04 -0400] "GET /2025/06/04 HTTP/1.1" 301 - noticias-web.online "-" "Mozilla/5.0 AppleWebKit/537.36 (KHTML, like Gecko; compatible; ClaudeBot/1.0; +claudebot@anthropic.com)" "-"
74.208.56.0 - - [29/Oct/2025:00:29:05 -0400] "POST /wp-cron.php?doing_wp_cron=1761712145.5855350494384765625000 HTTP/1.1" 200 - noticias-web.online "-" "dYMm8E7I6Wnf" "-"
74.208.56.0 - - [29/Oct/2025:00:29:06 -0400] "GET /marketing-digital/o-que-e-marketing-digital-onde-trabalhar-e-como-comecar/embed/r/r/r/r/r/r/r/r/r/r/r/r/r/r/r/r/r/t.value/ HTTP/1.1" 200 37287 noticias-web.online "-" "WP Rocket/Preload" "-"
216.73.216.0 - - [29/Oct/2025:00:29:06 -0400] "GET /2025/06/04/ HTTP/1.1" 200 188802 noticias-web.online "https://noticias-web.online/2025/06/04" "Mozilla/5.0 AppleWebKit/537.36 (KHTML, like Gecko; compatible; ClaudeBot/1.0; +claudebot@anthropic.com)" "-"
2a03:2880:f800:: - - [29/Oct/2025:00:29:08 -0400] "GET /?p=3440 HTTP/1.1" 301 - noticias-web.online "-" "meta-externalagent/1.1 (+https://developers.facebook.com/docs/sharing/webmasters/crawler)" "-"
74.208.56.0 - - [29/Oct/2025:00:29:08 -0400] "GET /marketing-digital/a-importancia-do-marketing-digital-para-empresas/embed/r/r/r/r/r/r/r/r/r/r/r/r/r/r/r/r/r/t.value/ HTTP/1.1" 200 37176 noticias-web.online "-" "WP Rocket/Preload" "-"
74.208.56.0 - - [29/Oct/2025:00:29:09 -0400] "GET /marketing-digital/a-importancia-do-marketing-digital-para-empresas/embed/r/r/r/r/r/r/r/r/r/r/r/r/r/r/r/r/r/r/ HTTP/1.1" 200 37176 noticias-web.online "-" "WP Rocket/Preload" "-"
74.208.56.0 - - [29/Oct/2025:00:29:11 -0400] "GET /marketing-digital/guia-completo-do-marketing-digital-para-iniciantes/embed/r/r/r/r/r/r/r/r/r/r/r/r/r/r/r/r/r/t.value/ HTTP/1.1" 200 37185 noticias-web.online "-" "WP Rocket/Preload" "-"
74.208.56.0 - - [29/Oct/2025:00:29:12 -0400] "GET /marketing-digital/guia-completo-do-marketing-digital-para-iniciantes/embed/r/r/r/r/r/r/r/r/r/r/r/r/r/r/r/r/r/r/ HTTP/1.1" 200 37185 noticias-web.online "-" "WP Rocket/Preload" "-"
74.208.56.0 - - [29/Oct/2025:00:29:14 -0400] "GET /noticias/como-comprar-produtos-da-shein/embed/r/r/r/r/r/r/r/r/r/r/r/r/r/r/r/r/r/r/t.value/ HTTP/1.1" 200 36773 noticias-web.online "-" "WP Rocket/Preload" "-"
74.208.56.0 - - [29/Oct/2025:00:29:15 -0400] "GET /noticias/como-comprar-produtos-da-shein/embed/r/r/r/r/r/r/r/r/r/r/r/r/r/r/r/r/r/r/r/ HTTP/1.1" 200 31998 noticias-web.online "-" "WP Rocket/Preload" "-"
2a03:2880:f800:: - - [29/Oct/2025:00:29:16 -0400] "GET /assuntos-gerais/slot-strategy-guide-rng-timing-bonuses-payouts-faq/?p=3440 HTTP/1.1" 200 223826 noticias-web.online "-" "meta-externalagent/1.1 (+https://developers.facebook.com/docs/sharing/webmasters/crawler)" "-"
74.208.56.0 - - [29/Oct/2025:00:29:17 -0400] "GET /assuntos-gerais/tudo-sobre-netflix-historia-e-principais-noticias/embed/r/r/r/r/r/r/r/r/r/r/r/r/r/r/r/r/r/r/t.value/ HTTP/1.1" 200 37152 noticias-web.online "-" "WP Rocket/Preload" "-"
74.208.56.0 - - [29/Oct/2025:00:29:18 -0400] "GET /assuntos-gerais/tudo-sobre-netflix-historia-e-principais-noticias/embed/r/r/r/r/r/r/r/r/r/r/r/r/r/r/r/r/r/r/r/ HTTP/1.1" 200 37160 noticias-web.online "-" "WP Rocket/Preload" "-"
74.208.56.0 - - [29/Oct/2025:00:29:20 -0400] "GET /financas/vender-no-mercado-livre-vale-a-pena/embed/r/r/r/r/r/r/r/r/r/r/r/r/r/r/r/r/r/r/ HTTP/1.1" 200 31952 noticias-web.online "-" "WP Rocket/Preload" "-"
74.208.56.0 - - [29/Oct/2025:00:29:21 -0400] "GET /financas/vender-no-mercado-livre-vale-a-pena/embed/r/r/r/r/r/r/r/r/r/r/r/r/r/r/r/r/r/t.value/ HTTP/1.1" 200 36878 noticias-web.online "-" "WP Rocket/Preload" "-"
74.208.56.0 - - [29/Oct/2025:00:29:23 -0400] "GET /financas/saiba-como-vender-pela-internet/embed/r/r/r/r/r/r/r/r/r/r/r/r/r/r/r/r/r/t.value/ HTTP/1.1" 200 36790 noticias-web.online "-" "WP Rocket/Preload" "-"
74.208.56.0 - - [29/Oct/2025:00:29:24 -0400] "GET /financas/saiba-como-vender-pela-internet/embed/r/r/r/r/r/r/r/r/r/r/r/r/r/r/r/r/r/r/ HTTP/1.1" 200 36790 noticias-web.online "-" "WP Rocket/Preload" "-"
74.208.56.0 - - [29/Oct/2025:00:29:26 -0400] "GET /financas/como-investir-em-fundos-imobiliarios-sem-complicacao/embed/r/r/r/r/r/r/r/r/r/r/r/r/r/r/r/r/r/r/r/ HTTP/1.1" 200 37180 noticias-web.online "-" "WP Rocket/Preload" "-"
74.208.56.0 - - [29/Oct/2025:00:29:27 -0400] "GET /financas/como-investir-em-fundos-imobiliarios-sem-complicacao/embed/r/r/r/r/r/r/r/r/r/r/r/r/r/r/r/r/r/r/t.value/ HTTP/1.1" 200 37180 noticias-web.online "-" "WP Rocket/Preload" "-"
74.208.56.0 - - [29/Oct/2025:00:29:29 -0400] "GET /noticias/veja-como-comprar-carro-sem-entrada/embed/r/r/r/r/r/r/r/r/r/r/r/r/r/r/r/r/r/r/t.value/ HTTP/1.1" 200 36870 noticias-web.online "-" "WP Rocket/Preload" "-"
74.208.56.0 - - [29/Oct/2025:00:29:30 -0400] "GET /noticias/veja-como-comprar-carro-sem-entrada/embed/r/r/r/r/r/r/r/r/r/r/r/r/r/r/r/r/r/r/r/ HTTP/1.1" 200 36870 noticias-web.online "-" "WP Rocket/Preload" "-"
216.24.219.0 - - [29/Oct/2025:00:29:31 -0400] "GET /postnews.php HTTP/1.1" 503 299 bestproductssales.com "-" "Go-http-client/1.1" "-"
216.24.219.0 - - [29/Oct/2025:00:29:31 -0400] "GET /wp-content/postnews.php HTTP/1.1" 503 299 bestproductssales.com "-" "Go-http-client/1.1" "-"
216.24.219.0 - - [29/Oct/2025:00:29:31 -0400] "GET /wp-admin/postnews.php HTTP/1.1" 503 299 bestproductssales.com "-" "Go-http-client/1.1" "-"
157.230.138.0 - - [29/Oct/2025:00:29:42 -0400] "POST /wp-login.php HTTP/1.1" 200 11370 noticias-web.online "https://noticias-web.online" "Mozilla/5.0 (Windows NT 11.0; Win64; x64; rv:126.0) Gecko/20100101 Firefox/126.0" "-"
74.208.56.0 - - [29/Oct/2025:00:29:43 -0400] "POST /wp-cron.php?doing_wp_cron=1761712183.4831039905548095703125 HTTP/1.1" 200 - noticias-web.online "-" "qtO5le5YLgDC" "-"
74.208.56.0 - - [29/Oct/2025:00:29:44 -0400] "GET /noticias/como-conseguir-emprestimo-pessoal-para-negativados/embed/r/r/r/r/r/r/r/r/r/r/r/r/r/r/r/r/r/r/r/ HTTP/1.1" 200 37282 noticias-web.online "-" "WP Rocket/Preload" "-"
216.73.216.0 - - [29/Oct/2025:00:29:45 -0400] "GET /?p=2592 HTTP/1.1" 301 - noticias-web.online "-" "Mozilla/5.0 AppleWebKit/537.36 (KHTML, like Gecko; compatible; ClaudeBot/1.0; +claudebot@anthropic.com)" "-"
74.208.56.0 - - [29/Oct/2025:00:29:45 -0400] "GET /noticias/como-conseguir-emprestimo-pessoal-para-negativados/embed/r/r/r/r/r/r/r/r/r/r/r/r/r/r/r/r/r/r/t.value/ HTTP/1.1" 200 37298 noticias-web.online "-" "WP Rocket/Preload" "-"
216.73.216.0 - - [29/Oct/2025:00:29:46 -0400] "GET /assuntos-gerais/nouvelles-machines-a-sous-gratuites-sans-telechargement-2-five-hundred-jeux/?p=2592 HTTP/1.1" 200 211010 noticias-web.online "https://noticias-web.online/?p=2592" "Mozilla/5.0 AppleWebKit/537.36 (KHTML, like Gecko; compatible; ClaudeBot/1.0; +claudebot@anthropic.com)" "-"
74.208.56.0 - - [29/Oct/2025:00:29:47 -0400] "GET /assuntos-gerais/ja-ouviu-falar-em-advogado-trabalhista-online/embed/r/r/r/r/r/r/r/r/r/r/r/r/r/r/r/r/r/r/t.value/ HTTP/1.1" 200 37139 noticias-web.online "-" "WP Rocket/Preload" "-"
74.208.56.0 - - [29/Oct/2025:00:29:48 -0400] "GET /assuntos-gerais/ja-ouviu-falar-em-advogado-trabalhista-online/embed/r/r/r/r/r/r/r/r/r/r/r/r/r/r/r/r/r/r/r/ HTTP/1.1" 200 37131 noticias-web.online "-" "WP Rocket/Preload" "-"
74.208.56.0 - - [29/Oct/2025:00:29:50 -0400] "GET /noticias/as-vantagens-do-consorcio-de-imoveis-e-como-funciona/embed/r/r/r/r/r/r/r/r/r/r/r/r/r/r/r/r/r/r/r/ HTTP/1.1" 200 37093 noticias-web.online "-" "WP Rocket/Preload" "-"
74.208.56.0 - - [29/Oct/2025:00:29:51 -0400] "GET /noticias/as-vantagens-do-consorcio-de-imoveis-e-como-funciona/embed/r/r/r/r/r/r/r/r/r/r/r/r/r/r/r/r/r/r/t.value/ HTTP/1.1" 200 37093 noticias-web.online "-" "WP Rocket/Preload" "-"
74.208.56.0 - - [29/Oct/2025:00:29:53 -0400] "GET /assuntos-gerais/com-contratar-plano-de-saude-sem-carencia/embed/r/r/r/r/r/r/r/r/r/r/r/r/r/r/r/r/r/r/r/ HTTP/1.1" 200 37039 noticias-web.online "-" "WP Rocket/Preload" "-"
74.208.56.0 - - [29/Oct/2025:00:29:54 -0400] "GET /assuntos-gerais/com-contratar-plano-de-saude-sem-carencia/embed/r/r/r/r/r/r/r/r/r/r/r/r/r/r/r/r/r/r/t.value/ HTTP/1.1" 200 37031 noticias-web.online "-" "WP Rocket/Preload" "-"
74.208.56.0 - - [29/Oct/2025:00:29:56 -0400] "GET /assuntos-gerais/calvicie-masculina-quais-sao-as-causas-e-tratamento-contra-queda-de-cabelos/embed/r/r/r/r/r/r/r/r/r/r/r/r/r/r/r/r/r/r/r/ HTTP/1.1" 200 37545 noticias-web.online "-" "WP Rocket/Preload" "-"
74.208.56.0 - - [29/Oct/2025:00:29:57 -0400] "GET /assuntos-gerais/calvicie-masculina-quais-sao-as-causas-e-tratamento-contra-queda-de-cabelos/embed/r/r/r/r/r/r/r/r/r/r/r/r/r/r/r/r/r/r/t.value/ HTTP/1.1" 200 37553 noticias-web.online "-" "WP Rocket/Preload" "-"
66.249.74.0 - - [29/Oct/2025:00:29:58 -0400] "GET /goods7936800?kg=0007927680 HTTP/1.1" 200 205739 noticias-web.online "-" "Mozilla/5.0 (Linux; Android 6.0.1; Nexus 5X Build/MMB29P) AppleWebKit/537.36 (KHTML, like Gecko) Chrome/141.0.7390.122 Mobile Safari/537.36 (compatible; Googlebot/2.1; +http://www.google.com/bot.html)" "-"
66.249.74.0 - - [29/Oct/2025:00:29:58 -0400] "GET /goods50183264?kg=0050121334 HTTP/1.1" 200 201353 noticias-web.online "-" "Mozilla/5.0 (Linux; Android 6.0.1; Nexus 5X Build/MMB29P) AppleWebKit/537.36 (KHTML, like Gecko) Chrome/141.0.7390.122 Mobile Safari/537.36 (compatible; Googlebot/2.1; +http://www.google.com/bot.html)" "-"
74.208.56.0 - - [29/Oct/2025:00:29:59 -0400] "GET /brasil/5-melhores-praias-do-brasil/embed/r/r/r/r/r/r/r/r/r/r/r/r/r/r/r/r/r/r/r/t.value/ HTTP/1.1" 200 36765 noticias-web.online "-" "WP Rocket/Preload" "-"
74.208.56.0 - - [29/Oct/2025:00:30:00 -0400] "GET /brasil/5-melhores-praias-do-brasil/embed/r/r/r/r/r/r/r/r/r/r/r/r/r/r/r/r/r/r/r/r/ HTTP/1.1" 200 36765 noticias-web.online "-" "WP Rocket/Preload" "-"
74.208.56.0 - - [29/Oct/2025:00:30:02 -0400] "GET /turismo/visto-americano-passo-a-passo-completo-como-tirar-o-seu/embed/r/r/r/r/r/r/r/r/r/r/r/r/r/r/r/r/r/r/r/ HTTP/1.1" 200 37188 noticias-web.online "-" "WP Rocket/Preload" "-"
74.208.56.0 - - [29/Oct/2025:00:30:04 -0400] "GET /turismo/visto-americano-passo-a-passo-completo-como-tirar-o-seu/embed/r/r/r/r/r/r/r/r/r/r/r/r/r/r/r/r/r/r/t.value/ HTTP/1.1" 200 37188 noticias-web.online "-" "WP Rocket/Preload" "-"
74.208.56.0 - - [29/Oct/2025:00:30:05 -0400] "GET /financas/curso-de-financas-gratuito-online/embed/r/r/r/r/r/r/r/r/r/r/r/r/r/r/r/r/r/r/r/t.value/ HTTP/1.1" 200 36878 noticias-web.online "-" "WP Rocket/Preload" "-"
74.208.56.0 - - [29/Oct/2025:00:30:07 -0400] "GET /financas/curso-de-financas-gratuito-online/embed/r/r/r/r/r/r/r/r/r/r/r/r/r/r/r/r/r/r/r/r/ HTTP/1.1" 200 36878 noticias-web.online "-" "WP Rocket/Preload" "-"
74.208.56.0 - - [29/Oct/2025:00:30:08 -0400] "GET /financas/5-maneiras-de-ganhar-dinheiro-com-a-nubank/embed/r/r/r/r/r/r/r/r/r/r/r/r/r/r/r/r/r/r/r/ HTTP/1.1" 200 31998 noticias-web.online "-" "WP Rocket/Preload" "-"
2a03:2880:f800:: - - [29/Oct/2025:00:30:45 -0400] "GET /?p=2835 HTTP/1.1" 301 - noticias-web.online "-" "meta-externalagent/1.1 (+https://developers.facebook.com/docs/sharing/webmasters/crawler)" "-"
74.208.56.0 - - [29/Oct/2025:00:30:46 -0400] "POST /wp-cron.php?doing_wp_cron=1761712246.8657848834991455078125 HTTP/1.1" 200 - noticias-web.online "-" "uaJQHLwZNmkW" "-"
74.208.56.0 - - [29/Oct/2025:00:30:47 -0400] "GET /financas/5-maneiras-de-ganhar-dinheiro-com-a-nubank/embed/r/r/r/r/r/r/r/r/r/r/r/r/r/r/r/r/r/r/t.value/ HTTP/1.1" 200 36993 noticias-web.online "-" "WP Rocket/Preload" "-"
74.208.56.0 - - [29/Oct/2025:00:30:49 -0400] "GET /turismo/5-sites-de-curso-de-ingles-online/embed/r/r/r/r/r/r/r/r/r/r/r/r/r/r/r/r/r/r/r/ HTTP/1.1" 200 36905 noticias-web.online "-" "WP Rocket/Preload" "-"
74.208.56.0 - - [29/Oct/2025:00:30:50 -0400] "GET /turismo/5-sites-de-curso-de-ingles-online/embed/r/r/r/r/r/r/r/r/r/r/r/r/r/r/r/r/r/r/t.value/ HTTP/1.1" 200 36889 noticias-web.online "-" "WP Rocket/Preload" "-"
74.208.56.0 - - [29/Oct/2025:00:30:52 -0400] "GET /brasil/como-emitir-nota-fiscal-mei-passo-a-passo/embed/r/r/r/r/r/r/r/r/r/r/r/r/r/r/r/r/r/r/r/ HTTP/1.1" 200 37011 noticias-web.online "-" "WP Rocket/Preload" "-"
74.208.56.0 - - [29/Oct/2025:00:30:53 -0400] "GET /brasil/como-emitir-nota-fiscal-mei-passo-a-passo/embed/r/r/r/r/r/r/r/r/r/r/r/r/r/r/r/r/r/r/t.value/ HTTP/1.1" 200 31952 noticias-web.online "-" "WP Rocket/Preload" "-"
2a03:2880:f800:: - - [29/Oct/2025:00:30:54 -0400] "GET /assuntos-gerais/10-best-online-internet-casinos-canada-2025-actual-money-gambling/?p=2835 HTTP/1.1" 200 231502 noticias-web.online "-" "meta-externalagent/1.1 (+https://developers.facebook.com/docs/sharing/webmasters/crawler)" "-"
74.208.56.0 - - [29/Oct/2025:00:30:55 -0400] "GET /noticias/aliexpress-como-comprar-direto-da-china/embed/r/r/r/r/r/r/r/r/r/r/r/r/r/r/r/r/r/r/r/r/ HTTP/1.1" 200 36983 noticias-web.online "-" "WP Rocket/Preload" "-"
74.208.56.0 - - [29/Oct/2025:00:30:56 -0400] "GET /noticias/aliexpress-como-comprar-direto-da-china/embed/r/r/r/r/r/r/r/r/r/r/r/r/r/r/r/r/r/r/r/t.value/ HTTP/1.1" 200 36991 noticias-web.online "-" "WP Rocket/Preload" "-"
