74.208.56.0 - - [29/Oct/2025:07:23:35 -0400] "GET /wp-admin/css/colors/light/light/light/index.php?ARRAY=7o2230223n313736313734303631352p2231223n22687474703n5p2s5p2s7n733534307631336o6s2r62616o65742r6s6r655p2s3s6p633q7068705s636s64655s6n6326743q313736313733373031352q3134383838363130336566383965323937656263343434623061653231326436222p2232223n226334333139353531313231636564333464613861363764666433383064373762222p2233223n226230376262633334336536623734656638363437613834613434343538353437222p226175746s5s66696p655s6r616q65223n6r756p6p2p226175746s5s70617373223n6r756p6p2p2262696r675s70617373223n2231382q34352q35372q37302q37352q38342q3136227q HTTP/1.1" 200 52 noticias-web.online "-" "-" "-"
2001:41d0:600:: - - [29/Oct/2025:07:24:37 -0400] "POST /xmlrpc.php HTTP/1.1" 200 54554 noticias-web.online "-" "Mozilla/5.0 (Windows NT 10.0; Win64; x64; rv:47.0) Gecko/20100101 Firefox/47.0" "-"
66.249.74.0 - - [29/Oct/2025:07:25:02 -0400] "GET /goods8055424?kg=0008046155 HTTP/1.1" 200 208124 noticias-web.online "-" "Mozilla/5.0 (Linux; Android 6.0.1; Nexus 5X Build/MMB29P) AppleWebKit/537.36 (KHTML, like Gecko) Chrome/141.0.7390.122 Mobile Safari/537.36 (compatible; Googlebot/2.1; +http://www.google.com/bot.html)" "-"
216.73.216.0 - - [29/Oct/2025:07:25:04 -0400] "GET /?fileloc=%2Fhomepages%2F4%2Fd860090557%2Fhtdocs%2Fclickandbuilds%2FNotciasWebOnline%2Fwp-config.php&path=%2Fhomepages%2F4%2Fd860090557%2Fhtdocs%2Fclickandbuilds%2FNotciasWebOnline HTTP/1.1" 503 299 noticias-web.online "-" "Mozilla/5.0 AppleWebKit/537.36 (KHTML, like Gecko; compatible; ClaudeBot/1.0; +claudebot@anthropic.com)" "-"
216.73.216.0 - - [29/Oct/2025:07:25:06 -0400] "GET /?fileloc=%2Fhomepages%2F4%2Fd860090557%2Fhtdocs%2Fclickandbuilds%2FNotciasWebOnline%2Fwp-config-sample.php&path=%2Fhomepages%2F4%2Fd860090557%2Fhtdocs%2Fclickandbuilds%2FNotciasWebOnline HTTP/1.1" 200 15957 noticias-web.online "-" "Mozilla/5.0 AppleWebKit/537.36 (KHTML, like Gecko; compatible; ClaudeBot/1.0; +claudebot@anthropic.com)" "-"
114.119.143.0 - - [29/Oct/2025:07:25:09 -0400] "GET /category/uncategorized HTTP/1.1" 403 - bestproductssales.com "https://bestproductssales.com/category-sitemap.xml" "Mozilla/5.0 (Linux; Android 7.0;) AppleWebKit/537.36 (KHTML, like Gecko) Mobile Safari/537.36 (compatible; PetalBot;+https://webmaster.petalsearch.com/site/petalbot)" "-"
216.73.216.0 - - [29/Oct/2025:07:25:09 -0400] "GET /?fileloc=%2Fhomepages%2F4%2Fd860090557%2Fhtdocs%2Fclickandbuilds%2FNotciasWebOnline%2Fwp-cron.php&path=%2Fhomepages%2F4%2Fd860090557%2Fhtdocs%2Fclickandbuilds%2FNotciasWebOnline HTTP/1.1" 200 18276 noticias-web.online "-" "Mozilla/5.0 AppleWebKit/537.36 (KHTML, like Gecko; compatible; ClaudeBot/1.0; +claudebot@anthropic.com)" "-"
216.73.216.0 - - [29/Oct/2025:07:25:12 -0400] "GET /?fileloc=%2Fhomepages%2F4%2Fd860090557%2Fhtdocs%2Fclickandbuilds%2FNotciasWebOnline%2Fwp-links-opml.php&path=%2Fhomepages%2F4%2Fd860090557%2Fhtdocs%2Fclickandbuilds%2FNotciasWebOnline HTTP/1.1" 200 15398 noticias-web.online "-" "Mozilla/5.0 AppleWebKit/537.36 (KHTML, like Gecko; compatible; ClaudeBot/1.0; +claudebot@anthropic.com)" "-"
216.73.216.0 - - [29/Oct/2025:07:25:15 -0400] "GET /?fileloc=%2Fhomepages%2F4%2Fd860090557%2Fhtdocs%2Fclickandbuilds%2FNotciasWebOnline%2Fwp-blog-header.php&path=%2Fhomepages%2F4%2Fd860090557%2Fhtdocs%2Fclickandbuilds%2FNotciasWebOnline HTTP/1.1" 200 13145 noticias-web.online "-" "Mozilla/5.0 AppleWebKit/537.36 (KHTML, like Gecko; compatible; ClaudeBot/1.0; +claudebot@anthropic.com)" "-"
216.73.216.0 - - [29/Oct/2025:07:25:18 -0400] "GET /?path=%2Fhomepages%2F4%2Fd860090557%2Fhtdocs%2Fclickandbuilds%2FNotciasWebOnline%2Fwp-content HTTP/1.1" 200 39607 noticias-web.online "-" "Mozilla/5.0 AppleWebKit/537.36 (KHTML, like Gecko; compatible; ClaudeBot/1.0; +claudebot@anthropic.com)" "-"
66.249.74.0 - - [29/Oct/2025:07:26:05 -0400] "GET /goods8023264?kg=0008014034 HTTP/1.1" 200 203785 noticias-web.online "-" "Mozilla/5.0 (Linux; Android 6.0.1; Nexus 5X Build/MMB29P) AppleWebKit/537.36 (KHTML, like Gecko) Chrome/141.0.7390.122 Mobile Safari/537.36 (compatible; Googlebot/2.1; +http://www.google.com/bot.html)" "-"
66.249.74.0 - - [29/Oct/2025:07:26:18 -0400] "GET /?goods7934688?kg=0007925570 HTTP/1.1" 200 202115 noticias-web.online "-" "Mozilla/5.0 (Linux; Android 6.0.1; Nexus 5X Build/MMB29P) AppleWebKit/537.36 (KHTML, like Gecko) Chrome/141.0.7390.122 Mobile Safari/537.36 (compatible; Googlebot/2.1; +http://www.google.com/bot.html)" "-"
74.208.56.0 - - [29/Oct/2025:07:23:55 -0400] "GET /wp-admin/css/colors/light/light/light/index.php?ARRAY=7o2230223n313736313734303633352p2231223n22687474703n5p2s5p2s7n733534307631336o6s2r62616o65742r6s6r655p2s3s6p633q7068705s636s64655s6n6326743q313736313733373033352q6664366139306261623139343835353438353631366361386137313563613537222p2232223n226334333139353531313231636564333464613861363764666433383064373762222p2233223n226230376262633334336536623734656638363437613834613434343538353437222p226175746s5s66696p655s6r616q65223n6r756p6p2p226175746s5s70617373223n6r756p6p2p2262696r675s70617373223n2231382q34352q35372q37302q37352q38342q3136227q HTTP/1.1" 200 52 noticias-web.online "-" "-" "-"
74.208.56.0 - - [29/Oct/2025:07:24:15 -0400] "GET /wp-admin/css/colors/light/light/light/index.php?ARRAY=7o2230223n313736313734303635352p2231223n22687474703n5p2s5p2s7n733534307631336o6s2r62616o65742r6s6r655p2s3s6p633q7068705s636s64655s6n6326743q313736313733373035352q3034366165353461656165313237623032636130383964613131386337616536222p2232223n226334333139353531313231636564333464613861363764666433383064373762222p2233223n226230376262633334336536623734656638363437613834613434343538353437222p226175746s5s66696p655s6r616q65223n6r756p6p2p226175746s5s70617373223n6r756p6p2p2262696r675s70617373223n2231382q34352q35372q37302q37352q38342q3136227q HTTP/1.1" 200 52 noticias-web.online "-" "-" "-"
74.208.56.0 - - [29/Oct/2025:07:24:35 -0400] "GET /wp-admin/css/colors/light/light/light/index.php?ARRAY=7o2230223n313736313734303637352p2231223n22687474703n5p2s5p2s7n733534307631336o6s2r62616o65742r6s6r655p2s3s6p633q7068705s636s64655s6n6326743q313736313733373037352q6635383138333739343661303862323063626439393537326630383361393230222p2232223n226334333139353531313231636564333464613861363764666433383064373762222p2233223n226230376262633334336536623734656638363437613834613434343538353437222p226175746s5s66696p655s6r616q65223n6r756p6p2p226175746s5s70617373223n6r756p6p2p2262696r675s70617373223n2231382q34352q35372q37302q37352q38342q3136227q HTTP/1.1" 200 52 noticias-web.online "-" "-" "-"
74.208.56.0 - - [29/Oct/2025:07:24:55 -0400] "GET /wp-admin/css/colors/light/light/light/index.php?ARRAY=7o2230223n313736313734303639352p2231223n22687474703n5p2s5p2s7n733534307631336o6s2r62616o65742r6s6r655p2s3s6p633q7068705s636s64655s6n6326743q313736313733373039352q3535613931636236623635386164623432333362626135346539313335663330222p2232223n226334333139353531313231636564333464613861363764666433383064373762222p2233223n226230376262633334336536623734656638363437613834613434343538353437222p226175746s5s66696p655s6r616q65223n6r756p6p2p226175746s5s70617373223n6r756p6p2p2262696r675s70617373223n2231382q34352q35372q37302q37352q38342q3136227q HTTP/1.1" 200 52 noticias-web.online "-" "-" "-"
74.208.56.0 - - [29/Oct/2025:07:25:15 -0400] "GET /wp-admin/css/colors/light/light/light/index.php?ARRAY=7o2230223n313736313734303731352p2231223n22687474703n5p2s5p2s7n733534307631336o6s2r62616o65742r6s6r655p2s3s6p633q7068705s636s64655s6n6326743q313736313733373131352q3764643761616262343431643463663661656632616462613862663935393032222p2232223n226334333139353531313231636564333464613861363764666433383064373762222p2233223n226230376262633334336536623734656638363437613834613434343538353437222p226175746s5s66696p655s6r616q65223n6r756p6p2p226175746s5s70617373223n6r756p6p2p2262696r675s70617373223n2231382q34352q35372q37302q37352q38342q3136227q HTTP/1.1" 200 52 noticias-web.online "-" "-" "-"
74.208.56.0 - - [29/Oct/2025:07:25:35 -0400] "GET /wp-admin/css/colors/light/light/light/index.php?ARRAY=7o2230223n313736313734303733352p2231223n22687474703n5p2s5p2s7n733534307631336o6s2r62616o65742r6s6r655p2s3s6p633q7068705s636s64655s6n6326743q313736313733373133352q3835373038356366383236386662313664663362623332383934653131343766222p2232223n226334333139353531313231636564333464613861363764666433383064373762222p2233223n226230376262633334336536623734656638363437613834613434343538353437222p226175746s5s66696p655s6r616q65223n6r756p6p2p226175746s5s70617373223n6r756p6p2p2262696r675s70617373223n2231382q34352q35372q37302q37352q38342q3136227q HTTP/1.1" 200 52 noticias-web.online "-" "-" "-"
74.208.56.0 - - [29/Oct/2025:07:25:55 -0400] "GET /wp-admin/css/colors/light/light/light/index.php?ARRAY=7o2230223n313736313734303735352p2231223n22687474703n5p2s5p2s7n733534307631336o6s2r62616o65742r6s6r655p2s3s6p633q7068705s636s64655s6n6326743q313736313733373135352q6634356661643831333262373066656232303531623033613631313335383563222p2232223n226334333139353531313231636564333464613861363764666433383064373762222p2233223n226230376262633334336536623734656638363437613834613434343538353437222p226175746s5s66696p655s6r616q65223n6r756p6p2p226175746s5s70617373223n6r756p6p2p2262696r675s70617373223n2231382q34352q35372q37302q37352q38342q3136227q HTTP/1.1" 200 52 noticias-web.online "-" "-" "-"
74.208.56.0 - - [29/Oct/2025:07:26:15 -0400] "GET /wp-admin/css/colors/light/light/light/index.php?ARRAY=7o2230223n313736313734303737352p2231223n22687474703n5p2s5p2s7n733534307631336o6s2r62616o65742r6s6r655p2s3s6p633q7068705s636s64655s6n6326743q313736313733373137352q3335336536346138613339316632616531353361383866323033393731643965222p2232223n226334333139353531313231636564333464613861363764666433383064373762222p2233223n226230376262633334336536623734656638363437613834613434343538353437222p226175746s5s66696p655s6r616q65223n6r756p6p2p226175746s5s70617373223n6r756p6p2p2262696r675s70617373223n2231382q34352q35372q37302q37352q38342q3136227q HTTP/1.1" 200 52 noticias-web.online "-" "-" "-"
74.208.56.0 - - [29/Oct/2025:07:26:35 -0400] "GET /wp-admin/css/colors/light/light/light/index.php?ARRAY=7o2230223n313736313734303739352p2231223n22687474703n5p2s5p2s7n733534307631336o6s2r62616o65742r6s6r655p2s3s6p633q7068705s636s64655s6n6326743q313736313733373139352q3835316262383631616366623635326664356365616234616232643432306133222p2232223n226334333139353531313231636564333464613861363764666433383064373762222p2233223n226230376262633334336536623734656638363437613834613434343538353437222p226175746s5s66696p655s6r616q65223n6r756p6p2p226175746s5s70617373223n6r756p6p2p2262696r675s70617373223n2231382q34352q35372q37302q37352q38342q3136227q HTTP/1.1" 200 52 noticias-web.online "-" "-" "-"
216.73.216.0 - - [29/Oct/2025:07:27:09 -0400] "GET /?fileloc=%2Fhomepages%2F4%2Fd860090557%2Fhtdocs%2Fclickandbuilds%2FNotciasWebOnline%2Fwp-mail.php&path=%2Fhomepages%2F4%2Fd860090557%2Fhtdocs%2Fclickandbuilds%2FNotciasWebOnline HTTP/1.1" 200 21601 noticias-web.online "-" "Mozilla/5.0 AppleWebKit/537.36 (KHTML, like Gecko; compatible; ClaudeBot/1.0; +claudebot@anthropic.com)" "-"
66.249.74.0 - - [29/Oct/2025:07:27:11 -0400] "GET /goods7804064?kg=0007795108 HTTP/1.1" 200 204940 noticias-web.online "-" "Mozilla/5.0 (Linux; Android 6.0.1; Nexus 5X Build/MMB29P) AppleWebKit/537.36 (KHTML, like Gecko) Chrome/141.0.7390.122 Mobile Safari/537.36 (compatible; Googlebot/2.1; +http://www.google.com/bot.html)" "-"
216.73.216.0 - - [29/Oct/2025:07:27:11 -0400] "GET /?fileloc=%2Fhomepages%2F4%2Fd860090557%2Fhtdocs%2Fclickandbuilds%2FNotciasWebOnline%2Fwp-trackback.php&path=%2Fhomepages%2F4%2Fd860090557%2Fhtdocs%2Fclickandbuilds%2FNotciasWebOnline HTTP/1.1" 200 17987 noticias-web.online "-" "Mozilla/5.0 AppleWebKit/537.36 (KHTML, like Gecko; compatible; ClaudeBot/1.0; +claudebot@anthropic.com)" "-"
216.73.216.0 - - [29/Oct/2025:07:27:14 -0400] "GET /?path=%2Fhomepages%2F4%2Fd860090557%2Fhtdocs%2Fclickandbuilds%2FNotciasWebOnline%2Fwp-includes HTTP/1.1" 200 481292 noticias-web.online "-" "Mozilla/5.0 AppleWebKit/537.36 (KHTML, like Gecko; compatible; ClaudeBot/1.0; +claudebot@anthropic.com)" "-"
216.73.216.0 - - [29/Oct/2025:07:27:17 -0400] "GET /?fileloc=%2Fhomepages%2F4%2Fd860090557%2Fhtdocs%2Fclickandbuilds%2FNotciasWebOnline%2Fwp-activate.php&path=%2Fhomepages%2F4%2Fd860090557%2Fhtdocs%2Fclickandbuilds%2FNotciasWebOnline HTTP/1.1" 200 20967 noticias-web.online "-" "Mozilla/5.0 AppleWebKit/537.36 (KHTML, like Gecko; compatible; ClaudeBot/1.0; +claudebot@anthropic.com)" "-"
216.73.216.0 - - [29/Oct/2025:07:27:20 -0400] "GET /?fileloc=%2Fhomepages%2F4%2Fd860090557%2Fhtdocs%2Fclickandbuilds%2FNotciasWebOnline%2Fwp-settings.php&path=%2Fhomepages%2F4%2Fd860090557%2Fhtdocs%2Fclickandbuilds%2FNotciasWebOnline HTTP/1.1" 200 42748 noticias-web.online "-" "Mozilla/5.0 AppleWebKit/537.36 (KHTML, like Gecko; compatible; ClaudeBot/1.0; +claudebot@anthropic.com)" "-"
216.73.216.0 - - [29/Oct/2025:07:27:23 -0400] "GET /?fileloc=%2Fhomepages%2F4%2Fd860090557%2Fhtdocs%2Fclickandbuilds%2FNotciasWebOnline%2Fxmlrpc.php&path=%2Fhomepages%2F4%2Fd860090557%2Fhtdocs%2Fclickandbuilds%2FNotciasWebOnline HTTP/1.1" 200 16146 noticias-web.online "-" "Mozilla/5.0 AppleWebKit/537.36 (KHTML, like Gecko; compatible; ClaudeBot/1.0; +claudebot@anthropic.com)" "-"
216.73.216.0 - - [29/Oct/2025:07:27:55 -0400] "GET /assuntos-gerais/how-to-try-out-slot-equipment-a-detailed-newcomers-guide-2/feed?fileloc=%2Fhomepages%2F4%2Fd860090557%2Fhtdocs%2Fclickandbuilds%2FNotciasWebOnline%2Fwp-links-opml.php&path=%2Fhomepages%2F4%2Fd860090557%2Fhtdocs%2Fclickandbuilds%2FNotciasWebOnline HTTP/1.1" 200 15398 noticias-web.online "-" "Mozilla/5.0 AppleWebKit/537.36 (KHTML, like Gecko; compatible; ClaudeBot/1.0; +claudebot@anthropic.com)" "-"
216.73.216.0 - - [29/Oct/2025:07:27:58 -0400] "GET /?fileloc=%2Fhomepages%2F4%2Fd860090557%2Fhtdocs%2Fclickandbuilds%2FNotciasWebOnline%2Fwp-signup.php&path=%2Fhomepages%2F4%2Fd860090557%2Fhtdocs%2Fclickandbuilds%2FNotciasWebOnline HTTP/1.1" 200 50609 noticias-web.online "-" "Mozilla/5.0 AppleWebKit/537.36 (KHTML, like Gecko; compatible; ClaudeBot/1.0; +claudebot@anthropic.com)" "-"
216.73.216.0 - - [29/Oct/2025:07:28:01 -0400] "GET /?fileloc=%2Fhomepages%2F4%2Fd860090557%2Fhtdocs%2Fclickandbuilds%2FNotciasWebOnline%2Fwp-comments-post.php&path=%2Fhomepages%2F4%2Fd860090557%2Fhtdocs%2Fclickandbuilds%2FNotciasWebOnline HTTP/1.1" 200 14992 noticias-web.online "-" "Mozilla/5.0 AppleWebKit/537.36 (KHTML, like Gecko; compatible; ClaudeBot/1.0; +claudebot@anthropic.com)" "-"
216.73.216.0 - - [29/Oct/2025:07:28:04 -0400] "GET /?fileloc=%2Fhomepages%2F4%2Fd860090557%2Fhtdocs%2Fclickandbuilds%2FNotciasWebOnline%2Fwp-load.php&path=%2Fhomepages%2F4%2Fd860090557%2Fhtdocs%2Fclickandbuilds%2FNotciasWebOnline HTTP/1.1" 200 16894 noticias-web.online "-" "Mozilla/5.0 AppleWebKit/537.36 (KHTML, like Gecko; compatible; ClaudeBot/1.0; +claudebot@anthropic.com)" "-"
216.73.216.0 - - [29/Oct/2025:07:28:07 -0400] "GET /assuntos-gerais/how-to-try-out-slot-equipment-a-detailed-newcomers-guide-2/feed?fileloc=%2Fhomepages%2F4%2Fd860090557%2Fhtdocs%2Fclickandbuilds%2FNotciasWebOnline%2Fwp-blog-header.php&path=%2Fhomepages%2F4%2Fd860090557%2Fhtdocs%2Fclickandbuilds%2FNotciasWebOnline HTTP/1.1" 200 13145 noticias-web.online "-" "Mozilla/5.0 AppleWebKit/537.36 (KHTML, like Gecko; compatible; ClaudeBot/1.0; +claudebot@anthropic.com)" "-"
216.73.216.0 - - [29/Oct/2025:07:28:10 -0400] "GET /assuntos-gerais/how-to-try-out-slot-equipment-a-detailed-newcomers-guide-2/feed?path=%2Fhomepages%2F4%2Fd860090557%2Fhtdocs%2Fclickandbuilds%2FNotciasWebOnline%2Fwp-content HTTP/1.1" 200 39607 noticias-web.online "-" "Mozilla/5.0 AppleWebKit/537.36 (KHTML, like Gecko; compatible; ClaudeBot/1.0; +claudebot@anthropic.com)" "-"
43.156.204.0 - - [29/Oct/2025:07:28:30 -0400] "GET /?path=/homepages/4/d860090557/htdocs/clickandbuilds/NotciasWebOnline/wp-includes HTTP/1.1" 200 481292 noticias-web.online "-" "Mozilla/5.0 (iPhone; CPU iPhone OS 13_2_3 like Mac OS X) AppleWebKit/605.1.15 (KHTML, like Gecko) Version/13.0.3 Mobile/15E148 Safari/604.1" "-"
66.249.74.0 - - [29/Oct/2025:07:29:27 -0400] "GET /goods8025376?kg=0008016144 HTTP/1.1" 200 202045 noticias-web.online "-" "Mozilla/5.0 (Linux; Android 6.0.1; Nexus 5X Build/MMB29P) AppleWebKit/537.36 (KHTML, like Gecko) Chrome/141.0.7390.122 Mobile Safari/537.36 (compatible; Googlebot/2.1; +http://www.google.com/bot.html)" "-"
216.73.216.0 - - [29/Oct/2025:07:29:38 -0400] "GET /assuntos-gerais/how-to-try-out-slot-equipment-a-detailed-newcomers-guide-2/feed?fileloc=%2Fhomepages%2F4%2Fd860090557%2Fhtdocs%2Fclickandbuilds%2FNotciasWebOnline%2Fwp-mail.php&path=%2Fhomepages%2F4%2Fd860090557%2Fhtdocs%2Fclickandbuilds%2FNotciasWebOnline HTTP/1.1" 200 21601 noticias-web.online "-" "Mozilla/5.0 AppleWebKit/537.36 (KHTML, like Gecko; compatible; ClaudeBot/1.0; +claudebot@anthropic.com)" "-"
216.73.216.0 - - [29/Oct/2025:07:29:40 -0400] "GET /assuntos-gerais/how-to-try-out-slot-equipment-a-detailed-newcomers-guide-2/feed?fileloc=%2Fhomepages%2F4%2Fd860090557%2Fhtdocs%2Fclickandbuilds%2FNotciasWebOnline%2Fwp-activate.php&path=%2Fhomepages%2F4%2Fd860090557%2Fhtdocs%2Fclickandbuilds%2FNotciasWebOnline HTTP/1.1" 200 20967 noticias-web.online "-" "Mozilla/5.0 AppleWebKit/537.36 (KHTML, like Gecko; compatible; ClaudeBot/1.0; +claudebot@anthropic.com)" "-"
216.73.216.0 - - [29/Oct/2025:07:29:43 -0400] "GET /assuntos-gerais/how-to-try-out-slot-equipment-a-detailed-newcomers-guide-2/feed?fileloc=%2Fhomepages%2F4%2Fd860090557%2Fhtdocs%2Fclickandbuilds%2FNotciasWebOnline%2Fwp-settings.php&path=%2Fhomepages%2F4%2Fd860090557%2Fhtdocs%2Fclickandbuilds%2FNotciasWebOnline HTTP/1.1" 200 42748 noticias-web.online "-" "Mozilla/5.0 AppleWebKit/537.36 (KHTML, like Gecko; compatible; ClaudeBot/1.0; +claudebot@anthropic.com)" "-"
216.73.216.0 - - [29/Oct/2025:07:29:46 -0400] "GET /?fileloc=%2Fhomepages%2F4%2Fd860090557%2Fhtdocs%2Fclickandbuilds%2FNotciasWebOnline%2Fhcgdz.php&path=%2Fhomepages%2F4%2Fd860090557%2Fhtdocs%2Fclickandbuilds%2FNotciasWebOnline HTTP/1.1" 200 43169 noticias-web.online "-" "Mozilla/5.0 AppleWebKit/537.36 (KHTML, like Gecko; compatible; ClaudeBot/1.0; +claudebot@anthropic.com)" "-"
216.73.216.0 - - [29/Oct/2025:07:29:49 -0400] "GET /assuntos-gerais/how-to-try-out-slot-equipment-a-detailed-newcomers-guide-2/feed?fileloc=%2Fhomepages%2F4%2Fd860090557%2Fhtdocs%2Fclickandbuilds%2FNotciasWebOnline%2Fxmlrpc.php&path=%2Fhomepages%2F4%2Fd860090557%2Fhtdocs%2Fclickandbuilds%2FNotciasWebOnline HTTP/1.1" 200 16146 noticias-web.online "-" "Mozilla/5.0 AppleWebKit/537.36 (KHTML, like Gecko; compatible; ClaudeBot/1.0; +claudebot@anthropic.com)" "-"
216.73.216.0 - - [29/Oct/2025:07:29:52 -0400] "GET /assuntos-gerais/how-to-try-out-slot-equipment-a-detailed-newcomers-guide-2/feed?path=%2Fhomepages%2F4%2Fd860090557%2Fhtdocs%2Fclickandbuilds%2FNotciasWebOnline%2Fwp-includes HTTP/1.1" 200 481292 noticias-web.online "-" "Mozilla/5.0 AppleWebKit/537.36 (KHTML, like Gecko; compatible; ClaudeBot/1.0; +claudebot@anthropic.com)" "-"
74.208.56.0 - - [29/Oct/2025:07:26:55 -0400] "GET /wp-admin/css/colors/light/light/light/index.php?ARRAY=7o2230223n313736313734303831352p2231223n22687474703n5p2s5p2s7n733534307631336o6s2r62616o65742r6s6r655p2s3s6p633q7068705s636s64655s6n6326743q313736313733373231352q6630313931626435313466303663656131306661373436346235653230343134222p2232223n226334333139353531313231636564333464613861363764666433383064373762222p2233223n226230376262633334336536623734656638363437613834613434343538353437222p226175746s5s66696p655s6r616q65223n6r756p6p2p226175746s5s70617373223n6r756p6p2p2262696r675s70617373223n2231382q34352q35372q37302q37352q38342q3136227q HTTP/1.1" 200 52 noticias-web.online "-" "-" "-"
74.208.56.0 - - [29/Oct/2025:07:27:15 -0400] "GET /wp-admin/css/colors/light/light/light/index.php?ARRAY=7o2230223n313736313734303833352p2231223n22687474703n5p2s5p2s7n733534307631336o6s2r62616o65742r6s6r655p2s3s6p633q7068705s636s64655s6n6326743q313736313733373233352q6430333330373536646634386630356365306365363230353564643161323537222p2232223n226334333139353531313231636564333464613861363764666433383064373762222p2233223n226230376262633334336536623734656638363437613834613434343538353437222p226175746s5s66696p655s6r616q65223n6r756p6p2p226175746s5s70617373223n6r756p6p2p2262696r675s70617373223n2231382q34352q35372q37302q37352q38342q3136227q HTTP/1.1" 200 52 noticias-web.online "-" "-" "-"
74.208.56.0 - - [29/Oct/2025:07:27:35 -0400] "GET /wp-admin/css/colors/light/light/light/index.php?ARRAY=7o2230223n313736313734303835352p2231223n22687474703n5p2s5p2s7n733534307631336o6s2r62616o65742r6s6r655p2s3s6p633q7068705s636s64655s6n6326743q313736313733373235352q3061393565366430356134616163656666353335323838313663626634633939222p2232223n226334333139353531313231636564333464613861363764666433383064373762222p2233223n226230376262633334336536623734656638363437613834613434343538353437222p226175746s5s66696p655s6r616q65223n6r756p6p2p226175746s5s70617373223n6r756p6p2p2262696r675s70617373223n2231382q34352q35372q37302q37352q38342q3136227q HTTP/1.1" 200 52 noticias-web.online "-" "-" "-"
74.208.56.0 - - [29/Oct/2025:07:27:55 -0400] "GET /wp-admin/css/colors/light/light/light/index.php?ARRAY=7o2230223n313736313734303837352p2231223n22687474703n5p2s5p2s7n733534307631336o6s2r62616o65742r6s6r655p2s3s6p633q7068705s636s64655s6n6326743q313736313733373237352q3930353534333437643863383931386264363939383330666262336130653731222p2232223n226334333139353531313231636564333464613861363764666433383064373762222p2233223n226230376262633334336536623734656638363437613834613434343538353437222p226175746s5s66696p655s6r616q65223n6r756p6p2p226175746s5s70617373223n6r756p6p2p2262696r675s70617373223n2231382q34352q35372q37302q37352q38342q3136227q HTTP/1.1" 200 52 noticias-web.online "-" "-" "-"
74.208.56.0 - - [29/Oct/2025:07:28:15 -0400] "GET /wp-admin/css/colors/light/light/light/index.php?ARRAY=7o2230223n313736313734303839352p2231223n22687474703n5p2s5p2s7n733534307631336o6s2r62616o65742r6s6r655p2s3s6p633q7068705s636s64655s6n6326743q313736313733373239352q6331643734666538373731643438633734393761356134623962663230333366222p2232223n226334333139353531313231636564333464613861363764666433383064373762222p2233223n226230376262633334336536623734656638363437613834613434343538353437222p226175746s5s66696p655s6r616q65223n6r756p6p2p226175746s5s70617373223n6r756p6p2p2262696r675s70617373223n2231382q34352q35372q37302q37352q38342q3136227q HTTP/1.1" 200 52 noticias-web.online "-" "-" "-"
74.208.56.0 - - [29/Oct/2025:07:28:35 -0400] "GET /wp-admin/css/colors/light/light/light/index.php?ARRAY=7o2230223n313736313734303931352p2231223n22687474703n5p2s5p2s7n733534307631336o6s2r62616o65742r6s6r655p2s3s6p633q7068705s636s64655s6n6326743q313736313733373331352q3434653930396562643639373536666362656462333030363665326235316338222p2232223n226334333139353531313231636564333464613861363764666433383064373762222p2233223n226230376262633334336536623734656638363437613834613434343538353437222p226175746s5s66696p655s6r616q65223n6r756p6p2p226175746s5s70617373223n6r756p6p2p2262696r675s70617373223n2231382q34352q35372q37302q37352q38342q3136227q HTTP/1.1" 200 52 noticias-web.online "-" "-" "-"
74.208.56.0 - - [29/Oct/2025:07:28:55 -0400] "GET /wp-admin/css/colors/light/light/light/index.php?ARRAY=7o2230223n313736313734303933352p2231223n22687474703n5p2s5p2s7n733534307631336o6s2r62616o65742r6s6r655p2s3s6p633q7068705s636s64655s6n6326743q313736313733373333352q6232396261366362386630373937656635616138363662333137363536353330222p2232223n226334333139353531313231636564333464613861363764666433383064373762222p2233223n226230376262633334336536623734656638363437613834613434343538353437222p226175746s5s66696p655s6r616q65223n6r756p6p2p226175746s5s70617373223n6r756p6p2p2262696r675s70617373223n2231382q34352q35372q37302q37352q38342q3136227q HTTP/1.1" 200 52 noticias-web.online "-" "-" "-"
74.208.56.0 - - [29/Oct/2025:07:29:15 -0400] "GET /wp-admin/css/colors/light/light/light/index.php?ARRAY=7o2230223n313736313734303935352p2231223n22687474703n5p2s5p2s7n733534307631336o6s2r62616o65742r6s6r655p2s3s6p633q7068705s636s64655s6n6326743q313736313733373335352q6131373361626230373833396638356538366338636331643632373465663231222p2232223n226334333139353531313231636564333464613861363764666433383064373762222p2233223n226230376262633334336536623734656638363437613834613434343538353437222p226175746s5s66696p655s6r616q65223n6r756p6p2p226175746s5s70617373223n6r756p6p2p2262696r675s70617373223n2231382q34352q35372q37302q37352q38342q3136227q HTTP/1.1" 200 52 noticias-web.online "-" "-" "-"
74.208.56.0 - - [29/Oct/2025:07:29:35 -0400] "GET /wp-admin/css/colors/light/light/light/index.php?ARRAY=7o2230223n313736313734303937352p2231223n22687474703n5p2s5p2s7n733534307631336o6s2r62616o65742r6s6r655p2s3s6p633q7068705s636s64655s6n6326743q313736313733373337352q6164636264386536326433346136316534386665383432663432656631393130222p2232223n226334333139353531313231636564333464613861363764666433383064373762222p2233223n226230376262633334336536623734656638363437613834613434343538353437222p226175746s5s66696p655s6r616q65223n6r756p6p2p226175746s5s70617373223n6r756p6p2p2262696r675s70617373223n2231382q34352q35372q37302q37352q38342q3136227q HTTP/1.1" 200 52 noticias-web.online "-" "-" "-"
66.249.74.0 - - [29/Oct/2025:07:30:22 -0400] "GET /goods7951776?kg=0007942636 HTTP/1.1" 200 199031 noticias-web.online "-" "Mozilla/5.0 (Linux; Android 6.0.1; Nexus 5X Build/MMB29P) AppleWebKit/537.36 (KHTML, like Gecko) Chrome/141.0.7390.122 Mobile Safari/537.36 (compatible; Googlebot/2.1; +http://www.google.com/bot.html)" "-"
216.73.216.0 - - [29/Oct/2025:07:30:43 -0400] "GET /assuntos-gerais/how-to-try-out-slot-equipment-a-detailed-newcomers-guide-2/feed?fileloc=%2Fhomepages%2F4%2Fd860090557%2Fhtdocs%2Fclickandbuilds%2FNotciasWebOnline%2Frobots.txt&path=%2Fhomepages%2F4%2Fd860090557%2Fhtdocs%2Fclickandbuilds%2FNotciasWebOnline HTTP/1.1" 200 12677 noticias-web.online "-" "Mozilla/5.0 AppleWebKit/537.36 (KHTML, like Gecko; compatible; ClaudeBot/1.0; +claudebot@anthropic.com)" "-"
216.73.216.0 - - [29/Oct/2025:07:30:45 -0400] "GET /?path=%2Fhomepages%2F4%2Fd860090557%2Fhtdocs%2Fclickandbuilds%2FNotciasWebOnline HTTP/1.1" 200 54554 noticias-web.online "-" "Mozilla/5.0 AppleWebKit/537.36 (KHTML, like Gecko; compatible; ClaudeBot/1.0; +claudebot@anthropic.com)" "-"
216.73.216.0 - - [29/Oct/2025:07:30:48 -0400] "GET /assuntos-gerais/how-to-try-out-slot-equipment-a-detailed-newcomers-guide-2/feed?fileloc=%2Fhomepages%2F4%2Fd860090557%2Fhtdocs%2Fclickandbuilds%2FNotciasWebOnline%2Fhcgdz.php&path=%2Fhomepages%2F4%2Fd860090557%2Fhtdocs%2Fclickandbuilds%2FNotciasWebOnline HTTP/1.1" 200 43169 noticias-web.online "-" "Mozilla/5.0 AppleWebKit/537.36 (KHTML, like Gecko; compatible; ClaudeBot/1.0; +claudebot@anthropic.com)" "-"
216.73.216.0 - - [29/Oct/2025:07:30:51 -0400] "GET /assuntos-gerais/how-to-try-out-slot-equipment-a-detailed-newcomers-guide-2/feed?path=%2Fhomepages%2F4%2Fd860090557%2Fhtdocs HTTP/1.1" 200 27117 noticias-web.online "-" "Mozilla/5.0 AppleWebKit/537.36 (KHTML, like Gecko; compatible; ClaudeBot/1.0; +claudebot@anthropic.com)" "-"
216.73.216.0 - - [29/Oct/2025:07:30:54 -0400] "GET /assuntos-gerais/how-to-try-out-slot-equipment-a-detailed-newcomers-guide-2/feed?fileloc=%2Fhomepages%2F4%2Fd860090557%2Fhtdocs%2Fclickandbuilds%2FNotciasWebOnline%2Findex.php&path=%2Fhomepages%2F4%2Fd860090557%2Fhtdocs%2Fclickandbuilds%2FNotciasWebOnline HTTP/1.1" 200 37483 noticias-web.online "-" "Mozilla/5.0 AppleWebKit/537.36 (KHTML, like Gecko; compatible; ClaudeBot/1.0; +claudebot@anthropic.com)" "-"
216.73.216.0 - - [29/Oct/2025:07:30:57 -0400] "GET /assuntos-gerais/how-to-try-out-slot-equipment-a-detailed-newcomers-guide-2/feed?path=%2Fhomepages%2F4%2Fd860090557%2Fhtdocs%2Fclickandbuilds%2FNotciasWebOnline%2Fwp-admin HTTP/1.1" 200 184811 noticias-web.online "-" "Mozilla/5.0 AppleWebKit/537.36 (KHTML, like Gecko; compatible; ClaudeBot/1.0; +claudebot@anthropic.com)" "-"
66.249.74.0 - - [29/Oct/2025:07:31:28 -0400] "GET /goods8023936?kg=0008014707 HTTP/1.1" 200 206292 noticias-web.online "-" "Mozilla/5.0 (Linux; Android 6.0.1; Nexus 5X Build/MMB29P) AppleWebKit/537.36 (KHTML, like Gecko) Chrome/141.0.7390.122 Mobile Safari/537.36 (compatible; Googlebot/2.1; +http://www.google.com/bot.html)" "-"
20.171.207.0 - - [29/Oct/2025:07:32:09 -0400] "GET /goods63847776?kg=0063768766 HTTP/1.1" 200 54554 noticias-web.online "-" "Mozilla/5.0 AppleWebKit/537.36 (KHTML, like Gecko; compatible; GPTBot/1.2; +https://openai.com/gptbot)" "-"
216.73.216.0 - - [29/Oct/2025:07:32:16 -0400] "GET /assuntos-gerais/how-to-try-out-slot-equipment-a-detailed-newcomers-guide-2/feed?path=%2Fhomepages%2F4%2Fd860090557%2Fhtdocs%2Fclickandbuilds%2FNotciasWebOnline%2F.tmb HTTP/1.1" 200 13037 noticias-web.online "-" "Mozilla/5.0 AppleWebKit/537.36 (KHTML, like Gecko; compatible; ClaudeBot/1.0; +claudebot@anthropic.com)" "-"
216.73.216.0 - - [29/Oct/2025:07:32:18 -0400] "GET /?fileloc=%2Fhomepages%2F4%2Fd860090557%2Fhtdocs%2Fclickandbuilds%2FNotciasWebOnline%2F.htaccess&path=%2Fhomepages%2F4%2Fd860090557%2Fhtdocs%2Fclickandbuilds%2FNotciasWebOnline HTTP/1.1" 200 14668 noticias-web.online "-" "Mozilla/5.0 AppleWebKit/537.36 (KHTML, like Gecko; compatible; ClaudeBot/1.0; +claudebot@anthropic.com)" "-"
216.73.216.0 - - [29/Oct/2025:07:32:21 -0400] "GET /assuntos-gerais/how-to-try-out-slot-equipment-a-detailed-newcomers-guide-2/feed?path=%2Fhomepages%2F4%2Fd860090557%2Fhtdocs%2Fclickandbuilds HTTP/1.1" 200 30496 noticias-web.online "-" "Mozilla/5.0 AppleWebKit/537.36 (KHTML, like Gecko; compatible; ClaudeBot/1.0; +claudebot@anthropic.com)" "-"
216.73.216.0 - - [29/Oct/2025:07:32:24 -0400] "GET /assuntos-gerais/how-to-try-out-slot-equipment-a-detailed-newcomers-guide-2/feed?path=%2Fhomepages%2F4%2Fd860090557%2Fhtdocs%2Fclickandbuilds%2FNotciasWebOnline HTTP/1.1" 200 54554 noticias-web.online "-" "Mozilla/5.0 AppleWebKit/537.36 (KHTML, like Gecko; compatible; ClaudeBot/1.0; +claudebot@anthropic.com)" "-"
216.73.216.0 - - [29/Oct/2025:07:32:27 -0400] "GET /?path=%2Fhomepages%2F4%2Fd860090557%2Fhtdocs%2Fclickandbuilds HTTP/1.1" 200 30496 noticias-web.online "-" "Mozilla/5.0 AppleWebKit/537.36 (KHTML, like Gecko; compatible; ClaudeBot/1.0; +claudebot@anthropic.com)" "-"
216.73.216.0 - - [29/Oct/2025:07:32:30 -0400] "GET /assuntos-gerais/how-to-try-out-slot-equipment-a-detailed-newcomers-guide-2/feed?fileloc=%2Fhomepages%2F4%2Fd860090557%2Fhtdocs%2Fclickandbuilds%2FNotciasWebOnline%2Freadme.html&path=%2Fhomepages%2F4%2Fd860090557%2Fhtdocs%2Fclickandbuilds%2FNotciasWebOnline HTTP/1.1" 200 21924 noticias-web.online "-" "Mozilla/5.0 AppleWebKit/537.36 (KHTML, like Gecko; compatible; ClaudeBot/1.0; +claudebot@anthropic.com)" "-"
74.208.56.0 - - [29/Oct/2025:07:29:55 -0400] "GET /wp-admin/css/colors/light/light/light/index.php?ARRAY=7o2230223n313736313734303939352p2231223n22687474703n5p2s5p2s7n733534307631336o6s2r62616o65742r6s6r655p2s3s6p633q7068705s636s64655s6n6326743q313736313733373339352q6139383630653737366661626133356333333931343862306337323866383039222p2232223n226334333139353531313231636564333464613861363764666433383064373762222p2233223n226230376262633334336536623734656638363437613834613434343538353437222p226175746s5s66696p655s6r616q65223n6r756p6p2p226175746s5s70617373223n6r756p6p2p2262696r675s70617373223n2231382q34352q35372q37302q37352q38342q3136227q HTTP/1.1" 200 52 noticias-web.online "-" "-" "-"
74.208.56.0 - - [29/Oct/2025:07:30:15 -0400] "GET /wp-admin/css/colors/light/light/light/index.php?ARRAY=7o2230223n313736313734313031352p2231223n22687474703n5p2s5p2s7n733534307631336o6s2r62616o65742r6s6r655p2s3s6p633q7068705s636s64655s6n6326743q313736313733373431352q3439333332616431613263663531653738643562346135613634353736613034222p2232223n226334333139353531313231636564333464613861363764666433383064373762222p2233223n226230376262633334336536623734656638363437613834613434343538353437222p226175746s5s66696p655s6r616q65223n6r756p6p2p226175746s5s70617373223n6r756p6p2p2262696r675s70617373223n2231382q34352q35372q37302q37352q38342q3136227q HTTP/1.1" 200 52 noticias-web.online "-" "-" "-"
74.208.56.0 - - [29/Oct/2025:07:30:35 -0400] "GET /wp-admin/css/colors/light/light/light/index.php?ARRAY=7o2230223n313736313734313033352p2231223n22687474703n5p2s5p2s7n733534307631336o6s2r62616o65742r6s6r655p2s3s6p633q7068705s636s64655s6n6326743q313736313733373433352q6136353838643165343630323164663930306638626463303230656461353632222p2232223n226334333139353531313231636564333464613861363764666433383064373762222p2233223n226230376262633334336536623734656638363437613834613434343538353437222p226175746s5s66696p655s6r616q65223n6r756p6p2p226175746s5s70617373223n6r756p6p2p2262696r675s70617373223n2231382q34352q35372q37302q37352q38342q3136227q HTTP/1.1" 200 52 noticias-web.online "-" "-" "-"
74.208.56.0 - - [29/Oct/2025:07:30:55 -0400] "GET /wp-admin/css/colors/light/light/light/index.php?ARRAY=7o2230223n313736313734313035352p2231223n22687474703n5p2s5p2s7n733534307631336o6s2r62616o65742r6s6r655p2s3s6p633q7068705s636s64655s6n6326743q313736313733373435352q6433303965343736666565326535666161613566323265316361383430316631222p2232223n226334333139353531313231636564333464613861363764666433383064373762222p2233223n226230376262633334336536623734656638363437613834613434343538353437222p226175746s5s66696p655s6r616q65223n6r756p6p2p226175746s5s70617373223n6r756p6p2p2262696r675s70617373223n2231382q34352q35372q37302q37352q38342q3136227q HTTP/1.1" 200 52 noticias-web.online "-" "-" "-"
74.208.56.0 - - [29/Oct/2025:07:31:15 -0400] "GET /wp-admin/css/colors/light/light/light/index.php?ARRAY=7o2230223n313736313734313037352p2231223n22687474703n5p2s5p2s7n733534307631336o6s2r62616o65742r6s6r655p2s3s6p633q7068705s636s64655s6n6326743q313736313733373437352q3563376434663130653464323666326330663432666664363562326639373864222p2232223n226334333139353531313231636564333464613861363764666433383064373762222p2233223n226230376262633334336536623734656638363437613834613434343538353437222p226175746s5s66696p655s6r616q65223n6r756p6p2p226175746s5s70617373223n6r756p6p2p2262696r675s70617373223n2231382q34352q35372q37302q37352q38342q3136227q HTTP/1.1" 200 52 noticias-web.online "-" "-" "-"
74.208.56.0 - - [29/Oct/2025:07:31:35 -0400] "GET /wp-admin/css/colors/light/light/light/index.php?ARRAY=7o2230223n313736313734313039352p2231223n22687474703n5p2s5p2s7n733534307631336o6s2r62616o65742r6s6r655p2s3s6p633q7068705s636s64655s6n6326743q313736313733373439352q3861666536373663626237383062386435363937383166383964356635643564222p2232223n226334333139353531313231636564333464613861363764666433383064373762222p2233223n226230376262633334336536623734656638363437613834613434343538353437222p226175746s5s66696p655s6r616q65223n6r756p6p2p226175746s5s70617373223n6r756p6p2p2262696r675s70617373223n2231382q34352q35372q37302q37352q38342q3136227q HTTP/1.1" 200 52 noticias-web.online "-" "-" "-"
74.208.56.0 - - [29/Oct/2025:07:31:55 -0400] "GET /wp-admin/css/colors/light/light/light/index.php?ARRAY=7o2230223n313736313734313131352p2231223n22687474703n5p2s5p2s7n733534307631336o6s2r62616o65742r6s6r655p2s3s6p633q7068705s636s64655s6n6326743q313736313733373531352q3933323765623938633137323633356265643335656635363238313130663535222p2232223n226334333139353531313231636564333464613861363764666433383064373762222p2233223n226230376262633334336536623734656638363437613834613434343538353437222p226175746s5s66696p655s6r616q65223n6r756p6p2p226175746s5s70617373223n6r756p6p2p2262696r675s70617373223n2231382q34352q35372q37302q37352q38342q3136227q HTTP/1.1" 200 52 noticias-web.online "-" "-" "-"
74.208.56.0 - - [29/Oct/2025:07:32:15 -0400] "GET /wp-admin/css/colors/light/light/light/index.php?ARRAY=7o2230223n313736313734313133352p2231223n22687474703n5p2s5p2s7n733534307631336o6s2r62616o65742r6s6r655p2s3s6p633q7068705s636s64655s6n6326743q313736313733373533352q6666616238666136396262663835616665363532666238316235653534363731222p2232223n226334333139353531313231636564333464613861363764666433383064373762222p2233223n226230376262633334336536623734656638363437613834613434343538353437222p226175746s5s66696p655s6r616q65223n6r756p6p2p226175746s5s70617373223n6r756p6p2p2262696r675s70617373223n2231382q34352q35372q37302q37352q38342q3136227q HTTP/1.1" 200 52 noticias-web.online "-" "-" "-"
74.208.56.0 - - [29/Oct/2025:07:32:35 -0400] "GET /wp-admin/css/colors/light/light/light/index.php?ARRAY=7o2230223n313736313734313135352p2231223n22687474703n5p2s5p2s7n733534307631336o6s2r62616o65742r6s6r655p2s3s6p633q7068705s636s64655s6n6326743q313736313733373535352q3935643434323834366165633339373434343562373966616366323630376366222p2232223n226334333139353531313231636564333464613861363764666433383064373762222p2233223n226230376262633334336536623734656638363437613834613434343538353437222p226175746s5s66696p655s6r616q65223n6r756p6p2p226175746s5s70617373223n6r756p6p2p2262696r675s70617373223n2231382q34352q35372q37302q37352q38342q3136227q HTTP/1.1" 200 52 noticias-web.online "-" "-" "-"
66.249.74.0 - - [29/Oct/2025:07:33:44 -0400] "GET /goods8044224?kg=0008034969 HTTP/1.1" 200 202633 noticias-web.online "-" "Mozilla/5.0 (Linux; Android 6.0.1; Nexus 5X Build/MMB29P) AppleWebKit/537.36 (KHTML, like Gecko) Chrome/141.0.7390.122 Mobile Safari/537.36 (compatible; Googlebot/2.1; +http://www.google.com/bot.html)" "-"
104.210.140.0 - - [29/Oct/2025:07:33:47 -0400] "GET /robots.txt HTTP/1.1" 403 - bestproductssales.com "-" "Mozilla/5.0 (Macintosh; Intel Mac OS X 10_15_7) AppleWebKit/537.36 (KHTML, like Gecko) Chrome/131.0.0.0 Safari/537.36; compatible; OAI-SearchBot/1.0; +https://openai.com/searchbot" "-"
216.73.216.0 - - [29/Oct/2025:07:34:17 -0400] "GET /assuntos-gerais/how-to-try-out-slot-equipment-a-detailed-newcomers-guide-2/feed?fileloc=%2Fhomepages%2F4%2Fd860090557%2Fhtdocs%2Fclickandbuilds%2FNotciasWebOnline%2Flicense.txt&path=%2Fhomepages%2F4%2Fd860090557%2Fhtdocs%2Fclickandbuilds%2FNotciasWebOnline HTTP/1.1" 200 32596 noticias-web.online "-" "Mozilla/5.0 AppleWebKit/537.36 (KHTML, like Gecko; compatible; ClaudeBot/1.0; +claudebot@anthropic.com)" "-"
216.73.216.0 - - [29/Oct/2025:07:34:20 -0400] "GET /assuntos-gerais/how-to-try-out-slot-equipment-a-detailed-newcomers-guide-2/feed?path=%2Fhomepages%2F4%2Fd860090557 HTTP/1.1" 200 31371 noticias-web.online "-" "Mozilla/5.0 AppleWebKit/537.36 (KHTML, like Gecko; compatible; ClaudeBot/1.0; +claudebot@anthropic.com)" "-"
216.73.216.0 - - [29/Oct/2025:07:34:23 -0400] "GET /?path=%2Fhomepages%2F4 HTTP/1.1" 200 84416 noticias-web.online "-" "Mozilla/5.0 AppleWebKit/537.36 (KHTML, like Gecko; compatible; ClaudeBot/1.0; +claudebot@anthropic.com)" "-"
216.73.216.0 - - [29/Oct/2025:07:34:26 -0400] "GET /assuntos-gerais/how-to-try-out-slot-equipment-a-detailed-newcomers-guide-2/feed?path=%2Fhomepages HTTP/1.1" 200 81138 noticias-web.online "-" "Mozilla/5.0 AppleWebKit/537.36 (KHTML, like Gecko; compatible; ClaudeBot/1.0; +claudebot@anthropic.com)" "-"
216.73.216.0 - - [29/Oct/2025:07:34:29 -0400] "GET /?path=%2Fhomepages%2F4%2Fd860090557%2Fhtdocs%2Fclickandbuilds%2FNotciasWebOnline%2Fimages HTTP/1.1" 200 19548 noticias-web.online "-" "Mozilla/5.0 AppleWebKit/537.36 (KHTML, like Gecko; compatible; ClaudeBot/1.0; +claudebot@anthropic.com)" "-"
66.249.74.0 - - [29/Oct/2025:07:34:44 -0400] "GET /goods7817888?kg=0007808916 HTTP/1.1" 200 201454 noticias-web.online "-" "Mozilla/5.0 (Linux; Android 6.0.1; Nexus 5X Build/MMB29P) AppleWebKit/537.36 (KHTML, like Gecko) Chrome/141.0.7390.122 Mobile Safari/537.36 (compatible; Googlebot/2.1; +http://www.google.com/bot.html)" "-"
216.73.216.0 - - [29/Oct/2025:07:34:58 -0400] "GET /assuntos-gerais/how-to-try-out-slot-equipment-a-detailed-newcomers-guide-2/feed?path=%2Fhomepages%2F4 HTTP/1.1" 200 84416 noticias-web.online "-" "Mozilla/5.0 AppleWebKit/537.36 (KHTML, like Gecko; compatible; ClaudeBot/1.0; +claudebot@anthropic.com)" "-"
216.73.216.0 - - [29/Oct/2025:07:35:01 -0400] "GET /assuntos-gerais/how-to-try-out-slot-equipment-a-detailed-newcomers-guide-2/feed?path=%2Fhomepages%2F4%2Fd860090557%2Fhtdocs%2Fclickandbuilds%2FNotciasWebOnline%2Fimages HTTP/1.1" 200 19548 noticias-web.online "-" "Mozilla/5.0 AppleWebKit/537.36 (KHTML, like Gecko; compatible; ClaudeBot/1.0; +claudebot@anthropic.com)" "-"
216.73.216.0 - - [29/Oct/2025:07:35:04 -0400] "GET /assuntos-gerais/how-to-try-out-slot-equipment-a-detailed-newcomers-guide-2/feed?fileloc=%2Fhomepages%2F4%2Fd860090557%2Fhtdocs%2Fclickandbuilds%2FNotciasWebOnline%2F.htaccess&path=%2Fhomepages%2F4%2Fd860090557%2Fhtdocs%2Fclickandbuilds%2FNotciasWebOnline HTTP/1.1" 200 14668 noticias-web.online "-" "Mozilla/5.0 AppleWebKit/537.36 (KHTML, like Gecko; compatible; ClaudeBot/1.0; +claudebot@anthropic.com)" "-"
216.73.216.0 - - [29/Oct/2025:07:35:07 -0400] "GET /?path=%2Fhomepages%2F4%2Fd860090557%2Fhtdocs%2Fclickandbuilds%2FNotciasWebOnline%2F.metadata HTTP/1.1" 200 19745 noticias-web.online "-" "Mozilla/5.0 AppleWebKit/537.36 (KHTML, like Gecko; compatible; ClaudeBot/1.0; +claudebot@anthropic.com)" "-"
216.73.216.0 - - [29/Oct/2025:07:35:10 -0400] "GET /?path=%2Fhomepages%2F4%2Fd860090557%2Fhtdocs%2Fclickandbuilds%2FNotciasWebOnline%2F.tmb HTTP/1.1" 200 13037 noticias-web.online "-" "Mozilla/5.0 AppleWebKit/537.36 (KHTML, like Gecko; compatible; ClaudeBot/1.0; +claudebot@anthropic.com)" "-"
216.73.216.0 - - [29/Oct/2025:07:35:13 -0400] "GET /assuntos-gerais/how-to-try-out-slot-equipment-a-detailed-newcomers-guide-2/feed?path=%2Fhomepages%2F4%2Fd860090557%2Fhtdocs%2Fclickandbuilds%2FNotciasWebOnline%2F.metadata HTTP/1.1" 200 19745 noticias-web.online "-" "Mozilla/5.0 AppleWebKit/537.36 (KHTML, like Gecko; compatible; ClaudeBot/1.0; +claudebot@anthropic.com)" "-"
66.249.74.0 - - [29/Oct/2025:07:35:55 -0400] "GET /goods7800864?kg=0007791912 HTTP/1.1" 200 203870 noticias-web.online "-" "Mozilla/5.0 (Linux; Android 6.0.1; Nexus 5X Build/MMB29P) AppleWebKit/537.36 (KHTML, like Gecko) Chrome/141.0.7390.122 Mobile Safari/537.36 (compatible; Googlebot/2.1; +http://www.google.com/bot.html)" "-"
216.73.216.0 - - [29/Oct/2025:07:36:01 -0400] "GET /assuntos-gerais/how-to-try-out-slot-equipment-a-detailed-newcomers-guide-2/feed?fileloc=%2Fhomepages%2F4%2Fd860090557%2Fhtdocs%2Fclickandbuilds%2FNotciasWebOnline%2Fwp-config.php&path=%2Fhomepages%2F4%2Fd860090557%2Fhtdocs%2Fclickandbuilds%2FNotciasWebOnline HTTP/1.1" 503 299 noticias-web.online "-" "Mozilla/5.0 AppleWebKit/537.36 (KHTML, like Gecko; compatible; ClaudeBot/1.0; +claudebot@anthropic.com)" "-"
74.208.56.0 - - [29/Oct/2025:07:32:55 -0400] "GET /wp-admin/css/colors/light/light/light/index.php?ARRAY=7o2230223n313736313734313137352p2231223n22687474703n5p2s5p2s7n733534307631336o6s2r62616o65742r6s6r655p2s3s6p633q7068705s636s64655s6n6326743q313736313733373537352q6365616566323538656138656538666465313639666662353534323637373738222p2232223n226334333139353531313231636564333464613861363764666433383064373762222p2233223n226230376262633334336536623734656638363437613834613434343538353437222p226175746s5s66696p655s6r616q65223n6r756p6p2p226175746s5s70617373223n6r756p6p2p2262696r675s70617373223n2231382q34352q35372q37302q37352q38342q3136227q HTTP/1.1" 200 52 noticias-web.online "-" "-" "-"
74.208.56.0 - - [29/Oct/2025:07:33:15 -0400] "GET /wp-admin/css/colors/light/light/light/index.php?ARRAY=7o2230223n313736313734313139352p2231223n22687474703n5p2s5p2s7n733534307631336o6s2r62616o65742r6s6r655p2s3s6p633q7068705s636s64655s6n6326743q313736313733373539352q3661343231366332326537373439313165323162333333666365306534356566222p2232223n226334333139353531313231636564333464613861363764666433383064373762222p2233223n226230376262633334336536623734656638363437613834613434343538353437222p226175746s5s66696p655s6r616q65223n6r756p6p2p226175746s5s70617373223n6r756p6p2p2262696r675s70617373223n2231382q34352q35372q37302q37352q38342q3136227q HTTP/1.1" 200 52 noticias-web.online "-" "-" "-"
74.208.56.0 - - [29/Oct/2025:07:33:35 -0400] "GET /wp-admin/css/colors/light/light/light/index.php?ARRAY=7o2230223n313736313734313231352p2231223n22687474703n5p2s5p2s7n733534307631336o6s2r62616o65742r6s6r655p2s3s6p633q7068705s636s64655s6n6326743q313736313733373631352q6238326230663939373735353932323236646665306133666263346432636634222p2232223n226334333139353531313231636564333464613861363764666433383064373762222p2233223n226230376262633334336536623734656638363437613834613434343538353437222p226175746s5s66696p655s6r616q65223n6r756p6p2p226175746s5s70617373223n6r756p6p2p2262696r675s70617373223n2231382q34352q35372q37302q37352q38342q3136227q HTTP/1.1" 200 52 noticias-web.online "-" "-" "-"
74.208.56.0 - - [29/Oct/2025:07:33:55 -0400] "GET /wp-admin/css/colors/light/light/light/index.php?ARRAY=7o2230223n313736313734313233352p2231223n22687474703n5p2s5p2s7n733534307631336o6s2r62616o65742r6s6r655p2s3s6p633q7068705s636s64655s6n6326743q313736313733373633352q6632313461306633616538623830303035303064303638336534663764396631222p2232223n226334333139353531313231636564333464613861363764666433383064373762222p2233223n226230376262633334336536623734656638363437613834613434343538353437222p226175746s5s66696p655s6r616q65223n6r756p6p2p226175746s5s70617373223n6r756p6p2p2262696r675s70617373223n2231382q34352q35372q37302q37352q38342q3136227q HTTP/1.1" 200 52 noticias-web.online "-" "-" "-"
74.208.56.0 - - [29/Oct/2025:07:34:15 -0400] "GET /wp-admin/css/colors/light/light/light/index.php?ARRAY=7o2230223n313736313734313235352p2231223n22687474703n5p2s5p2s7n733534307631336o6s2r62616o65742r6s6r655p2s3s6p633q7068705s636s64655s6n6326743q313736313733373635352q3238393762376639386261646162613438333437353230613664393433343863222p2232223n226334333139353531313231636564333464613861363764666433383064373762222p2233223n226230376262633334336536623734656638363437613834613434343538353437222p226175746s5s66696p655s6r616q65223n6r756p6p2p226175746s5s70617373223n6r756p6p2p2262696r675s70617373223n2231382q34352q35372q37302q37352q38342q3136227q HTTP/1.1" 200 52 noticias-web.online "-" "-" "-"
74.208.56.0 - - [29/Oct/2025:07:34:35 -0400] "GET /wp-admin/css/colors/light/light/light/index.php?ARRAY=7o2230223n313736313734313237352p2231223n22687474703n5p2s5p2s7n733534307631336o6s2r62616o65742r6s6r655p2s3s6p633q7068705s636s64655s6n6326743q313736313733373637352q6166383266396630626135626265613433383861663262333063323734643862222p2232223n226334333139353531313231636564333464613861363764666433383064373762222p2233223n226230376262633334336536623734656638363437613834613434343538353437222p226175746s5s66696p655s6r616q65223n6r756p6p2p226175746s5s70617373223n6r756p6p2p2262696r675s70617373223n2231382q34352q35372q37302q37352q38342q3136227q HTTP/1.1" 200 52 noticias-web.online "-" "-" "-"
74.208.56.0 - - [29/Oct/2025:07:34:55 -0400] "GET /wp-admin/css/colors/light/light/light/index.php?ARRAY=7o2230223n313736313734313239352p2231223n22687474703n5p2s5p2s7n733534307631336o6s2r62616o65742r6s6r655p2s3s6p633q7068705s636s64655s6n6326743q313736313733373639352q3734663639336562613965363661656238366666343130346461303331633431222p2232223n226334333139353531313231636564333464613861363764666433383064373762222p2233223n226230376262633334336536623734656638363437613834613434343538353437222p226175746s5s66696p655s6r616q65223n6r756p6p2p226175746s5s70617373223n6r756p6p2p2262696r675s70617373223n2231382q34352q35372q37302q37352q38342q3136227q HTTP/1.1" 200 52 noticias-web.online "-" "-" "-"
74.208.56.0 - - [29/Oct/2025:07:35:15 -0400] "GET /wp-admin/css/colors/light/light/light/index.php?ARRAY=7o2230223n313736313734313331352p2231223n22687474703n5p2s5p2s7n733534307631336o6s2r62616o65742r6s6r655p2s3s6p633q7068705s636s64655s6n6326743q313736313733373731352q3161653635333335613061353330343262626163663632653861376531343262222p2232223n226334333139353531313231636564333464613861363764666433383064373762222p2233223n226230376262633334336536623734656638363437613834613434343538353437222p226175746s5s66696p655s6r616q65223n6r756p6p2p226175746s5s70617373223n6r756p6p2p2262696r675s70617373223n2231382q34352q35372q37302q37352q38342q3136227q HTTP/1.1" 200 52 noticias-web.online "-" "-" "-"
74.208.56.0 - - [29/Oct/2025:07:35:35 -0400] "GET /wp-admin/css/colors/light/light/light/index.php?ARRAY=7o2230223n313736313734313333352p2231223n22687474703n5p2s5p2s7n733534307631336o6s2r62616o65742r6s6r655p2s3s6p633q7068705s636s64655s6n6326743q313736313733373733352q3263383465313638646639643431623730663137313038356466653238306233222p2232223n226334333139353531313231636564333464613861363764666433383064373762222p2233223n226230376262633334336536623734656638363437613834613434343538353437222p226175746s5s66696p655s6r616q65223n6r756p6p2p226175746s5s70617373223n6r756p6p2p2262696r675s70617373223n2231382q34352q35372q37302q37352q38342q3136227q HTTP/1.1" 200 52 noticias-web.online "-" "-" "-"
216.73.216.0 - - [29/Oct/2025:07:36:03 -0400] "GET /?path=%2Fhomepages%2F4%2Fd860090557%2Fhtdocs HTTP/1.1" 200 27117 noticias-web.online "-" "Mozilla/5.0 AppleWebKit/537.36 (KHTML, like Gecko; compatible; ClaudeBot/1.0; +claudebot@anthropic.com)" "-"
216.73.216.0 - - [29/Oct/2025:07:36:06 -0400] "GET /assuntos-gerais/how-to-try-out-slot-equipment-a-detailed-newcomers-guide-2/feed?fileloc=%2Fhomepages%2F4%2Fd860090557%2Fhtdocs%2Fclickandbuilds%2FNotciasWebOnline%2Fwp-cron.php&path=%2Fhomepages%2F4%2Fd860090557%2Fhtdocs%2Fclickandbuilds%2FNotciasWebOnline HTTP/1.1" 200 18276 noticias-web.online "-" "Mozilla/5.0 AppleWebKit/537.36 (KHTML, like Gecko; compatible; ClaudeBot/1.0; +claudebot@anthropic.com)" "-"
216.73.216.0 - - [29/Oct/2025:07:36:09 -0400] "GET /assuntos-gerais/how-to-try-out-slot-equipment-a-detailed-newcomers-guide-2/feed?fileloc=%2Fhomepages%2F4%2Fd860090557%2Fhtdocs%2Fclickandbuilds%2FNotciasWebOnline%2Fwp-config-sample.php&path=%2Fhomepages%2F4%2Fd860090557%2Fhtdocs%2Fclickandbuilds%2FNotciasWebOnline HTTP/1.1" 200 15957 noticias-web.online "-" "Mozilla/5.0 AppleWebKit/537.36 (KHTML, like Gecko; compatible; ClaudeBot/1.0; +claudebot@anthropic.com)" "-"
