195.26.249.0 - - [29/Oct/2025:02:56:25 -0400] "POST /wp-content/themes/class.php HTTP/1.1" 403 1271 noticias-web.online "-" "Mozilla/5.0 (Windows NT 10.0; Win64; x64) AppleWebKit/537.36 (KHTML, like Gecko) Chrome/99.0.4844.51 Safari/537.36" "-"
74.208.56.0 - - [29/Oct/2025:02:56:26 -0400] "GET /assuntos-gerais/com-contratar-plano-de-saude-sem-carencia/embed/r/r/r/r/r/r/r/r/r/r/r/r/r/r/r/r/r/r/r/r/r/r/r/r/r/r/r/r/r/r/r/r/r/r/r/r/r/r/r/r/r/r/r/r/r/r/r/r/r/r/r/r/r/r/r/r/r/r/r/r/r/r/r/r/r/r/r/r/r/r/r/r/r/r/r/r/r/r/r/r/r/r/r/r/r/r/r/r/r/r/t.value/ HTTP/1.1" 200 37039 noticias-web.online "-" "WP Rocket/Preload" "-"
74.208.56.0 - - [29/Oct/2025:02:56:27 -0400] "GET /assuntos-gerais/com-contratar-plano-de-saude-sem-carencia/embed/r/r/r/r/r/r/r/r/r/r/r/r/r/r/r/r/r/r/r/r/r/r/r/r/r/r/r/r/r/r/r/r/r/r/r/r/r/r/r/r/r/r/r/r/r/r/r/r/r/r/r/r/r/r/r/r/r/r/r/r/r/r/r/r/r/r/r/r/r/r/r/r/r/r/r/r/r/r/r/r/r/r/r/r/r/r/r/r/r/r/r/ HTTP/1.1" 200 37039 noticias-web.online "-" "WP Rocket/Preload" "-"
74.208.56.0 - - [29/Oct/2025:02:56:29 -0400] "GET /noticias/como-conseguir-emprestimo-pessoal-para-negativados/embed/r/r/r/r/r/r/r/r/r/r/r/r/r/r/r/r/r/r/r/r/r/r/r/r/r/r/r/r/r/r/r/r/r/r/r/r/r/r/r/r/r/r/r/r/r/r/r/r/r/r/r/r/r/r/r/r/r/r/r/r/r/r/r/r/r/r/r/r/r/r/r/r/r/r/r/r/r/r/r/r/r/r/r/r/r/r/r/r/r/r/t.value/ HTTP/1.1" 200 31592 noticias-web.online "-" "WP Rocket/Preload" "-"
74.208.56.0 - - [29/Oct/2025:02:56:30 -0400] "GET /noticias/como-conseguir-emprestimo-pessoal-para-negativados/embed/r/r/r/r/r/r/r/r/r/r/r/r/r/r/r/r/r/r/r/r/r/r/r/r/r/r/r/r/r/r/r/r/r/r/r/r/r/r/r/r/r/r/r/r/r/r/r/r/r/r/r/r/r/r/r/r/r/r/r/r/r/r/r/r/r/r/r/r/r/r/r/r/r/r/r/r/r/r/r/r/r/r/r/r/r/r/r/r/r/r/r/ HTTP/1.1" 200 37298 noticias-web.online "-" "WP Rocket/Preload" "-"
74.208.56.0 - - [29/Oct/2025:02:56:32 -0400] "GET /noticias/as-vantagens-do-consorcio-de-imoveis-e-como-funciona/embed/r/r/r/r/r/r/r/r/r/r/r/r/r/r/r/r/r/r/r/r/r/r/r/r/r/r/r/r/r/r/r/r/r/r/r/r/r/r/r/r/r/r/r/r/r/r/r/r/r/r/r/r/r/r/r/r/r/r/r/r/r/r/r/r/r/r/r/r/r/r/r/r/r/r/r/r/r/r/r/r/r/r/r/r/r/r/r/r/r/r/t.value/ HTTP/1.1" 200 37093 noticias-web.online "-" "WP Rocket/Preload" "-"
74.208.56.0 - - [29/Oct/2025:02:56:34 -0400] "GET /noticias/as-vantagens-do-consorcio-de-imoveis-e-como-funciona/embed/r/r/r/r/r/r/r/r/r/r/r/r/r/r/r/r/r/r/r/r/r/r/r/r/r/r/r/r/r/r/r/r/r/r/r/r/r/r/r/r/r/r/r/r/r/r/r/r/r/r/r/r/r/r/r/r/r/r/r/r/r/r/r/r/r/r/r/r/r/r/r/r/r/r/r/r/r/r/r/r/r/r/r/r/r/r/r/r/r/r/r/ HTTP/1.1" 200 37085 noticias-web.online "-" "WP Rocket/Preload" "-"
74.208.56.0 - - [29/Oct/2025:02:56:35 -0400] "GET /assuntos-gerais/ja-ouviu-falar-em-advogado-trabalhista-online/embed/r/r/r/r/r/r/r/r/r/r/r/r/r/r/r/r/r/r/r/r/r/r/r/r/r/r/r/r/r/r/r/r/r/r/r/r/r/r/r/r/r/r/r/r/r/r/r/r/r/r/r/r/r/r/r/r/r/r/r/r/r/r/r/r/r/r/r/r/r/r/r/r/r/r/r/r/r/r/r/r/r/r/r/r/r/r/r/r/r/r/r/ HTTP/1.1" 200 37139 noticias-web.online "-" "WP Rocket/Preload" "-"
74.208.56.0 - - [29/Oct/2025:02:56:37 -0400] "GET /assuntos-gerais/ja-ouviu-falar-em-advogado-trabalhista-online/embed/r/r/r/r/r/r/r/r/r/r/r/r/r/r/r/r/r/r/r/r/r/r/r/r/r/r/r/r/r/r/r/r/r/r/r/r/r/r/r/r/r/r/r/r/r/r/r/r/r/r/r/r/r/r/r/r/r/r/r/r/r/r/r/r/r/r/r/r/r/r/r/r/r/r/r/r/r/r/r/r/r/r/r/r/r/r/r/r/r/r/t.value/ HTTP/1.1" 200 37139 noticias-web.online "-" "WP Rocket/Preload" "-"
103.42.58.0 - - [29/Oct/2025:02:56:48 -0400] "POST /wp-content/themes/class.php HTTP/1.1" 403 1271 noticias-web.online "-" "Mozilla/5.0 (Linux; Android 12; Pixel 6) AppleWebKit/537.36 (KHTML, like Gecko) Chrome/99.0.4844.58 Mobile Safari/537.36" "-"
148.72.247.0 - - [29/Oct/2025:02:56:49 -0400] "POST /wp-content/themes/cloud.php HTTP/1.1" 403 1271 noticias-web.online "-" "Mozilla/5.0 (Windows NT 10.0; Win64; x64) AppleWebKit/537.36 (KHTML, like Gecko) Chrome/99.0.4844.51 Safari/537.36 Edg/99.0.1150.30" "-"
103.159.85.0 - - [29/Oct/2025:02:56:55 -0400] "POST /wp-content/themes/cloud.php HTTP/1.1" 403 1271 noticias-web.online "-" "Mozilla/5.0 (Linux; Android 12; Pixel 6) AppleWebKit/537.36 (KHTML, like Gecko) Chrome/99.0.4844.58 Mobile Safari/537.36" "-"
104.248.146.0 - - [29/Oct/2025:02:56:55 -0400] "POST /wp-content/themes/class.php HTTP/1.1" 403 1271 noticias-web.online "-" "Mozilla/5.0 (Windows NT 10.0; Win64; x64) AppleWebKit/537.36 (KHTML, like Gecko) Chrome/116.0.0.0 Safari/537.36" "-"
92.205.20.0 - - [29/Oct/2025:02:57:00 -0400] "POST /wp-content/themes/cloud.php HTTP/1.1" 403 1271 noticias-web.online "-" "Mozilla/5.0 (Windows NT 10.0; Win64; x64) AppleWebKit/537.36 (KHTML, like Gecko) Chrome/110.0.0.0 Safari/537.36" "-"
185.18.197.0 - - [29/Oct/2025:02:57:06 -0400] "POST /wp-content/themes/cloud.php HTTP/1.1" 403 1271 noticias-web.online "-" "Mozilla/5.0 (Windows NT 10.0; Win64; x64) AppleWebKit/537.36 (KHTML, like Gecko) Chrome/110.0.0.0 Safari/537.36" "-"
35.77.213.0 - - [29/Oct/2025:02:57:07 -0400] "POST /wp-content/themes/class.php HTTP/1.1" 403 1271 noticias-web.online "-" "Mozilla/5.0 (Windows NT 10.0; Win64; x64) AppleWebKit/537.36 (KHTML, like Gecko) Chrome/99.0.4844.51 Safari/537.36 Edg/99.0.1150.30" "-"
178.33.250.0 - - [29/Oct/2025:02:57:17 -0400] "POST /wp-content/themes/cloud.php HTTP/1.1" 403 1271 noticias-web.online "-" "Mozilla/5.0 (Macintosh; Intel Mac OS X 10_15_7) AppleWebKit/605.1.15 (KHTML, like Gecko) Version/17.0 Safari/605.1.15" "-"
178.33.250.0 - - [29/Oct/2025:02:57:42 -0400] "POST /wp-content/themes/class.php HTTP/1.1" 403 1271 noticias-web.online "-" "Mozilla/5.0 (Windows NT 10.0; Win64; x64) AppleWebKit/537.36 (KHTML, like Gecko) Chrome/110.0.0.0 Safari/537.36" "-"
66.249.74.0 - - [29/Oct/2025:02:57:43 -0400] "GET /goods50252736?kg=0050190721 HTTP/1.1" 200 233849 noticias-web.online "-" "Mozilla/5.0 (Linux; Android 6.0.1; Nexus 5X Build/MMB29P) AppleWebKit/537.36 (KHTML, like Gecko) Chrome/141.0.7390.122 Mobile Safari/537.36 (compatible; Googlebot/2.1; +http://www.google.com/bot.html)" "-"
104.248.146.0 - - [29/Oct/2025:02:57:44 -0400] "POST /wp-content/themes/class.php HTTP/1.1" 403 1271 noticias-web.online "-" "Mozilla/5.0 (Windows NT 10.0; Win64; x64) AppleWebKit/537.36 (KHTML, like Gecko) Chrome/101.0.4951.64 Safari/537.36 Edg/101.0.1210.47" "-"
122.175.189.0 - - [29/Oct/2025:02:57:52 -0400] "POST /wp-content/themes/cloud.php HTTP/1.1" 403 1271 noticias-web.online "-" "Mozilla/5.0 (Windows NT 10.0; Win64; x64) AppleWebKit/537.36 (KHTML, like Gecko) Chrome/99.0.4844.51 Safari/537.36" "-"
3.93.191.0 - - [29/Oct/2025:02:58:22 -0400] "POST /wp-content/themes/cloud.php HTTP/1.1" 403 1271 noticias-web.online "-" "Mozilla/5.0 (Windows NT 10.0; Win64; x64) AppleWebKit/537.36 (KHTML, like Gecko) Chrome/99.0.4844.51 Safari/537.36" "-"
195.20.233.0 - - [29/Oct/2025:02:58:24 -0400] "POST /wp-content/themes/class.php HTTP/1.1" 403 1271 noticias-web.online "-" "Mozilla/5.0 (Windows NT 10.0; Win64; x64) AppleWebKit/537.36 (KHTML, like Gecko) Chrome/116.0.0.0 Safari/537.36" "-"
142.44.220.0 - - [29/Oct/2025:02:58:25 -0400] "GET /goods431239936?kg=0430701687 HTTP/1.1" 404 158556 noticias-web.online "-" "Mozilla/5.0 (compatible; AhrefsBot/7.0; +http://ahrefs.com/robot/)" "-"
74.208.56.0 - - [29/Oct/2025:02:58:27 -0400] "GET /noticias/veja-como-comprar-carro-sem-entrada/embed/r/r/r/r/r/r/r/r/r/r/r/r/r/r/r/r/r/r/r/r/r/r/r/r/r/r/r/r/r/r/r/r/r/r/r/r/r/r/r/r/r/r/r/r/r/r/r/r/r/r/r/r/r/r/r/r/r/r/r/r/r/r/r/r/r/r/r/r/r/r/r/r/r/r/r/r/r/r/r/r/r/r/r/r/r/r/r/r/r/r/t.value/ HTTP/1.1" 200 36870 noticias-web.online "-" "WP Rocket/Preload" "-"
74.208.56.0 - - [29/Oct/2025:02:58:26 -0400] "POST /wp-cron.php?doing_wp_cron=1761721106.8882179260253906250000 HTTP/1.1" 200 - noticias-web.online "-" "3AyPEc06Amr9" "-"
74.208.56.0 - - [29/Oct/2025:02:58:29 -0400] "GET /noticias/veja-como-comprar-carro-sem-entrada/embed/r/r/r/r/r/r/r/r/r/r/r/r/r/r/r/r/r/r/r/r/r/r/r/r/r/r/r/r/r/r/r/r/r/r/r/r/r/r/r/r/r/r/r/r/r/r/r/r/r/r/r/r/r/r/r/r/r/r/r/r/r/r/r/r/r/r/r/r/r/r/r/r/r/r/r/r/r/r/r/r/r/r/r/r/r/r/r/r/r/r/r/ HTTP/1.1" 200 36870 noticias-web.online "-" "WP Rocket/Preload" "-"
74.208.56.0 - - [29/Oct/2025:02:58:30 -0400] "GET /assuntos-gerais/com-contratar-plano-de-saude-sem-carencia/embed/r/r/r/r/r/r/r/r/r/r/r/r/r/r/r/r/r/r/r/r/r/r/r/r/r/r/r/r/r/r/r/r/r/r/r/r/r/r/r/r/r/r/r/r/r/r/r/r/r/r/r/r/r/r/r/r/r/r/r/r/r/r/r/r/r/r/r/r/r/r/r/r/r/r/r/r/r/r/r/r/r/r/r/r/r/r/r/r/r/r/r/r/ HTTP/1.1" 200 37039 noticias-web.online "-" "WP Rocket/Preload" "-"
74.208.56.0 - - [29/Oct/2025:02:58:32 -0400] "GET /assuntos-gerais/com-contratar-plano-de-saude-sem-carencia/embed/r/r/r/r/r/r/r/r/r/r/r/r/r/r/r/r/r/r/r/r/r/r/r/r/r/r/r/r/r/r/r/r/r/r/r/r/r/r/r/r/r/r/r/r/r/r/r/r/r/r/r/r/r/r/r/r/r/r/r/r/r/r/r/r/r/r/r/r/r/r/r/r/r/r/r/r/r/r/r/r/r/r/r/r/r/r/r/r/r/r/r/t.value/ HTTP/1.1" 200 37039 noticias-web.online "-" "WP Rocket/Preload" "-"
74.208.56.0 - - [29/Oct/2025:02:58:33 -0400] "GET /noticias/como-conseguir-emprestimo-pessoal-para-negativados/embed/r/r/r/r/r/r/r/r/r/r/r/r/r/r/r/r/r/r/r/r/r/r/r/r/r/r/r/r/r/r/r/r/r/r/r/r/r/r/r/r/r/r/r/r/r/r/r/r/r/r/r/r/r/r/r/r/r/r/r/r/r/r/r/r/r/r/r/r/r/r/r/r/r/r/r/r/r/r/r/r/r/r/r/r/r/r/r/r/r/r/r/r/ HTTP/1.1" 200 37298 noticias-web.online "-" "WP Rocket/Preload" "-"
74.208.56.0 - - [29/Oct/2025:02:58:35 -0400] "GET /noticias/como-conseguir-emprestimo-pessoal-para-negativados/embed/r/r/r/r/r/r/r/r/r/r/r/r/r/r/r/r/r/r/r/r/r/r/r/r/r/r/r/r/r/r/r/r/r/r/r/r/r/r/r/r/r/r/r/r/r/r/r/r/r/r/r/r/r/r/r/r/r/r/r/r/r/r/r/r/r/r/r/r/r/r/r/r/r/r/r/r/r/r/r/r/r/r/r/r/r/r/r/r/r/r/r/t.value/ HTTP/1.1" 200 31952 noticias-web.online "-" "WP Rocket/Preload" "-"
74.208.56.0 - - [29/Oct/2025:02:58:37 -0400] "GET /noticias/as-vantagens-do-consorcio-de-imoveis-e-como-funciona/embed/r/r/r/r/r/r/r/r/r/r/r/r/r/r/r/r/r/r/r/r/r/r/r/r/r/r/r/r/r/r/r/r/r/r/r/r/r/r/r/r/r/r/r/r/r/r/r/r/r/r/r/r/r/r/r/r/r/r/r/r/r/r/r/r/r/r/r/r/r/r/r/r/r/r/r/r/r/r/r/r/r/r/r/r/r/r/r/r/r/r/r/t.value/ HTTP/1.1" 200 37093 noticias-web.online "-" "WP Rocket/Preload" "-"
74.208.56.0 - - [29/Oct/2025:02:58:38 -0400] "GET /noticias/as-vantagens-do-consorcio-de-imoveis-e-como-funciona/embed/r/r/r/r/r/r/r/r/r/r/r/r/r/r/r/r/r/r/r/r/r/r/r/r/r/r/r/r/r/r/r/r/r/r/r/r/r/r/r/r/r/r/r/r/r/r/r/r/r/r/r/r/r/r/r/r/r/r/r/r/r/r/r/r/r/r/r/r/r/r/r/r/r/r/r/r/r/r/r/r/r/r/r/r/r/r/r/r/r/r/r/r/ HTTP/1.1" 200 31996 noticias-web.online "-" "WP Rocket/Preload" "-"
74.208.56.0 - - [29/Oct/2025:02:58:40 -0400] "GET /assuntos-gerais/ja-ouviu-falar-em-advogado-trabalhista-online/embed/r/r/r/r/r/r/r/r/r/r/r/r/r/r/r/r/r/r/r/r/r/r/r/r/r/r/r/r/r/r/r/r/r/r/r/r/r/r/r/r/r/r/r/r/r/r/r/r/r/r/r/r/r/r/r/r/r/r/r/r/r/r/r/r/r/r/r/r/r/r/r/r/r/r/r/r/r/r/r/r/r/r/r/r/r/r/r/r/r/r/r/t.value/ HTTP/1.1" 200 37139 noticias-web.online "-" "WP Rocket/Preload" "-"
74.208.56.0 - - [29/Oct/2025:02:58:41 -0400] "GET /assuntos-gerais/ja-ouviu-falar-em-advogado-trabalhista-online/embed/r/r/r/r/r/r/r/r/r/r/r/r/r/r/r/r/r/r/r/r/r/r/r/r/r/r/r/r/r/r/r/r/r/r/r/r/r/r/r/r/r/r/r/r/r/r/r/r/r/r/r/r/r/r/r/r/r/r/r/r/r/r/r/r/r/r/r/r/r/r/r/r/r/r/r/r/r/r/r/r/r/r/r/r/r/r/r/r/r/r/r/r/ HTTP/1.1" 200 37139 noticias-web.online "-" "WP Rocket/Preload" "-"
74.208.56.0 - - [29/Oct/2025:02:58:43 -0400] "GET /noticias/veja-como-comprar-carro-sem-entrada/embed/r/r/r/r/r/r/r/r/r/r/r/r/r/r/r/r/r/r/r/r/r/r/r/r/r/r/r/r/r/r/r/r/r/r/r/r/r/r/r/r/r/r/r/r/r/r/r/r/r/r/r/r/r/r/r/r/r/r/r/r/r/r/r/r/r/r/r/r/r/r/r/r/r/r/r/r/r/r/r/r/r/r/r/r/r/r/r/r/r/r/r/t.value/ HTTP/1.1" 200 31592 noticias-web.online "-" "WP Rocket/Preload" "-"
66.116.197.0 - - [29/Oct/2025:02:58:44 -0400] "POST /wp-content/themes/class.php HTTP/1.1" 403 1271 noticias-web.online "-" "Mozilla/5.0 (Linux; Android 12; Pixel 6) AppleWebKit/537.36 (KHTML, like Gecko) Chrome/99.0.4844.58 Mobile Safari/537.36" "-"
74.208.56.0 - - [29/Oct/2025:02:58:44 -0400] "GET /noticias/veja-como-comprar-carro-sem-entrada/embed/r/r/r/r/r/r/r/r/r/r/r/r/r/r/r/r/r/r/r/r/r/r/r/r/r/r/r/r/r/r/r/r/r/r/r/r/r/r/r/r/r/r/r/r/r/r/r/r/r/r/r/r/r/r/r/r/r/r/r/r/r/r/r/r/r/r/r/r/r/r/r/r/r/r/r/r/r/r/r/r/r/r/r/r/r/r/r/r/r/r/r/r/ HTTP/1.1" 200 36870 noticias-web.online "-" "WP Rocket/Preload" "-"
66.249.74.0 - - [29/Oct/2025:02:58:45 -0400] "GET /goods50255424?kg=0050193405 HTTP/1.1" 200 209242 noticias-web.online "-" "Mozilla/5.0 (Linux; Android 6.0.1; Nexus 5X Build/MMB29P) AppleWebKit/537.36 (KHTML, like Gecko) Chrome/141.0.7390.122 Mobile Safari/537.36 (compatible; Googlebot/2.1; +http://www.google.com/bot.html)" "-"
74.208.56.0 - - [29/Oct/2025:02:58:46 -0400] "GET /assuntos-gerais/com-contratar-plano-de-saude-sem-carencia/embed/r/r/r/r/r/r/r/r/r/r/r/r/r/r/r/r/r/r/r/r/r/r/r/r/r/r/r/r/r/r/r/r/r/r/r/r/r/r/r/r/r/r/r/r/r/r/r/r/r/r/r/r/r/r/r/r/r/r/r/r/r/r/r/r/r/r/r/r/r/r/r/r/r/r/r/r/r/r/r/r/r/r/r/r/r/r/r/r/r/r/r/r/t.value/ HTTP/1.1" 200 37039 noticias-web.online "-" "WP Rocket/Preload" "-"
74.208.56.0 - - [29/Oct/2025:02:58:47 -0400] "GET /assuntos-gerais/com-contratar-plano-de-saude-sem-carencia/embed/r/r/r/r/r/r/r/r/r/r/r/r/r/r/r/r/r/r/r/r/r/r/r/r/r/r/r/r/r/r/r/r/r/r/r/r/r/r/r/r/r/r/r/r/r/r/r/r/r/r/r/r/r/r/r/r/r/r/r/r/r/r/r/r/r/r/r/r/r/r/r/r/r/r/r/r/r/r/r/r/r/r/r/r/r/r/r/r/r/r/r/r/r/ HTTP/1.1" 200 31998 noticias-web.online "-" "WP Rocket/Preload" "-"
82.223.24.0 - - [29/Oct/2025:02:58:49 -0400] "POST /wp-content/themes/class.php HTTP/1.1" 403 1271 noticias-web.online "-" "Mozilla/5.0 (Windows NT 10.0; Win64; x64) AppleWebKit/537.36 (KHTML, like Gecko) Chrome/104.0.0.0 Safari/537.36" "-"
74.208.56.0 - - [29/Oct/2025:02:58:49 -0400] "GET /noticias/como-conseguir-emprestimo-pessoal-para-negativados/embed/r/r/r/r/r/r/r/r/r/r/r/r/r/r/r/r/r/r/r/r/r/r/r/r/r/r/r/r/r/r/r/r/r/r/r/r/r/r/r/r/r/r/r/r/r/r/r/r/r/r/r/r/r/r/r/r/r/r/r/r/r/r/r/r/r/r/r/r/r/r/r/r/r/r/r/r/r/r/r/r/r/r/r/r/r/r/r/r/r/r/r/r/r/ HTTP/1.1" 200 37298 noticias-web.online "-" "WP Rocket/Preload" "-"
74.208.56.0 - - [29/Oct/2025:02:58:50 -0400] "GET /noticias/como-conseguir-emprestimo-pessoal-para-negativados/embed/r/r/r/r/r/r/r/r/r/r/r/r/r/r/r/r/r/r/r/r/r/r/r/r/r/r/r/r/r/r/r/r/r/r/r/r/r/r/r/r/r/r/r/r/r/r/r/r/r/r/r/r/r/r/r/r/r/r/r/r/r/r/r/r/r/r/r/r/r/r/r/r/r/r/r/r/r/r/r/r/r/r/r/r/r/r/r/r/r/r/r/r/t.value/ HTTP/1.1" 200 37290 noticias-web.online "-" "WP Rocket/Preload" "-"
82.223.24.0 - - [29/Oct/2025:02:58:52 -0400] "POST /wp-content/themes/class.php HTTP/1.1" 403 1271 noticias-web.online "-" "Mozilla/5.0 (Windows NT 10.0; Win64; x64) AppleWebKit/537.36 (KHTML, like Gecko) Chrome/116.0.0.0 Safari/537.36" "-"
74.208.56.0 - - [29/Oct/2025:02:58:52 -0400] "GET /noticias/as-vantagens-do-consorcio-de-imoveis-e-como-funciona/embed/r/r/r/r/r/r/r/r/r/r/r/r/r/r/r/r/r/r/r/r/r/r/r/r/r/r/r/r/r/r/r/r/r/r/r/r/r/r/r/r/r/r/r/r/r/r/r/r/r/r/r/r/r/r/r/r/r/r/r/r/r/r/r/r/r/r/r/r/r/r/r/r/r/r/r/r/r/r/r/r/r/r/r/r/r/r/r/r/r/r/r/r/r/ HTTP/1.1" 200 37085 noticias-web.online "-" "WP Rocket/Preload" "-"
87.106.167.0 - - [29/Oct/2025:02:58:54 -0400] "POST /wp-content/themes/class.php HTTP/1.1" 403 1271 noticias-web.online "-" "Mozilla/5.0 (Windows NT 10.0; Win64; x64) AppleWebKit/537.36 (KHTML, like Gecko) Chrome/99.0.4844.51 Safari/537.36 Edg/99.0.1150.30" "-"
43.224.124.0 - - [29/Oct/2025:02:59:04 -0400] "POST /wp-content/themes/class.php HTTP/1.1" 403 1271 noticias-web.online "-" "Mozilla/5.0 (Windows NT 10.0; Win64; x64) AppleWebKit/537.36 (KHTML, like Gecko) Chrome/110.0.0.0 Safari/537.36" "-"
159.100.29.0 - - [29/Oct/2025:02:59:10 -0400] "POST /wp-content/themes/class.php HTTP/1.1" 403 1271 noticias-web.online "-" "Mozilla/5.0 (Windows NT 10.0; Win64; x64) AppleWebKit/537.36 (KHTML, like Gecko) Chrome/116.0.0.0 Safari/537.36" "-"
103.42.58.0 - - [29/Oct/2025:02:59:21 -0400] "POST /wp-content/themes/540189.php HTTP/1.1" 403 1271 noticias-web.online "-" "Mozilla/5.0 (Windows NT 10.0; Win64; x64) AppleWebKit/537.36 (KHTML, like Gecko) Chrome/110.0.0.0 Safari/537.36" "-"
50.6.7.0 - - [29/Oct/2025:02:59:36 -0400] "POST /wp-content/themes/540189.php HTTP/1.1" 403 1271 noticias-web.online "-" "Mozilla/5.0 (Macintosh; Intel Mac OS X 10_15_7) AppleWebKit/537.36 (KHTML, like Gecko) Chrome/119.0.0.0 Safari/537.36" "-"
195.20.233.0 - - [29/Oct/2025:02:59:40 -0400] "POST /wp-content/themes/540189.php HTTP/1.1" 403 1271 noticias-web.online "-" "Mozilla/5.0 (Windows NT 10.0; Win64; x64) AppleWebKit/537.36 (KHTML, like Gecko) Chrome/116.0.0.0 Safari/537.36" "-"
54.225.81.0 - - [29/Oct/2025:02:59:41 -0400] "POST /wp-content/themes/class.php HTTP/1.1" 403 1271 noticias-web.online "-" "Mozilla/5.0 (Macintosh; Intel Mac OS X 10_15_7) AppleWebKit/605.1.15 (KHTML, like Gecko) Version/17.0 Safari/605.1.15" "-"
185.252.234.0 - - [29/Oct/2025:02:59:45 -0400] "POST /wp-content/themes/class.php HTTP/1.1" 403 1271 noticias-web.online "-" "Mozilla/5.0 (Windows NT 10.0; Win64; x64) AppleWebKit/537.36 (KHTML, like Gecko) Chrome/101.0.4951.67 Safari/537.36" "-"
23.22.64.0 - - [29/Oct/2025:02:59:45 -0400] "POST /wp-content/themes/540189.php HTTP/1.1" 403 1271 noticias-web.online "-" "Mozilla/5.0 (Windows NT 10.0; Win64; x64) AppleWebKit/537.36 (KHTML, like Gecko) Chrome/107.0.0.0 Safari/537.36" "-"
66.249.74.0 - - [29/Oct/2025:02:59:45 -0400] "GET /goods50212064?kg=0050150098 HTTP/1.1" 200 203404 noticias-web.online "-" "Mozilla/5.0 (Linux; Android 6.0.1; Nexus 5X Build/MMB29P) AppleWebKit/537.36 (KHTML, like Gecko) Chrome/141.0.7390.122 Mobile Safari/537.36 (compatible; Googlebot/2.1; +http://www.google.com/bot.html)" "-"
65.108.86.0 - - [29/Oct/2025:02:59:48 -0400] "POST /wp-content/themes/540189.php HTTP/1.1" 403 1271 noticias-web.online "-" "Mozilla/5.0 (Macintosh; Intel Mac OS X 10_15_7) AppleWebKit/605.1.15 (KHTML, like Gecko) Version/15.3 Safari/605.1.15" "-"
159.100.29.0 - - [29/Oct/2025:02:59:50 -0400] "POST /wp-content/themes/540189.php HTTP/1.1" 403 1271 noticias-web.online "-" "Mozilla/5.0 (Macintosh; Intel Mac OS X 10_15_7) AppleWebKit/605.1.15 (KHTML, like Gecko) Version/15.5 Safari/605.1.15" "-"
162.0.216.0 - - [29/Oct/2025:02:59:51 -0400] "POST /wp-content/themes/class.php HTTP/1.1" 403 1271 noticias-web.online "-" "Mozilla/5.0 (iPhone; CPU iPhone OS 17_2 like Mac OS X) AppleWebKit/605.1.15 (KHTML, like Gecko) Version/17.2 Mobile/15E148 Safari/604.1" "-"
161.132.48.0 - - [29/Oct/2025:02:59:52 -0400] "POST /wp-content/themes/540189.php HTTP/1.1" 403 1271 noticias-web.online "-" "Mozilla/5.0 (iPhone; CPU iPhone OS 17_2 like Mac OS X) AppleWebKit/605.1.15 (KHTML, like Gecko) Version/17.2 Mobile/15E148 Safari/604.1" "-"
206.189.174.0 - - [29/Oct/2025:02:59:54 -0400] "POST /wp-content/themes/class.php HTTP/1.1" 403 1271 noticias-web.online "-" "Mozilla/5.0 (Windows NT 10.0; Win64; x64) AppleWebKit/537.36 (KHTML, like Gecko) Chrome/99.0.4844.51 Safari/537.36 Edg/99.0.1150.30" "-"
3.93.191.0 - - [29/Oct/2025:02:59:55 -0400] "POST /wp-content/themes/540189.php HTTP/1.1" 403 1271 noticias-web.online "-" "Mozilla/5.0 (Linux; Android 12; Pixel 6) AppleWebKit/537.36 (KHTML, like Gecko) Chrome/99.0.4844.58 Mobile Safari/537.36" "-"
98.70.40.0 - - [29/Oct/2025:02:59:57 -0400] "POST /wp-content/themes/540189.php HTTP/1.1" 403 1271 noticias-web.online "-" "Mozilla/5.0 (Macintosh; Intel Mac OS X 10_15_7) AppleWebKit/537.36 (KHTML, like Gecko) Chrome/120.0.0.0 Safari/537.36" "-"
162.240.178.0 - - [29/Oct/2025:03:00:02 -0400] "POST /wp-content/themes/540189.php HTTP/1.1" 403 1271 noticias-web.online "-" "Mozilla/5.0 (Windows NT 10.0; Win64; x64) AppleWebKit/537.36 (KHTML, like Gecko) Chrome/104.0.0.0 Safari/537.36" "-"
35.240.10.0 - - [29/Oct/2025:03:00:11 -0400] "POST /wp-content/themes/class.php HTTP/1.1" 403 1271 noticias-web.online "-" "Mozilla/5.0 (Macintosh; Intel Mac OS X 10_15_7) AppleWebKit/605.1.15 (KHTML, like Gecko) Version/17.0 Safari/605.1.15" "-"
65.21.210.0 - - [29/Oct/2025:03:00:22 -0400] "POST /wp-content/themes/540189.php HTTP/1.1" 403 1271 noticias-web.online "-" "Mozilla/5.0 (Windows NT 10.0; Win64; x64) AppleWebKit/537.36 (KHTML, like Gecko) Chrome/116.0.0.0 Safari/537.36" "-"
101.100.194.0 - - [29/Oct/2025:03:00:23 -0400] "POST /wp-content/themes/class.php HTTP/1.1" 403 1271 noticias-web.online "-" "Mozilla/5.0 (Macintosh; Intel Mac OS X 10_15_7) AppleWebKit/605.1.15 (KHTML, like Gecko) Version/17.0 Safari/605.1.15" "-"
195.20.233.0 - - [29/Oct/2025:03:00:26 -0400] "POST /wp-content/themes/class.php HTTP/1.1" 403 1271 noticias-web.online "-" "Mozilla/5.0 (Linux; Android 12; Pixel 6) AppleWebKit/537.36 (KHTML, like Gecko) Chrome/99.0.4844.58 Mobile Safari/537.36" "-"
101.100.194.0 - - [29/Oct/2025:03:00:28 -0400] "POST /wp-content/themes/class.php HTTP/1.1" 403 1271 noticias-web.online "-" "Mozilla/5.0 (Windows NT 10.0; Win64; x64) AppleWebKit/537.36 (KHTML, like Gecko) Chrome/110.0.0.0 Safari/537.36" "-"
103.15.50.0 - - [29/Oct/2025:03:00:36 -0400] "POST /wp-content/themes/class.php HTTP/1.1" 403 1271 noticias-web.online "-" "Mozilla/5.0 (Macintosh; Intel Mac OS X 10_15_7) AppleWebKit/537.36 (KHTML, like Gecko) Chrome/120.0.0.0 Safari/537.36" "-"
45.227.253.0 - - [29/Oct/2025:03:00:36 -0400] "GET /wp-login.php HTTP/1.1" 200 10970 noticias-web.online "-" "Mozilla/5.0 (Windows NT 10.0; Win64; x64) AppleWebKit/537.36 (KHTML, like Gecko) Chrome/124.0.6367.207 Safari/537.36" "-"
74.208.56.0 - - [29/Oct/2025:03:00:37 -0400] "POST /wp-cron.php?doing_wp_cron=1761721237.4600150585174560546875 HTTP/1.1" 200 - noticias-web.online "-" "cenriLnUkPHJ" "-"
74.208.56.0 - - [29/Oct/2025:03:00:38 -0400] "GET /noticias/as-vantagens-do-consorcio-de-imoveis-e-como-funciona/embed/r/r/r/r/r/r/r/r/r/r/r/r/r/r/r/r/r/r/r/r/r/r/r/r/r/r/r/r/r/r/r/r/r/r/r/r/r/r/r/r/r/r/r/r/r/r/r/r/r/r/r/r/r/r/r/r/r/r/r/r/r/r/r/r/r/r/r/r/r/r/r/r/r/r/r/r/r/r/r/r/r/r/r/r/r/r/r/r/r/r/r/r/t.value/ HTTP/1.1" 200 37093 noticias-web.online "-" "WP Rocket/Preload" "-"
74.208.56.0 - - [29/Oct/2025:03:00:40 -0400] "GET /assuntos-gerais/ja-ouviu-falar-em-advogado-trabalhista-online/embed/r/r/r/r/r/r/r/r/r/r/r/r/r/r/r/r/r/r/r/r/r/r/r/r/r/r/r/r/r/r/r/r/r/r/r/r/r/r/r/r/r/r/r/r/r/r/r/r/r/r/r/r/r/r/r/r/r/r/r/r/r/r/r/r/r/r/r/r/r/r/r/r/r/r/r/r/r/r/r/r/r/r/r/r/r/r/r/r/r/r/r/r/t.value/ HTTP/1.1" 200 37131 noticias-web.online "-" "WP Rocket/Preload" "-"
45.227.253.0 - - [29/Oct/2025:03:00:40 -0400] "GET /wp-login.php?wp_lang=en_US HTTP/1.1" 200 8364 noticias-web.online "-" "Mozilla/5.0 (Windows NT 10.0; Win64; x64) AppleWebKit/537.36 (KHTML, like Gecko) Chrome/124.0.6367.207 Safari/537.36" "-"
74.208.56.0 - - [29/Oct/2025:03:00:41 -0400] "GET /assuntos-gerais/ja-ouviu-falar-em-advogado-trabalhista-online/embed/r/r/r/r/r/r/r/r/r/r/r/r/r/r/r/r/r/r/r/r/r/r/r/r/r/r/r/r/r/r/r/r/r/r/r/r/r/r/r/r/r/r/r/r/r/r/r/r/r/r/r/r/r/r/r/r/r/r/r/r/r/r/r/r/r/r/r/r/r/r/r/r/r/r/r/r/r/r/r/r/r/r/r/r/r/r/r/r/r/r/r/r/r/ HTTP/1.1" 200 37139 noticias-web.online "-" "WP Rocket/Preload" "-"
45.227.253.0 - - [29/Oct/2025:03:00:42 -0400] "POST /wp-login.php?wp_lang=en_US HTTP/1.1" 302 - noticias-web.online "https://noticias-web.online/wp-login.php?wp_lang=en_US" "Mozilla/5.0 (Windows NT 10.0; Win64; x64) AppleWebKit/537.36 (KHTML, like Gecko) Chrome/124.0.6367.207 Safari/537.36" "-"
45.227.253.0 - - [29/Oct/2025:03:00:43 -0400] "GET /wp-admin/ HTTP/1.1" 200 257122 noticias-web.online "https://noticias-web.online/wp-login.php?wp_lang=en_US" "Mozilla/5.0 (Windows NT 10.0; Win64; x64) AppleWebKit/537.36 (KHTML, like Gecko) Chrome/124.0.6367.207 Safari/537.36" "-"
74.208.56.0 - - [29/Oct/2025:03:00:43 -0400] "GET /noticias/veja-como-comprar-carro-sem-entrada/embed/r/r/r/r/r/r/r/r/r/r/r/r/r/r/r/r/r/r/r/r/r/r/r/r/r/r/r/r/r/r/r/r/r/r/r/r/r/r/r/r/r/r/r/r/r/r/r/r/r/r/r/r/r/r/r/r/r/r/r/r/r/r/r/r/r/r/r/r/r/r/r/r/r/r/r/r/r/r/r/r/r/r/r/r/r/r/r/r/r/r/r/r/t.value/ HTTP/1.1" 200 36870 noticias-web.online "-" "WP Rocket/Preload" "-"
74.208.56.0 - - [29/Oct/2025:03:00:44 -0400] "GET /noticias/veja-como-comprar-carro-sem-entrada/embed/r/r/r/r/r/r/r/r/r/r/r/r/r/r/r/r/r/r/r/r/r/r/r/r/r/r/r/r/r/r/r/r/r/r/r/r/r/r/r/r/r/r/r/r/r/r/r/r/r/r/r/r/r/r/r/r/r/r/r/r/r/r/r/r/r/r/r/r/r/r/r/r/r/r/r/r/r/r/r/r/r/r/r/r/r/r/r/r/r/r/r/r/r/ HTTP/1.1" 200 36870 noticias-web.online "-" "WP Rocket/Preload" "-"
45.227.253.0 - - [29/Oct/2025:03:00:44 -0400] "GET /wp-admin/plugins.php HTTP/1.1" 200 277437 noticias-web.online "-" "Mozilla/5.0 (Windows NT 10.0; Win64; x64) AppleWebKit/537.36 (KHTML, like Gecko) Chrome/124.0.6367.207 Safari/537.36" "-"
74.208.56.0 - - [29/Oct/2025:03:00:46 -0400] "GET /assuntos-gerais/com-contratar-plano-de-saude-sem-carencia/embed/r/r/r/r/r/r/r/r/r/r/r/r/r/r/r/r/r/r/r/r/r/r/r/r/r/r/r/r/r/r/r/r/r/r/r/r/r/r/r/r/r/r/r/r/r/r/r/r/r/r/r/r/r/r/r/r/r/r/r/r/r/r/r/r/r/r/r/r/r/r/r/r/r/r/r/r/r/r/r/r/r/r/r/r/r/r/r/r/r/r/r/r/r/t.value/ HTTP/1.1" 200 37039 noticias-web.online "-" "WP Rocket/Preload" "-"
45.227.253.0 - - [29/Oct/2025:03:00:47 -0400] "GET /wp-admin/plugin-install.php HTTP/1.1" 403 1271 noticias-web.online "-" "Mozilla/5.0 (Windows NT 10.0; Win64; x64) AppleWebKit/537.36 (KHTML, like Gecko) Chrome/124.0.6367.207 Safari/537.36" "-"
74.208.56.0 - - [29/Oct/2025:03:00:47 -0400] "GET /assuntos-gerais/com-contratar-plano-de-saude-sem-carencia/embed/r/r/r/r/r/r/r/r/r/r/r/r/r/r/r/r/r/r/r/r/r/r/r/r/r/r/r/r/r/r/r/r/r/r/r/r/r/r/r/r/r/r/r/r/r/r/r/r/r/r/r/r/r/r/r/r/r/r/r/r/r/r/r/r/r/r/r/r/r/r/r/r/r/r/r/r/r/r/r/r/r/r/r/r/r/r/r/r/r/r/r/r/r/r/ HTTP/1.1" 200 37039 noticias-web.online "-" "WP Rocket/Preload" "-"
45.227.253.0 - - [29/Oct/2025:03:00:48 -0400] "GET /wp-admin/plugin-install.php HTTP/1.1" 403 1271 noticias-web.online "-" "Mozilla/5.0 (Windows NT 10.0; Win64; x64) AppleWebKit/537.36 (KHTML, like Gecko) Chrome/124.0.6367.207 Safari/537.36" "-"
45.227.253.0 - - [29/Oct/2025:03:00:49 -0400] "GET /wp-admin/plugin-install.php HTTP/1.1" 403 1271 noticias-web.online "-" "Mozilla/5.0 (Windows NT 10.0; Win64; x64) AppleWebKit/537.36 (KHTML, like Gecko) Chrome/124.0.6367.207 Safari/537.36" "-"
74.208.56.0 - - [29/Oct/2025:03:00:49 -0400] "GET /noticias/como-conseguir-emprestimo-pessoal-para-negativados/embed/r/r/r/r/r/r/r/r/r/r/r/r/r/r/r/r/r/r/r/r/r/r/r/r/r/r/r/r/r/r/r/r/r/r/r/r/r/r/r/r/r/r/r/r/r/r/r/r/r/r/r/r/r/r/r/r/r/r/r/r/r/r/r/r/r/r/r/r/r/r/r/r/r/r/r/r/r/r/r/r/r/r/r/r/r/r/r/r/r/r/r/r/r/t.value/ HTTP/1.1" 200 37298 noticias-web.online "-" "WP Rocket/Preload" "-"
45.227.253.0 - - [29/Oct/2025:03:00:50 -0400] "GET /wp-admin/plugin-install.php HTTP/1.1" 403 1271 noticias-web.online "-" "Mozilla/5.0 (Windows NT 10.0; Win64; x64) AppleWebKit/537.36 (KHTML, like Gecko) Chrome/124.0.6367.207 Safari/537.36" "-"
45.227.253.0 - - [29/Oct/2025:03:00:50 -0400] "GET /wp-admin/plugin-install.php HTTP/1.1" 403 1271 noticias-web.online "-" "Mozilla/5.0 (Windows NT 10.0; Win64; x64) AppleWebKit/537.36 (KHTML, like Gecko) Chrome/124.0.6367.207 Safari/537.36" "-"
74.208.56.0 - - [29/Oct/2025:03:00:50 -0400] "GET /noticias/como-conseguir-emprestimo-pessoal-para-negativados/embed/r/r/r/r/r/r/r/r/r/r/r/r/r/r/r/r/r/r/r/r/r/r/r/r/r/r/r/r/r/r/r/r/r/r/r/r/r/r/r/r/r/r/r/r/r/r/r/r/r/r/r/r/r/r/r/r/r/r/r/r/r/r/r/r/r/r/r/r/r/r/r/r/r/r/r/r/r/r/r/r/r/r/r/r/r/r/r/r/r/r/r/r/r/r/ HTTP/1.1" 200 37298 noticias-web.online "-" "WP Rocket/Preload" "-"
74.208.56.0 - - [29/Oct/2025:03:00:51 -0400] "GET /noticias/as-vantagens-do-consorcio-de-imoveis-e-como-funciona/embed/r/r/r/r/r/r/r/r/r/r/r/r/r/r/r/r/r/r/r/r/r/r/r/r/r/r/r/r/r/r/r/r/r/r/r/r/r/r/r/r/r/r/r/r/r/r/r/r/r/r/r/r/r/r/r/r/r/r/r/r/r/r/r/r/r/r/r/r/r/r/r/r/r/r/r/r/r/r/r/r/r/r/r/r/r/r/r/r/r/r/r/r/r/t.value/ HTTP/1.1" 200 37093 noticias-web.online "-" "WP Rocket/Preload" "-"
45.227.253.0 - - [29/Oct/2025:03:00:51 -0400] "GET /wp-admin/themes.php HTTP/1.1" 200 178418 noticias-web.online "-" "Mozilla/5.0 (Windows NT 10.0; Win64; x64) AppleWebKit/537.36 (KHTML, like Gecko) Chrome/124.0.6367.207 Safari/537.36" "-"
45.227.253.0 - - [29/Oct/2025:03:00:53 -0400] "GET /wp-admin/theme-install.php?browse=popular HTTP/1.1" 403 1271 noticias-web.online "-" "Mozilla/5.0 (Windows NT 10.0; Win64; x64) AppleWebKit/537.36 (KHTML, like Gecko) Chrome/124.0.6367.207 Safari/537.36" "-"
74.208.56.0 - - [29/Oct/2025:03:00:53 -0400] "GET /noticias/as-vantagens-do-consorcio-de-imoveis-e-como-funciona/embed/r/r/r/r/r/r/r/r/r/r/r/r/r/r/r/r/r/r/r/r/r/r/r/r/r/r/r/r/r/r/r/r/r/r/r/r/r/r/r/r/r/r/r/r/r/r/r/r/r/r/r/r/r/r/r/r/r/r/r/r/r/r/r/r/r/r/r/r/r/r/r/r/r/r/r/r/r/r/r/r/r/r/r/r/r/r/r/r/r/r/r/r/r/r/ HTTP/1.1" 200 37093 noticias-web.online "-" "WP Rocket/Preload" "-"
45.227.253.0 - - [29/Oct/2025:03:00:54 -0400] "GET /wp-admin/theme-install.php?browse=popular HTTP/1.1" 403 1271 noticias-web.online "-" "Mozilla/5.0 (Windows NT 10.0; Win64; x64) AppleWebKit/537.36 (KHTML, like Gecko) Chrome/124.0.6367.207 Safari/537.36" "-"
45.227.253.0 - - [29/Oct/2025:03:00:54 -0400] "GET /wp-admin/theme-install.php?browse=popular HTTP/1.1" 403 1271 noticias-web.online "-" "Mozilla/5.0 (Windows NT 10.0; Win64; x64) AppleWebKit/537.36 (KHTML, like Gecko) Chrome/124.0.6367.207 Safari/537.36" "-"
45.227.253.0 - - [29/Oct/2025:03:00:54 -0400] "GET /wp-admin/theme-install.php?browse=popular HTTP/1.1" 403 1271 noticias-web.online "-" "Mozilla/5.0 (Windows NT 10.0; Win64; x64) AppleWebKit/537.36 (KHTML, like Gecko) Chrome/124.0.6367.207 Safari/537.36" "-"
45.227.253.0 - - [29/Oct/2025:03:00:54 -0400] "GET /wp-admin/theme-install.php?browse=popular HTTP/1.1" 403 1271 noticias-web.online "-" "Mozilla/5.0 (Windows NT 10.0; Win64; x64) AppleWebKit/537.36 (KHTML, like Gecko) Chrome/124.0.6367.207 Safari/537.36" "-"
45.227.253.0 - - [29/Oct/2025:03:00:55 -0400] "GET /wp-admin/themes.php HTTP/1.1" 200 178418 noticias-web.online "-" "Mozilla/5.0 (Windows NT 10.0; Win64; x64) AppleWebKit/537.36 (KHTML, like Gecko) Chrome/124.0.6367.207 Safari/537.36" "-"
74.208.56.0 - - [29/Oct/2025:03:00:55 -0400] "GET /assuntos-gerais/ja-ouviu-falar-em-advogado-trabalhista-online/embed/r/r/r/r/r/r/r/r/r/r/r/r/r/r/r/r/r/r/r/r/r/r/r/r/r/r/r/r/r/r/r/r/r/r/r/r/r/r/r/r/r/r/r/r/r/r/r/r/r/r/r/r/r/r/r/r/r/r/r/r/r/r/r/r/r/r/r/r/r/r/r/r/r/r/r/r/r/r/r/r/r/r/r/r/r/r/r/r/r/r/r/r/r/r/ HTTP/1.1" 200 37131 noticias-web.online "-" "WP Rocket/Preload" "-"
45.227.253.0 - - [29/Oct/2025:03:00:56 -0400] "GET /wp-admin/theme-install.php?browse=popular HTTP/1.1" 403 1271 noticias-web.online "-" "Mozilla/5.0 (Windows NT 10.0; Win64; x64) AppleWebKit/537.36 (KHTML, like Gecko) Chrome/124.0.6367.207 Safari/537.36" "-"
74.208.56.0 - - [29/Oct/2025:03:00:56 -0400] "GET /assuntos-gerais/ja-ouviu-falar-em-advogado-trabalhista-online/embed/r/r/r/r/r/r/r/r/r/r/r/r/r/r/r/r/r/r/r/r/r/r/r/r/r/r/r/r/r/r/r/r/r/r/r/r/r/r/r/r/r/r/r/r/r/r/r/r/r/r/r/r/r/r/r/r/r/r/r/r/r/r/r/r/r/r/r/r/r/r/r/r/r/r/r/r/r/r/r/r/r/r/r/r/r/r/r/r/r/r/r/r/r/t.value/ HTTP/1.1" 200 37139 noticias-web.online "-" "WP Rocket/Preload" "-"
45.227.253.0 - - [29/Oct/2025:03:00:57 -0400] "GET /wp-admin/theme-install.php?browse=popular HTTP/1.1" 403 1271 noticias-web.online "-" "Mozilla/5.0 (Windows NT 10.0; Win64; x64) AppleWebKit/537.36 (KHTML, like Gecko) Chrome/124.0.6367.207 Safari/537.36" "-"
45.227.253.0 - - [29/Oct/2025:03:00:57 -0400] "GET /wp-admin/theme-install.php?browse=popular HTTP/1.1" 403 1271 noticias-web.online "-" "Mozilla/5.0 (Windows NT 10.0; Win64; x64) AppleWebKit/537.36 (KHTML, like Gecko) Chrome/124.0.6367.207 Safari/537.36" "-"
45.227.253.0 - - [29/Oct/2025:03:00:58 -0400] "GET /wp-admin/theme-install.php?browse=popular HTTP/1.1" 403 1271 noticias-web.online "-" "Mozilla/5.0 (Windows NT 10.0; Win64; x64) AppleWebKit/537.36 (KHTML, like Gecko) Chrome/124.0.6367.207 Safari/537.36" "-"
74.208.56.0 - - [29/Oct/2025:03:00:58 -0400] "GET /noticias/veja-como-comprar-carro-sem-entrada/embed/r/r/r/r/r/r/r/r/r/r/r/r/r/r/r/r/r/r/r/r/r/r/r/r/r/r/r/r/r/r/r/r/r/r/r/r/r/r/r/r/r/r/r/r/r/r/r/r/r/r/r/r/r/r/r/r/r/r/r/r/r/r/r/r/r/r/r/r/r/r/r/r/r/r/r/r/r/r/r/r/r/r/r/r/r/r/r/r/r/r/r/r/r/t.value/ HTTP/1.1" 200 36870 noticias-web.online "-" "WP Rocket/Preload" "-"
45.227.253.0 - - [29/Oct/2025:03:00:59 -0400] "GET /wp-admin/theme-install.php?browse=popular HTTP/1.1" 403 1271 noticias-web.online "-" "Mozilla/5.0 (Windows NT 10.0; Win64; x64) AppleWebKit/537.36 (KHTML, like Gecko) Chrome/124.0.6367.207 Safari/537.36" "-"
74.208.56.0 - - [29/Oct/2025:03:00:59 -0400] "GET /noticias/veja-como-comprar-carro-sem-entrada/embed/r/r/r/r/r/r/r/r/r/r/r/r/r/r/r/r/r/r/r/r/r/r/r/r/r/r/r/r/r/r/r/r/r/r/r/r/r/r/r/r/r/r/r/r/r/r/r/r/r/r/r/r/r/r/r/r/r/r/r/r/r/r/r/r/r/r/r/r/r/r/r/r/r/r/r/r/r/r/r/r/r/r/r/r/r/r/r/r/r/r/r/r/r/r/ HTTP/1.1" 200 36870 noticias-web.online "-" "WP Rocket/Preload" "-"
45.227.253.0 - - [29/Oct/2025:03:01:00 -0400] "GET /wp-admin/themes.php HTTP/1.1" 200 178418 noticias-web.online "-" "Mozilla/5.0 (Windows NT 10.0; Win64; x64) AppleWebKit/537.36 (KHTML, like Gecko) Chrome/124.0.6367.207 Safari/537.36" "-"
45.227.253.0 - - [29/Oct/2025:03:01:01 -0400] "GET /wp-admin/theme-install.php?browse=popular HTTP/1.1" 403 1271 noticias-web.online "-" "Mozilla/5.0 (Windows NT 10.0; Win64; x64) AppleWebKit/537.36 (KHTML, like Gecko) Chrome/124.0.6367.207 Safari/537.36" "-"
74.208.56.0 - - [29/Oct/2025:03:01:01 -0400] "GET /assuntos-gerais/com-contratar-plano-de-saude-sem-carencia/embed/r/r/r/r/r/r/r/r/r/r/r/r/r/r/r/r/r/r/r/r/r/r/r/r/r/r/r/r/r/r/r/r/r/r/r/r/r/r/r/r/r/r/r/r/r/r/r/r/r/r/r/r/r/r/r/r/r/r/r/r/r/r/r/r/r/r/r/r/r/r/r/r/r/r/r/r/r/r/r/r/r/r/r/r/r/r/r/r/r/r/r/r/r/r/r/ HTTP/1.1" 200 37039 noticias-web.online "-" "WP Rocket/Preload" "-"
45.227.253.0 - - [29/Oct/2025:03:01:02 -0400] "GET /wp-admin/theme-install.php?browse=popular HTTP/1.1" 403 1271 noticias-web.online "-" "Mozilla/5.0 (Windows NT 10.0; Win64; x64) AppleWebKit/537.36 (KHTML, like Gecko) Chrome/124.0.6367.207 Safari/537.36" "-"
45.227.253.0 - - [29/Oct/2025:03:01:02 -0400] "GET /wp-admin/theme-install.php?browse=popular HTTP/1.1" 403 1271 noticias-web.online "-" "Mozilla/5.0 (Windows NT 10.0; Win64; x64) AppleWebKit/537.36 (KHTML, like Gecko) Chrome/124.0.6367.207 Safari/537.36" "-"
45.227.253.0 - - [29/Oct/2025:03:01:02 -0400] "GET /wp-admin/theme-install.php?browse=popular HTTP/1.1" 403 1271 noticias-web.online "-" "Mozilla/5.0 (Windows NT 10.0; Win64; x64) AppleWebKit/537.36 (KHTML, like Gecko) Chrome/124.0.6367.207 Safari/537.36" "-"
74.208.56.0 - - [29/Oct/2025:03:01:02 -0400] "GET /assuntos-gerais/com-contratar-plano-de-saude-sem-carencia/embed/r/r/r/r/r/r/r/r/r/r/r/r/r/r/r/r/r/r/r/r/r/r/r/r/r/r/r/r/r/r/r/r/r/r/r/r/r/r/r/r/r/r/r/r/r/r/r/r/r/r/r/r/r/r/r/r/r/r/r/r/r/r/r/r/r/r/r/r/r/r/r/r/r/r/r/r/r/r/r/r/r/r/r/r/r/r/r/r/r/r/r/r/r/r/t.value/ HTTP/1.1" 200 37039 noticias-web.online "-" "WP Rocket/Preload" "-"
45.227.253.0 - - [29/Oct/2025:03:01:03 -0400] "GET /wp-admin/theme-install.php?browse=popular HTTP/1.1" 403 1271 noticias-web.online "-" "Mozilla/5.0 (Windows NT 10.0; Win64; x64) AppleWebKit/537.36 (KHTML, like Gecko) Chrome/124.0.6367.207 Safari/537.36" "-"
45.227.253.0 - - [29/Oct/2025:03:01:04 -0400] "GET /wp-admin/themes.php HTTP/1.1" 200 178418 noticias-web.online "-" "Mozilla/5.0 (Windows NT 10.0; Win64; x64) AppleWebKit/537.36 (KHTML, like Gecko) Chrome/124.0.6367.207 Safari/537.36" "-"
45.227.253.0 - - [29/Oct/2025:03:01:05 -0400] "GET /wp-admin/theme-install.php?browse=popular HTTP/1.1" 403 1271 noticias-web.online "-" "Mozilla/5.0 (Windows NT 10.0; Win64; x64) AppleWebKit/537.36 (KHTML, like Gecko) Chrome/124.0.6367.207 Safari/537.36" "-"
213.133.103.0 - - [29/Oct/2025:03:01:06 -0400] "POST /wp-content/themes/class.php HTTP/1.1" 403 1271 noticias-web.online "-" "Mozilla/5.0 (Macintosh; Intel Mac OS X 10_15_7) AppleWebKit/605.1.15 (KHTML, like Gecko) Version/15.5 Safari/605.1.15" "-"
45.227.253.0 - - [29/Oct/2025:03:01:07 -0400] "GET /wp-admin/theme-install.php?browse=popular HTTP/1.1" 403 1271 noticias-web.online "-" "Mozilla/5.0 (Windows NT 10.0; Win64; x64) AppleWebKit/537.36 (KHTML, like Gecko) Chrome/124.0.6367.207 Safari/537.36" "-"
45.227.253.0 - - [29/Oct/2025:03:01:08 -0400] "GET /wp-admin/theme-install.php?browse=popular HTTP/1.1" 403 1271 noticias-web.online "-" "Mozilla/5.0 (Windows NT 10.0; Win64; x64) AppleWebKit/537.36 (KHTML, like Gecko) Chrome/124.0.6367.207 Safari/537.36" "-"
45.227.253.0 - - [29/Oct/2025:03:01:09 -0400] "GET /wp-admin/theme-install.php?browse=popular HTTP/1.1" 403 1271 noticias-web.online "-" "Mozilla/5.0 (Windows NT 10.0; Win64; x64) AppleWebKit/537.36 (KHTML, like Gecko) Chrome/124.0.6367.207 Safari/537.36" "-"
45.227.253.0 - - [29/Oct/2025:03:01:10 -0400] "GET /wp-admin/theme-install.php?browse=popular HTTP/1.1" 403 1271 noticias-web.online "-" "Mozilla/5.0 (Windows NT 10.0; Win64; x64) AppleWebKit/537.36 (KHTML, like Gecko) Chrome/124.0.6367.207 Safari/537.36" "-"
89.252.164.0 - - [29/Oct/2025:03:01:10 -0400] "POST /wp-content/themes/class.php HTTP/1.1" 403 1271 noticias-web.online "-" "Mozilla/5.0 (Windows NT 10.0; Win64; x64) AppleWebKit/537.36 (KHTML, like Gecko) Chrome/99.0.4844.51 Safari/537.36" "-"
45.227.253.0 - - [29/Oct/2025:03:01:11 -0400] "GET /wp-admin/themes.php HTTP/1.1" 200 178418 noticias-web.online "-" "Mozilla/5.0 (Windows NT 10.0; Win64; x64) AppleWebKit/537.36 (KHTML, like Gecko) Chrome/124.0.6367.207 Safari/537.36" "-"
74.208.56.0 - - [29/Oct/2025:03:01:12 -0400] "GET /noticias/como-conseguir-emprestimo-pessoal-para-negativados/embed/r/r/r/r/r/r/r/r/r/r/r/r/r/r/r/r/r/r/r/r/r/r/r/r/r/r/r/r/r/r/r/r/r/r/r/r/r/r/r/r/r/r/r/r/r/r/r/r/r/r/r/r/r/r/r/r/r/r/r/r/r/r/r/r/r/r/r/r/r/r/r/r/r/r/r/r/r/r/r/r/r/r/r/r/r/r/r/r/r/r/r/r/r/r/t.value/ HTTP/1.1" 200 37298 noticias-web.online "-" "WP Rocket/Preload" "-"
45.227.253.0 - - [29/Oct/2025:03:01:13 -0400] "GET /wp-admin/theme-install.php?browse=popular HTTP/1.1" 403 1271 noticias-web.online "-" "Mozilla/5.0 (Windows NT 10.0; Win64; x64) AppleWebKit/537.36 (KHTML, like Gecko) Chrome/124.0.6367.207 Safari/537.36" "-"
74.208.56.0 - - [29/Oct/2025:03:01:13 -0400] "GET /noticias/como-conseguir-emprestimo-pessoal-para-negativados/embed/r/r/r/r/r/r/r/r/r/r/r/r/r/r/r/r/r/r/r/r/r/r/r/r/r/r/r/r/r/r/r/r/r/r/r/r/r/r/r/r/r/r/r/r/r/r/r/r/r/r/r/r/r/r/r/r/r/r/r/r/r/r/r/r/r/r/r/r/r/r/r/r/r/r/r/r/r/r/r/r/r/r/r/r/r/r/r/r/r/r/r/r/r/r/r/ HTTP/1.1" 200 37298 noticias-web.online "-" "WP Rocket/Preload" "-"
45.227.253.0 - - [29/Oct/2025:03:01:14 -0400] "GET /wp-admin/theme-install.php?browse=popular HTTP/1.1" 403 1271 noticias-web.online "-" "Mozilla/5.0 (Windows NT 10.0; Win64; x64) AppleWebKit/537.36 (KHTML, like Gecko) Chrome/124.0.6367.207 Safari/537.36" "-"
45.227.253.0 - - [29/Oct/2025:03:01:15 -0400] "GET /wp-admin/theme-install.php?browse=popular HTTP/1.1" 403 1271 noticias-web.online "-" "Mozilla/5.0 (Windows NT 10.0; Win64; x64) AppleWebKit/537.36 (KHTML, like Gecko) Chrome/124.0.6367.207 Safari/537.36" "-"
45.227.253.0 - - [29/Oct/2025:03:01:15 -0400] "GET /wp-admin/theme-install.php?browse=popular HTTP/1.1" 403 1271 noticias-web.online "-" "Mozilla/5.0 (Windows NT 10.0; Win64; x64) AppleWebKit/537.36 (KHTML, like Gecko) Chrome/124.0.6367.207 Safari/537.36" "-"
45.227.253.0 - - [29/Oct/2025:03:01:15 -0400] "GET /wp-admin/theme-install.php?browse=popular HTTP/1.1" 403 1271 noticias-web.online "-" "Mozilla/5.0 (Windows NT 10.0; Win64; x64) AppleWebKit/537.36 (KHTML, like Gecko) Chrome/124.0.6367.207 Safari/537.36" "-"
74.208.56.0 - - [29/Oct/2025:03:01:15 -0400] "GET /noticias/as-vantagens-do-consorcio-de-imoveis-e-como-funciona/embed/r/r/r/r/r/r/r/r/r/r/r/r/r/r/r/r/r/r/r/r/r/r/r/r/r/r/r/r/r/r/r/r/r/r/r/r/r/r/r/r/r/r/r/r/r/r/r/r/r/r/r/r/r/r/r/r/r/r/r/r/r/r/r/r/r/r/r/r/r/r/r/r/r/r/r/r/r/r/r/r/r/r/r/r/r/r/r/r/r/r/r/r/r/r/r/ HTTP/1.1" 200 37093 noticias-web.online "-" "WP Rocket/Preload" "-"
45.227.253.0 - - [29/Oct/2025:03:01:15 -0400] "GET /wp-admin/plugins.php HTTP/1.1" 200 277437 noticias-web.online "-" "Mozilla/5.0 (Windows NT 10.0; Win64; x64) AppleWebKit/537.36 (KHTML, like Gecko) Chrome/124.0.6367.207 Safari/537.36" "-"
74.208.56.0 - - [29/Oct/2025:03:01:16 -0400] "GET /noticias/as-vantagens-do-consorcio-de-imoveis-e-como-funciona/embed/r/r/r/r/r/r/r/r/r/r/r/r/r/r/r/r/r/r/r/r/r/r/r/r/r/r/r/r/r/r/r/r/r/r/r/r/r/r/r/r/r/r/r/r/r/r/r/r/r/r/r/r/r/r/r/r/r/r/r/r/r/r/r/r/r/r/r/r/r/r/r/r/r/r/r/r/r/r/r/r/r/r/r/r/r/r/r/r/r/r/r/r/r/r/t.value/ HTTP/1.1" 200 31592 noticias-web.online "-" "WP Rocket/Preload" "-"
45.227.253.0 - - [29/Oct/2025:03:01:17 -0400] "POST /wp-admin/admin-ajax.php HTTP/1.1" 200 178 noticias-web.online "https://noticias-web.online/wp-admin/admin-ajax.php" "Mozilla/5.0 (Windows NT 10.0; Win64; x64) AppleWebKit/537.36 (KHTML, like Gecko) Chrome/124.0.6367.207 Safari/537.36" "-"
74.208.56.0 - - [29/Oct/2025:03:01:18 -0400] "GET /assuntos-gerais/ja-ouviu-falar-em-advogado-trabalhista-online/embed/r/r/r/r/r/r/r/r/r/r/r/r/r/r/r/r/r/r/r/r/r/r/r/r/r/r/r/r/r/r/r/r/r/r/r/r/r/r/r/r/r/r/r/r/r/r/r/r/r/r/r/r/r/r/r/r/r/r/r/r/r/r/r/r/r/r/r/r/r/r/r/r/r/r/r/r/r/r/r/r/r/r/r/r/r/r/r/r/r/r/r/r/r/r/r/ HTTP/1.1" 200 37139 noticias-web.online "-" "WP Rocket/Preload" "-"
74.208.56.0 - - [29/Oct/2025:03:01:19 -0400] "GET /assuntos-gerais/ja-ouviu-falar-em-advogado-trabalhista-online/embed/r/r/r/r/r/r/r/r/r/r/r/r/r/r/r/r/r/r/r/r/r/r/r/r/r/r/r/r/r/r/r/r/r/r/r/r/r/r/r/r/r/r/r/r/r/r/r/r/r/r/r/r/r/r/r/r/r/r/r/r/r/r/r/r/r/r/r/r/r/r/r/r/r/r/r/r/r/r/r/r/r/r/r/r/r/r/r/r/r/r/r/r/r/r/t.value/ HTTP/1.1" 200 37139 noticias-web.online "-" "WP Rocket/Preload" "-"
74.208.56.0 - - [29/Oct/2025:03:01:21 -0400] "GET /noticias/veja-como-comprar-carro-sem-entrada/embed/r/r/r/r/r/r/r/r/r/r/r/r/r/r/r/r/r/r/r/r/r/r/r/r/r/r/r/r/r/r/r/r/r/r/r/r/r/r/r/r/r/r/r/r/r/r/r/r/r/r/r/r/r/r/r/r/r/r/r/r/r/r/r/r/r/r/r/r/r/r/r/r/r/r/r/r/r/r/r/r/r/r/r/r/r/r/r/r/r/r/r/r/r/r/r/ HTTP/1.1" 200 36870 noticias-web.online "-" "WP Rocket/Preload" "-"
74.208.56.0 - - [29/Oct/2025:03:01:22 -0400] "GET /noticias/veja-como-comprar-carro-sem-entrada/embed/r/r/r/r/r/r/r/r/r/r/r/r/r/r/r/r/r/r/r/r/r/r/r/r/r/r/r/r/r/r/r/r/r/r/r/r/r/r/r/r/r/r/r/r/r/r/r/r/r/r/r/r/r/r/r/r/r/r/r/r/r/r/r/r/r/r/r/r/r/r/r/r/r/r/r/r/r/r/r/r/r/r/r/r/r/r/r/r/r/r/r/r/r/r/t.value/ HTTP/1.1" 200 36870 noticias-web.online "-" "WP Rocket/Preload" "-"
45.227.253.0 - - [29/Oct/2025:03:01:23 -0400] "GET /wp-admin/plugins.php HTTP/1.1" 200 275613 noticias-web.online "-" "Mozilla/5.0 (Windows NT 10.0; Win64; x64) AppleWebKit/537.36 (KHTML, like Gecko) Chrome/124.0.6367.207 Safari/537.36" "-"
74.208.56.0 - - [29/Oct/2025:03:01:24 -0400] "GET /assuntos-gerais/com-contratar-plano-de-saude-sem-carencia/embed/r/r/r/r/r/r/r/r/r/r/r/r/r/r/r/r/r/r/r/r/r/r/r/r/r/r/r/r/r/r/r/r/r/r/r/r/r/r/r/r/r/r/r/r/r/r/r/r/r/r/r/r/r/r/r/r/r/r/r/r/r/r/r/r/r/r/r/r/r/r/r/r/r/r/r/r/r/r/r/r/r/r/r/r/r/r/r/r/r/r/r/r/r/r/r/r/ HTTP/1.1" 200 37039 noticias-web.online "-" "WP Rocket/Preload" "-"
54.72.206.0 - - [29/Oct/2025:03:01:25 -0400] "GET / HTTP/1.1" 200 222093 noticias-web.online "-" "Mozilla/5.0 (X11; Linux x86_64) AppleWebKit/537.36 (KHTML, like Gecko) Chrome/92.0.4515.107 Safari/537.36" "-"
74.208.56.0 - - [29/Oct/2025:03:01:25 -0400] "GET /assuntos-gerais/com-contratar-plano-de-saude-sem-carencia/embed/r/r/r/r/r/r/r/r/r/r/r/r/r/r/r/r/r/r/r/r/r/r/r/r/r/r/r/r/r/r/r/r/r/r/r/r/r/r/r/r/r/r/r/r/r/r/r/r/r/r/r/r/r/r/r/r/r/r/r/r/r/r/r/r/r/r/r/r/r/r/r/r/r/r/r/r/r/r/r/r/r/r/r/r/r/r/r/r/r/r/r/r/r/r/r/t.value/ HTTP/1.1" 200 37031 noticias-web.online "-" "WP Rocket/Preload" "-"
45.227.253.0 - - [29/Oct/2025:03:01:26 -0400] "GET /wp-admin/plugins.php HTTP/1.1" 200 275619 noticias-web.online "-" "Mozilla/5.0 (Windows NT 10.0; Win64; x64) AppleWebKit/537.36 (KHTML, like Gecko) Chrome/124.0.6367.207 Safari/537.36" "-"
45.227.253.0 - - [29/Oct/2025:03:01:27 -0400] "GET /wp-admin/plugins.php HTTP/1.1" 200 275619 noticias-web.online "-" "Mozilla/5.0 (Windows NT 10.0; Win64; x64) AppleWebKit/537.36 (KHTML, like Gecko) Chrome/124.0.6367.207 Safari/537.36" "-"
74.208.56.0 - - [29/Oct/2025:03:01:27 -0400] "GET /noticias/como-conseguir-emprestimo-pessoal-para-negativados/embed/r/r/r/r/r/r/r/r/r/r/r/r/r/r/r/r/r/r/r/r/r/r/r/r/r/r/r/r/r/r/r/r/r/r/r/r/r/r/r/r/r/r/r/r/r/r/r/r/r/r/r/r/r/r/r/r/r/r/r/r/r/r/r/r/r/r/r/r/r/r/r/r/r/r/r/r/r/r/r/r/r/r/r/r/r/r/r/r/r/r/r/r/r/r/r/t.value/ HTTP/1.1" 200 37298 noticias-web.online "-" "WP Rocket/Preload" "-"
54.72.206.0 - - [29/Oct/2025:03:01:28 -0400] "GET /about HTTP/1.1" 404 158533 noticias-web.online "-" "Mozilla/5.0 (X11; Linux x86_64) AppleWebKit/537.36 (KHTML, like Gecko) Chrome/92.0.4515.107 Safari/537.36" "-"
74.208.56.0 - - [29/Oct/2025:03:01:28 -0400] "GET /noticias/como-conseguir-emprestimo-pessoal-para-negativados/embed/r/r/r/r/r/r/r/r/r/r/r/r/r/r/r/r/r/r/r/r/r/r/r/r/r/r/r/r/r/r/r/r/r/r/r/r/r/r/r/r/r/r/r/r/r/r/r/r/r/r/r/r/r/r/r/r/r/r/r/r/r/r/r/r/r/r/r/r/r/r/r/r/r/r/r/r/r/r/r/r/r/r/r/r/r/r/r/r/r/r/r/r/r/r/r/r/ HTTP/1.1" 200 37298 noticias-web.online "-" "WP Rocket/Preload" "-"
45.227.253.0 - - [29/Oct/2025:03:01:29 -0400] "GET /wp-admin/plugins.php HTTP/1.1" 200 275619 noticias-web.online "-" "Mozilla/5.0 (Windows NT 10.0; Win64; x64) AppleWebKit/537.36 (KHTML, like Gecko) Chrome/124.0.6367.207 Safari/537.36" "-"
74.208.56.0 - - [29/Oct/2025:03:01:11 -0400] "POST /wp-cron.php?doing_wp_cron=1761721271.3620979785919189453125 HTTP/1.1" 200 - noticias-web.online "-" "laEaA8bPAz8T" "-"
45.227.253.0 - - [29/Oct/2025:03:01:30 -0400] "GET /wp-admin/plugins.php HTTP/1.1" 200 275619 noticias-web.online "-" "Mozilla/5.0 (Windows NT 10.0; Win64; x64) AppleWebKit/537.36 (KHTML, like Gecko) Chrome/124.0.6367.207 Safari/537.36" "-"
74.208.56.0 - - [29/Oct/2025:03:01:30 -0400] "GET /noticias/as-vantagens-do-consorcio-de-imoveis-e-como-funciona/embed/r/r/r/r/r/r/r/r/r/r/r/r/r/r/r/r/r/r/r/r/r/r/r/r/r/r/r/r/r/r/r/r/r/r/r/r/r/r/r/r/r/r/r/r/r/r/r/r/r/r/r/r/r/r/r/r/r/r/r/r/r/r/r/r/r/r/r/r/r/r/r/r/r/r/r/r/r/r/r/r/r/r/r/r/r/r/r/r/r/r/r/r/r/r/r/r/ HTTP/1.1" 200 37069 noticias-web.online "-" "WP Rocket/Preload" "-"
45.227.253.0 - - [29/Oct/2025:03:01:31 -0400] "GET /wp-admin/admin.php?page=wp_file_manager HTTP/1.1" 200 167941 noticias-web.online "-" "Mozilla/5.0 (Windows NT 10.0; Win64; x64) AppleWebKit/537.36 (KHTML, like Gecko) Chrome/124.0.6367.207 Safari/537.36" "-"
74.208.56.0 - - [29/Oct/2025:03:01:31 -0400] "GET /noticias/as-vantagens-do-consorcio-de-imoveis-e-como-funciona/embed/r/r/r/r/r/r/r/r/r/r/r/r/r/r/r/r/r/r/r/r/r/r/r/r/r/r/r/r/r/r/r/r/r/r/r/r/r/r/r/r/r/r/r/r/r/r/r/r/r/r/r/r/r/r/r/r/r/r/r/r/r/r/r/r/r/r/r/r/r/r/r/r/r/r/r/r/r/r/r/r/r/r/r/r/r/r/r/r/r/r/r/r/r/r/r/t.value/ HTTP/1.1" 200 37093 noticias-web.online "-" "WP Rocket/Preload" "-"
45.227.253.0 - - [29/Oct/2025:03:01:32 -0400] "GET /wp-admin/admin-ajax.php?action=mk_file_folder_manager&_wpnonce=90d1abb683&networkhref=&cmd=tree&target=l1_Lw&reqid=c1345c7fec396dc9eb2fb234a96b HTTP/1.1" 200 2115 noticias-web.online "-" "Mozilla/5.0 (Windows NT 10.0; Win64; x64) AppleWebKit/537.36 (KHTML, like Gecko) Chrome/124.0.6367.207 Safari/537.36" "-"
74.208.56.0 - - [29/Oct/2025:03:01:33 -0400] "GET /assuntos-gerais/ja-ouviu-falar-em-advogado-trabalhista-online/embed/r/r/r/r/r/r/r/r/r/r/r/r/r/r/r/r/r/r/r/r/r/r/r/r/r/r/r/r/r/r/r/r/r/r/r/r/r/r/r/r/r/r/r/r/r/r/r/r/r/r/r/r/r/r/r/r/r/r/r/r/r/r/r/r/r/r/r/r/r/r/r/r/r/r/r/r/r/r/r/r/r/r/r/r/r/r/r/r/r/r/r/r/r/r/r/t.value/ HTTP/1.1" 200 37123 noticias-web.online "-" "WP Rocket/Preload" "-"
45.227.253.0 - - [29/Oct/2025:03:01:34 -0400] "GET /wp-admin/admin-ajax.php?action=mk_file_folder_manager&_wpnonce=90d1abb683&networkhref=&cmd=tree&target=l1_Lw&reqid=dc4d0f97842f43e9bcbc4a07b69e HTTP/1.1" 200 2115 noticias-web.online "-" "Mozilla/5.0 (Windows NT 10.0; Win64; x64) AppleWebKit/537.36 (KHTML, like Gecko) Chrome/124.0.6367.207 Safari/537.36" "-"
74.208.56.0 - - [29/Oct/2025:03:01:35 -0400] "GET /assuntos-gerais/ja-ouviu-falar-em-advogado-trabalhista-online/embed/r/r/r/r/r/r/r/r/r/r/r/r/r/r/r/r/r/r/r/r/r/r/r/r/r/r/r/r/r/r/r/r/r/r/r/r/r/r/r/r/r/r/r/r/r/r/r/r/r/r/r/r/r/r/r/r/r/r/r/r/r/r/r/r/r/r/r/r/r/r/r/r/r/r/r/r/r/r/r/r/r/r/r/r/r/r/r/r/r/r/r/r/r/r/r/r/ HTTP/1.1" 200 37131 noticias-web.online "-" "WP Rocket/Preload" "-"
45.227.253.0 - - [29/Oct/2025:03:01:35 -0400] "GET /wp-admin/admin-ajax.php?action=mk_file_folder_manager&_wpnonce=90d1abb683&networkhref=&cmd=tree&target=l1_d3AtYWRtaW4&reqid=ed1bffa623ead3f6b6ad98cc0059 HTTP/1.1" 200 1428 noticias-web.online "-" "Mozilla/5.0 (Windows NT 10.0; Win64; x64) AppleWebKit/537.36 (KHTML, like Gecko) Chrome/124.0.6367.207 Safari/537.36" "-"
74.208.56.0 - - [29/Oct/2025:03:01:36 -0400] "GET /noticias/veja-como-comprar-carro-sem-entrada/embed/r/r/r/r/r/r/r/r/r/r/r/r/r/r/r/r/r/r/r/r/r/r/r/r/r/r/r/r/r/r/r/r/r/r/r/r/r/r/r/r/r/r/r/r/r/r/r/r/r/r/r/r/r/r/r/r/r/r/r/r/r/r/r/r/r/r/r/r/r/r/r/r/r/r/r/r/r/r/r/r/r/r/r/r/r/r/r/r/r/r/r/r/r/r/r/t.value/ HTTP/1.1" 200 36870 noticias-web.online "-" "WP Rocket/Preload" "-"
45.227.253.0 - - [29/Oct/2025:03:01:37 -0400] "GET /wp-admin/admin-ajax.php?action=mk_file_folder_manager&_wpnonce=90d1abb683&networkhref=&cmd=tree&target=l1_d3AtY29udGVudA&reqid=004e9731ae56055ec3f31e975ee0 HTTP/1.1" 200 2445 noticias-web.online "-" "Mozilla/5.0 (Windows NT 10.0; Win64; x64) AppleWebKit/537.36 (KHTML, like Gecko) Chrome/124.0.6367.207 Safari/537.36" "-"
45.227.253.0 - - [29/Oct/2025:03:01:38 -0400] "GET /wp-admin/admin-ajax.php?action=mk_file_folder_manager&_wpnonce=90d1abb683&networkhref=&cmd=tree&target=l1_d3AtaW5jbHVkZXM&reqid=1bc257b12dd041b662932f9ca532 HTTP/1.1" 200 5509 noticias-web.online "-" "Mozilla/5.0 (Windows NT 10.0; Win64; x64) AppleWebKit/537.36 (KHTML, like Gecko) Chrome/124.0.6367.207 Safari/537.36" "-"
74.208.56.0 - - [29/Oct/2025:03:01:39 -0400] "POST /wp-cron.php?doing_wp_cron=1761721299.1671919822692871093750 HTTP/1.1" 200 - noticias-web.online "-" "xNTQzWPjpFTp" "-"
45.227.253.0 - - [29/Oct/2025:03:01:43 -0400] "GET /wp-admin/admin-ajax.php?action=mk_file_folder_manager&_wpnonce=90d1abb683&networkhref=&cmd=tree&target=l1_Lm1ldGFkYXRh&reqid=6f0a60bd558e159640f99263dad2 HTTP/1.1" 200 168 noticias-web.online "-" "Mozilla/5.0 (Windows NT 10.0; Win64; x64) AppleWebKit/537.36 (KHTML, like Gecko) Chrome/124.0.6367.207 Safari/537.36" "-"
45.227.253.0 - - [29/Oct/2025:03:01:44 -0400] "GET /wp-admin/admin-ajax.php?action=mk_file_folder_manager&_wpnonce=90d1abb683&networkhref=&cmd=tree&target=l1_aW1hZ2Vz&reqid=71193a0796a9b30b394f6baed696 HTTP/1.1" 200 346 noticias-web.online "-" "Mozilla/5.0 (Windows NT 10.0; Win64; x64) AppleWebKit/537.36 (KHTML, like Gecko) Chrome/124.0.6367.207 Safari/537.36" "-"
74.208.56.0 - - [29/Oct/2025:03:01:44 -0400] "POST /wp-admin/admin-ajax.php?action=as_async_request_queue_runner&nonce=5ae3babf7c HTTP/1.1" 200 - noticias-web.online "-" "vKgLClSj5xdJ" "-"
