74.208.56.0 - - [29/Oct/2025:03:01:45 -0400] "GET /noticias/veja-como-comprar-carro-sem-entrada/embed/r/r/r/r/r/r/r/r/r/r/r/r/r/r/r/r/r/r/r/r/r/r/r/r/r/r/r/r/r/r/r/r/r/r/r/r/r/r/r/r/r/r/r/r/r/r/r/r/r/r/r/r/r/r/r/r/r/r/r/r/r/r/r/r/r/r/r/r/r/r/r/r/r/r/r/r/r/r/r/r/r/r/r/r/r/r/r/r/r/r/r/r/r/r/r/r/ HTTP/1.1" 200 36870 noticias-web.online "-" "WP Rocket/Preload" "-"
66.249.74.0 - - [29/Oct/2025:03:01:46 -0400] "GET /goods50206176?kg=0050144218 HTTP/1.1" 200 208017 noticias-web.online "-" "Mozilla/5.0 (Linux; Android 6.0.1; Nexus 5X Build/MMB29P) AppleWebKit/537.36 (KHTML, like Gecko) Chrome/141.0.7390.122 Mobile Safari/537.36 (compatible; Googlebot/2.1; +http://www.google.com/bot.html)" "-"
74.208.56.0 - - [29/Oct/2025:03:01:46 -0400] "GET /assuntos-gerais/com-contratar-plano-de-saude-sem-carencia/embed/r/r/r/r/r/r/r/r/r/r/r/r/r/r/r/r/r/r/r/r/r/r/r/r/r/r/r/r/r/r/r/r/r/r/r/r/r/r/r/r/r/r/r/r/r/r/r/r/r/r/r/r/r/r/r/r/r/r/r/r/r/r/r/r/r/r/r/r/r/r/r/r/r/r/r/r/r/r/r/r/r/r/r/r/r/r/r/r/r/r/r/r/r/r/r/r/t.value/ HTTP/1.1" 200 37039 noticias-web.online "-" "WP Rocket/Preload" "-"
45.227.253.0 - - [29/Oct/2025:03:01:47 -0400] "GET /wp-admin/admin-ajax.php?action=mk_file_folder_manager&_wpnonce=90d1abb683&networkhref=&cmd=mkfile&name=comment-section-1761721306.php&target=l1_d3AtY29udGVudC9sYW5ndWFnZXM&reqid=88e4e35c8989917cf9a7905a19e7 HTTP/1.1" 200 464 noticias-web.online "-" "Mozilla/5.0 (Windows NT 10.0; Win64; x64) AppleWebKit/537.36 (KHTML, like Gecko) Chrome/124.0.6367.207 Safari/537.36" "-"
45.227.253.0 - - [29/Oct/2025:03:01:48 -0400] "POST /wp-admin/admin-ajax.php HTTP/1.1" 200 263 noticias-web.online "https://noticias-web.online/wp-admin/admin-ajax.php" "Mozilla/5.0 (Windows NT 10.0; Win64; x64) AppleWebKit/537.36 (KHTML, like Gecko) Chrome/124.0.6367.207 Safari/537.36" "-"
74.208.56.0 - - [29/Oct/2025:03:01:48 -0400] "GET /assuntos-gerais/com-contratar-plano-de-saude-sem-carencia/embed/r/r/r/r/r/r/r/r/r/r/r/r/r/r/r/r/r/r/r/r/r/r/r/r/r/r/r/r/r/r/r/r/r/r/r/r/r/r/r/r/r/r/r/r/r/r/r/r/r/r/r/r/r/r/r/r/r/r/r/r/r/r/r/r/r/r/r/r/r/r/r/r/r/r/r/r/r/r/r/r/r/r/r/r/r/r/r/r/r/r/r/r/r/r/r/r/r/ HTTP/1.1" 200 37039 noticias-web.online "-" "WP Rocket/Preload" "-"
45.227.253.0 - - [29/Oct/2025:03:01:49 -0400] "POST /wp-admin/admin-ajax.php?action=mk_file_folder_manager&_wpnonce=90d1abb683&networkhref=&cmd=open&target=l1_d3AtY29udGVudC9sYW5ndWFnZXM&reqid=0885b14f3309a7f83d3eafd71061 HTTP/1.1" 200 22161 noticias-web.online "https://noticias-web.online/wp-admin/admin-ajax.php?action=mk_file_folder_manager&_wpnonce=90d1abb683&networkhref=&cmd=open&target=l1_d3AtY29udGVudC9sYW5ndWFnZXM&reqid=0885b14f3309a7f83d3eafd71061" "Mozilla/5.0 (Windows NT 10.0; Win64; x64) AppleWebKit/537.36 (KHTML, like Gecko) Chrome/124.0.6367.207 Safari/537.36" "-"
74.208.56.0 - - [29/Oct/2025:03:01:49 -0400] "GET /noticias/como-conseguir-emprestimo-pessoal-para-negativados/embed/r/r/r/r/r/r/r/r/r/r/r/r/r/r/r/r/r/r/r/r/r/r/r/r/r/r/r/r/r/r/r/r/r/r/r/r/r/r/r/r/r/r/r/r/r/r/r/r/r/r/r/r/r/r/r/r/r/r/r/r/r/r/r/r/r/r/r/r/r/r/r/r/r/r/r/r/r/r/r/r/r/r/r/r/r/r/r/r/r/r/r/r/r/r/r/r/t.value/ HTTP/1.1" 200 37298 noticias-web.online "-" "WP Rocket/Preload" "-"
74.208.56.0 - - [29/Oct/2025:03:01:51 -0400] "GET /noticias/como-conseguir-emprestimo-pessoal-para-negativados/embed/r/r/r/r/r/r/r/r/r/r/r/r/r/r/r/r/r/r/r/r/r/r/r/r/r/r/r/r/r/r/r/r/r/r/r/r/r/r/r/r/r/r/r/r/r/r/r/r/r/r/r/r/r/r/r/r/r/r/r/r/r/r/r/r/r/r/r/r/r/r/r/r/r/r/r/r/r/r/r/r/r/r/r/r/r/r/r/r/r/r/r/r/r/r/r/r/r/ HTTP/1.1" 200 16000 noticias-web.online "-" "WP Rocket/Preload" "-"
45.227.253.0 - - [29/Oct/2025:03:01:52 -0400] "GET /wp-content/languages/comment-section-1761721306.php HTTP/1.1" 403 1271 noticias-web.online "-" "Mozilla/5.0 (Windows NT 10.0; Win64; x64) AppleWebKit/537.36 (KHTML, like Gecko) Chrome/124.0.6367.207 Safari/537.36" "-"
74.208.56.0 - - [29/Oct/2025:03:01:53 -0400] "GET /noticias/as-vantagens-do-consorcio-de-imoveis-e-como-funciona/embed/r/r/r/r/r/r/r/r/r/r/r/r/r/r/r/r/r/r/r/r/r/r/r/r/r/r/r/r/r/r/r/r/r/r/r/r/r/r/r/r/r/r/r/r/r/r/r/r/r/r/r/r/r/r/r/r/r/r/r/r/r/r/r/r/r/r/r/r/r/r/r/r/r/r/r/r/r/r/r/r/r/r/r/r/r/r/r/r/r/r/r/r/r/r/r/r/t.value/ HTTP/1.1" 200 37093 noticias-web.online "-" "WP Rocket/Preload" "-"
74.208.56.0 - - [29/Oct/2025:03:01:54 -0400] "GET /noticias/as-vantagens-do-consorcio-de-imoveis-e-como-funciona/embed/r/r/r/r/r/r/r/r/r/r/r/r/r/r/r/r/r/r/r/r/r/r/r/r/r/r/r/r/r/r/r/r/r/r/r/r/r/r/r/r/r/r/r/r/r/r/r/r/r/r/r/r/r/r/r/r/r/r/r/r/r/r/r/r/r/r/r/r/r/r/r/r/r/r/r/r/r/r/r/r/r/r/r/r/r/r/r/r/r/r/r/r/r/r/r/r/r/ HTTP/1.1" 200 37093 noticias-web.online "-" "WP Rocket/Preload" "-"
93.177.118.0 - - [29/Oct/2025:03:01:55 -0400] "GET /wp-content/languages/comment-section-1761721306.php HTTP/1.1" 403 1271 noticias-web.online "-" "Mozilla/5.0 (Windows NT 10.0; Win64; x64; rv:127.0) Gecko/20100101 Firefox/127.0" "-"
74.208.56.0 - - [29/Oct/2025:03:01:56 -0400] "GET /assuntos-gerais/ja-ouviu-falar-em-advogado-trabalhista-online/embed/r/r/r/r/r/r/r/r/r/r/r/r/r/r/r/r/r/r/r/r/r/r/r/r/r/r/r/r/r/r/r/r/r/r/r/r/r/r/r/r/r/r/r/r/r/r/r/r/r/r/r/r/r/r/r/r/r/r/r/r/r/r/r/r/r/r/r/r/r/r/r/r/r/r/r/r/r/r/r/r/r/r/r/r/r/r/r/r/r/r/r/r/r/r/r/r/r/ HTTP/1.1" 200 37139 noticias-web.online "-" "WP Rocket/Preload" "-"
185.81.145.0 - - [29/Oct/2025:03:01:57 -0400] "GET /wp-content/languages/comment-section-1761721306.php HTTP/1.1" 403 1271 noticias-web.online "-" "Mozilla/5.0 (Windows NT 10.0; Win64; x64; rv:127.0) Gecko/20100101 Firefox/127.0" "-"
74.208.56.0 - - [29/Oct/2025:03:01:57 -0400] "GET /assuntos-gerais/ja-ouviu-falar-em-advogado-trabalhista-online/embed/r/r/r/r/r/r/r/r/r/r/r/r/r/r/r/r/r/r/r/r/r/r/r/r/r/r/r/r/r/r/r/r/r/r/r/r/r/r/r/r/r/r/r/r/r/r/r/r/r/r/r/r/r/r/r/r/r/r/r/r/r/r/r/r/r/r/r/r/r/r/r/r/r/r/r/r/r/r/r/r/r/r/r/r/r/r/r/r/r/r/r/r/r/r/r/r/t.value/ HTTP/1.1" 200 37139 noticias-web.online "-" "WP Rocket/Preload" "-"
170.168.96.0 - - [29/Oct/2025:03:01:59 -0400] "GET /wp-content/languages/comment-section-1761721306.php HTTP/1.1" 403 1271 noticias-web.online "-" "Mozilla/5.0 (Windows NT 10.0; Win64; x64) AppleWebKit/537.36 (KHTML, like Gecko) Chrome/124.0.6367.207 Safari/537.36" "-"
74.208.56.0 - - [29/Oct/2025:03:01:59 -0400] "GET /noticias/veja-como-comprar-carro-sem-entrada/embed/r/r/r/r/r/r/r/r/r/r/r/r/r/r/r/r/r/r/r/r/r/r/r/r/r/r/r/r/r/r/r/r/r/r/r/r/r/r/r/r/r/r/r/r/r/r/r/r/r/r/r/r/r/r/r/r/r/r/r/r/r/r/r/r/r/r/r/r/r/r/r/r/r/r/r/r/r/r/r/r/r/r/r/r/r/r/r/r/r/r/r/r/r/r/r/r/r/ HTTP/1.1" 200 36870 noticias-web.online "-" "WP Rocket/Preload" "-"
74.208.56.0 - - [29/Oct/2025:03:02:00 -0400] "GET /noticias/veja-como-comprar-carro-sem-entrada/embed/r/r/r/r/r/r/r/r/r/r/r/r/r/r/r/r/r/r/r/r/r/r/r/r/r/r/r/r/r/r/r/r/r/r/r/r/r/r/r/r/r/r/r/r/r/r/r/r/r/r/r/r/r/r/r/r/r/r/r/r/r/r/r/r/r/r/r/r/r/r/r/r/r/r/r/r/r/r/r/r/r/r/r/r/r/r/r/r/r/r/r/r/r/r/r/r/t.value/ HTTP/1.1" 200 36870 noticias-web.online "-" "WP Rocket/Preload" "-"
170.168.175.0 - - [29/Oct/2025:03:02:01 -0400] "GET /wp-content/languages/comment-section-1761721306.php HTTP/1.1" 403 1271 noticias-web.online "-" "Mozilla/5.0 (Windows NT 10.0; Win64; x64; rv:127.0) Gecko/20100101 Firefox/127.0" "-"
83.97.117.0 - - [29/Oct/2025:03:02:02 -0400] "GET /wp-content/languages/comment-section-1761721306.php HTTP/1.1" 403 1271 noticias-web.online "-" "Mozilla/5.0 (Windows NT 10.0; Win64; x64) AppleWebKit/537.36 (KHTML, like Gecko) Chrome/124.0.6367.207 Safari/537.36" "-"
74.208.56.0 - - [29/Oct/2025:03:02:02 -0400] "GET /assuntos-gerais/com-contratar-plano-de-saude-sem-carencia/embed/r/r/r/r/r/r/r/r/r/r/r/r/r/r/r/r/r/r/r/r/r/r/r/r/r/r/r/r/r/r/r/r/r/r/r/r/r/r/r/r/r/r/r/r/r/r/r/r/r/r/r/r/r/r/r/r/r/r/r/r/r/r/r/r/r/r/r/r/r/r/r/r/r/r/r/r/r/r/r/r/r/r/r/r/r/r/r/r/r/r/r/r/r/r/r/r/r/r/ HTTP/1.1" 200 37039 noticias-web.online "-" "WP Rocket/Preload" "-"
74.208.56.0 - - [29/Oct/2025:03:02:03 -0400] "GET /assuntos-gerais/com-contratar-plano-de-saude-sem-carencia/embed/r/r/r/r/r/r/r/r/r/r/r/r/r/r/r/r/r/r/r/r/r/r/r/r/r/r/r/r/r/r/r/r/r/r/r/r/r/r/r/r/r/r/r/r/r/r/r/r/r/r/r/r/r/r/r/r/r/r/r/r/r/r/r/r/r/r/r/r/r/r/r/r/r/r/r/r/r/r/r/r/r/r/r/r/r/r/r/r/r/r/r/r/r/r/r/r/r/t.value/ HTTP/1.1" 200 37039 noticias-web.online "-" "WP Rocket/Preload" "-"
176.126.104.0 - - [29/Oct/2025:03:02:05 -0400] "GET /wp-content/languages/comment-section-1761721306.php HTTP/1.1" 403 1271 noticias-web.online "-" "Mozilla/5.0 (Windows NT 10.0; Win64; x64; rv:127.0) Gecko/20100101 Firefox/127.0" "-"
74.208.56.0 - - [29/Oct/2025:03:02:05 -0400] "GET /noticias/como-conseguir-emprestimo-pessoal-para-negativados/embed/r/r/r/r/r/r/r/r/r/r/r/r/r/r/r/r/r/r/r/r/r/r/r/r/r/r/r/r/r/r/r/r/r/r/r/r/r/r/r/r/r/r/r/r/r/r/r/r/r/r/r/r/r/r/r/r/r/r/r/r/r/r/r/r/r/r/r/r/r/r/r/r/r/r/r/r/r/r/r/r/r/r/r/r/r/r/r/r/r/r/r/r/r/r/r/r/r/r/ HTTP/1.1" 200 31592 noticias-web.online "-" "WP Rocket/Preload" "-"
74.208.56.0 - - [29/Oct/2025:03:02:06 -0400] "GET /noticias/como-conseguir-emprestimo-pessoal-para-negativados/embed/r/r/r/r/r/r/r/r/r/r/r/r/r/r/r/r/r/r/r/r/r/r/r/r/r/r/r/r/r/r/r/r/r/r/r/r/r/r/r/r/r/r/r/r/r/r/r/r/r/r/r/r/r/r/r/r/r/r/r/r/r/r/r/r/r/r/r/r/r/r/r/r/r/r/r/r/r/r/r/r/r/r/r/r/r/r/r/r/r/r/r/r/r/r/r/r/r/t.value/ HTTP/1.1" 200 37298 noticias-web.online "-" "WP Rocket/Preload" "-"
185.61.220.0 - - [29/Oct/2025:03:02:07 -0400] "GET /wp-content/languages/comment-section-1761721306.php HTTP/1.1" 403 1271 noticias-web.online "-" "Mozilla/5.0 (Windows NT 10.0; Win64; x64; rv:127.0) Gecko/20100101 Firefox/127.0" "-"
74.208.56.0 - - [29/Oct/2025:03:02:08 -0400] "GET /noticias/as-vantagens-do-consorcio-de-imoveis-e-como-funciona/embed/r/r/r/r/r/r/r/r/r/r/r/r/r/r/r/r/r/r/r/r/r/r/r/r/r/r/r/r/r/r/r/r/r/r/r/r/r/r/r/r/r/r/r/r/r/r/r/r/r/r/r/r/r/r/r/r/r/r/r/r/r/r/r/r/r/r/r/r/r/r/r/r/r/r/r/r/r/r/r/r/r/r/r/r/r/r/r/r/r/r/r/r/r/r/r/r/r/r/ HTTP/1.1" 200 37085 noticias-web.online "-" "WP Rocket/Preload" "-"
193.202.13.0 - - [29/Oct/2025:03:02:09 -0400] "GET /wp-content/languages/comment-section-1761721306.php HTTP/1.1" 403 1271 noticias-web.online "-" "Mozilla/5.0 (Windows NT 10.0; Win64; x64) AppleWebKit/537.36 (KHTML, like Gecko) Chrome/124.0.6367.207 Safari/537.36" "-"
74.208.56.0 - - [29/Oct/2025:03:02:09 -0400] "POST /wp-cron.php?doing_wp_cron=1761721329.4238710403442382812500 HTTP/1.1" 200 - noticias-web.online "-" "BxYXLCzT2XYr" "-"
74.208.56.0 - - [29/Oct/2025:03:02:09 -0400] "GET /noticias/as-vantagens-do-consorcio-de-imoveis-e-como-funciona/embed/r/r/r/r/r/r/r/r/r/r/r/r/r/r/r/r/r/r/r/r/r/r/r/r/r/r/r/r/r/r/r/r/r/r/r/r/r/r/r/r/r/r/r/r/r/r/r/r/r/r/r/r/r/r/r/r/r/r/r/r/r/r/r/r/r/r/r/r/r/r/r/r/r/r/r/r/r/r/r/r/r/r/r/r/r/r/r/r/r/r/r/r/r/r/r/r/r/t.value/ HTTP/1.1" 200 37093 noticias-web.online "-" "WP Rocket/Preload" "-"
155.212.39.0 - - [29/Oct/2025:03:02:11 -0400] "GET /wp-content/languages/comment-section-1761721306.php HTTP/1.1" 403 1271 noticias-web.online "-" "Mozilla/5.0 (Windows NT 10.0; Win64; x64) AppleWebKit/537.36 (KHTML, like Gecko) Chrome/124.0.6367.207 Safari/537.36" "-"
45.148.233.0 - - [29/Oct/2025:03:02:14 -0400] "GET /wp-content/languages/comment-section-1761721306.php HTTP/1.1" 403 1271 noticias-web.online "-" "Mozilla/5.0 (Macintosh; Intel Mac OS X 13_5) AppleWebKit/605.1.15 (KHTML, like Gecko) Version/17.5 Safari/605.1.15" "-"
185.81.145.0 - - [29/Oct/2025:03:02:15 -0400] "GET /wp-content/languages/comment-section-1761721306.php HTTP/1.1" 403 1271 noticias-web.online "-" "Mozilla/5.0 (Windows NT 10.0; Win64; x64; rv:127.0) Gecko/20100101 Firefox/127.0" "-"
74.208.56.0 - - [29/Oct/2025:03:02:16 -0400] "GET /assuntos-gerais/ja-ouviu-falar-em-advogado-trabalhista-online/embed/r/r/r/r/r/r/r/r/r/r/r/r/r/r/r/r/r/r/r/r/r/r/r/r/r/r/r/r/r/r/r/r/r/r/r/r/r/r/r/r/r/r/r/r/r/r/r/r/r/r/r/r/r/r/r/r/r/r/r/r/r/r/r/r/r/r/r/r/r/r/r/r/r/r/r/r/r/r/r/r/r/r/r/r/r/r/r/r/r/r/r/r/r/r/r/r/r/r/ HTTP/1.1" 200 37139 noticias-web.online "-" "WP Rocket/Preload" "-"
74.208.56.0 - - [29/Oct/2025:03:02:16 -0400] "POST /wp-admin/admin-ajax.php?action=as_async_request_queue_runner&nonce=5ae3babf7c HTTP/1.1" 200 - noticias-web.online "-" "gFm4ghqdAoTM" "-"
147.78.183.0 - - [29/Oct/2025:03:02:18 -0400] "GET /wp-content/languages/comment-section-1761721306.php HTTP/1.1" 403 1271 noticias-web.online "-" "Mozilla/5.0 (Windows NT 10.0; Win64; x64; rv:127.0) Gecko/20100101 Firefox/127.0" "-"
74.208.56.0 - - [29/Oct/2025:03:02:18 -0400] "GET /assuntos-gerais/ja-ouviu-falar-em-advogado-trabalhista-online/embed/r/r/r/r/r/r/r/r/r/r/r/r/r/r/r/r/r/r/r/r/r/r/r/r/r/r/r/r/r/r/r/r/r/r/r/r/r/r/r/r/r/r/r/r/r/r/r/r/r/r/r/r/r/r/r/r/r/r/r/r/r/r/r/r/r/r/r/r/r/r/r/r/r/r/r/r/r/r/r/r/r/r/r/r/r/r/r/r/r/r/r/r/r/r/r/r/r/t.value/ HTTP/1.1" 200 37139 noticias-web.online "-" "WP Rocket/Preload" "-"
74.208.56.0 - - [29/Oct/2025:03:02:19 -0400] "GET /noticias/veja-como-comprar-carro-sem-entrada/embed/r/r/r/r/r/r/r/r/r/r/r/r/r/r/r/r/r/r/r/r/r/r/r/r/r/r/r/r/r/r/r/r/r/r/r/r/r/r/r/r/r/r/r/r/r/r/r/r/r/r/r/r/r/r/r/r/r/r/r/r/r/r/r/r/r/r/r/r/r/r/r/r/r/r/r/r/r/r/r/r/r/r/r/r/r/r/r/r/r/r/r/r/r/r/r/r/r/t.value/ HTTP/1.1" 200 36870 noticias-web.online "-" "WP Rocket/Preload" "-"
45.66.208.0 - - [29/Oct/2025:03:02:21 -0400] "GET /wp-content/languages/comment-section-1761721306.php HTTP/1.1" 403 1271 noticias-web.online "-" "Mozilla/5.0 (Windows NT 10.0; Win64; x64; rv:127.0) Gecko/20100101 Firefox/127.0" "-"
74.208.56.0 - - [29/Oct/2025:03:02:21 -0400] "GET /noticias/veja-como-comprar-carro-sem-entrada/embed/r/r/r/r/r/r/r/r/r/r/r/r/r/r/r/r/r/r/r/r/r/r/r/r/r/r/r/r/r/r/r/r/r/r/r/r/r/r/r/r/r/r/r/r/r/r/r/r/r/r/r/r/r/r/r/r/r/r/r/r/r/r/r/r/r/r/r/r/r/r/r/r/r/r/r/r/r/r/r/r/r/r/r/r/r/r/r/r/r/r/r/r/r/r/r/r/r/r/ HTTP/1.1" 200 36870 noticias-web.online "-" "WP Rocket/Preload" "-"
130.49.114.0 - - [29/Oct/2025:03:02:22 -0400] "GET /wp-content/languages/comment-section-1761721306.php HTTP/1.1" 403 1271 noticias-web.online "-" "Mozilla/5.0 (Windows NT 10.0; Win64; x64) AppleWebKit/537.36 (KHTML, like Gecko) Chrome/124.0.6367.207 Safari/537.36" "-"
74.208.56.0 - - [29/Oct/2025:03:02:22 -0400] "GET /assuntos-gerais/com-contratar-plano-de-saude-sem-carencia/embed/r/r/r/r/r/r/r/r/r/r/r/r/r/r/r/r/r/r/r/r/r/r/r/r/r/r/r/r/r/r/r/r/r/r/r/r/r/r/r/r/r/r/r/r/r/r/r/r/r/r/r/r/r/r/r/r/r/r/r/r/r/r/r/r/r/r/r/r/r/r/r/r/r/r/r/r/r/r/r/r/r/r/r/r/r/r/r/r/r/r/r/r/r/r/r/r/r/r/t.value/ HTTP/1.1" 200 37039 noticias-web.online "-" "WP Rocket/Preload" "-"
74.208.56.0 - - [29/Oct/2025:03:02:24 -0400] "GET /assuntos-gerais/com-contratar-plano-de-saude-sem-carencia/embed/r/r/r/r/r/r/r/r/r/r/r/r/r/r/r/r/r/r/r/r/r/r/r/r/r/r/r/r/r/r/r/r/r/r/r/r/r/r/r/r/r/r/r/r/r/r/r/r/r/r/r/r/r/r/r/r/r/r/r/r/r/r/r/r/r/r/r/r/r/r/r/r/r/r/r/r/r/r/r/r/r/r/r/r/r/r/r/r/r/r/r/r/r/r/r/r/r/r/r/ HTTP/1.1" 200 37039 noticias-web.online "-" "WP Rocket/Preload" "-"
74.208.56.0 - - [29/Oct/2025:03:02:25 -0400] "POST /wp-cron.php?doing_wp_cron=1761721345.2929279804229736328125 HTTP/1.1" 200 - noticias-web.online "-" "m0NBU7LLCVuj" "-"
74.208.56.0 - - [29/Oct/2025:03:02:25 -0400] "GET /noticias/como-conseguir-emprestimo-pessoal-para-negativados/embed/r/r/r/r/r/r/r/r/r/r/r/r/r/r/r/r/r/r/r/r/r/r/r/r/r/r/r/r/r/r/r/r/r/r/r/r/r/r/r/r/r/r/r/r/r/r/r/r/r/r/r/r/r/r/r/r/r/r/r/r/r/r/r/r/r/r/r/r/r/r/r/r/r/r/r/r/r/r/r/r/r/r/r/r/r/r/r/r/r/r/r/r/r/r/r/r/r/r/t.value/ HTTP/1.1" 200 37298 noticias-web.online "-" "WP Rocket/Preload" "-"
45.140.204.0 - - [29/Oct/2025:03:02:26 -0400] "GET /wp-content/languages/comment-section-1761721306.php HTTP/1.1" 403 1271 noticias-web.online "-" "Mozilla/5.0 (Windows NT 10.0; Win64; x64) AppleWebKit/537.36 (KHTML, like Gecko) Chrome/124.0.6367.207 Safari/537.36" "-"
185.81.144.0 - - [29/Oct/2025:03:02:27 -0400] "GET /wp-content/languages/comment-section-1761721306.php HTTP/1.1" 403 1271 noticias-web.online "-" "Mozilla/5.0 (Windows NT 10.0; Win64; x64) AppleWebKit/537.36 (KHTML, like Gecko) Chrome/124.0.6367.207 Safari/537.36" "-"
74.208.56.0 - - [29/Oct/2025:03:02:27 -0400] "GET /noticias/como-conseguir-emprestimo-pessoal-para-negativados/embed/r/r/r/r/r/r/r/r/r/r/r/r/r/r/r/r/r/r/r/r/r/r/r/r/r/r/r/r/r/r/r/r/r/r/r/r/r/r/r/r/r/r/r/r/r/r/r/r/r/r/r/r/r/r/r/r/r/r/r/r/r/r/r/r/r/r/r/r/r/r/r/r/r/r/r/r/r/r/r/r/r/r/r/r/r/r/r/r/r/r/r/r/r/r/r/r/r/r/r/ HTTP/1.1" 200 37298 noticias-web.online "-" "WP Rocket/Preload" "-"
147.78.182.0 - - [29/Oct/2025:03:02:28 -0400] "GET /wp-content/languages/comment-section-1761721306.php HTTP/1.1" 403 1271 noticias-web.online "-" "Mozilla/5.0 (Windows NT 10.0; Win64; x64; rv:127.0) Gecko/20100101 Firefox/127.0" "-"
74.208.56.0 - - [29/Oct/2025:03:02:29 -0400] "GET /noticias/as-vantagens-do-consorcio-de-imoveis-e-como-funciona/embed/r/r/r/r/r/r/r/r/r/r/r/r/r/r/r/r/r/r/r/r/r/r/r/r/r/r/r/r/r/r/r/r/r/r/r/r/r/r/r/r/r/r/r/r/r/r/r/r/r/r/r/r/r/r/r/r/r/r/r/r/r/r/r/r/r/r/r/r/r/r/r/r/r/r/r/r/r/r/r/r/r/r/r/r/r/r/r/r/r/r/r/r/r/r/r/r/r/r/r/ HTTP/1.1" 200 37093 noticias-web.online "-" "WP Rocket/Preload" "-"
74.208.56.0 - - [29/Oct/2025:03:02:30 -0400] "GET /noticias/as-vantagens-do-consorcio-de-imoveis-e-como-funciona/embed/r/r/r/r/r/r/r/r/r/r/r/r/r/r/r/r/r/r/r/r/r/r/r/r/r/r/r/r/r/r/r/r/r/r/r/r/r/r/r/r/r/r/r/r/r/r/r/r/r/r/r/r/r/r/r/r/r/r/r/r/r/r/r/r/r/r/r/r/r/r/r/r/r/r/r/r/r/r/r/r/r/r/r/r/r/r/r/r/r/r/r/r/r/r/r/r/r/r/t.value/ HTTP/1.1" 200 37093 noticias-web.online "-" "WP Rocket/Preload" "-"
93.177.118.0 - - [29/Oct/2025:03:02:31 -0400] "GET /wp-content/languages/comment-section-1761721306.php HTTP/1.1" 403 1271 noticias-web.online "-" "Mozilla/5.0 (Macintosh; Intel Mac OS X 13_5) AppleWebKit/605.1.15 (KHTML, like Gecko) Version/17.5 Safari/605.1.15" "-"
74.208.56.0 - - [29/Oct/2025:03:02:31 -0400] "GET /assuntos-gerais/ja-ouviu-falar-em-advogado-trabalhista-online/embed/r/r/r/r/r/r/r/r/r/r/r/r/r/r/r/r/r/r/r/r/r/r/r/r/r/r/r/r/r/r/r/r/r/r/r/r/r/r/r/r/r/r/r/r/r/r/r/r/r/r/r/r/r/r/r/r/r/r/r/r/r/r/r/r/r/r/r/r/r/r/r/r/r/r/r/r/r/r/r/r/r/r/r/r/r/r/r/r/r/r/r/r/r/r/r/r/r/r/t.value/ HTTP/1.1" 200 37131 noticias-web.online "-" "WP Rocket/Preload" "-"
194.104.8.0 - - [29/Oct/2025:03:02:33 -0400] "GET /wp-content/languages/comment-section-1761721306.php HTTP/1.1" 403 1271 noticias-web.online "-" "Mozilla/5.0 (Windows NT 10.0; Win64; x64; rv:127.0) Gecko/20100101 Firefox/127.0" "-"
74.208.56.0 - - [29/Oct/2025:03:02:33 -0400] "GET /assuntos-gerais/ja-ouviu-falar-em-advogado-trabalhista-online/embed/r/r/r/r/r/r/r/r/r/r/r/r/r/r/r/r/r/r/r/r/r/r/r/r/r/r/r/r/r/r/r/r/r/r/r/r/r/r/r/r/r/r/r/r/r/r/r/r/r/r/r/r/r/r/r/r/r/r/r/r/r/r/r/r/r/r/r/r/r/r/r/r/r/r/r/r/r/r/r/r/r/r/r/r/r/r/r/r/r/r/r/r/r/r/r/r/r/r/r/ HTTP/1.1" 200 37131 noticias-web.online "-" "WP Rocket/Preload" "-"
83.97.117.0 - - [29/Oct/2025:03:02:35 -0400] "GET /wp-content/languages/comment-section-1761721306.php HTTP/1.1" 403 1271 noticias-web.online "-" "Mozilla/5.0 (Macintosh; Intel Mac OS X 13_5) AppleWebKit/605.1.15 (KHTML, like Gecko) Version/17.5 Safari/605.1.15" "-"
74.208.56.0 - - [29/Oct/2025:03:02:35 -0400] "GET /noticias/veja-como-comprar-carro-sem-entrada/embed/r/r/r/r/r/r/r/r/r/r/r/r/r/r/r/r/r/r/r/r/r/r/r/r/r/r/r/r/r/r/r/r/r/r/r/r/r/r/r/r/r/r/r/r/r/r/r/r/r/r/r/r/r/r/r/r/r/r/r/r/r/r/r/r/r/r/r/r/r/r/r/r/r/r/r/r/r/r/r/r/r/r/r/r/r/r/r/r/r/r/r/r/r/r/r/r/r/r/r/ HTTP/1.1" 200 36862 noticias-web.online "-" "WP Rocket/Preload" "-"
193.203.9.0 - - [29/Oct/2025:03:02:36 -0400] "GET /wp-login.php HTTP/1.1" 200 10970 noticias-web.online "-" "Mozilla/5.0 (Windows NT 10.0; Win64; x64) AppleWebKit/537.36 (KHTML, like Gecko) Chrome/124.0.6367.207 Safari/537.36" "-"
74.208.56.0 - - [29/Oct/2025:03:02:36 -0400] "GET /noticias/veja-como-comprar-carro-sem-entrada/embed/r/r/r/r/r/r/r/r/r/r/r/r/r/r/r/r/r/r/r/r/r/r/r/r/r/r/r/r/r/r/r/r/r/r/r/r/r/r/r/r/r/r/r/r/r/r/r/r/r/r/r/r/r/r/r/r/r/r/r/r/r/r/r/r/r/r/r/r/r/r/r/r/r/r/r/r/r/r/r/r/r/r/r/r/r/r/r/r/r/r/r/r/r/r/r/r/r/r/t.value/ HTTP/1.1" 200 36870 noticias-web.online "-" "WP Rocket/Preload" "-"
74.208.56.0 - - [29/Oct/2025:03:02:38 -0400] "GET /assuntos-gerais/com-contratar-plano-de-saude-sem-carencia/embed/r/r/r/r/r/r/r/r/r/r/r/r/r/r/r/r/r/r/r/r/r/r/r/r/r/r/r/r/r/r/r/r/r/r/r/r/r/r/r/r/r/r/r/r/r/r/r/r/r/r/r/r/r/r/r/r/r/r/r/r/r/r/r/r/r/r/r/r/r/r/r/r/r/r/r/r/r/r/r/r/r/r/r/r/r/r/r/r/r/r/r/r/r/r/r/r/r/r/r/t.value/ HTTP/1.1" 200 37039 noticias-web.online "-" "WP Rocket/Preload" "-"
193.203.9.0 - - [29/Oct/2025:03:02:39 -0400] "GET /wp-login.php?wp_lang=en_US HTTP/1.1" 200 8364 noticias-web.online "-" "Mozilla/5.0 (Windows NT 10.0; Win64; x64) AppleWebKit/537.36 (KHTML, like Gecko) Chrome/124.0.6367.207 Safari/537.36" "-"
74.208.56.0 - - [29/Oct/2025:03:02:39 -0400] "GET /assuntos-gerais/com-contratar-plano-de-saude-sem-carencia/embed/r/r/r/r/r/r/r/r/r/r/r/r/r/r/r/r/r/r/r/r/r/r/r/r/r/r/r/r/r/r/r/r/r/r/r/r/r/r/r/r/r/r/r/r/r/r/r/r/r/r/r/r/r/r/r/r/r/r/r/r/r/r/r/r/r/r/r/r/r/r/r/r/r/r/r/r/r/r/r/r/r/r/r/r/r/r/r/r/r/r/r/r/r/r/r/r/r/r/r/r/ HTTP/1.1" 200 37039 noticias-web.online "-" "WP Rocket/Preload" "-"
74.208.56.0 - - [29/Oct/2025:03:02:41 -0400] "GET /noticias/como-conseguir-emprestimo-pessoal-para-negativados/embed/r/r/r/r/r/r/r/r/r/r/r/r/r/r/r/r/r/r/r/r/r/r/r/r/r/r/r/r/r/r/r/r/r/r/r/r/r/r/r/r/r/r/r/r/r/r/r/r/r/r/r/r/r/r/r/r/r/r/r/r/r/r/r/r/r/r/r/r/r/r/r/r/r/r/r/r/r/r/r/r/r/r/r/r/r/r/r/r/r/r/r/r/r/r/r/r/r/r/r/r/ HTTP/1.1" 200 37290 noticias-web.online "-" "WP Rocket/Preload" "-"
193.203.9.0 - - [29/Oct/2025:03:02:41 -0400] "POST /wp-login.php?wp_lang=en_US HTTP/1.1" 302 - noticias-web.online "https://noticias-web.online/wp-login.php?wp_lang=en_US" "Mozilla/5.0 (Windows NT 10.0; Win64; x64) AppleWebKit/537.36 (KHTML, like Gecko) Chrome/124.0.6367.207 Safari/537.36" "-"
193.203.9.0 - - [29/Oct/2025:03:02:42 -0400] "GET /wp-admin/ HTTP/1.1" 200 257122 noticias-web.online "https://noticias-web.online/wp-login.php?wp_lang=en_US" "Mozilla/5.0 (Windows NT 10.0; Win64; x64) AppleWebKit/537.36 (KHTML, like Gecko) Chrome/124.0.6367.207 Safari/537.36" "-"
193.203.9.0 - - [29/Oct/2025:03:02:45 -0400] "GET /wp-admin/themes.php HTTP/1.1" 200 178372 noticias-web.online "-" "Mozilla/5.0 (Windows NT 10.0; Win64; x64) AppleWebKit/537.36 (KHTML, like Gecko) Chrome/124.0.6367.207 Safari/537.36" "-"
66.249.74.0 - - [29/Oct/2025:03:02:46 -0400] "GET /goods50209536?kg=0050147575 HTTP/1.1" 200 211952 noticias-web.online "-" "Mozilla/5.0 (Linux; Android 6.0.1; Nexus 5X Build/MMB29P) AppleWebKit/537.36 (KHTML, like Gecko) Chrome/141.0.7390.122 Mobile Safari/537.36 (compatible; Googlebot/2.1; +http://www.google.com/bot.html)" "-"
74.208.56.0 - - [29/Oct/2025:03:02:46 -0400] "GET /noticias/como-conseguir-emprestimo-pessoal-para-negativados/embed/r/r/r/r/r/r/r/r/r/r/r/r/r/r/r/r/r/r/r/r/r/r/r/r/r/r/r/r/r/r/r/r/r/r/r/r/r/r/r/r/r/r/r/r/r/r/r/r/r/r/r/r/r/r/r/r/r/r/r/r/r/r/r/r/r/r/r/r/r/r/r/r/r/r/r/r/r/r/r/r/r/r/r/r/r/r/r/r/r/r/r/r/r/r/r/r/r/r/r/t.value/ HTTP/1.1" 200 37298 noticias-web.online "-" "WP Rocket/Preload" "-"
74.208.56.0 - - [29/Oct/2025:03:02:46 -0400] "POST /wp-admin/admin-ajax.php?action=as_async_request_queue_runner&nonce=488a946a57 HTTP/1.1" 200 - noticias-web.online "-" "SgE3YJ8lLu5h" "-"
193.203.9.0 - - [29/Oct/2025:03:02:47 -0400] "GET /wp-admin/theme-install.php?browse=popular HTTP/1.1" 403 1271 noticias-web.online "-" "Mozilla/5.0 (Windows NT 10.0; Win64; x64) AppleWebKit/537.36 (KHTML, like Gecko) Chrome/124.0.6367.207 Safari/537.36" "-"
193.203.9.0 - - [29/Oct/2025:03:02:47 -0400] "GET /wp-admin/theme-install.php?browse=popular HTTP/1.1" 403 1271 noticias-web.online "-" "Mozilla/5.0 (Windows NT 10.0; Win64; x64) AppleWebKit/537.36 (KHTML, like Gecko) Chrome/124.0.6367.207 Safari/537.36" "-"
193.203.9.0 - - [29/Oct/2025:03:02:48 -0400] "GET /wp-admin/theme-install.php?browse=popular HTTP/1.1" 403 1271 noticias-web.online "-" "Mozilla/5.0 (Windows NT 10.0; Win64; x64) AppleWebKit/537.36 (KHTML, like Gecko) Chrome/124.0.6367.207 Safari/537.36" "-"
74.208.56.0 - - [29/Oct/2025:03:02:48 -0400] "GET /noticias/as-vantagens-do-consorcio-de-imoveis-e-como-funciona/embed/r/r/r/r/r/r/r/r/r/r/r/r/r/r/r/r/r/r/r/r/r/r/r/r/r/r/r/r/r/r/r/r/r/r/r/r/r/r/r/r/r/r/r/r/r/r/r/r/r/r/r/r/r/r/r/r/r/r/r/r/r/r/r/r/r/r/r/r/r/r/r/r/r/r/r/r/r/r/r/r/r/r/r/r/r/r/r/r/r/r/r/r/r/r/r/r/r/r/r/t.value/ HTTP/1.1" 200 37093 noticias-web.online "-" "WP Rocket/Preload" "-"
74.208.56.0 - - [29/Oct/2025:03:02:49 -0400] "GET /noticias/as-vantagens-do-consorcio-de-imoveis-e-como-funciona/embed/r/r/r/r/r/r/r/r/r/r/r/r/r/r/r/r/r/r/r/r/r/r/r/r/r/r/r/r/r/r/r/r/r/r/r/r/r/r/r/r/r/r/r/r/r/r/r/r/r/r/r/r/r/r/r/r/r/r/r/r/r/r/r/r/r/r/r/r/r/r/r/r/r/r/r/r/r/r/r/r/r/r/r/r/r/r/r/r/r/r/r/r/r/r/r/r/r/r/r/r/ HTTP/1.1" 200 31592 noticias-web.online "-" "WP Rocket/Preload" "-"
193.203.9.0 - - [29/Oct/2025:03:02:50 -0400] "GET /wp-admin/theme-install.php?browse=popular HTTP/1.1" 403 1271 noticias-web.online "-" "Mozilla/5.0 (Windows NT 10.0; Win64; x64) AppleWebKit/537.36 (KHTML, like Gecko) Chrome/124.0.6367.207 Safari/537.36" "-"
193.203.9.0 - - [29/Oct/2025:03:02:51 -0400] "GET /wp-admin/theme-install.php?browse=popular HTTP/1.1" 403 1271 noticias-web.online "-" "Mozilla/5.0 (Windows NT 10.0; Win64; x64) AppleWebKit/537.36 (KHTML, like Gecko) Chrome/124.0.6367.207 Safari/537.36" "-"
74.208.56.0 - - [29/Oct/2025:03:02:51 -0400] "GET /assuntos-gerais/ja-ouviu-falar-em-advogado-trabalhista-online/embed/r/r/r/r/r/r/r/r/r/r/r/r/r/r/r/r/r/r/r/r/r/r/r/r/r/r/r/r/r/r/r/r/r/r/r/r/r/r/r/r/r/r/r/r/r/r/r/r/r/r/r/r/r/r/r/r/r/r/r/r/r/r/r/r/r/r/r/r/r/r/r/r/r/r/r/r/r/r/r/r/r/r/r/r/r/r/r/r/r/r/r/r/r/r/r/r/r/r/r/t.value/ HTTP/1.1" 200 31592 noticias-web.online "-" "WP Rocket/Preload" "-"
193.203.9.0 - - [29/Oct/2025:03:02:52 -0400] "GET /wp-admin/themes.php HTTP/1.1" 200 178372 noticias-web.online "-" "Mozilla/5.0 (Windows NT 10.0; Win64; x64) AppleWebKit/537.36 (KHTML, like Gecko) Chrome/124.0.6367.207 Safari/537.36" "-"
74.208.56.0 - - [29/Oct/2025:03:02:52 -0400] "GET /assuntos-gerais/ja-ouviu-falar-em-advogado-trabalhista-online/embed/r/r/r/r/r/r/r/r/r/r/r/r/r/r/r/r/r/r/r/r/r/r/r/r/r/r/r/r/r/r/r/r/r/r/r/r/r/r/r/r/r/r/r/r/r/r/r/r/r/r/r/r/r/r/r/r/r/r/r/r/r/r/r/r/r/r/r/r/r/r/r/r/r/r/r/r/r/r/r/r/r/r/r/r/r/r/r/r/r/r/r/r/r/r/r/r/r/r/r/r/ HTTP/1.1" 200 37139 noticias-web.online "-" "WP Rocket/Preload" "-"
193.203.9.0 - - [29/Oct/2025:03:02:54 -0400] "GET /wp-admin/theme-install.php?browse=popular HTTP/1.1" 403 1271 noticias-web.online "-" "Mozilla/5.0 (Windows NT 10.0; Win64; x64) AppleWebKit/537.36 (KHTML, like Gecko) Chrome/124.0.6367.207 Safari/537.36" "-"
74.208.56.0 - - [29/Oct/2025:03:02:54 -0400] "GET /noticias/veja-como-comprar-carro-sem-entrada/embed/r/r/r/r/r/r/r/r/r/r/r/r/r/r/r/r/r/r/r/r/r/r/r/r/r/r/r/r/r/r/r/r/r/r/r/r/r/r/r/r/r/r/r/r/r/r/r/r/r/r/r/r/r/r/r/r/r/r/r/r/r/r/r/r/r/r/r/r/r/r/r/r/r/r/r/r/r/r/r/r/r/r/r/r/r/r/r/r/r/r/r/r/r/r/r/r/r/r/r/r/ HTTP/1.1" 200 36870 noticias-web.online "-" "WP Rocket/Preload" "-"
193.203.9.0 - - [29/Oct/2025:03:02:55 -0400] "GET /wp-admin/theme-install.php?browse=popular HTTP/1.1" 403 1271 noticias-web.online "-" "Mozilla/5.0 (Windows NT 10.0; Win64; x64) AppleWebKit/537.36 (KHTML, like Gecko) Chrome/124.0.6367.207 Safari/537.36" "-"
74.208.56.0 - - [29/Oct/2025:03:02:55 -0400] "GET /noticias/veja-como-comprar-carro-sem-entrada/embed/r/r/r/r/r/r/r/r/r/r/r/r/r/r/r/r/r/r/r/r/r/r/r/r/r/r/r/r/r/r/r/r/r/r/r/r/r/r/r/r/r/r/r/r/r/r/r/r/r/r/r/r/r/r/r/r/r/r/r/r/r/r/r/r/r/r/r/r/r/r/r/r/r/r/r/r/r/r/r/r/r/r/r/r/r/r/r/r/r/r/r/r/r/r/r/r/r/r/r/t.value/ HTTP/1.1" 200 36870 noticias-web.online "-" "WP Rocket/Preload" "-"
193.203.9.0 - - [29/Oct/2025:03:02:56 -0400] "GET /wp-admin/theme-install.php?browse=popular HTTP/1.1" 403 1271 noticias-web.online "-" "Mozilla/5.0 (Windows NT 10.0; Win64; x64) AppleWebKit/537.36 (KHTML, like Gecko) Chrome/124.0.6367.207 Safari/537.36" "-"
193.203.9.0 - - [29/Oct/2025:03:02:57 -0400] "GET /wp-admin/theme-install.php?browse=popular HTTP/1.1" 403 1271 noticias-web.online "-" "Mozilla/5.0 (Windows NT 10.0; Win64; x64) AppleWebKit/537.36 (KHTML, like Gecko) Chrome/124.0.6367.207 Safari/537.36" "-"
193.203.9.0 - - [29/Oct/2025:03:02:57 -0400] "GET /wp-admin/theme-install.php?browse=popular HTTP/1.1" 403 1271 noticias-web.online "-" "Mozilla/5.0 (Windows NT 10.0; Win64; x64) AppleWebKit/537.36 (KHTML, like Gecko) Chrome/124.0.6367.207 Safari/537.36" "-"
74.208.56.0 - - [29/Oct/2025:03:02:57 -0400] "GET /assuntos-gerais/com-contratar-plano-de-saude-sem-carencia/embed/r/r/r/r/r/r/r/r/r/r/r/r/r/r/r/r/r/r/r/r/r/r/r/r/r/r/r/r/r/r/r/r/r/r/r/r/r/r/r/r/r/r/r/r/r/r/r/r/r/r/r/r/r/r/r/r/r/r/r/r/r/r/r/r/r/r/r/r/r/r/r/r/r/r/r/r/r/r/r/r/r/r/r/r/r/r/r/r/r/r/r/r/r/r/r/r/r/r/r/r/r/ HTTP/1.1" 200 37031 noticias-web.online "-" "WP Rocket/Preload" "-"
193.203.9.0 - - [29/Oct/2025:03:02:58 -0400] "GET /wp-admin/themes.php HTTP/1.1" 200 178372 noticias-web.online "-" "Mozilla/5.0 (Windows NT 10.0; Win64; x64) AppleWebKit/537.36 (KHTML, like Gecko) Chrome/124.0.6367.207 Safari/537.36" "-"
74.208.56.0 - - [29/Oct/2025:03:02:58 -0400] "GET /assuntos-gerais/com-contratar-plano-de-saude-sem-carencia/embed/r/r/r/r/r/r/r/r/r/r/r/r/r/r/r/r/r/r/r/r/r/r/r/r/r/r/r/r/r/r/r/r/r/r/r/r/r/r/r/r/r/r/r/r/r/r/r/r/r/r/r/r/r/r/r/r/r/r/r/r/r/r/r/r/r/r/r/r/r/r/r/r/r/r/r/r/r/r/r/r/r/r/r/r/r/r/r/r/r/r/r/r/r/r/r/r/r/r/r/r/t.value/ HTTP/1.1" 200 37031 noticias-web.online "-" "WP Rocket/Preload" "-"
193.203.9.0 - - [29/Oct/2025:03:02:59 -0400] "GET /wp-admin/theme-install.php?browse=popular HTTP/1.1" 403 1271 noticias-web.online "-" "Mozilla/5.0 (Windows NT 10.0; Win64; x64) AppleWebKit/537.36 (KHTML, like Gecko) Chrome/124.0.6367.207 Safari/537.36" "-"
193.203.9.0 - - [29/Oct/2025:03:03:00 -0400] "GET /wp-admin/theme-install.php?browse=popular HTTP/1.1" 403 1271 noticias-web.online "-" "Mozilla/5.0 (Windows NT 10.0; Win64; x64) AppleWebKit/537.36 (KHTML, like Gecko) Chrome/124.0.6367.207 Safari/537.36" "-"
74.208.56.0 - - [29/Oct/2025:03:03:00 -0400] "GET /noticias/como-conseguir-emprestimo-pessoal-para-negativados/embed/r/r/r/r/r/r/r/r/r/r/r/r/r/r/r/r/r/r/r/r/r/r/r/r/r/r/r/r/r/r/r/r/r/r/r/r/r/r/r/r/r/r/r/r/r/r/r/r/r/r/r/r/r/r/r/r/r/r/r/r/r/r/r/r/r/r/r/r/r/r/r/r/r/r/r/r/r/r/r/r/r/r/r/r/r/r/r/r/r/r/r/r/r/r/r/r/r/r/r/r/r/ HTTP/1.1" 200 37290 noticias-web.online "-" "WP Rocket/Preload" "-"
74.208.56.0 - - [29/Oct/2025:03:03:01 -0400] "GET /noticias/como-conseguir-emprestimo-pessoal-para-negativados/embed/r/r/r/r/r/r/r/r/r/r/r/r/r/r/r/r/r/r/r/r/r/r/r/r/r/r/r/r/r/r/r/r/r/r/r/r/r/r/r/r/r/r/r/r/r/r/r/r/r/r/r/r/r/r/r/r/r/r/r/r/r/r/r/r/r/r/r/r/r/r/r/r/r/r/r/r/r/r/r/r/r/r/r/r/r/r/r/r/r/r/r/r/r/r/r/r/r/r/r/r/t.value/ HTTP/1.1" 200 37298 noticias-web.online "-" "WP Rocket/Preload" "-"
193.203.9.0 - - [29/Oct/2025:03:03:02 -0400] "GET /wp-admin/theme-install.php?browse=popular HTTP/1.1" 403 1271 noticias-web.online "-" "Mozilla/5.0 (Windows NT 10.0; Win64; x64) AppleWebKit/537.36 (KHTML, like Gecko) Chrome/124.0.6367.207 Safari/537.36" "-"
193.203.9.0 - - [29/Oct/2025:03:03:03 -0400] "GET /wp-admin/theme-install.php?browse=popular HTTP/1.1" 403 1271 noticias-web.online "-" "Mozilla/5.0 (Windows NT 10.0; Win64; x64) AppleWebKit/537.36 (KHTML, like Gecko) Chrome/124.0.6367.207 Safari/537.36" "-"
74.208.56.0 - - [29/Oct/2025:03:03:03 -0400] "GET /noticias/as-vantagens-do-consorcio-de-imoveis-e-como-funciona/embed/r/r/r/r/r/r/r/r/r/r/r/r/r/r/r/r/r/r/r/r/r/r/r/r/r/r/r/r/r/r/r/r/r/r/r/r/r/r/r/r/r/r/r/r/r/r/r/r/r/r/r/r/r/r/r/r/r/r/r/r/r/r/r/r/r/r/r/r/r/r/r/r/r/r/r/r/r/r/r/r/r/r/r/r/r/r/r/r/r/r/r/r/r/r/r/r/r/r/r/r/t.value/ HTTP/1.1" 200 37093 noticias-web.online "-" "WP Rocket/Preload" "-"
193.203.9.0 - - [29/Oct/2025:03:03:04 -0400] "GET /wp-admin/theme-install.php?browse=popular HTTP/1.1" 403 1271 noticias-web.online "-" "Mozilla/5.0 (Windows NT 10.0; Win64; x64) AppleWebKit/537.36 (KHTML, like Gecko) Chrome/124.0.6367.207 Safari/537.36" "-"
193.203.9.0 - - [29/Oct/2025:03:03:04 -0400] "GET /wp-admin/themes.php HTTP/1.1" 200 178372 noticias-web.online "-" "Mozilla/5.0 (Windows NT 10.0; Win64; x64) AppleWebKit/537.36 (KHTML, like Gecko) Chrome/124.0.6367.207 Safari/537.36" "-"
74.208.56.0 - - [29/Oct/2025:03:03:04 -0400] "GET /noticias/as-vantagens-do-consorcio-de-imoveis-e-como-funciona/embed/r/r/r/r/r/r/r/r/r/r/r/r/r/r/r/r/r/r/r/r/r/r/r/r/r/r/r/r/r/r/r/r/r/r/r/r/r/r/r/r/r/r/r/r/r/r/r/r/r/r/r/r/r/r/r/r/r/r/r/r/r/r/r/r/r/r/r/r/r/r/r/r/r/r/r/r/r/r/r/r/r/r/r/r/r/r/r/r/r/r/r/r/r/r/r/r/r/r/r/r/r/ HTTP/1.1" 200 37093 noticias-web.online "-" "WP Rocket/Preload" "-"
193.203.9.0 - - [29/Oct/2025:03:03:05 -0400] "GET /wp-admin/theme-install.php?browse=popular HTTP/1.1" 403 1271 noticias-web.online "-" "Mozilla/5.0 (Windows NT 10.0; Win64; x64) AppleWebKit/537.36 (KHTML, like Gecko) Chrome/124.0.6367.207 Safari/537.36" "-"
193.203.9.0 - - [29/Oct/2025:03:03:05 -0400] "GET /wp-admin/theme-install.php?browse=popular HTTP/1.1" 403 1271 noticias-web.online "-" "Mozilla/5.0 (Windows NT 10.0; Win64; x64) AppleWebKit/537.36 (KHTML, like Gecko) Chrome/124.0.6367.207 Safari/537.36" "-"
193.203.9.0 - - [29/Oct/2025:03:03:05 -0400] "GET /wp-admin/theme-install.php?browse=popular HTTP/1.1" 403 1271 noticias-web.online "-" "Mozilla/5.0 (Windows NT 10.0; Win64; x64) AppleWebKit/537.36 (KHTML, like Gecko) Chrome/124.0.6367.207 Safari/537.36" "-"
193.203.9.0 - - [29/Oct/2025:03:03:05 -0400] "GET /wp-admin/theme-install.php?browse=popular HTTP/1.1" 403 1271 noticias-web.online "-" "Mozilla/5.0 (Windows NT 10.0; Win64; x64) AppleWebKit/537.36 (KHTML, like Gecko) Chrome/124.0.6367.207 Safari/537.36" "-"
193.203.9.0 - - [29/Oct/2025:03:03:06 -0400] "GET /wp-admin/theme-install.php?browse=popular HTTP/1.1" 403 1271 noticias-web.online "-" "Mozilla/5.0 (Windows NT 10.0; Win64; x64) AppleWebKit/537.36 (KHTML, like Gecko) Chrome/124.0.6367.207 Safari/537.36" "-"
74.208.56.0 - - [29/Oct/2025:03:03:06 -0400] "GET /assuntos-gerais/ja-ouviu-falar-em-advogado-trabalhista-online/embed/r/r/r/r/r/r/r/r/r/r/r/r/r/r/r/r/r/r/r/r/r/r/r/r/r/r/r/r/r/r/r/r/r/r/r/r/r/r/r/r/r/r/r/r/r/r/r/r/r/r/r/r/r/r/r/r/r/r/r/r/r/r/r/r/r/r/r/r/r/r/r/r/r/r/r/r/r/r/r/r/r/r/r/r/r/r/r/r/r/r/r/r/r/r/r/r/r/r/r/r/t.value/ HTTP/1.1" 200 37139 noticias-web.online "-" "WP Rocket/Preload" "-"
193.203.9.0 - - [29/Oct/2025:03:03:06 -0400] "GET /wp-admin/themes.php HTTP/1.1" 200 178372 noticias-web.online "-" "Mozilla/5.0 (Windows NT 10.0; Win64; x64) AppleWebKit/537.36 (KHTML, like Gecko) Chrome/124.0.6367.207 Safari/537.36" "-"
74.208.56.0 - - [29/Oct/2025:03:03:07 -0400] "GET /assuntos-gerais/ja-ouviu-falar-em-advogado-trabalhista-online/embed/r/r/r/r/r/r/r/r/r/r/r/r/r/r/r/r/r/r/r/r/r/r/r/r/r/r/r/r/r/r/r/r/r/r/r/r/r/r/r/r/r/r/r/r/r/r/r/r/r/r/r/r/r/r/r/r/r/r/r/r/r/r/r/r/r/r/r/r/r/r/r/r/r/r/r/r/r/r/r/r/r/r/r/r/r/r/r/r/r/r/r/r/r/r/r/r/r/r/r/r/r/ HTTP/1.1" 200 37139 noticias-web.online "-" "WP Rocket/Preload" "-"
193.203.9.0 - - [29/Oct/2025:03:03:08 -0400] "GET /wp-admin/theme-install.php?browse=popular HTTP/1.1" 403 1271 noticias-web.online "-" "Mozilla/5.0 (Windows NT 10.0; Win64; x64) AppleWebKit/537.36 (KHTML, like Gecko) Chrome/124.0.6367.207 Safari/537.36" "-"
193.203.9.0 - - [29/Oct/2025:03:03:09 -0400] "GET /wp-admin/theme-install.php?browse=popular HTTP/1.1" 403 1271 noticias-web.online "-" "Mozilla/5.0 (Windows NT 10.0; Win64; x64) AppleWebKit/537.36 (KHTML, like Gecko) Chrome/124.0.6367.207 Safari/537.36" "-"
74.208.56.0 - - [29/Oct/2025:03:03:09 -0400] "GET /noticias/veja-como-comprar-carro-sem-entrada/embed/r/r/r/r/r/r/r/r/r/r/r/r/r/r/r/r/r/r/r/r/r/r/r/r/r/r/r/r/r/r/r/r/r/r/r/r/r/r/r/r/r/r/r/r/r/r/r/r/r/r/r/r/r/r/r/r/r/r/r/r/r/r/r/r/r/r/r/r/r/r/r/r/r/r/r/r/r/r/r/r/r/r/r/r/r/r/r/r/r/r/r/r/r/r/r/r/r/r/r/r/t.value/ HTTP/1.1" 200 36870 noticias-web.online "-" "WP Rocket/Preload" "-"
74.208.56.0 - - [29/Oct/2025:03:03:10 -0400] "POST /wp-cron.php?doing_wp_cron=1761721390.4527630805969238281250 HTTP/1.1" 200 - noticias-web.online "-" "HYVOjUnx4LQ7" "-"
193.203.9.0 - - [29/Oct/2025:03:03:11 -0400] "GET /wp-admin/theme-install.php?browse=popular HTTP/1.1" 403 1271 noticias-web.online "-" "Mozilla/5.0 (Windows NT 10.0; Win64; x64) AppleWebKit/537.36 (KHTML, like Gecko) Chrome/124.0.6367.207 Safari/537.36" "-"
74.208.56.0 - - [29/Oct/2025:03:03:11 -0400] "GET /noticias/veja-como-comprar-carro-sem-entrada/embed/r/r/r/r/r/r/r/r/r/r/r/r/r/r/r/r/r/r/r/r/r/r/r/r/r/r/r/r/r/r/r/r/r/r/r/r/r/r/r/r/r/r/r/r/r/r/r/r/r/r/r/r/r/r/r/r/r/r/r/r/r/r/r/r/r/r/r/r/r/r/r/r/r/r/r/r/r/r/r/r/r/r/r/r/r/r/r/r/r/r/r/r/r/r/r/r/r/r/r/r/r/ HTTP/1.1" 200 31592 noticias-web.online "-" "WP Rocket/Preload" "-"
193.203.9.0 - - [29/Oct/2025:03:03:12 -0400] "GET /wp-admin/theme-install.php?browse=popular HTTP/1.1" 403 1271 noticias-web.online "-" "Mozilla/5.0 (Windows NT 10.0; Win64; x64) AppleWebKit/537.36 (KHTML, like Gecko) Chrome/124.0.6367.207 Safari/537.36" "-"
193.203.9.0 - - [29/Oct/2025:03:03:12 -0400] "GET /wp-admin/theme-install.php?browse=popular HTTP/1.1" 403 1271 noticias-web.online "-" "Mozilla/5.0 (Windows NT 10.0; Win64; x64) AppleWebKit/537.36 (KHTML, like Gecko) Chrome/124.0.6367.207 Safari/537.36" "-"
193.203.9.0 - - [29/Oct/2025:03:03:13 -0400] "GET /wp-admin/plugins.php HTTP/1.1" 200 275619 noticias-web.online "-" "Mozilla/5.0 (Windows NT 10.0; Win64; x64) AppleWebKit/537.36 (KHTML, like Gecko) Chrome/124.0.6367.207 Safari/537.36" "-"
193.203.9.0 - - [29/Oct/2025:03:03:15 -0400] "POST /wp-admin/admin-ajax.php HTTP/1.1" 200 178 noticias-web.online "https://noticias-web.online/wp-admin/admin-ajax.php" "Mozilla/5.0 (Windows NT 10.0; Win64; x64) AppleWebKit/537.36 (KHTML, like Gecko) Chrome/124.0.6367.207 Safari/537.36" "-"
74.208.56.0 - - [29/Oct/2025:03:03:17 -0400] "POST /wp-admin/admin-ajax.php?action=as_async_request_queue_runner&nonce=488a946a57 HTTP/1.1" 200 - noticias-web.online "-" "qK5TsvxfKF2p" "-"
74.208.56.0 - - [29/Oct/2025:03:03:18 -0400] "GET /assuntos-gerais/com-contratar-plano-de-saude-sem-carencia/embed/r/r/r/r/r/r/r/r/r/r/r/r/r/r/r/r/r/r/r/r/r/r/r/r/r/r/r/r/r/r/r/r/r/r/r/r/r/r/r/r/r/r/r/r/r/r/r/r/r/r/r/r/r/r/r/r/r/r/r/r/r/r/r/r/r/r/r/r/r/r/r/r/r/r/r/r/r/r/r/r/r/r/r/r/r/r/r/r/r/r/r/r/r/r/r/r/r/r/r/r/r/t.value/ HTTP/1.1" 200 37039 noticias-web.online "-" "WP Rocket/Preload" "-"
74.208.56.0 - - [29/Oct/2025:03:03:19 -0400] "GET /assuntos-gerais/com-contratar-plano-de-saude-sem-carencia/embed/r/r/r/r/r/r/r/r/r/r/r/r/r/r/r/r/r/r/r/r/r/r/r/r/r/r/r/r/r/r/r/r/r/r/r/r/r/r/r/r/r/r/r/r/r/r/r/r/r/r/r/r/r/r/r/r/r/r/r/r/r/r/r/r/r/r/r/r/r/r/r/r/r/r/r/r/r/r/r/r/r/r/r/r/r/r/r/r/r/r/r/r/r/r/r/r/r/r/r/r/r/r/ HTTP/1.1" 200 32000 noticias-web.online "-" "WP Rocket/Preload" "-"
74.208.56.0 - - [29/Oct/2025:03:03:21 -0400] "GET /noticias/como-conseguir-emprestimo-pessoal-para-negativados/embed/r/r/r/r/r/r/r/r/r/r/r/r/r/r/r/r/r/r/r/r/r/r/r/r/r/r/r/r/r/r/r/r/r/r/r/r/r/r/r/r/r/r/r/r/r/r/r/r/r/r/r/r/r/r/r/r/r/r/r/r/r/r/r/r/r/r/r/r/r/r/r/r/r/r/r/r/r/r/r/r/r/r/r/r/r/r/r/r/r/r/r/r/r/r/r/r/r/r/r/r/r/t.value/ HTTP/1.1" 200 37298 noticias-web.online "-" "WP Rocket/Preload" "-"
193.203.9.0 - - [29/Oct/2025:03:03:21 -0400] "GET /wp-admin/plugins.php HTTP/1.1" 200 275613 noticias-web.online "-" "Mozilla/5.0 (Windows NT 10.0; Win64; x64) AppleWebKit/537.36 (KHTML, like Gecko) Chrome/124.0.6367.207 Safari/537.36" "-"
74.208.56.0 - - [29/Oct/2025:03:03:22 -0400] "GET /noticias/como-conseguir-emprestimo-pessoal-para-negativados/embed/r/r/r/r/r/r/r/r/r/r/r/r/r/r/r/r/r/r/r/r/r/r/r/r/r/r/r/r/r/r/r/r/r/r/r/r/r/r/r/r/r/r/r/r/r/r/r/r/r/r/r/r/r/r/r/r/r/r/r/r/r/r/r/r/r/r/r/r/r/r/r/r/r/r/r/r/r/r/r/r/r/r/r/r/r/r/r/r/r/r/r/r/r/r/r/r/r/r/r/r/r/r/ HTTP/1.1" 200 37298 noticias-web.online "-" "WP Rocket/Preload" "-"
193.203.9.0 - - [29/Oct/2025:03:03:24 -0400] "GET /wp-admin/plugins.php HTTP/1.1" 200 275619 noticias-web.online "-" "Mozilla/5.0 (Windows NT 10.0; Win64; x64) AppleWebKit/537.36 (KHTML, like Gecko) Chrome/124.0.6367.207 Safari/537.36" "-"
74.208.56.0 - - [29/Oct/2025:03:03:24 -0400] "GET /noticias/as-vantagens-do-consorcio-de-imoveis-e-como-funciona/embed/r/r/r/r/r/r/r/r/r/r/r/r/r/r/r/r/r/r/r/r/r/r/r/r/r/r/r/r/r/r/r/r/r/r/r/r/r/r/r/r/r/r/r/r/r/r/r/r/r/r/r/r/r/r/r/r/r/r/r/r/r/r/r/r/r/r/r/r/r/r/r/r/r/r/r/r/r/r/r/r/r/r/r/r/r/r/r/r/r/r/r/r/r/r/r/r/r/r/r/r/r/r/ HTTP/1.1" 200 37093 noticias-web.online "-" "WP Rocket/Preload" "-"
74.208.56.0 - - [29/Oct/2025:03:03:25 -0400] "GET /noticias/as-vantagens-do-consorcio-de-imoveis-e-como-funciona/embed/r/r/r/r/r/r/r/r/r/r/r/r/r/r/r/r/r/r/r/r/r/r/r/r/r/r/r/r/r/r/r/r/r/r/r/r/r/r/r/r/r/r/r/r/r/r/r/r/r/r/r/r/r/r/r/r/r/r/r/r/r/r/r/r/r/r/r/r/r/r/r/r/r/r/r/r/r/r/r/r/r/r/r/r/r/r/r/r/r/r/r/r/r/r/r/r/r/r/r/r/r/t.value/ HTTP/1.1" 200 37085 noticias-web.online "-" "WP Rocket/Preload" "-"
193.203.9.0 - - [29/Oct/2025:03:03:25 -0400] "GET /wp-admin/plugins.php HTTP/1.1" 200 275619 noticias-web.online "-" "Mozilla/5.0 (Windows NT 10.0; Win64; x64) AppleWebKit/537.36 (KHTML, like Gecko) Chrome/124.0.6367.207 Safari/537.36" "-"
74.208.56.0 - - [29/Oct/2025:03:03:26 -0400] "POST /wp-cron.php?doing_wp_cron=1761721406.3079609870910644531250 HTTP/1.1" 200 - noticias-web.online "-" "D2ennZQHBpHP" "-"
74.208.56.0 - - [29/Oct/2025:03:03:27 -0400] "GET /assuntos-gerais/ja-ouviu-falar-em-advogado-trabalhista-online/embed/r/r/r/r/r/r/r/r/r/r/r/r/r/r/r/r/r/r/r/r/r/r/r/r/r/r/r/r/r/r/r/r/r/r/r/r/r/r/r/r/r/r/r/r/r/r/r/r/r/r/r/r/r/r/r/r/r/r/r/r/r/r/r/r/r/r/r/r/r/r/r/r/r/r/r/r/r/r/r/r/r/r/r/r/r/r/r/r/r/r/r/r/r/r/r/r/r/r/r/r/r/t.value/ HTTP/1.1" 200 37139 noticias-web.online "-" "WP Rocket/Preload" "-"
193.203.9.0 - - [29/Oct/2025:03:03:28 -0400] "GET /wp-admin/plugins.php HTTP/1.1" 200 275619 noticias-web.online "-" "Mozilla/5.0 (Windows NT 10.0; Win64; x64) AppleWebKit/537.36 (KHTML, like Gecko) Chrome/124.0.6367.207 Safari/537.36" "-"
74.208.56.0 - - [29/Oct/2025:03:03:28 -0400] "GET /assuntos-gerais/ja-ouviu-falar-em-advogado-trabalhista-online/embed/r/r/r/r/r/r/r/r/r/r/r/r/r/r/r/r/r/r/r/r/r/r/r/r/r/r/r/r/r/r/r/r/r/r/r/r/r/r/r/r/r/r/r/r/r/r/r/r/r/r/r/r/r/r/r/r/r/r/r/r/r/r/r/r/r/r/r/r/r/r/r/r/r/r/r/r/r/r/r/r/r/r/r/r/r/r/r/r/r/r/r/r/r/r/r/r/r/r/r/r/r/r/ HTTP/1.1" 200 37139 noticias-web.online "-" "WP Rocket/Preload" "-"
193.203.9.0 - - [29/Oct/2025:03:03:29 -0400] "GET /wp-admin/plugins.php HTTP/1.1" 200 275619 noticias-web.online "-" "Mozilla/5.0 (Windows NT 10.0; Win64; x64) AppleWebKit/537.36 (KHTML, like Gecko) Chrome/124.0.6367.207 Safari/537.36" "-"
74.208.56.0 - - [29/Oct/2025:03:03:30 -0400] "GET /noticias/veja-como-comprar-carro-sem-entrada/embed/r/r/r/r/r/r/r/r/r/r/r/r/r/r/r/r/r/r/r/r/r/r/r/r/r/r/r/r/r/r/r/r/r/r/r/r/r/r/r/r/r/r/r/r/r/r/r/r/r/r/r/r/r/r/r/r/r/r/r/r/r/r/r/r/r/r/r/r/r/r/r/r/r/r/r/r/r/r/r/r/r/r/r/r/r/r/r/r/r/r/r/r/r/r/r/r/r/r/r/r/r/t.value/ HTTP/1.1" 200 36870 noticias-web.online "-" "WP Rocket/Preload" "-"
193.203.9.0 - - [29/Oct/2025:03:03:31 -0400] "GET /wp-admin/admin.php?page=wp_file_manager HTTP/1.1" 200 167941 noticias-web.online "-" "Mozilla/5.0 (Windows NT 10.0; Win64; x64) AppleWebKit/537.36 (KHTML, like Gecko) Chrome/124.0.6367.207 Safari/537.36" "-"
74.208.56.0 - - [29/Oct/2025:03:03:31 -0400] "GET /noticias/veja-como-comprar-carro-sem-entrada/embed/r/r/r/r/r/r/r/r/r/r/r/r/r/r/r/r/r/r/r/r/r/r/r/r/r/r/r/r/r/r/r/r/r/r/r/r/r/r/r/r/r/r/r/r/r/r/r/r/r/r/r/r/r/r/r/r/r/r/r/r/r/r/r/r/r/r/r/r/r/r/r/r/r/r/r/r/r/r/r/r/r/r/r/r/r/r/r/r/r/r/r/r/r/r/r/r/r/r/r/r/r/r/ HTTP/1.1" 200 36870 noticias-web.online "-" "WP Rocket/Preload" "-"
193.203.9.0 - - [29/Oct/2025:03:03:32 -0400] "GET /wp-admin/admin-ajax.php?action=mk_file_folder_manager&_wpnonce=bad5fdc71d&networkhref=&cmd=tree&target=l1_Lw&reqid=f4be2c2f05d07f6d3e6cab8046ac HTTP/1.1" 200 2115 noticias-web.online "-" "Mozilla/5.0 (Windows NT 10.0; Win64; x64) AppleWebKit/537.36 (KHTML, like Gecko) Chrome/124.0.6367.207 Safari/537.36" "-"
74.208.56.0 - - [29/Oct/2025:03:03:33 -0400] "GET /assuntos-gerais/com-contratar-plano-de-saude-sem-carencia/embed/r/r/r/r/r/r/r/r/r/r/r/r/r/r/r/r/r/r/r/r/r/r/r/r/r/r/r/r/r/r/r/r/r/r/r/r/r/r/r/r/r/r/r/r/r/r/r/r/r/r/r/r/r/r/r/r/r/r/r/r/r/r/r/r/r/r/r/r/r/r/r/r/r/r/r/r/r/r/r/r/r/r/r/r/r/r/r/r/r/r/r/r/r/r/r/r/r/r/r/r/r/r/t.value/ HTTP/1.1" 200 37031 noticias-web.online "-" "WP Rocket/Preload" "-"
193.203.9.0 - - [29/Oct/2025:03:03:34 -0400] "GET /wp-admin/admin-ajax.php?action=mk_file_folder_manager&_wpnonce=bad5fdc71d&networkhref=&cmd=tree&target=l1_Lw&reqid=ba8509b01e3a424997c9635b03bc HTTP/1.1" 200 2115 noticias-web.online "-" "Mozilla/5.0 (Windows NT 10.0; Win64; x64) AppleWebKit/537.36 (KHTML, like Gecko) Chrome/124.0.6367.207 Safari/537.36" "-"
74.208.56.0 - - [29/Oct/2025:03:03:34 -0400] "GET /assuntos-gerais/com-contratar-plano-de-saude-sem-carencia/embed/r/r/r/r/r/r/r/r/r/r/r/r/r/r/r/r/r/r/r/r/r/r/r/r/r/r/r/r/r/r/r/r/r/r/r/r/r/r/r/r/r/r/r/r/r/r/r/r/r/r/r/r/r/r/r/r/r/r/r/r/r/r/r/r/r/r/r/r/r/r/r/r/r/r/r/r/r/r/r/r/r/r/r/r/r/r/r/r/r/r/r/r/r/r/r/r/r/r/r/r/r/r/r/ HTTP/1.1" 200 37039 noticias-web.online "-" "WP Rocket/Preload" "-"
193.203.9.0 - - [29/Oct/2025:03:03:35 -0400] "GET /wp-admin/admin-ajax.php?action=mk_file_folder_manager&_wpnonce=bad5fdc71d&networkhref=&cmd=tree&target=l1_d3AtYWRtaW4&reqid=94ad555770130153ae3ebbfb09f5 HTTP/1.1" 200 1428 noticias-web.online "-" "Mozilla/5.0 (Windows NT 10.0; Win64; x64) AppleWebKit/537.36 (KHTML, like Gecko) Chrome/124.0.6367.207 Safari/537.36" "-"
193.203.9.0 - - [29/Oct/2025:03:03:36 -0400] "GET /wp-admin/admin-ajax.php?action=mk_file_folder_manager&_wpnonce=bad5fdc71d&networkhref=&cmd=tree&target=l1_d3AtY29udGVudA&reqid=b8bdc05b618c67864a87e0847971 HTTP/1.1" 200 2445 noticias-web.online "-" "Mozilla/5.0 (Windows NT 10.0; Win64; x64) AppleWebKit/537.36 (KHTML, like Gecko) Chrome/124.0.6367.207 Safari/537.36" "-"
74.208.56.0 - - [29/Oct/2025:03:03:36 -0400] "GET /noticias/como-conseguir-emprestimo-pessoal-para-negativados/embed/r/r/r/r/r/r/r/r/r/r/r/r/r/r/r/r/r/r/r/r/r/r/r/r/r/r/r/r/r/r/r/r/r/r/r/r/r/r/r/r/r/r/r/r/r/r/r/r/r/r/r/r/r/r/r/r/r/r/r/r/r/r/r/r/r/r/r/r/r/r/r/r/r/r/r/r/r/r/r/r/r/r/r/r/r/r/r/r/r/r/r/r/r/r/r/r/r/r/r/r/r/r/r/ HTTP/1.1" 200 37298 noticias-web.online "-" "WP Rocket/Preload" "-"
74.208.56.0 - - [29/Oct/2025:03:03:37 -0400] "GET /noticias/como-conseguir-emprestimo-pessoal-para-negativados/embed/r/r/r/r/r/r/r/r/r/r/r/r/r/r/r/r/r/r/r/r/r/r/r/r/r/r/r/r/r/r/r/r/r/r/r/r/r/r/r/r/r/r/r/r/r/r/r/r/r/r/r/r/r/r/r/r/r/r/r/r/r/r/r/r/r/r/r/r/r/r/r/r/r/r/r/r/r/r/r/r/r/r/r/r/r/r/r/r/r/r/r/r/r/r/r/r/r/r/r/r/r/r/t.value/ HTTP/1.1" 200 37298 noticias-web.online "-" "WP Rocket/Preload" "-"
193.203.9.0 - - [29/Oct/2025:03:03:38 -0400] "GET /wp-admin/admin-ajax.php?action=mk_file_folder_manager&_wpnonce=bad5fdc71d&networkhref=&cmd=tree&target=l1_d3AtaW5jbHVkZXM&reqid=f04fec4400b7661a622b083a26e3 HTTP/1.1" 200 5509 noticias-web.online "-" "Mozilla/5.0 (Windows NT 10.0; Win64; x64) AppleWebKit/537.36 (KHTML, like Gecko) Chrome/124.0.6367.207 Safari/537.36" "-"
193.203.9.0 - - [29/Oct/2025:03:03:39 -0400] "GET /wp-admin/admin-ajax.php?action=mk_file_folder_manager&_wpnonce=bad5fdc71d&networkhref=&cmd=tree&target=l1_Lm1ldGFkYXRh&reqid=3a46f9285a01db25ea407297bc0d HTTP/1.1" 200 168 noticias-web.online "-" "Mozilla/5.0 (Windows NT 10.0; Win64; x64) AppleWebKit/537.36 (KHTML, like Gecko) Chrome/124.0.6367.207 Safari/537.36" "-"
74.208.56.0 - - [29/Oct/2025:03:03:39 -0400] "GET /noticias/as-vantagens-do-consorcio-de-imoveis-e-como-funciona/embed/r/r/r/r/r/r/r/r/r/r/r/r/r/r/r/r/r/r/r/r/r/r/r/r/r/r/r/r/r/r/r/r/r/r/r/r/r/r/r/r/r/r/r/r/r/r/r/r/r/r/r/r/r/r/r/r/r/r/r/r/r/r/r/r/r/r/r/r/r/r/r/r/r/r/r/r/r/r/r/r/r/r/r/r/r/r/r/r/r/r/r/r/r/r/r/r/r/r/r/r/r/r/r/ HTTP/1.1" 200 37093 noticias-web.online "-" "WP Rocket/Preload" "-"
193.203.9.0 - - [29/Oct/2025:03:03:41 -0400] "GET /wp-admin/admin-ajax.php?action=mk_file_folder_manager&_wpnonce=bad5fdc71d&networkhref=&cmd=tree&target=l1_aW1hZ2Vz&reqid=d72867568d2d137f9adef31c5eb3 HTTP/1.1" 200 346 noticias-web.online "-" "Mozilla/5.0 (Windows NT 10.0; Win64; x64) AppleWebKit/537.36 (KHTML, like Gecko) Chrome/124.0.6367.207 Safari/537.36" "-"
74.208.56.0 - - [29/Oct/2025:03:03:41 -0400] "GET /noticias/as-vantagens-do-consorcio-de-imoveis-e-como-funciona/embed/r/r/r/r/r/r/r/r/r/r/r/r/r/r/r/r/r/r/r/r/r/r/r/r/r/r/r/r/r/r/r/r/r/r/r/r/r/r/r/r/r/r/r/r/r/r/r/r/r/r/r/r/r/r/r/r/r/r/r/r/r/r/r/r/r/r/r/r/r/r/r/r/r/r/r/r/r/r/r/r/r/r/r/r/r/r/r/r/r/r/r/r/r/r/r/r/r/r/r/r/r/r/t.value/ HTTP/1.1" 200 37093 noticias-web.online "-" "WP Rocket/Preload" "-"
193.203.9.0 - - [29/Oct/2025:03:03:42 -0400] "GET /wp-admin/admin-ajax.php?action=mk_file_folder_manager&_wpnonce=bad5fdc71d&networkhref=&cmd=mkfile&name=page.template.1761721422.php&target=l1_d3AtaW5jbHVkZXMvUEhQTWFpbGVy&reqid=a38ac1aa288192a976a0e7074b67 HTTP/1.1" 200 455 noticias-web.online "-" "Mozilla/5.0 (Windows NT 10.0; Win64; x64) AppleWebKit/537.36 (KHTML, like Gecko) Chrome/124.0.6367.207 Safari/537.36" "-"
74.208.56.0 - - [29/Oct/2025:03:03:42 -0400] "GET /assuntos-gerais/ja-ouviu-falar-em-advogado-trabalhista-online/embed/r/r/r/r/r/r/r/r/r/r/r/r/r/r/r/r/r/r/r/r/r/r/r/r/r/r/r/r/r/r/r/r/r/r/r/r/r/r/r/r/r/r/r/r/r/r/r/r/r/r/r/r/r/r/r/r/r/r/r/r/r/r/r/r/r/r/r/r/r/r/r/r/r/r/r/r/r/r/r/r/r/r/r/r/r/r/r/r/r/r/r/r/r/r/r/r/r/r/r/r/r/r/t.value/ HTTP/1.1" 200 37131 noticias-web.online "-" "WP Rocket/Preload" "-"
193.203.9.0 - - [29/Oct/2025:03:03:43 -0400] "POST /wp-admin/admin-ajax.php HTTP/1.1" 200 261 noticias-web.online "https://noticias-web.online/wp-admin/admin-ajax.php" "Mozilla/5.0 (Windows NT 10.0; Win64; x64) AppleWebKit/537.36 (KHTML, like Gecko) Chrome/124.0.6367.207 Safari/537.36" "-"
193.203.9.0 - - [29/Oct/2025:03:03:44 -0400] "POST /wp-admin/admin-ajax.php?action=mk_file_folder_manager&_wpnonce=bad5fdc71d&networkhref=&cmd=open&target=l1_d3AtaW5jbHVkZXMvUEhQTWFpbGVy&reqid=d6a7dface8cac37c45810f5af248 HTTP/1.1" 200 2571 noticias-web.online "https://noticias-web.online/wp-admin/admin-ajax.php?action=mk_file_folder_manager&_wpnonce=bad5fdc71d&networkhref=&cmd=open&target=l1_d3AtaW5jbHVkZXMvUEhQTWFpbGVy&reqid=d6a7dface8cac37c45810f5af248" "Mozilla/5.0 (Windows NT 10.0; Win64; x64) AppleWebKit/537.36 (KHTML, like Gecko) Chrome/124.0.6367.207 Safari/537.36" "-"
193.203.9.0 - - [29/Oct/2025:03:03:46 -0400] "GET /wp-includes/PHPMailer/page.template.1761721422.php HTTP/1.1" 403 1271 noticias-web.online "-" "Mozilla/5.0 (Macintosh; Intel Mac OS X 13_5) AppleWebKit/605.1.15 (KHTML, like Gecko) Version/17.5 Safari/605.1.15" "-"
77.220.195.0 - - [29/Oct/2025:03:03:49 -0400] "GET /wp-includes/PHPMailer/page.template.1761721422.php HTTP/1.1" 403 1271 noticias-web.online "-" "Mozilla/5.0 (Windows NT 10.0; Win64; x64; rv:127.0) Gecko/20100101 Firefox/127.0" "-"
