74.7.227.0 - - [13/Nov/2025:00:53:00 -0500] "GET /?path=//kunden/kunden/kunden/kunden/kunden/kunden/kunden/proc/thread-self/root/proc/thread-self/root/kunden/kunden/proc/thread-self/root/kunden/lib/locale/mr_IN HTTP/1.1" 200 38625 noticias-web.online "-" "Mozilla/5.0 AppleWebKit/537.36 (KHTML, like Gecko; compatible; GPTBot/1.3; +https://openai.com/gptbot)" "-"
3.216.86.0 - - [13/Nov/2025:00:53:00 -0500] "GET /2025/10/26/?path=//kunden/kunden/kunden/etc/groff HTTP/1.1" 200 15805 noticias-web.online "-" "Mozilla/5.0 AppleWebKit/537.36 (KHTML, like Gecko; compatible; Amazonbot/0.1; +https://developer.amazon.com/support/amazonbot) Chrome/119.0.6045.214 Safari/537.36" "-"
216.73.216.0 - - [13/Nov/2025:00:53:01 -0500] "GET /2025/09/18?fileloc=%2Fhomepages%2F4%2Fd860090557%2Fhtdocs%2Fclickandbuilds%2FSLCCommercial-orig%2Fwp-admin%2Fpost.php&path=%2Fhomepages%2F4%2Fd860090557%2Fhtdocs%2Fclickandbuilds%2FSLCCommercial-orig%2Fwp-admin HTTP/1.1" 200 23140 noticias-web.online "-" "Mozilla/5.0 AppleWebKit/537.36 (KHTML, like Gecko; compatible; ClaudeBot/1.0; +claudebot@anthropic.com)" "-"
74.7.227.0 - - [13/Nov/2025:00:53:03 -0500] "GET /?path=//kunden/kunden/kunden/kunden/kunden/kunden/kunden/proc/thread-self/root/proc/thread-self/root/kunden/kunden/proc/thread-self/root/kunden/lib/locale/tn_ZA HTTP/1.1" 200 38624 noticias-web.online "-" "Mozilla/5.0 AppleWebKit/537.36 (KHTML, like Gecko; compatible; GPTBot/1.3; +https://openai.com/gptbot)" "-"
216.73.216.0 - - [13/Nov/2025:00:53:04 -0500] "GET /assuntos-gerais/what-to-know-about-wagering-requirements-on-glory-casino-bonus?fileloc=%2F%2Fusr%2Fshare%2Fman%2Fman3%2FModule%3A%3ASignature.3pm.gz&path=%2F%2Fusr%2Fshare%2Fman%2Fman3 HTTP/1.1" 200 12344 noticias-web.online "-" "Mozilla/5.0 AppleWebKit/537.36 (KHTML, like Gecko; compatible; ClaudeBot/1.0; +claudebot@anthropic.com)" "-"
66.249.73.0 - - [13/Nov/2025:00:53:05 -0500] "GET /goods61576512?kg=0061500341 HTTP/1.1" 200 199273 www.noticias-web.online "-" "Mozilla/5.0 (compatible; Googlebot/2.1; +http://www.google.com/bot.html)" "-"
18.209.201.0 - - [13/Nov/2025:00:53:05 -0500] "GET /assuntos-gerais/how-to-try-out-slot-equipment-a-detailed-newcomers-guide-2/?path=//kunden/usr/share/doc/libxmlrpc-lite-perl HTTP/1.1" 200 17476 noticias-web.online "-" "Mozilla/5.0 AppleWebKit/537.36 (KHTML, like Gecko; compatible; Amazonbot/0.1; +https://developer.amazon.com/support/amazonbot) Chrome/119.0.6045.214 Safari/537.36" "-"
74.7.227.0 - - [13/Nov/2025:00:53:06 -0500] "GET /?path=//kunden/kunden/kunden/kunden/kunden/kunden/kunden/proc/thread-self/root/proc/thread-self/root/kunden/kunden/proc/thread-self/root/kunden/lib/locale/ar_MA HTTP/1.1" 200 38626 noticias-web.online "-" "Mozilla/5.0 AppleWebKit/537.36 (KHTML, like Gecko; compatible; GPTBot/1.3; +https://openai.com/gptbot)" "-"
216.73.216.0 - - [13/Nov/2025:00:53:07 -0500] "GET /assuntos-gerais/how-to-try-out-slot-equipment-a-detailed-newcomers-guide-2/feed?fileloc=%2Fhomepages%2F4%2Fd860090557%2Fhtdocs%2Fclickandbuilds%2FNotciasWebOnline%2Fwp-includes%2Fblocks%2Frss%2Fstyle.css&path=%2Fhomepages%2F4%2Fd860090557%2Fhtdocs%2Fclickandbuilds%2FNotciasWebOnline%2Fwp-includes%2Fblocks%2Frss HTTP/1.1" 200 13705 noticias-web.online "-" "Mozilla/5.0 AppleWebKit/537.36 (KHTML, like Gecko; compatible; ClaudeBot/1.0; +claudebot@anthropic.com)" "-"
54.157.84.0 - - [13/Nov/2025:00:53:08 -0500] "GET /assuntos-gerais/pretende-jogar-na-mostbet-com-2/?path=//proc/self/root/proc/thread-self/root/sys HTTP/1.1" 200 12929 noticias-web.online "-" "Mozilla/5.0 AppleWebKit/537.36 (KHTML, like Gecko; compatible; Amazonbot/0.1; +https://developer.amazon.com/support/amazonbot) Chrome/119.0.6045.214 Safari/537.36" "-"
217.113.194.0 - - [13/Nov/2025:00:53:08 -0500] "GET /assuntos-gerais/what-is-the-greatest-time-to-play-slots-2/feed/?path=/homepages/4/d849001659 HTTP/1.1" 200 24001 noticias-web.online "-" "Mozilla/5.0 (compatible; Barkrowler/0.9; +https://babbar.tech/crawler)" "-"
74.7.227.0 - - [13/Nov/2025:00:53:10 -0500] "GET /?path=//kunden/kunden/kunden/kunden/kunden/kunden/kunden/proc/thread-self/root/proc/thread-self/root/kunden/kunden/proc/thread-self/root/kunden/lib/locale/dsb_DE HTTP/1.1" 200 38674 noticias-web.online "-" "Mozilla/5.0 AppleWebKit/537.36 (KHTML, like Gecko; compatible; GPTBot/1.3; +https://openai.com/gptbot)" "-"
216.73.216.0 - - [13/Nov/2025:00:53:10 -0500] "GET /assuntos-gerais/what-to-know-about-wagering-requirements-on-glory-casino-bonus?fileloc=%2Fhomepages%2F4%2Fd860090557%2Fhtdocs%2Fclickandbuilds%2FSLCCommercial%2Fwp-includes%2Fclass-wp-session-tokens.php&path=%2Fhomepages%2F4%2Fd860090557%2Fhtdocs%2Fclickandbuilds%2FSLCCommercial%2Fwp-includes HTTP/1.1" 200 20088 noticias-web.online "-" "Mozilla/5.0 AppleWebKit/537.36 (KHTML, like Gecko; compatible; ClaudeBot/1.0; +claudebot@anthropic.com)" "-"
74.7.227.0 - - [13/Nov/2025:00:53:13 -0500] "GET /?path=//kunden/kunden/kunden/kunden/kunden/kunden/kunden/proc/thread-self/root/proc/thread-self/root/kunden/kunden/proc/thread-self/root/kunden/lib/locale/pa_PK HTTP/1.1" 200 38625 noticias-web.online "-" "Mozilla/5.0 AppleWebKit/537.36 (KHTML, like Gecko; compatible; GPTBot/1.3; +https://openai.com/gptbot)" "-"
216.73.216.0 - - [13/Nov/2025:00:53:13 -0500] "GET /2025/06/07?fileloc=%2F%2Flib%2Flocale%2Fkl_GL%2FLC_COLLATE&path=%2F%2Flib%2Flocale%2Fkl_GL HTTP/1.1" 200 12289 noticias-web.online "-" "Mozilla/5.0 AppleWebKit/537.36 (KHTML, like Gecko; compatible; ClaudeBot/1.0; +claudebot@anthropic.com)" "-"
54.210.152.0 - - [13/Nov/2025:00:53:13 -0500] "GET /assuntos-gerais/faca-o-login-e-jogue-online-2/?fileloc=//kunden/usr/bin/pnmhistmap&path=//kunden/usr/bin HTTP/1.1" 200 12286 noticias-web.online "-" "Mozilla/5.0 AppleWebKit/537.36 (KHTML, like Gecko; compatible; Amazonbot/0.1; +https://developer.amazon.com/support/amazonbot) Chrome/119.0.6045.214 Safari/537.36" "-"
98.83.177.0 - - [13/Nov/2025:00:53:15 -0500] "GET /assuntos-gerais/pretende-jogar-na-mostbet-com-2/?path=//kunden/proc/self/root/kunden/proc/self/root/lib/ssl HTTP/1.1" 200 19045 noticias-web.online "-" "Mozilla/5.0 AppleWebKit/537.36 (KHTML, like Gecko; compatible; Amazonbot/0.1; +https://developer.amazon.com/support/amazonbot) Chrome/119.0.6045.214 Safari/537.36" "-"
216.73.216.0 - - [13/Nov/2025:00:53:16 -0500] "GET /assuntos-gerais/unlocking-hidden-rewards-lessons-from-ancient-and-modern-games-75/?fileloc=%2Fhomepages%2F4%2Fd860090557%2Fhtdocs%2Fclickandbuilds%2FBesMarketHealth%2Fwp-includes%2Fcss%2Fadmin-bar-rtl.css&path=%2Fhomepages%2F4%2Fd860090557%2Fhtdocs%2Fclickandbuilds%2FBesMarketHealth%2Fwp-includes%2Fcss HTTP/1.1" 200 38214 noticias-web.online "-" "Mozilla/5.0 AppleWebKit/537.36 (KHTML, like Gecko; compatible; ClaudeBot/1.0; +claudebot@anthropic.com)" "-"
74.7.227.0 - - [13/Nov/2025:00:53:16 -0500] "GET /?path=//kunden/kunden/kunden/kunden/kunden/kunden/kunden/proc/thread-self/root/proc/thread-self/root/kunden/kunden/proc/thread-self/root/kunden/lib/locale/ln_CD HTTP/1.1" 200 38624 noticias-web.online "-" "Mozilla/5.0 AppleWebKit/537.36 (KHTML, like Gecko; compatible; GPTBot/1.3; +https://openai.com/gptbot)" "-"
216.73.216.0 - - [13/Nov/2025:00:53:19 -0500] "GET /assuntos-gerais/unlocking-hidden-rewards-lessons-from-ancient-and-modern-games-75/?path=%2Fhomepages%2F4%2Fd860090557%2Fhtdocs%2Fclickandbuilds%2FBesMarketHealth%2Fwp-includes%2Fblocks%2Flatest-posts HTTP/1.1" 200 30883 noticias-web.online "-" "Mozilla/5.0 AppleWebKit/537.36 (KHTML, like Gecko; compatible; ClaudeBot/1.0; +claudebot@anthropic.com)" "-"
74.7.227.0 - - [13/Nov/2025:00:53:19 -0500] "GET /?path=//kunden/kunden/kunden/kunden/kunden/kunden/kunden/proc/thread-self/root/proc/thread-self/root/kunden/kunden/proc/thread-self/root/kunden/lib/locale/ar_EG HTTP/1.1" 200 38626 noticias-web.online "-" "Mozilla/5.0 AppleWebKit/537.36 (KHTML, like Gecko; compatible; GPTBot/1.3; +https://openai.com/gptbot)" "-"
3.221.156.0 - - [13/Nov/2025:00:53:22 -0500] "GET /assuntos-gerais/faca-o-login-e-jogue-online-2/?path=//kunden/kunden/kunden/usr/share/doc/libauthen-sasl-perl HTTP/1.1" 200 20828 noticias-web.online "-" "Mozilla/5.0 AppleWebKit/537.36 (KHTML, like Gecko; compatible; Amazonbot/0.1; +https://developer.amazon.com/support/amazonbot) Chrome/119.0.6045.214 Safari/537.36" "-"
216.73.216.0 - - [13/Nov/2025:00:53:22 -0500] "GET /assuntos-gerais/the-ending-of-casino-finally-explained-2/feed?path=%2F%2Fhomepages%2F24%2Fd333307668%2Fhtdocs HTTP/1.1" 200 12771 noticias-web.online "-" "Mozilla/5.0 AppleWebKit/537.36 (KHTML, like Gecko; compatible; ClaudeBot/1.0; +claudebot@anthropic.com)" "-"
74.7.227.0 - - [13/Nov/2025:00:53:22 -0500] "GET /?path=//kunden/kunden/kunden/kunden/kunden/kunden/kunden/proc/thread-self/root/proc/thread-self/root/kunden/kunden/proc/thread-self/root/kunden/lib/locale/an_ES HTTP/1.1" 200 38626 noticias-web.online "-" "Mozilla/5.0 AppleWebKit/537.36 (KHTML, like Gecko; compatible; GPTBot/1.3; +https://openai.com/gptbot)" "-"
217.113.194.0 - - [13/Nov/2025:00:53:24 -0500] "GET /assuntos-gerais/what-is-the-greatest-time-to-play-slots-2/feed/?path=/homepages/4/d849868245 HTTP/1.1" 200 28423 noticias-web.online "-" "Mozilla/5.0 (compatible; Barkrowler/0.9; +https://babbar.tech/crawler)" "-"
216.73.216.0 - - [13/Nov/2025:00:53:25 -0500] "GET /2025/07/20?path=%2F%2Fproc%2Fsys%2Fnet%2Fcore HTTP/1.1" 200 20039 noticias-web.online "-" "Mozilla/5.0 AppleWebKit/537.36 (KHTML, like Gecko; compatible; ClaudeBot/1.0; +claudebot@anthropic.com)" "-"
3.212.205.0 - - [13/Nov/2025:00:53:25 -0500] "GET /assuntos-gerais/official-internet-site-3/?path=//proc/self/root/proc/self/root/kunden/kunden/lib/locale/sl_SI HTTP/1.1" 200 32522 noticias-web.online "-" "Mozilla/5.0 AppleWebKit/537.36 (KHTML, like Gecko; compatible; Amazonbot/0.1; +https://developer.amazon.com/support/amazonbot) Chrome/119.0.6045.214 Safari/537.36" "-"
74.7.227.0 - - [13/Nov/2025:00:53:25 -0500] "GET /?path=//kunden/kunden/kunden/kunden/kunden/kunden/kunden/proc/thread-self/root/proc/thread-self/root/kunden/kunden/proc/thread-self/root/kunden/lib/locale/el_GR@euro HTTP/1.1" 200 38872 noticias-web.online "-" "Mozilla/5.0 AppleWebKit/537.36 (KHTML, like Gecko; compatible; GPTBot/1.3; +https://openai.com/gptbot)" "-"
216.73.216.0 - - [13/Nov/2025:00:53:28 -0500] "GET /?path=%2Fhomepages%2F25%2Fd334001107%2Fhtdocs HTTP/1.1" 200 12767 noticias-web.online "-" "Mozilla/5.0 AppleWebKit/537.36 (KHTML, like Gecko; compatible; ClaudeBot/1.0; +claudebot@anthropic.com)" "-"
54.197.102.0 - - [13/Nov/2025:00:53:28 -0500] "GET /2025/10/28/?path=//proc/self/root/kunden/kunden/proc/thread-self/root/lib/locale/ru_RU HTTP/1.1" 200 32910 noticias-web.online "-" "Mozilla/5.0 AppleWebKit/537.36 (KHTML, like Gecko; compatible; Amazonbot/0.1; +https://developer.amazon.com/support/amazonbot) Chrome/119.0.6045.214 Safari/537.36" "-"
74.7.227.0 - - [13/Nov/2025:00:53:29 -0500] "GET /?path=//kunden/kunden/kunden/kunden/kunden/kunden/kunden/proc/thread-self/root/proc/thread-self/root/kunden/kunden/proc/thread-self/root/kunden/lib/locale/lt_LT HTTP/1.1" 200 38627 noticias-web.online "-" "Mozilla/5.0 AppleWebKit/537.36 (KHTML, like Gecko; compatible; GPTBot/1.3; +https://openai.com/gptbot)" "-"
216.73.216.0 - - [13/Nov/2025:00:53:31 -0500] "GET /assuntos-gerais/mostbet-diye-kibhaabe-ttaakaa-inkaam-kraa-yaay-bibhinn-suyog-niye?fileloc=%2F%2Fkunden%2Fusr%2Fshare%2Femacs%2F27.1%2Fetc%2Fschema%2Fxhtml-xstyle.rnc&path=%2F%2Fkunden%2Fusr%2Fshare%2Femacs%2F27.1%2Fetc%2Fschema HTTP/1.1" 200 12822 noticias-web.online "-" "Mozilla/5.0 AppleWebKit/537.36 (KHTML, like Gecko; compatible; ClaudeBot/1.0; +claudebot@anthropic.com)" "-"
74.7.227.0 - - [13/Nov/2025:00:53:32 -0500] "GET /?path=//kunden/kunden/kunden/kunden/kunden/kunden/kunden/proc/thread-self/root/proc/thread-self/root/kunden/kunden/proc/thread-self/root/kunden/lib/locale/ti_ER HTTP/1.1" 200 38625 noticias-web.online "-" "Mozilla/5.0 AppleWebKit/537.36 (KHTML, like Gecko; compatible; GPTBot/1.3; +https://openai.com/gptbot)" "-"
54.147.182.0 - - [13/Nov/2025:00:53:33 -0500] "GET /2025/10/26/?path=//kunden/kunden/kunden/kunden/usr/lib/locale/pt_PT HTTP/1.1" 200 31765 noticias-web.online "-" "Mozilla/5.0 AppleWebKit/537.36 (KHTML, like Gecko; compatible; Amazonbot/0.1; +https://developer.amazon.com/support/amazonbot) Chrome/119.0.6045.214 Safari/537.36" "-"
2a03:2880:f800:: - - [13/Nov/2025:00:53:33 -0500] "GET /assuntos-gerais/mastering-data-driven-personalization-in-email-campaigns-from-technical-setup-to-optimization/?path=/homepages/29 HTTP/1.1" 200 84580 noticias-web.online "-" "meta-externalagent/1.1 (+https://developers.facebook.com/docs/sharing/webmasters/crawler)" "-"
216.73.216.0 - - [13/Nov/2025:00:53:34 -0500] "GET /assuntos-gerais/how-to-try-out-slot-equipment-a-detailed-newcomers-guide-2/feed?path=%2F%2Fproc%2Fself%2Froot%2Flib%2Fgit-core HTTP/1.1" 200 259924 noticias-web.online "-" "Mozilla/5.0 AppleWebKit/537.36 (KHTML, like Gecko; compatible; ClaudeBot/1.0; +claudebot@anthropic.com)" "-"
74.7.227.0 - - [13/Nov/2025:00:53:35 -0500] "GET /?path=//kunden/kunden/kunden/kunden/kunden/kunden/kunden/proc/thread-self/root/proc/thread-self/root/kunden/kunden/proc/thread-self/root/kunden/lib/locale/ca_IT HTTP/1.1" 200 38626 noticias-web.online "-" "Mozilla/5.0 AppleWebKit/537.36 (KHTML, like Gecko; compatible; GPTBot/1.3; +https://openai.com/gptbot)" "-"
216.73.216.0 - - [13/Nov/2025:00:53:37 -0500] "GET /assuntos-gerais/il-fascino-dei-dadi-probabilita-e-effetti-visivi-in-giochi-e-scoperte/feed?fileloc=%2Fhomepages%2F4%2Fd860090557%2Fhtdocs%2Fclickandbuilds%2FSLCCommercial%2Fwp-includes%2Fregistration-functions.php&path=%2Fhomepages%2F4%2Fd860090557%2Fhtdocs%2Fclickandbuilds%2FSLCCommercial%2Fwp-includes HTTP/1.1" 200 12914 noticias-web.online "-" "Mozilla/5.0 AppleWebKit/537.36 (KHTML, like Gecko; compatible; ClaudeBot/1.0; +claudebot@anthropic.com)" "-"
2a03:2880:f800:: - - [13/Nov/2025:00:53:37 -0500] "GET /assuntos-gerais/who-owns-the-horseshoe-brand-2/?fileloc=//proc/pagetypeinfo&path=//proc HTTP/1.1" 200 12196 noticias-web.online "-" "meta-externalagent/1.1 (+https://developers.facebook.com/docs/sharing/webmasters/crawler)" "-"
18.210.58.0 - - [13/Nov/2025:00:53:37 -0500] "GET /2025/10/28/?path=//proc/self/root/proc/self/root/proc/thread-self/root/lib/locale/es_DO/LC_MESSAGES HTTP/1.1" 200 15167 noticias-web.online "-" "Mozilla/5.0 AppleWebKit/537.36 (KHTML, like Gecko; compatible; Amazonbot/0.1; +https://developer.amazon.com/support/amazonbot) Chrome/119.0.6045.214 Safari/537.36" "-"
74.7.227.0 - - [13/Nov/2025:00:53:38 -0500] "GET /?path=//kunden/kunden/kunden/kunden/kunden/kunden/kunden/proc/thread-self/root/proc/thread-self/root/kunden/kunden/proc/thread-self/root/kunden/lib/locale/ha_NG HTTP/1.1" 200 38624 noticias-web.online "-" "Mozilla/5.0 AppleWebKit/537.36 (KHTML, like Gecko; compatible; GPTBot/1.3; +https://openai.com/gptbot)" "-"
52.44.174.0 - - [13/Nov/2025:00:53:39 -0500] "GET /2025/10/28/?path=//kunden/proc/self/root/proc/self/root/proc/thread-self/root/lib/locale/os_RU HTTP/1.1" 200 33456 noticias-web.online "-" "Mozilla/5.0 AppleWebKit/537.36 (KHTML, like Gecko; compatible; Amazonbot/0.1; +https://developer.amazon.com/support/amazonbot) Chrome/119.0.6045.214 Safari/537.36" "-"
217.113.194.0 - - [13/Nov/2025:00:53:40 -0500] "GET /assuntos-gerais/what-is-the-greatest-time-to-play-slots-2/feed/?path=/homepages/4/d330823463 HTTP/1.1" 200 31383 noticias-web.online "-" "Mozilla/5.0 (compatible; Barkrowler/0.9; +https://babbar.tech/crawler)" "-"
216.73.216.0 - - [13/Nov/2025:00:53:40 -0500] "GET /assuntos-gerais/how-to-try-out-slot-equipment-a-detailed-newcomers-guide-2/feed?fileloc=%2F%2Fproc%2Fself%2Fcwd%2Fwp-includes%2Fclass-wp-recovery-mode-key-service.php&path=%2F%2Fproc%2Fself%2Fcwd%2Fwp-includes HTTP/1.1" 200 17318 noticias-web.online "-" "Mozilla/5.0 AppleWebKit/537.36 (KHTML, like Gecko; compatible; ClaudeBot/1.0; +claudebot@anthropic.com)" "-"
74.7.227.0 - - [13/Nov/2025:00:53:41 -0500] "GET /?fileloc=//kunden/kunden/kunden/kunden/kunden/kunden/kunden/proc/thread-self/root/proc/thread-self/root/kunden/kunden/proc/thread-self/root/kunden/lib/locale/el_GR@euro/LC_PAPER&path=//kunden/kunden/kunden/kunden/kunden/kunden/kunden/proc/thread-self/root/proc/thread-self/root/kunden/kunden/proc/thread-self/root/kunden/lib/locale/el_GR@euro HTTP/1.1" 200 14752 noticias-web.online "-" "Mozilla/5.0 AppleWebKit/537.36 (KHTML, like Gecko; compatible; GPTBot/1.3; +https://openai.com/gptbot)" "-"
216.73.216.0 - - [13/Nov/2025:00:53:43 -0500] "GET /assuntos-gerais/the-ending-of-casino-finally-explained-2/feed?path=%2F%2Fhomepages%2F12%2Fd854347259%2Fhtdocs HTTP/1.1" 200 12771 noticias-web.online "-" "Mozilla/5.0 AppleWebKit/537.36 (KHTML, like Gecko; compatible; ClaudeBot/1.0; +claudebot@anthropic.com)" "-"
100.29.34.0 - - [13/Nov/2025:00:53:43 -0500] "GET /assuntos-gerais/mostbet-login-facil-e-rapido-mostbet-registration-hoje-em-dia/?fileloc=//kunden/proc/self/root/kunden/etc/emacs/site-start.d/00debian.el&path=//kunden/proc/self/root/kunden/etc/emacs/site-start.d HTTP/1.1" 200 13273 noticias-web.online "-" "Mozilla/5.0 AppleWebKit/537.36 (KHTML, like Gecko; compatible; Amazonbot/0.1; +https://developer.amazon.com/support/amazonbot) Chrome/119.0.6045.214 Safari/537.36" "-"
74.7.227.0 - - [13/Nov/2025:00:53:44 -0500] "GET /?path=//kunden/kunden/kunden/kunden/kunden/kunden/kunden/proc/thread-self/root/proc/thread-self/root/kunden/kunden/proc/thread-self/root/kunden/lib/locale/sa_IN HTTP/1.1" 200 38623 noticias-web.online "-" "Mozilla/5.0 AppleWebKit/537.36 (KHTML, like Gecko; compatible; GPTBot/1.3; +https://openai.com/gptbot)" "-"
216.73.216.0 - - [13/Nov/2025:00:53:46 -0500] "GET /assuntos-gerais/ultimate-bets-casino-experience?fileloc=%2F%2Fusr%2Fshare%2Faptitude%2Faptitude-defaults.ca&path=%2F%2Fusr%2Fshare%2Faptitude HTTP/1.1" 200 25356 noticias-web.online "-" "Mozilla/5.0 AppleWebKit/537.36 (KHTML, like Gecko; compatible; ClaudeBot/1.0; +claudebot@anthropic.com)" "-"
74.7.227.0 - - [13/Nov/2025:00:53:47 -0500] "GET /?path=//kunden/kunden/kunden/kunden/kunden/kunden/kunden/proc/thread-self/root/proc/thread-self/root/kunden/kunden/proc/thread-self/root/kunden/lib/locale/id_ID HTTP/1.1" 200 38627 noticias-web.online "-" "Mozilla/5.0 AppleWebKit/537.36 (KHTML, like Gecko; compatible; GPTBot/1.3; +https://openai.com/gptbot)" "-"
98.82.66.0 - - [13/Nov/2025:00:53:48 -0500] "GET /2025/10/26/?path=//kunden/proc/self/root/kunden/proc/thread-self/root/lib/locale/ro_RO HTTP/1.1" 200 32916 noticias-web.online "-" "Mozilla/5.0 AppleWebKit/537.36 (KHTML, like Gecko; compatible; Amazonbot/0.1; +https://developer.amazon.com/support/amazonbot) Chrome/119.0.6045.214 Safari/537.36" "-"
216.73.216.0 - - [13/Nov/2025:00:53:49 -0500] "GET /assuntos-gerais/10-largest-casinos-in-the-us-2/?fileloc=%2Fhomepages%2F4%2Fd860090557%2Fhtdocs%2Fclickandbuilds%2FCleanCleaningNow%2Fwp-includes%2Fcss%2Fadmin-bar.min.css&path=%2Fhomepages%2F4%2Fd860090557%2Fhtdocs%2Fclickandbuilds%2FCleanCleaningNow%2Fwp-includes%2Fcss HTTP/1.1" 200 33139 noticias-web.online "-" "Mozilla/5.0 AppleWebKit/537.36 (KHTML, like Gecko; compatible; ClaudeBot/1.0; +claudebot@anthropic.com)" "-"
74.7.227.0 - - [13/Nov/2025:00:53:50 -0500] "GET /?fileloc=//kunden/kunden/kunden/kunden/kunden/kunden/kunden/proc/thread-self/root/proc/thread-self/root/kunden/kunden/proc/thread-self/root/kunden/lib/locale/ha_NG/LC_TIME&path=//kunden/kunden/kunden/kunden/kunden/kunden/kunden/proc/thread-self/root/proc/thread-self/root/kunden/kunden/proc/thread-self/root/kunden/lib/locale/ha_NG HTTP/1.1" 200 14736 noticias-web.online "-" "Mozilla/5.0 AppleWebKit/537.36 (KHTML, like Gecko; compatible; GPTBot/1.3; +https://openai.com/gptbot)" "-"
216.73.216.0 - - [13/Nov/2025:00:53:52 -0500] "GET /assuntos-gerais/l-impact-des-algorithmes-sur-la-perception-du-temps-dans-les-jeux-numeriques/?path=%2F%2Fusr%2Fshare%2Flocale%2Faz HTTP/1.1" 200 14093 noticias-web.online "-" "Mozilla/5.0 AppleWebKit/537.36 (KHTML, like Gecko; compatible; ClaudeBot/1.0; +claudebot@anthropic.com)" "-"
34.225.138.0 - - [13/Nov/2025:00:53:52 -0500] "GET /assuntos-gerais/mostbet-login-facil-e-rapido-mostbet-registration-hoje-em-dia/?fileloc=//proc/self/root/kunden/proc/thread-self/root/kunden/bin/slogin&path=//proc/self/root/kunden/proc/thread-self/root/kunden/bin HTTP/1.1" 200 12729 noticias-web.online "-" "Mozilla/5.0 AppleWebKit/537.36 (KHTML, like Gecko; compatible; Amazonbot/0.1; +https://developer.amazon.com/support/amazonbot) Chrome/119.0.6045.214 Safari/537.36" "-"
74.7.227.0 - - [13/Nov/2025:00:53:54 -0500] "GET /?path=//kunden/kunden/kunden/kunden/kunden/kunden/kunden/proc/thread-self/root/proc/thread-self/root/kunden/kunden/proc/thread-self/root/kunden/lib/locale/th_TH HTTP/1.1" 200 38625 noticias-web.online "-" "Mozilla/5.0 AppleWebKit/537.36 (KHTML, like Gecko; compatible; GPTBot/1.3; +https://openai.com/gptbot)" "-"
216.73.216.0 - - [13/Nov/2025:00:53:55 -0500] "GET /2025/07/20?fileloc=%2F%2Fkunden%2Fkunden%2Fkunden%2Flib%2Fx86_64-linux-gnu%2Flibpanelw.so.6&path=%2F%2Fkunden%2Fkunden%2Fkunden%2Flib%2Fx86_64-linux-gnu HTTP/1.1" 200 12464 noticias-web.online "-" "Mozilla/5.0 AppleWebKit/537.36 (KHTML, like Gecko; compatible; ClaudeBot/1.0; +claudebot@anthropic.com)" "-"
2a03:2880:f800:: - - [13/Nov/2025:00:53:56 -0500] "GET /assuntos-gerais/mastering-data-driven-personalization-in-email-campaigns-from-technical-setup-to-optimization/?path=/homepages/4/d858932289 HTTP/1.1" 200 25467 noticias-web.online "-" "meta-externalagent/1.1 (+https://developers.facebook.com/docs/sharing/webmasters/crawler)" "-"
74.7.227.0 - - [13/Nov/2025:00:53:57 -0500] "GET /?path=//kunden/kunden/kunden/kunden/kunden/kunden/kunden/proc/thread-self/root/proc/thread-self/root/kunden/kunden/proc/thread-self/root/kunden/lib/locale/it_IT HTTP/1.1" 200 38626 noticias-web.online "-" "Mozilla/5.0 AppleWebKit/537.36 (KHTML, like Gecko; compatible; GPTBot/1.3; +https://openai.com/gptbot)" "-"
217.113.194.0 - - [13/Nov/2025:00:53:57 -0500] "GET /assuntos-gerais/what-is-the-greatest-time-to-play-slots-2/feed/?path=/homepages/4/d330353416 HTTP/1.1" 200 26933 noticias-web.online "-" "Mozilla/5.0 (compatible; Barkrowler/0.9; +https://babbar.tech/crawler)" "-"
52.21.62.0 - - [13/Nov/2025:00:53:58 -0500] "GET /assuntos-gerais/vikten-av-bankrollhantering-i-stake-plinko/?path=//proc/self/root/usr/lib/emacs HTTP/1.1" 200 14195 noticias-web.online "-" "Mozilla/5.0 AppleWebKit/537.36 (KHTML, like Gecko; compatible; Amazonbot/0.1; +https://developer.amazon.com/support/amazonbot) Chrome/119.0.6045.214 Safari/537.36" "-"
216.73.216.0 - - [13/Nov/2025:00:53:58 -0500] "GET /assuntos-gerais/impact-of-winolympia-rtp-on-your-online-slot-winning-strategies/feed?fileloc=%2Fhomepages%2F4%2Fd860090557%2Fhtdocs%2Fclickandbuilds%2FPureSkill%2Fwp-includes%2Fpomo%2Fplural-forms.php&path=%2Fhomepages%2F4%2Fd860090557%2Fhtdocs%2Fclickandbuilds%2FPureSkill%2Fwp-includes%2Fpomo HTTP/1.1" 200 20651 noticias-web.online "-" "Mozilla/5.0 AppleWebKit/537.36 (KHTML, like Gecko; compatible; ClaudeBot/1.0; +claudebot@anthropic.com)" "-"
2a03:2880:f800:: - - [13/Nov/2025:00:53:59 -0500] "GET /assuntos-gerais/mastering-data-driven-personalization-in-email-campaigns-from-technical-setup-to-optimization/?path=/homepages/15 HTTP/1.1" 200 79248 noticias-web.online "-" "meta-externalagent/1.1 (+https://developers.facebook.com/docs/sharing/webmasters/crawler)" "-"
54.92.171.0 - - [13/Nov/2025:00:54:00 -0500] "GET /2025/10/28/?path=//proc/self/root/lib/locale/nl_AW HTTP/1.1" 200 30777 noticias-web.online "-" "Mozilla/5.0 AppleWebKit/537.36 (KHTML, like Gecko; compatible; Amazonbot/0.1; +https://developer.amazon.com/support/amazonbot) Chrome/119.0.6045.214 Safari/537.36" "-"
74.7.227.0 - - [13/Nov/2025:00:54:00 -0500] "GET /?path=//kunden/kunden/kunden/kunden/kunden/kunden/kunden/proc/thread-self/root/proc/thread-self/root/kunden/kunden/proc/thread-self/root/kunden/lib/locale/hu_HU HTTP/1.1" 200 38627 noticias-web.online "-" "Mozilla/5.0 AppleWebKit/537.36 (KHTML, like Gecko; compatible; GPTBot/1.3; +https://openai.com/gptbot)" "-"
216.73.216.0 - - [13/Nov/2025:00:54:01 -0500] "GET /assuntos-gerais/how-to-try-out-slot-equipment-a-detailed-newcomers-guide-2/feed?path=%2F%2Fhomepages%2F4%2Fd860090557%2Fhtdocs%2Fclickandbuilds%2FPureSkill%2Fwp-includes%2Fsodium_compat HTTP/1.1" 200 26291 noticias-web.online "-" "Mozilla/5.0 AppleWebKit/537.36 (KHTML, like Gecko; compatible; ClaudeBot/1.0; +claudebot@anthropic.com)" "-"
74.7.227.0 - - [13/Nov/2025:00:54:03 -0500] "GET /?path=//kunden/kunden/kunden/kunden/kunden/kunden/kunden/proc/thread-self/root/proc/thread-self/root/kunden/kunden/proc/thread-self/root/kunden/lib/locale/ca_ES HTTP/1.1" 200 38625 noticias-web.online "-" "Mozilla/5.0 AppleWebKit/537.36 (KHTML, like Gecko; compatible; GPTBot/1.3; +https://openai.com/gptbot)" "-"
81.95.107.0 - - [13/Nov/2025:00:54:04 -0500] "GET /images/ALFA_DATA/alfacgiapi/ HTTP/1.1" 503 299 cleancleaningnow.com "-" "Mozilla/5.0 (Windows NT 10.0; Win64; x64) AppleWebKit/537.36 (KHTML, like Gecko) Chrome/87.0.4280.141 Safari/537.36" "-"
216.73.216.0 - - [13/Nov/2025:00:54:04 -0500] "GET /assuntos-gerais/impact-of-winolympia-rtp-on-your-online-slot-winning-strategies/feed?fileloc=%2Fhomepages%2F4%2Fd860090557%2Fhtdocs%2Fclickandbuilds%2FSLCCommercial%2Fwp-includes%2Fclass-wp-rewrite.php&path=%2Fhomepages%2F4%2Fd860090557%2Fhtdocs%2Fclickandbuilds%2FSLCCommercial%2Fwp-includes HTTP/1.1" 200 77987 noticias-web.online "-" "Mozilla/5.0 AppleWebKit/537.36 (KHTML, like Gecko; compatible; ClaudeBot/1.0; +claudebot@anthropic.com)" "-"
3.231.193.0 - - [13/Nov/2025:00:54:05 -0500] "GET /assuntos-gerais/faca-o-login-e-jogue-online-2/?fileloc=//proc/self/root/usr/include/php8.0/ext/hash/php_hash_snefru.h&path=//proc/self/root/usr/include/php8.0/ext/hash HTTP/1.1" 200 14239 noticias-web.online "-" "Mozilla/5.0 AppleWebKit/537.36 (KHTML, like Gecko; compatible; Amazonbot/0.1; +https://developer.amazon.com/support/amazonbot) Chrome/119.0.6045.214 Safari/537.36" "-"
74.7.227.0 - - [13/Nov/2025:00:54:06 -0500] "GET /?path=//kunden/kunden/kunden/kunden/kunden/kunden/kunden/proc/thread-self/root/proc/thread-self/root/kunden/kunden/proc/thread-self/root/kunden/lib/locale/en_ZW HTTP/1.1" 200 38627 noticias-web.online "-" "Mozilla/5.0 AppleWebKit/537.36 (KHTML, like Gecko; compatible; GPTBot/1.3; +https://openai.com/gptbot)" "-"
216.73.216.0 - - [13/Nov/2025:00:54:07 -0500] "GET /assuntos-gerais/exploring-the-future-of-interactive-entertainment-and-design/feed?fileloc=%2Fhomepages%2F21%2Fd851696468%2Fhtaccesslist&path=%2Fhomepages%2F21%2Fd851696468 HTTP/1.1" 200 12316 noticias-web.online "-" "Mozilla/5.0 AppleWebKit/537.36 (KHTML, like Gecko; compatible; ClaudeBot/1.0; +claudebot@anthropic.com)" "-"
3.89.176.0 - - [13/Nov/2025:00:54:08 -0500] "GET /assuntos-gerais/faca-o-login-e-jogue-online-2/?path=//kunden/kunden/kunden/kunden/usr/lib/python3/dist-packages/configobj-5.0.6.egg-info HTTP/1.1" 200 20050 noticias-web.online "-" "Mozilla/5.0 AppleWebKit/537.36 (KHTML, like Gecko; compatible; Amazonbot/0.1; +https://developer.amazon.com/support/amazonbot) Chrome/119.0.6045.214 Safari/537.36" "-"
74.7.227.0 - - [13/Nov/2025:00:54:09 -0500] "GET /?fileloc=//kunden/kunden/kunden/kunden/kunden/kunden/kunden/proc/thread-self/root/proc/thread-self/root/kunden/kunden/proc/thread-self/root/kunden/lib/locale/th_TH/LC_CTYPE&path=//kunden/kunden/kunden/kunden/kunden/kunden/kunden/proc/thread-self/root/proc/thread-self/root/kunden/kunden/proc/thread-self/root/kunden/lib/locale/th_TH HTTP/1.1" 200 14737 noticias-web.online "-" "Mozilla/5.0 AppleWebKit/537.36 (KHTML, like Gecko; compatible; GPTBot/1.3; +https://openai.com/gptbot)" "-"
216.73.216.0 - - [13/Nov/2025:00:54:10 -0500] "GET /2025/07/20?fileloc=%2F%2Fkunden%2Flib%2Flocale%2Fnn_NO.utf8%2FLC_ADDRESS&path=%2F%2Fkunden%2Flib%2Flocale%2Fnn_NO.utf8 HTTP/1.1" 200 12368 noticias-web.online "-" "Mozilla/5.0 AppleWebKit/537.36 (KHTML, like Gecko; compatible; ClaudeBot/1.0; +claudebot@anthropic.com)" "-"
44.223.232.0 - - [13/Nov/2025:00:54:11 -0500] "GET /assuntos-gerais/10-largest-casinos-in-the-us/?fileloc=//kunden/lib/php8.0/build/run-tests.php&path=//kunden/lib/php8.0/build HTTP/1.1" 200 151670 noticias-web.online "-" "Mozilla/5.0 AppleWebKit/537.36 (KHTML, like Gecko; compatible; Amazonbot/0.1; +https://developer.amazon.com/support/amazonbot) Chrome/119.0.6045.214 Safari/537.36" "-"
74.7.227.0 - - [13/Nov/2025:00:54:12 -0500] "GET /?path=//kunden/kunden/kunden/kunden/kunden/kunden/kunden/proc/thread-self/root/proc/thread-self/root/kunden/kunden/proc/thread-self/root/kunden/lib/locale/ks_IN HTTP/1.1" 200 38623 noticias-web.online "-" "Mozilla/5.0 AppleWebKit/537.36 (KHTML, like Gecko; compatible; GPTBot/1.3; +https://openai.com/gptbot)" "-"
216.73.216.0 - - [13/Nov/2025:00:54:13 -0500] "GET /assuntos-gerais/impact-of-winolympia-rtp-on-your-online-slot-winning-strategies/feed?fileloc=%2Fhomepages%2F4%2Fd860090557%2Fhtdocs%2Fclickandbuilds%2FNotciasWebOnline%2Fwp-includes%2Ftheme-compat%2Fembed.php&path=%2Fhomepages%2F4%2Fd860090557%2Fhtdocs%2Fclickandbuilds%2FNotciasWebOnline%2Fwp-includes%2Ftheme-compat HTTP/1.1" 200 13324 noticias-web.online "-" "Mozilla/5.0 AppleWebKit/537.36 (KHTML, like Gecko; compatible; ClaudeBot/1.0; +claudebot@anthropic.com)" "-"
217.113.194.0 - - [13/Nov/2025:00:54:13 -0500] "GET /assuntos-gerais/what-is-the-greatest-time-to-play-slots-2/feed/?path=/homepages/4/d330893446 HTTP/1.1" 200 26933 noticias-web.online "-" "Mozilla/5.0 (compatible; Barkrowler/0.9; +https://babbar.tech/crawler)" "-"
74.7.227.0 - - [13/Nov/2025:00:54:16 -0500] "GET /?path=//kunden/kunden/kunden/kunden/kunden/kunden/kunden/proc/thread-self/root/proc/thread-self/root/kunden/kunden/proc/thread-self/root/kunden/lib/locale/en_BW HTTP/1.1" 200 38627 noticias-web.online "-" "Mozilla/5.0 AppleWebKit/537.36 (KHTML, like Gecko; compatible; GPTBot/1.3; +https://openai.com/gptbot)" "-"
216.73.216.0 - - [13/Nov/2025:00:54:16 -0500] "GET /assuntos-gerais/exploring-the-future-of-interactive-entertainment-and-design/feed?path=%2F%2Fkunden%2Fkunden%2Fkunden%2Fhomepages%2F1%2Fd849574962%2Fhtdocs HTTP/1.1" 200 12980 noticias-web.online "-" "Mozilla/5.0 AppleWebKit/537.36 (KHTML, like Gecko; compatible; ClaudeBot/1.0; +claudebot@anthropic.com)" "-"
44.217.177.0 - - [13/Nov/2025:00:54:16 -0500] "GET /assuntos-gerais/mostbet-login-facil-e-rapido-mostbet-registration-hoje-em-dia-2/?fileloc=//kunden/lib/locale/vi_VN/LC_PAPER&path=//kunden/lib/locale/vi_VN HTTP/1.1" 200 12351 noticias-web.online "-" "Mozilla/5.0 AppleWebKit/537.36 (KHTML, like Gecko; compatible; Amazonbot/0.1; +https://developer.amazon.com/support/amazonbot) Chrome/119.0.6045.214 Safari/537.36" "-"
216.73.216.0 - - [13/Nov/2025:00:54:19 -0500] "GET /assuntos-gerais/l-impact-des-algorithmes-sur-la-perception-du-temps-dans-les-jeux-numeriques/?fileloc=%2Fhomepages%2F16%2Fd331036009%2Fphpinilist&path=%2Fhomepages%2F16%2Fd331036009 HTTP/1.1" 200 12314 noticias-web.online "-" "Mozilla/5.0 AppleWebKit/537.36 (KHTML, like Gecko; compatible; ClaudeBot/1.0; +claudebot@anthropic.com)" "-"
74.7.227.0 - - [13/Nov/2025:00:54:19 -0500] "GET /?path=//kunden/kunden/kunden/kunden/kunden/kunden/kunden/proc/thread-self/root/proc/thread-self/root/kunden/kunden/proc/thread-self/root/kunden/lib/locale/en_ZA HTTP/1.1" 200 38626 noticias-web.online "-" "Mozilla/5.0 AppleWebKit/537.36 (KHTML, like Gecko; compatible; GPTBot/1.3; +https://openai.com/gptbot)" "-"
100.29.155.0 - - [13/Nov/2025:00:54:20 -0500] "GET /assuntos-gerais/mostbet-login-facil-e-rapido-mostbet-registration-hoje-em-dia/?fileloc=//lib/systemd/user/dirmngr.socket&path=//lib/systemd/user HTTP/1.1" 200 12498 noticias-web.online "-" "Mozilla/5.0 AppleWebKit/537.36 (KHTML, like Gecko; compatible; Amazonbot/0.1; +https://developer.amazon.com/support/amazonbot) Chrome/119.0.6045.214 Safari/537.36" "-"
216.73.216.0 - - [13/Nov/2025:00:54:22 -0500] "GET /assuntos-gerais/the-way-to-play-blackjack-rules-gameplay-more/?fileloc=%2F%2Flib%2Ftmpfiles.d%2Fman-db.conf&path=%2F%2Flib%2Ftmpfiles.d HTTP/1.1" 200 12284 noticias-web.online "-" "Mozilla/5.0 AppleWebKit/537.36 (KHTML, like Gecko; compatible; ClaudeBot/1.0; +claudebot@anthropic.com)" "-"
74.7.227.0 - - [13/Nov/2025:00:54:22 -0500] "GET /?path=//kunden/kunden/kunden/kunden/kunden/kunden/kunden/proc/thread-self/root/proc/thread-self/root/kunden/kunden/proc/thread-self/root/kunden/lib/locale/os_RU HTTP/1.1" 200 38624 noticias-web.online "-" "Mozilla/5.0 AppleWebKit/537.36 (KHTML, like Gecko; compatible; GPTBot/1.3; +https://openai.com/gptbot)" "-"
2a03:2880:f800:: - - [13/Nov/2025:00:54:22 -0500] "GET /assuntos-gerais/who-owns-the-horseshoe-brand/?path=//srv HTTP/1.1" 200 12604 noticias-web.online "-" "meta-externalagent/1.1 (+https://developers.facebook.com/docs/sharing/webmasters/crawler)" "-"
2a03:2880:f800:: - - [13/Nov/2025:00:54:25 -0500] "GET /assuntos-gerais/who-owns-the-horseshoe-brand-2/?fileloc=//proc/filesystems&path=//proc HTTP/1.1" 200 12509 noticias-web.online "-" "meta-externalagent/1.1 (+https://developers.facebook.com/docs/sharing/webmasters/crawler)" "-"
216.73.216.0 - - [13/Nov/2025:00:54:25 -0500] "GET /2025/07/20?fileloc=%2F%2Fkunden%2Fkunden%2Fkunden%2Fusr%2Fbin%2Fx86_64-linux-gnu-pkg-config&path=%2F%2Fkunden%2Fkunden%2Fkunden%2Fusr%2Fbin HTTP/1.1" 200 14561 noticias-web.online "-" "Mozilla/5.0 AppleWebKit/537.36 (KHTML, like Gecko; compatible; ClaudeBot/1.0; +claudebot@anthropic.com)" "-"
3.232.102.0 - - [13/Nov/2025:00:54:25 -0500] "GET /assuntos-gerais/hur-gratis-plinko-forbattrar-sociala-interaktioner/?path=//kunden/kunden/kunden/var/cache/man/zh_TW HTTP/1.1" 200 20201 noticias-web.online "-" "Mozilla/5.0 AppleWebKit/537.36 (KHTML, like Gecko; compatible; Amazonbot/0.1; +https://developer.amazon.com/support/amazonbot) Chrome/119.0.6045.214 Safari/537.36" "-"
74.7.227.0 - - [13/Nov/2025:00:54:25 -0500] "GET /?path=//kunden/kunden/kunden/kunden/kunden/kunden/kunden/proc/thread-self/root/proc/thread-self/root/kunden/kunden/proc/thread-self/root/kunden/lib/locale/ast_ES HTTP/1.1" 200 38676 noticias-web.online "-" "Mozilla/5.0 AppleWebKit/537.36 (KHTML, like Gecko; compatible; GPTBot/1.3; +https://openai.com/gptbot)" "-"
2a03:2880:f800:: - - [13/Nov/2025:00:54:27 -0500] "GET /assuntos-gerais/who-owns-the-horseshoe-brand-2/?fileloc=//bin/hipstopgm&path=//bin HTTP/1.1" 200 12190 noticias-web.online "-" "meta-externalagent/1.1 (+https://developers.facebook.com/docs/sharing/webmasters/crawler)" "-"
23.21.204.0 - - [13/Nov/2025:00:54:27 -0500] "GET /assuntos-gerais/mostbet-bangladesh-official-site-athletics-betting-and-gambling-establishment-freebets-and-freespins/?path=//kunden/kunden/kunden/var/cache/man/fr/cat5 HTTP/1.1" 200 13007 noticias-web.online "-" "Mozilla/5.0 AppleWebKit/537.36 (KHTML, like Gecko; compatible; Amazonbot/0.1; +https://developer.amazon.com/support/amazonbot) Chrome/119.0.6045.214 Safari/537.36" "-"
216.73.216.0 - - [13/Nov/2025:00:54:28 -0500] "GET /assuntos-gerais/what-is-the-better-time-of-30-days-to-learn-slot-equipment-2/?fileloc=%2F%2Fproc%2Fthread-self%2Fcwd%2Fwp-includes%2Fstyle-engine.php&path=%2F%2Fproc%2Fthread-self%2Fcwd%2Fwp-includes HTTP/1.1" 200 20108 noticias-web.online "-" "Mozilla/5.0 AppleWebKit/537.36 (KHTML, like Gecko; compatible; ClaudeBot/1.0; +claudebot@anthropic.com)" "-"
2a03:2880:f800:: - - [13/Nov/2025:00:54:28 -0500] "GET /assuntos-gerais/who-owns-the-horseshoe-brand-2/?fileloc=//sbin/chroot&path=//sbin HTTP/1.1" 200 12190 noticias-web.online "-" "meta-externalagent/1.1 (+https://developers.facebook.com/docs/sharing/webmasters/crawler)" "-"
74.7.227.0 - - [13/Nov/2025:00:54:28 -0500] "GET /?path=//kunden/kunden/kunden/kunden/kunden/kunden/kunden/proc/thread-self/root/proc/thread-self/root/kunden/kunden/proc/thread-self/root/kunden/lib/locale/it_CH HTTP/1.1" 200 38626 noticias-web.online "-" "Mozilla/5.0 AppleWebKit/537.36 (KHTML, like Gecko; compatible; GPTBot/1.3; +https://openai.com/gptbot)" "-"
2a03:2880:f800:: - - [13/Nov/2025:00:54:30 -0500] "GET /assuntos-gerais/who-owns-the-horseshoe-brand-2/?fileloc=//sbin/fstrim&path=//sbin HTTP/1.1" 200 12190 noticias-web.online "-" "meta-externalagent/1.1 (+https://developers.facebook.com/docs/sharing/webmasters/crawler)" "-"
217.113.194.0 - - [13/Nov/2025:00:54:30 -0500] "GET /assuntos-gerais/what-is-the-greatest-time-to-play-slots-2/feed/?path=/homepages/4/d330723917 HTTP/1.1" 200 26945 noticias-web.online "-" "Mozilla/5.0 (compatible; Barkrowler/0.9; +https://babbar.tech/crawler)" "-"
216.73.216.0 - - [13/Nov/2025:00:54:31 -0500] "GET /assuntos-gerais/the-ending-of-casino-finally-explained-2/feed?fileloc=%2F%2Fhomepages%2F45%2Fd331265821%2FDASTOOLSTART&path=%2F%2Fhomepages%2F45%2Fd331265821 HTTP/1.1" 200 12320 noticias-web.online "-" "Mozilla/5.0 AppleWebKit/537.36 (KHTML, like Gecko; compatible; ClaudeBot/1.0; +claudebot@anthropic.com)" "-"
74.7.227.0 - - [13/Nov/2025:00:54:32 -0500] "GET /?path=//kunden/kunden/kunden/kunden/kunden/kunden/kunden/proc/thread-self/root/proc/thread-self/root/kunden/kunden/proc/thread-self/root/kunden/lib/locale/crh_UA HTTP/1.1" 200 38672 noticias-web.online "-" "Mozilla/5.0 AppleWebKit/537.36 (KHTML, like Gecko; compatible; GPTBot/1.3; +https://openai.com/gptbot)" "-"
34.238.45.0 - - [13/Nov/2025:00:54:32 -0500] "GET /assuntos-gerais/official-internet-site-3/?path=//proc/thread-self/root/proc/self/root/proc/ide HTTP/1.1" 200 14566 noticias-web.online "-" "Mozilla/5.0 AppleWebKit/537.36 (KHTML, like Gecko; compatible; Amazonbot/0.1; +https://developer.amazon.com/support/amazonbot) Chrome/119.0.6045.214 Safari/537.36" "-"
216.73.216.0 - - [13/Nov/2025:00:54:35 -0500] "GET /goods4806912?path=%2Fhomepages%2F4%2Fd860090557%2Fhtdocs%2Fclickandbuilds%2FNotciasWebOnline%2F.tmb HTTP/1.1" 200 13037 noticias-web.online "-" "Mozilla/5.0 AppleWebKit/537.36 (KHTML, like Gecko; compatible; ClaudeBot/1.0; +claudebot@anthropic.com)" "-"
74.7.227.0 - - [13/Nov/2025:00:54:35 -0500] "GET /?path=//kunden/kunden/kunden/kunden/kunden/kunden/kunden/proc/thread-self/root/proc/thread-self/root/kunden/kunden/proc/thread-self/root/kunden/lib/locale/yue_HK HTTP/1.1" 200 38672 noticias-web.online "-" "Mozilla/5.0 AppleWebKit/537.36 (KHTML, like Gecko; compatible; GPTBot/1.3; +https://openai.com/gptbot)" "-"
3.212.219.0 - - [13/Nov/2025:00:54:36 -0500] "GET /assuntos-gerais/slot-strategy-guide-rng-timing-bonuses-payouts-faq-2/?fileloc=//kunden/kunden/bin/xvminitoppm&path=//kunden/kunden/bin HTTP/1.1" 200 12299 noticias-web.online "-" "Mozilla/5.0 AppleWebKit/537.36 (KHTML, like Gecko; compatible; Amazonbot/0.1; +https://developer.amazon.com/support/amazonbot) Chrome/119.0.6045.214 Safari/537.36" "-"
216.73.216.0 - - [13/Nov/2025:00:54:37 -0500] "GET /assuntos-gerais/unlocking-hidden-rewards-lessons-from-ancient-and-modern-games-75/?fileloc=%2F%2Fproc%2Firq%2F87%2Fsmp_affinity_list&path=%2F%2Fproc%2Firq%2F87 HTTP/1.1" 200 12285 noticias-web.online "-" "Mozilla/5.0 AppleWebKit/537.36 (KHTML, like Gecko; compatible; ClaudeBot/1.0; +claudebot@anthropic.com)" "-"
74.7.227.0 - - [13/Nov/2025:00:54:38 -0500] "GET /?path=//kunden/kunden/kunden/kunden/kunden/kunden/kunden/proc/thread-self/root/proc/thread-self/root/kunden/kunden/proc/thread-self/root/kunden/lib/locale/wo_SN HTTP/1.1" 200 38624 noticias-web.online "-" "Mozilla/5.0 AppleWebKit/537.36 (KHTML, like Gecko; compatible; GPTBot/1.3; +https://openai.com/gptbot)" "-"
3.229.95.0 - - [13/Nov/2025:00:54:40 -0500] "GET /assuntos-gerais/how-to-try-out-slot-equipment-a-detailed-newcomers-guide-2/?path=//kunden/usr/lib/python3/dist-packages/mysqlclient-1.4.4.egg-info HTTP/1.1" 200 17861 noticias-web.online "-" "Mozilla/5.0 AppleWebKit/537.36 (KHTML, like Gecko; compatible; Amazonbot/0.1; +https://developer.amazon.com/support/amazonbot) Chrome/119.0.6045.214 Safari/537.36" "-"
216.73.216.0 - - [13/Nov/2025:00:54:40 -0500] "GET /?path=%2F%2Fhomepages%2F36%2Fd853923625 HTTP/1.1" 200 27035 noticias-web.online "-" "Mozilla/5.0 AppleWebKit/537.36 (KHTML, like Gecko; compatible; ClaudeBot/1.0; +claudebot@anthropic.com)" "-"
74.7.227.0 - - [13/Nov/2025:00:54:41 -0500] "GET /?path=//kunden/kunden/kunden/kunden/kunden/kunden/kunden/proc/thread-self/root/proc/thread-self/root/kunden/kunden/proc/thread-self/root/kunden/lib/locale/the_NP HTTP/1.1" 200 38673 noticias-web.online "-" "Mozilla/5.0 AppleWebKit/537.36 (KHTML, like Gecko; compatible; GPTBot/1.3; +https://openai.com/gptbot)" "-"
216.73.216.0 - - [13/Nov/2025:00:54:43 -0500] "GET /goods2098085312?path=%2Fhomepages%2F4%2Fd860090557%2Fhtdocs HTTP/1.1" 200 27117 noticias-web.online "-" "Mozilla/5.0 AppleWebKit/537.36 (KHTML, like Gecko; compatible; ClaudeBot/1.0; +claudebot@anthropic.com)" "-"
52.45.29.0 - - [13/Nov/2025:00:54:44 -0500] "GET /assuntos-gerais/mostbet-login-facil-e-rapido-mostbet-registration-hoje-em-dia/?path=//kunden/proc/self/root/kunden/lib/git-core HTTP/1.1" 200 269293 noticias-web.online "-" "Mozilla/5.0 AppleWebKit/537.36 (KHTML, like Gecko; compatible; Amazonbot/0.1; +https://developer.amazon.com/support/amazonbot) Chrome/119.0.6045.214 Safari/537.36" "-"
74.7.227.0 - - [13/Nov/2025:00:54:44 -0500] "GET /?path=//kunden/kunden/kunden/kunden/kunden/kunden/kunden/proc/thread-self/root/proc/thread-self/root/kunden/kunden/proc/thread-self/root/kunden/lib/locale/gu_IN HTTP/1.1" 200 38625 noticias-web.online "-" "Mozilla/5.0 AppleWebKit/537.36 (KHTML, like Gecko; compatible; GPTBot/1.3; +https://openai.com/gptbot)" "-"
217.113.194.0 - - [13/Nov/2025:00:54:46 -0500] "GET /assuntos-gerais/what-is-the-greatest-time-to-play-slots-2/feed/?path=/homepages/4/d333515529 HTTP/1.1" 200 26945 noticias-web.online "-" "Mozilla/5.0 (compatible; Barkrowler/0.9; +https://babbar.tech/crawler)" "-"
216.73.216.0 - - [13/Nov/2025:00:54:46 -0500] "GET /goods777601376?path=%2Fhomepages%2F4%2Fd860090557%2Fhtdocs%2Fclickandbuilds%2FNotciasWebOnline%2Fimages HTTP/1.1" 200 19548 noticias-web.online "-" "Mozilla/5.0 AppleWebKit/537.36 (KHTML, like Gecko; compatible; ClaudeBot/1.0; +claudebot@anthropic.com)" "-"
74.7.227.0 - - [13/Nov/2025:00:54:47 -0500] "GET /?fileloc=//kunden/kunden/kunden/kunden/kunden/kunden/kunden/proc/thread-self/root/proc/thread-self/root/kunden/kunden/proc/thread-self/root/kunden/lib/locale/crh_UA/LC_TIME&path=//kunden/kunden/kunden/kunden/kunden/kunden/kunden/proc/thread-self/root/proc/thread-self/root/kunden/kunden/proc/thread-self/root/kunden/lib/locale/crh_UA HTTP/1.1" 200 14739 noticias-web.online "-" "Mozilla/5.0 AppleWebKit/537.36 (KHTML, like Gecko; compatible; GPTBot/1.3; +https://openai.com/gptbot)" "-"
216.73.216.0 - - [13/Nov/2025:00:54:49 -0500] "GET /goods1971918176?path=%2Fhomepages%2F4%2Fd860090557%2Fhtdocs HTTP/1.1" 200 27117 noticias-web.online "-" "Mozilla/5.0 AppleWebKit/537.36 (KHTML, like Gecko; compatible; ClaudeBot/1.0; +claudebot@anthropic.com)" "-"
52.3.127.0 - - [13/Nov/2025:00:54:49 -0500] "GET /assuntos-gerais/pretende-jogar-na-mostbet-com-2/?path=//usr/share/man/es HTTP/1.1" 200 16693 noticias-web.online "-" "Mozilla/5.0 AppleWebKit/537.36 (KHTML, like Gecko; compatible; Amazonbot/0.1; +https://developer.amazon.com/support/amazonbot) Chrome/119.0.6045.214 Safari/537.36" "-"
74.7.227.0 - - [13/Nov/2025:00:54:50 -0500] "GET /?path=//kunden/kunden/kunden/kunden/kunden/kunden/kunden/proc/thread-self/root/proc/thread-self/root/kunden/kunden/proc/thread-self/root/kunden/lib/locale/pap_AW HTTP/1.1" 200 38672 noticias-web.online "-" "Mozilla/5.0 AppleWebKit/537.36 (KHTML, like Gecko; compatible; GPTBot/1.3; +https://openai.com/gptbot)" "-"
66.249.74.0 - - [13/Nov/2025:00:54:52 -0500] "GET /goods52650624?kg=0052585611 HTTP/1.1" 200 206337 noticias-web.online "-" "Mozilla/5.0 (Linux; Android 6.0.1; Nexus 5X Build/MMB29P) AppleWebKit/537.36 (KHTML, like Gecko) Chrome/141.0.7390.122 Mobile Safari/537.36 (compatible; Googlebot/2.1; +http://www.google.com/bot.html)" "-"
216.73.216.0 - - [13/Nov/2025:00:54:52 -0500] "GET /goods482747136?fileloc=%2Fhomepages%2F4%2Fd860090557%2Fhtdocs%2Fclickandbuilds%2FNotciasWebOnline%2F.htaccess&path=%2Fhomepages%2F4%2Fd860090557%2Fhtdocs%2Fclickandbuilds%2FNotciasWebOnline HTTP/1.1" 200 14665 noticias-web.online "-" "Mozilla/5.0 AppleWebKit/537.36 (KHTML, like Gecko; compatible; ClaudeBot/1.0; +claudebot@anthropic.com)" "-"
54.159.98.0 - - [13/Nov/2025:00:54:53 -0500] "GET /assuntos-gerais/pretende-jogar-na-mostbet-com-2/?path=//proc/thread-self/root/kunden/lib/php8.0/test/Console_Getopt/tests HTTP/1.1" 200 19763 noticias-web.online "-" "Mozilla/5.0 AppleWebKit/537.36 (KHTML, like Gecko; compatible; Amazonbot/0.1; +https://developer.amazon.com/support/amazonbot) Chrome/119.0.6045.214 Safari/537.36" "-"
74.7.227.0 - - [13/Nov/2025:00:54:53 -0500] "GET /?path=//kunden/kunden/kunden/kunden/kunden/kunden/kunden/proc/thread-self/root/proc/thread-self/root/kunden/kunden/proc/thread-self/root/kunden/lib/locale/ne_NP HTTP/1.1" 200 38624 noticias-web.online "-" "Mozilla/5.0 AppleWebKit/537.36 (KHTML, like Gecko; compatible; GPTBot/1.3; +https://openai.com/gptbot)" "-"
66.249.73.0 - - [13/Nov/2025:00:54:55 -0500] "GET /goods67818400?kg=0067734428 HTTP/1.1" 200 214589 www.noticias-web.online "-" "Mozilla/5.0 (Linux; Android 6.0.1; Nexus 5X Build/MMB29P) AppleWebKit/537.36 (KHTML, like Gecko) Chrome/141.0.7390.122 Mobile Safari/537.36 (compatible; Googlebot/2.1; +http://www.google.com/bot.html)" "-"
216.73.216.0 - - [13/Nov/2025:00:54:55 -0500] "GET /goods2365768288?fileloc=%2Fhomepages%2F4%2Fd860090557%2Fhtdocs%2Fclickandbuilds%2FNotciasWebOnline%2F.htaccess&path=%2Fhomepages%2F4%2Fd860090557%2Fhtdocs%2Fclickandbuilds%2FNotciasWebOnline HTTP/1.1" 200 14665 noticias-web.online "-" "Mozilla/5.0 AppleWebKit/537.36 (KHTML, like Gecko; compatible; ClaudeBot/1.0; +claudebot@anthropic.com)" "-"
52.0.218.0 - - [13/Nov/2025:00:54:55 -0500] "GET /assuntos-gerais/mostbet-login-facil-e-rapido-mostbet-registration-hoje-em-dia/?fileloc=//proc/self/root/kunden/lib/locale/en_ZA/LC_TIME&path=//proc/self/root/kunden/lib/locale/en_ZA HTTP/1.1" 200 12536 noticias-web.online "-" "Mozilla/5.0 AppleWebKit/537.36 (KHTML, like Gecko; compatible; Amazonbot/0.1; +https://developer.amazon.com/support/amazonbot) Chrome/119.0.6045.214 Safari/537.36" "-"
74.7.227.0 - - [13/Nov/2025:00:54:56 -0500] "GET /?path=//kunden/kunden/kunden/kunden/kunden/kunden/kunden/proc/thread-self/root/proc/thread-self/root/kunden/kunden/proc/thread-self/root/kunden/lib/locale/eu_FR@euro HTTP/1.1" 200 38872 noticias-web.online "-" "Mozilla/5.0 AppleWebKit/537.36 (KHTML, like Gecko; compatible; GPTBot/1.3; +https://openai.com/gptbot)" "-"
216.73.216.0 - - [13/Nov/2025:00:54:58 -0500] "GET /assuntos-gerais/how-to-try-out-slot-equipment-a-detailed-newcomers-guide-2/feed?path=%2F%2Fhomepages%2F13%2Fd859754234 HTTP/1.1" 200 31473 noticias-web.online "-" "Mozilla/5.0 AppleWebKit/537.36 (KHTML, like Gecko; compatible; ClaudeBot/1.0; +claudebot@anthropic.com)" "-"
74.7.227.0 - - [13/Nov/2025:00:54:59 -0500] "GET /?path=//kunden/kunden/kunden/kunden/kunden/kunden/kunden/proc/thread-self/root/proc/thread-self/root/kunden/kunden/proc/thread-self/root/kunden/lib/locale/fo_FO HTTP/1.1" 200 38627 noticias-web.online "-" "Mozilla/5.0 AppleWebKit/537.36 (KHTML, like Gecko; compatible; GPTBot/1.3; +https://openai.com/gptbot)" "-"
216.73.216.0 - - [13/Nov/2025:00:55:01 -0500] "GET /goods2094686400?path=%2Fhomepages%2F4%2Fd860090557%2Fhtdocs%2Fclickandbuilds%2FNotciasWebOnline%2F.tmb HTTP/1.1" 200 13037 noticias-web.online "-" "Mozilla/5.0 AppleWebKit/537.36 (KHTML, like Gecko; compatible; ClaudeBot/1.0; +claudebot@anthropic.com)" "-"
217.113.194.0 - - [13/Nov/2025:00:55:02 -0500] "GET /assuntos-gerais/what-is-the-greatest-time-to-play-slots-2/feed/?path=/homepages/4/d333383976 HTTP/1.1" 200 26933 noticias-web.online "-" "Mozilla/5.0 (compatible; Barkrowler/0.9; +https://babbar.tech/crawler)" "-"
74.7.227.0 - - [13/Nov/2025:00:55:02 -0500] "GET /?path=//kunden/kunden/kunden/kunden/kunden/kunden/kunden/proc/thread-self/root/proc/thread-self/root/kunden/kunden/proc/thread-self/root/kunden/lib/locale/so_KE HTTP/1.1" 200 38627 noticias-web.online "-" "Mozilla/5.0 AppleWebKit/537.36 (KHTML, like Gecko; compatible; GPTBot/1.3; +https://openai.com/gptbot)" "-"
54.163.169.0 - - [13/Nov/2025:00:55:03 -0500] "GET /assuntos-gerais/mostbet-login-facil-e-rapido-mostbet-registration-hoje-em-dia/?path=//kunden/proc/thread-self/root/proc/thread-self HTTP/1.1" 200 70612 noticias-web.online "-" "Mozilla/5.0 AppleWebKit/537.36 (KHTML, like Gecko; compatible; Amazonbot/0.1; +https://developer.amazon.com/support/amazonbot) Chrome/119.0.6045.214 Safari/537.36" "-"
216.73.216.0 - - [13/Nov/2025:00:55:04 -0500] "GET /goods596241024?path=%2Fhomepages%2F4%2Fd860090557%2Fhtdocs%2Fclickandbuilds HTTP/1.1" 200 30496 noticias-web.online "-" "Mozilla/5.0 AppleWebKit/537.36 (KHTML, like Gecko; compatible; ClaudeBot/1.0; +claudebot@anthropic.com)" "-"
3.89.176.0 - - [13/Nov/2025:00:55:04 -0500] "GET /2025/10/26/?path=//kunden/proc/self/root/proc/self/root/proc/self/root/lib/locale/sk_SK HTTP/1.1" 200 33083 noticias-web.online "-" "Mozilla/5.0 AppleWebKit/537.36 (KHTML, like Gecko; compatible; Amazonbot/0.1; +https://developer.amazon.com/support/amazonbot) Chrome/119.0.6045.214 Safari/537.36" "-"
74.7.227.0 - - [13/Nov/2025:00:55:05 -0500] "GET /?path=//kunden/kunden/kunden/kunden/kunden/kunden/kunden/proc/thread-self/root/proc/thread-self/root/kunden/kunden/proc/thread-self/root/kunden/lib/locale/en_PH HTTP/1.1" 200 38627 noticias-web.online "-" "Mozilla/5.0 AppleWebKit/537.36 (KHTML, like Gecko; compatible; GPTBot/1.3; +https://openai.com/gptbot)" "-"
216.73.216.0 - - [13/Nov/2025:00:55:07 -0500] "GET /assuntos-gerais/faca-o-get-access-e-jogue-online/?path=%2F%2Fhomepages%2F25%2Fd331027323 HTTP/1.1" 200 28521 noticias-web.online "-" "Mozilla/5.0 AppleWebKit/537.36 (KHTML, like Gecko; compatible; ClaudeBot/1.0; +claudebot@anthropic.com)" "-"
