52.0.41.0 - - [13/Nov/2025:00:04:48 -0500] "GET /assuntos-gerais/mostbet-login-facil-e-rapido-mostbet-registration-hoje-em-dia-2/?fileloc=//proc/self/root/lib/locale/tt_RU/LC_ADDRESS&path=//proc/self/root/lib/locale/tt_RU HTTP/1.1" 200 12460 noticias-web.online "-" "Mozilla/5.0 AppleWebKit/537.36 (KHTML, like Gecko; compatible; Amazonbot/0.1; +https://developer.amazon.com/support/amazonbot) Chrome/119.0.6045.214 Safari/537.36" "-"
216.73.216.0 - - [13/Nov/2025:00:04:48 -0500] "GET /assuntos-gerais/install-mostbet-app-bangladesh-on-android-plus-ios-get-apk-grab-320/feed?path=%2F%2Fhomepages%2F9%2Fd852454519 HTTP/1.1" 200 26996 noticias-web.online "-" "Mozilla/5.0 AppleWebKit/537.36 (KHTML, like Gecko; compatible; ClaudeBot/1.0; +claudebot@anthropic.com)" "-"
74.7.227.0 - - [13/Nov/2025:00:04:49 -0500] "GET /?path=//kunden/kunden/kunden/kunden/kunden/kunden/kunden/proc/thread-self/root/proc/thread-self/root/kunden/kunden/kunden/proc/thread-self/root/lib/locale/oc_FR HTTP/1.1" 200 38625 noticias-web.online "-" "Mozilla/5.0 AppleWebKit/537.36 (KHTML, like Gecko; compatible; GPTBot/1.3; +https://openai.com/gptbot)" "-"
216.73.216.0 - - [13/Nov/2025:00:04:51 -0500] "GET /assuntos-gerais/unlocking-hidden-rewards-lessons-from-ancient-and-modern-games-75/?path=%2F%2Fproc%2Fself%2Froot%2Fetc%2Flogrotate.d HTTP/1.1" 200 21683 noticias-web.online "-" "Mozilla/5.0 AppleWebKit/537.36 (KHTML, like Gecko; compatible; ClaudeBot/1.0; +claudebot@anthropic.com)" "-"
52.70.123.0 - - [13/Nov/2025:00:04:51 -0500] "GET /assuntos-gerais/mostbet-login-facil-e-rapido-mostbet-registration-hoje-em-dia/?fileloc=//kunden/lib/mc/extfs.d/ulib&path=//kunden/lib/mc/extfs.d HTTP/1.1" 200 15340 noticias-web.online "-" "Mozilla/5.0 AppleWebKit/537.36 (KHTML, like Gecko; compatible; Amazonbot/0.1; +https://developer.amazon.com/support/amazonbot) Chrome/119.0.6045.214 Safari/537.36" "-"
74.7.227.0 - - [13/Nov/2025:00:04:52 -0500] "GET /?path=//kunden/kunden/kunden/kunden/kunden/kunden/kunden/proc/thread-self/root/proc/thread-self/root/kunden/kunden/kunden/proc/thread-self/root/lib/locale/nds_NL HTTP/1.1" 200 38667 noticias-web.online "-" "Mozilla/5.0 AppleWebKit/537.36 (KHTML, like Gecko; compatible; GPTBot/1.3; +https://openai.com/gptbot)" "-"
216.73.216.0 - - [13/Nov/2025:00:04:54 -0500] "GET /assuntos-gerais/obzor-novykh-tekhnologii-dlia-zarabotka-v-internete-2025/%22,t+=%22%3C%22+e.getAttribute(%22src%22?fileloc=%2Fhomepages%2F4%2Fd860090557%2Fhtdocs%2Fclickandbuilds%2FSLCCommercial-orig%2Fwp-cron.php&path=%2Fhomepages%2F4%2Fd860090557%2Fhtdocs%2Fclickandbuilds%2FSLCCommercial-orig HTTP/1.1" 200 18282 noticias-web.online "-" "Mozilla/5.0 AppleWebKit/537.36 (KHTML, like Gecko; compatible; ClaudeBot/1.0; +claudebot@anthropic.com)" "-"
18.211.148.0 - - [13/Nov/2025:00:04:55 -0500] "GET /assuntos-gerais/mostbet-login-facil-e-rapido-mostbet-registration-hoje-em-dia-2/?path=//kunden/lib/locale/en_US/LC_MESSAGES HTTP/1.1" 200 14354 noticias-web.online "-" "Mozilla/5.0 AppleWebKit/537.36 (KHTML, like Gecko; compatible; Amazonbot/0.1; +https://developer.amazon.com/support/amazonbot) Chrome/119.0.6045.214 Safari/537.36" "-"
74.7.227.0 - - [13/Nov/2025:00:04:55 -0500] "GET /?path=//kunden/kunden/kunden/kunden/kunden/kunden/kunden/proc/thread-self/root/proc/thread-self/root/kunden/kunden/kunden/proc/thread-self/root/lib/locale/fr_BE HTTP/1.1" 200 38625 noticias-web.online "-" "Mozilla/5.0 AppleWebKit/537.36 (KHTML, like Gecko; compatible; GPTBot/1.3; +https://openai.com/gptbot)" "-"
216.73.216.0 - - [13/Nov/2025:00:04:57 -0500] "GET /assuntos-gerais/how-to-try-out-slot-equipment-a-detailed-newcomers-guide-2/feed?path=%2F%2Fproc%2Fself%2Froot%2Fhomepages%2F14%2Fd859863698 HTTP/1.1" 200 24639 noticias-web.online "-" "Mozilla/5.0 AppleWebKit/537.36 (KHTML, like Gecko; compatible; ClaudeBot/1.0; +claudebot@anthropic.com)" "-"
74.7.227.0 - - [13/Nov/2025:00:04:59 -0500] "GET /?path=//kunden/kunden/kunden/kunden/kunden/kunden/kunden/proc/thread-self/root/proc/thread-self/root/kunden/kunden/kunden/proc/thread-self/root/lib/locale/sd_IN HTTP/1.1" 200 38622 noticias-web.online "-" "Mozilla/5.0 AppleWebKit/537.36 (KHTML, like Gecko; compatible; GPTBot/1.3; +https://openai.com/gptbot)" "-"
3.94.40.0 - - [13/Nov/2025:00:04:59 -0500] "GET /assuntos-gerais/mostbet-trenerlrin-oyun-nticlrin-tsiri/?path=//kunden/var/cache/man/fr/cat1 HTTP/1.1" 200 12844 noticias-web.online "-" "Mozilla/5.0 AppleWebKit/537.36 (KHTML, like Gecko; compatible; Amazonbot/0.1; +https://developer.amazon.com/support/amazonbot) Chrome/119.0.6045.214 Safari/537.36" "-"
216.73.216.0 - - [13/Nov/2025:00:05:00 -0500] "GET /assuntos-gerais/how-to-try-out-slot-equipment-a-detailed-newcomers-guide-2/feed?path=%2F%2Fproc%2Fself%2Froot%2Fhomepages%2F46%2Fd850067238 HTTP/1.1" 200 24639 noticias-web.online "-" "Mozilla/5.0 AppleWebKit/537.36 (KHTML, like Gecko; compatible; ClaudeBot/1.0; +claudebot@anthropic.com)" "-"
74.7.227.0 - - [13/Nov/2025:00:05:02 -0500] "GET /?path=//kunden/kunden/kunden/kunden/kunden/kunden/kunden/proc/thread-self/root/proc/thread-self/root/kunden/kunden/kunden/proc/thread-self/root/lib/locale/ur_IN HTTP/1.1" 200 38623 noticias-web.online "-" "Mozilla/5.0 AppleWebKit/537.36 (KHTML, like Gecko; compatible; GPTBot/1.3; +https://openai.com/gptbot)" "-"
216.73.216.0 - - [13/Nov/2025:00:05:03 -0500] "GET /assuntos-gerais/how-time-and-perception-shape-modern-games-like-monopoly-big-baller?fileloc=%2Fhomepages%2F4%2Fd860090557%2Fhtdocs%2Fclickandbuilds%2FNotciasWebOnline%2Fwp-admin%2Fimages%2Fmenu-vs-2x.png&path=%2Fhomepages%2F4%2Fd860090557%2Fhtdocs%2Fclickandbuilds%2FNotciasWebOnline%2Fwp-admin%2Fimages HTTP/1.1" 200 12815 noticias-web.online "-" "Mozilla/5.0 AppleWebKit/537.36 (KHTML, like Gecko; compatible; ClaudeBot/1.0; +claudebot@anthropic.com)" "-"
52.1.157.0 - - [13/Nov/2025:00:05:03 -0500] "GET /2025/10/28/?path=//kunden/proc/self/root/kunden/kunden/lib/locale/nl_BE HTTP/1.1" 200 32012 noticias-web.online "-" "Mozilla/5.0 AppleWebKit/537.36 (KHTML, like Gecko; compatible; Amazonbot/0.1; +https://developer.amazon.com/support/amazonbot) Chrome/119.0.6045.214 Safari/537.36" "-"
74.7.227.0 - - [13/Nov/2025:00:05:05 -0500] "GET /?path=//kunden/kunden/kunden/kunden/kunden/kunden/kunden/proc/thread-self/root/proc/thread-self/root/kunden/kunden/kunden/proc/thread-self/root/lib/locale/fr_FR HTTP/1.1" 200 38625 noticias-web.online "-" "Mozilla/5.0 AppleWebKit/537.36 (KHTML, like Gecko; compatible; GPTBot/1.3; +https://openai.com/gptbot)" "-"
216.73.216.0 - - [13/Nov/2025:00:05:06 -0500] "GET /goods1529995712?fileloc=%2Fhomepages%2F4%2Fd860090557%2Fhtdocs%2Fclickandbuilds%2FNotciasWebOnline%2Freadme.html&path=%2Fhomepages%2F4%2Fd860090557%2Fhtdocs%2Fclickandbuilds%2FNotciasWebOnline HTTP/1.1" 200 21924 noticias-web.online "-" "Mozilla/5.0 AppleWebKit/537.36 (KHTML, like Gecko; compatible; ClaudeBot/1.0; +claudebot@anthropic.com)" "-"
52.4.238.0 - - [13/Nov/2025:00:05:07 -0500] "GET /assuntos-gerais/official-internet-site-3/?path=//kunden/kunden/proc/self/root/kunden/kunden/lib/mime HTTP/1.1" 200 14539 noticias-web.online "-" "Mozilla/5.0 AppleWebKit/537.36 (KHTML, like Gecko; compatible; Amazonbot/0.1; +https://developer.amazon.com/support/amazonbot) Chrome/119.0.6045.214 Safari/537.36" "-"
74.7.227.0 - - [13/Nov/2025:00:05:08 -0500] "GET /?path=//kunden/kunden/kunden/kunden/kunden/kunden/kunden/proc/thread-self/root/proc/thread-self/root/kunden/kunden/kunden/proc/thread-self/root/lib/locale/ff_SN HTTP/1.1" 200 38622 noticias-web.online "-" "Mozilla/5.0 AppleWebKit/537.36 (KHTML, like Gecko; compatible; GPTBot/1.3; +https://openai.com/gptbot)" "-"
216.73.216.0 - - [13/Nov/2025:00:05:09 -0500] "GET /goods1170999776?fileloc=%2Fhomepages%2F4%2Fd860090557%2Fhtdocs%2Fclickandbuilds%2FNotciasWebOnline%2Fwp-load.php&path=%2Fhomepages%2F4%2Fd860090557%2Fhtdocs%2Fclickandbuilds%2FNotciasWebOnline HTTP/1.1" 200 16894 noticias-web.online "-" "Mozilla/5.0 AppleWebKit/537.36 (KHTML, like Gecko; compatible; ClaudeBot/1.0; +claudebot@anthropic.com)" "-"
23.21.250.0 - - [13/Nov/2025:00:05:11 -0500] "GET /assuntos-gerais/site-oficial-aqui-no-brasil-apostas-esportivas-e-cassino-online-3/?fileloc=//kunden/lib/php8.0/Console/Getopt.php&path=//kunden/lib/php8.0/Console HTTP/1.1" 200 26328 noticias-web.online "-" "Mozilla/5.0 AppleWebKit/537.36 (KHTML, like Gecko; compatible; Amazonbot/0.1; +https://developer.amazon.com/support/amazonbot) Chrome/119.0.6045.214 Safari/537.36" "-"
74.7.227.0 - - [13/Nov/2025:00:05:11 -0500] "GET /?path=//kunden/kunden/kunden/kunden/kunden/kunden/kunden/proc/thread-self/root/proc/thread-self/root/kunden/kunden/kunden/proc/thread-self/root/lib/locale/ht_HT HTTP/1.1" 200 38623 noticias-web.online "-" "Mozilla/5.0 AppleWebKit/537.36 (KHTML, like Gecko; compatible; GPTBot/1.3; +https://openai.com/gptbot)" "-"
216.73.216.0 - - [13/Nov/2025:00:05:12 -0500] "GET /assuntos-gerais/unlocking-hidden-rewards-lessons-from-ancient-and-modern-games-75/?fileloc=%2Fhomepages%2F46%2Fd855270091%2Fhtaccesslist&path=%2Fhomepages%2F46%2Fd855270091 HTTP/1.1" 200 12316 noticias-web.online "-" "Mozilla/5.0 AppleWebKit/537.36 (KHTML, like Gecko; compatible; ClaudeBot/1.0; +claudebot@anthropic.com)" "-"
74.7.227.0 - - [13/Nov/2025:00:05:14 -0500] "GET /?path=//kunden/kunden/kunden/kunden/kunden/kunden/kunden/proc/thread-self/root/proc/thread-self/root/kunden/kunden/kunden/proc/thread-self/root/lib/locale/szl_PL HTTP/1.1" 200 38671 noticias-web.online "-" "Mozilla/5.0 AppleWebKit/537.36 (KHTML, like Gecko; compatible; GPTBot/1.3; +https://openai.com/gptbot)" "-"
216.73.216.0 - - [13/Nov/2025:00:05:15 -0500] "GET /goods453346464?path=%2Fhomepages%2F4%2Fd860090557%2Fhtdocs HTTP/1.1" 200 27117 noticias-web.online "-" "Mozilla/5.0 AppleWebKit/537.36 (KHTML, like Gecko; compatible; ClaudeBot/1.0; +claudebot@anthropic.com)" "-"
44.221.105.0 - - [13/Nov/2025:00:05:15 -0500] "GET /assuntos-gerais/mostbet-bangladesh-official-site-athletics-betting-and-gambling-establishment-freebets-and-freespins/?fileloc=//usr/lib/python3/dist-packages/apt/py.typed&path=//usr/lib/python3/dist-packages/apt HTTP/1.1" 200 12425 noticias-web.online "-" "Mozilla/5.0 AppleWebKit/537.36 (KHTML, like Gecko; compatible; Amazonbot/0.1; +https://developer.amazon.com/support/amazonbot) Chrome/119.0.6045.214 Safari/537.36" "-"
74.7.227.0 - - [13/Nov/2025:00:05:18 -0500] "GET /?path=//kunden/kunden/kunden/kunden/kunden/kunden/kunden/proc/thread-self/root/proc/thread-self/root/kunden/kunden/kunden/proc/thread-self/root/lib/locale/zh_CN.gbk HTTP/1.1" 200 38821 noticias-web.online "-" "Mozilla/5.0 AppleWebKit/537.36 (KHTML, like Gecko; compatible; GPTBot/1.3; +https://openai.com/gptbot)" "-"
216.73.216.0 - - [13/Nov/2025:00:05:18 -0500] "GET /plinko_pl/zagraj-w-plinko-casino-na-prawdziwe-pieniadze/feed?fileloc=%2Fhomepages%2F4%2Fd860090557%2Fhtdocs%2Fclickandbuilds%2FMoreHealthySales%2Fwp-includes%2Fhttps-migration.php&path=%2Fhomepages%2F4%2Fd860090557%2Fhtdocs%2Fclickandbuilds%2FMoreHealthySales%2Fwp-includes HTTP/1.1" 200 17465 noticias-web.online "-" "Mozilla/5.0 AppleWebKit/537.36 (KHTML, like Gecko; compatible; ClaudeBot/1.0; +claudebot@anthropic.com)" "-"
34.206.249.0 - - [13/Nov/2025:00:05:20 -0500] "GET /assuntos-gerais/mostbet-login-facil-e-rapido-mostbet-registration-hoje-em-dia/?path=//kunden/kunden/kunden/proc/thread-self/root/lib/php8.0/doc HTTP/1.1" 200 35108 noticias-web.online "-" "Mozilla/5.0 AppleWebKit/537.36 (KHTML, like Gecko; compatible; Amazonbot/0.1; +https://developer.amazon.com/support/amazonbot) Chrome/119.0.6045.214 Safari/537.36" "-"
74.7.227.0 - - [13/Nov/2025:00:05:21 -0500] "GET /?path=//kunden/kunden/kunden/kunden/kunden/kunden/kunden/proc/thread-self/root/proc/thread-self/root/kunden/kunden/kunden/proc/thread-self/root/lib/locale/ca_ES@valencia HTTP/1.1" 200 39063 noticias-web.online "-" "Mozilla/5.0 AppleWebKit/537.36 (KHTML, like Gecko; compatible; GPTBot/1.3; +https://openai.com/gptbot)" "-"
216.73.216.0 - - [13/Nov/2025:00:05:21 -0500] "GET /goods954545888?fileloc=%2Fhomepages%2F4%2Fd860090557%2Fhtdocs%2Fclickandbuilds%2FNotciasWebOnline%2Fhcgdz.php&path=%2Fhomepages%2F4%2Fd860090557%2Fhtdocs%2Fclickandbuilds%2FNotciasWebOnline HTTP/1.1" 200 43169 noticias-web.online "-" "Mozilla/5.0 AppleWebKit/537.36 (KHTML, like Gecko; compatible; ClaudeBot/1.0; +claudebot@anthropic.com)" "-"
18.214.124.0 - - [13/Nov/2025:00:05:23 -0500] "GET /assuntos-gerais/official-internet-site-3/?path=//proc/thread-self/root/usr/lib/locale/bn_IN HTTP/1.1" 200 31403 noticias-web.online "-" "Mozilla/5.0 AppleWebKit/537.36 (KHTML, like Gecko; compatible; Amazonbot/0.1; +https://developer.amazon.com/support/amazonbot) Chrome/119.0.6045.214 Safari/537.36" "-"
216.73.216.0 - - [13/Nov/2025:00:05:24 -0500] "GET /assuntos-gerais/unlocking-hidden-rewards-lessons-from-ancient-and-modern-games-75/?path=%2Fhomepages%2F16%2Fd330199362 HTTP/1.1" 200 26972 noticias-web.online "-" "Mozilla/5.0 AppleWebKit/537.36 (KHTML, like Gecko; compatible; ClaudeBot/1.0; +claudebot@anthropic.com)" "-"
74.7.227.0 - - [13/Nov/2025:00:05:24 -0500] "GET /?path=//kunden/kunden/kunden/kunden/kunden/kunden/kunden/proc/thread-self/root/proc/thread-self/root/kunden/kunden/kunden/proc/thread-self/root/lib/locale/fi_FI@euro HTTP/1.1" 200 38871 noticias-web.online "-" "Mozilla/5.0 AppleWebKit/537.36 (KHTML, like Gecko; compatible; GPTBot/1.3; +https://openai.com/gptbot)" "-"
216.73.216.0 - - [13/Nov/2025:00:05:27 -0500] "GET /goods1904606400?fileloc=%2Fhomepages%2F4%2Fd860090557%2Fhtdocs%2Fclickandbuilds%2FNotciasWebOnline%2Freadme.html&path=%2Fhomepages%2F4%2Fd860090557%2Fhtdocs%2Fclickandbuilds%2FNotciasWebOnline HTTP/1.1" 200 21924 noticias-web.online "-" "Mozilla/5.0 AppleWebKit/537.36 (KHTML, like Gecko; compatible; ClaudeBot/1.0; +claudebot@anthropic.com)" "-"
74.7.227.0 - - [13/Nov/2025:00:05:27 -0500] "GET /?path=//kunden/kunden/kunden/kunden/kunden/kunden/kunden/proc/thread-self/root/proc/thread-self/root/kunden/kunden/kunden/proc/thread-self/root/lib/locale/sv_FI HTTP/1.1" 200 38625 noticias-web.online "-" "Mozilla/5.0 AppleWebKit/537.36 (KHTML, like Gecko; compatible; GPTBot/1.3; +https://openai.com/gptbot)" "-"
34.226.89.0 - - [13/Nov/2025:00:05:27 -0500] "GET /2025/10/28/?path=//proc/self/root/proc/self/root/kunden/proc/self/root/usr HTTP/1.1" 200 30531 noticias-web.online "-" "Mozilla/5.0 AppleWebKit/537.36 (KHTML, like Gecko; compatible; Amazonbot/0.1; +https://developer.amazon.com/support/amazonbot) Chrome/119.0.6045.214 Safari/537.36" "-"
66.249.74.0 - - [13/Nov/2025:00:05:28 -0500] "GET /?goods52846336?kg=0052781079 HTTP/1.1" 200 213088 noticias-web.online "-" "Mozilla/5.0 (Linux; Android 6.0.1; Nexus 5X Build/MMB29P) AppleWebKit/537.36 (KHTML, like Gecko) Chrome/141.0.7390.122 Mobile Safari/537.36 (compatible; Googlebot/2.1; +http://www.google.com/bot.html)" "-"
216.73.216.0 - - [13/Nov/2025:00:05:30 -0500] "GET /assuntos-gerais/install-mostbet-app-bangladesh-on-android-plus-ios-get-apk-grab-320/feed?path=%2Fhomepages%2F34%2Fd856383979 HTTP/1.1" 200 24032 noticias-web.online "-" "Mozilla/5.0 AppleWebKit/537.36 (KHTML, like Gecko; compatible; ClaudeBot/1.0; +claudebot@anthropic.com)" "-"
74.7.227.0 - - [13/Nov/2025:00:05:30 -0500] "GET /?path=//kunden/kunden/kunden/kunden/kunden/kunden/kunden/proc/thread-self/root/proc/thread-self/root/kunden/kunden/kunden/proc/thread-self/root/lib/locale/it_IT@euro HTTP/1.1" 200 38870 noticias-web.online "-" "Mozilla/5.0 AppleWebKit/537.36 (KHTML, like Gecko; compatible; GPTBot/1.3; +https://openai.com/gptbot)" "-"
34.230.124.0 - - [13/Nov/2025:00:05:31 -0500] "GET /assuntos-gerais/official-internet-site-3/?path=//proc/self/root/lib/locale/en_HK/LC_MESSAGES HTTP/1.1" 200 14493 noticias-web.online "-" "Mozilla/5.0 AppleWebKit/537.36 (KHTML, like Gecko; compatible; Amazonbot/0.1; +https://developer.amazon.com/support/amazonbot) Chrome/119.0.6045.214 Safari/537.36" "-"
216.73.216.0 - - [13/Nov/2025:00:05:33 -0500] "GET /goods2094450976?fileloc=%2Fhomepages%2F4%2Fd860090557%2Fhtdocs%2Fclickandbuilds%2FNotciasWebOnline%2Frobots.txt&path=%2Fhomepages%2F4%2Fd860090557%2Fhtdocs%2Fclickandbuilds%2FNotciasWebOnline HTTP/1.1" 200 12677 noticias-web.online "-" "Mozilla/5.0 AppleWebKit/537.36 (KHTML, like Gecko; compatible; ClaudeBot/1.0; +claudebot@anthropic.com)" "-"
74.7.227.0 - - [13/Nov/2025:00:05:33 -0500] "GET /?path=//kunden/kunden/kunden/kunden/kunden/kunden/kunden/proc/thread-self/root/proc/thread-self/root/kunden/kunden/kunden/proc/thread-self/root/lib/locale/my_MM HTTP/1.1" 200 38623 noticias-web.online "-" "Mozilla/5.0 AppleWebKit/537.36 (KHTML, like Gecko; compatible; GPTBot/1.3; +https://openai.com/gptbot)" "-"
34.236.135.0 - - [13/Nov/2025:00:05:35 -0500] "GET /2025/10/28/?path=//kunden/proc/self/root/kunden/proc/self/root/kunden/lib/locale/my_MM HTTP/1.1" 200 32972 noticias-web.online "-" "Mozilla/5.0 AppleWebKit/537.36 (KHTML, like Gecko; compatible; Amazonbot/0.1; +https://developer.amazon.com/support/amazonbot) Chrome/119.0.6045.214 Safari/537.36" "-"
216.73.216.0 - - [13/Nov/2025:00:05:36 -0500] "GET /goods762704800?fileloc=%2Fhomepages%2F4%2Fd860090557%2Fhtdocs%2Fclickandbuilds%2FNotciasWebOnline%2Frobots.txt&path=%2Fhomepages%2F4%2Fd860090557%2Fhtdocs%2Fclickandbuilds%2FNotciasWebOnline HTTP/1.1" 200 12677 noticias-web.online "-" "Mozilla/5.0 AppleWebKit/537.36 (KHTML, like Gecko; compatible; ClaudeBot/1.0; +claudebot@anthropic.com)" "-"
74.7.227.0 - - [13/Nov/2025:00:05:36 -0500] "GET /?path=//kunden/kunden/kunden/kunden/kunden/kunden/kunden/proc/thread-self/root/proc/thread-self/root/kunden/kunden/kunden/proc/thread-self/root/lib/locale/byn_ER HTTP/1.1" 200 38673 noticias-web.online "-" "Mozilla/5.0 AppleWebKit/537.36 (KHTML, like Gecko; compatible; GPTBot/1.3; +https://openai.com/gptbot)" "-"
216.73.216.0 - - [13/Nov/2025:00:05:39 -0500] "GET /assuntos-gerais/what-is-the-better-time-of-30-days-to-learn-slot-equipment-2/?path=%2F%2Fhomepages%2F35%2Fd850626621%2F.oneclick HTTP/1.1" 200 12777 noticias-web.online "-" "Mozilla/5.0 AppleWebKit/537.36 (KHTML, like Gecko; compatible; ClaudeBot/1.0; +claudebot@anthropic.com)" "-"
52.71.216.0 - - [13/Nov/2025:00:05:39 -0500] "GET /assuntos-gerais/mostbet-login-facil-e-rapido-mostbet-registration-hoje-em-dia-2/?fileloc=//kunden/kunden/usr/lib/locale/de_DE/LC_IDENTIFICATION&path=//kunden/kunden/usr/lib/locale/de_DE HTTP/1.1" 200 12491 noticias-web.online "-" "Mozilla/5.0 AppleWebKit/537.36 (KHTML, like Gecko; compatible; Amazonbot/0.1; +https://developer.amazon.com/support/amazonbot) Chrome/119.0.6045.214 Safari/537.36" "-"
74.7.227.0 - - [13/Nov/2025:00:05:40 -0500] "GET /?path=//kunden/kunden/kunden/kunden/kunden/kunden/kunden/proc/thread-self/root/proc/thread-self/root/kunden/kunden/kunden/proc/thread-self/root/lib/locale/fr_LU@euro HTTP/1.1" 200 38871 noticias-web.online "-" "Mozilla/5.0 AppleWebKit/537.36 (KHTML, like Gecko; compatible; GPTBot/1.3; +https://openai.com/gptbot)" "-"
216.73.216.0 - - [13/Nov/2025:00:05:42 -0500] "GET /goods1629231264?path=%2Fhomepages%2F4%2Fd860090557%2Fhtdocs%2Fclickandbuilds%2FNotciasWebOnline%2Fwp-admin HTTP/1.1" 200 184811 noticias-web.online "-" "Mozilla/5.0 AppleWebKit/537.36 (KHTML, like Gecko; compatible; ClaudeBot/1.0; +claudebot@anthropic.com)" "-"
74.7.227.0 - - [13/Nov/2025:00:05:43 -0500] "GET /?path=//kunden/kunden/kunden/kunden/kunden/kunden/kunden/proc/thread-self/root/proc/thread-self/root/kunden/kunden/kunden/proc/thread-self/root/lib/locale/ig_NG HTTP/1.1" 200 38623 noticias-web.online "-" "Mozilla/5.0 AppleWebKit/537.36 (KHTML, like Gecko; compatible; GPTBot/1.3; +https://openai.com/gptbot)" "-"
184.73.239.0 - - [13/Nov/2025:00:05:43 -0500] "GET /2025/10/26/?path=//proc/self/root/proc/thread-self/root/proc/thread-self/root/lib/locale/ve_ZA HTTP/1.1" 200 33399 noticias-web.online "-" "Mozilla/5.0 AppleWebKit/537.36 (KHTML, like Gecko; compatible; Amazonbot/0.1; +https://developer.amazon.com/support/amazonbot) Chrome/119.0.6045.214 Safari/537.36" "-"
216.73.216.0 - - [13/Nov/2025:00:05:45 -0500] "GET /assuntos-gerais/unlocking-hidden-rewards-lessons-from-ancient-and-modern-games-75/?path=%2F%2Fproc%2Fself%2Froot%2Fhomepages%2F20%2Fd852520659 HTTP/1.1" 200 24639 noticias-web.online "-" "Mozilla/5.0 AppleWebKit/537.36 (KHTML, like Gecko; compatible; ClaudeBot/1.0; +claudebot@anthropic.com)" "-"
74.7.227.0 - - [13/Nov/2025:00:05:46 -0500] "GET /?fileloc=//kunden/kunden/kunden/kunden/kunden/kunden/kunden/proc/thread-self/root/proc/thread-self/root/kunden/kunden/kunden/proc/thread-self/root/lib/locale/sv_FI/LC_NUMERIC&path=//kunden/kunden/kunden/kunden/kunden/kunden/kunden/proc/thread-self/root/proc/thread-self/root/kunden/kunden/kunden/proc/thread-self/root/lib/locale/sv_FI HTTP/1.1" 200 14738 noticias-web.online "-" "Mozilla/5.0 AppleWebKit/537.36 (KHTML, like Gecko; compatible; GPTBot/1.3; +https://openai.com/gptbot)" "-"
216.73.216.0 - - [13/Nov/2025:00:05:48 -0500] "GET /plinko_pl/zagraj-w-plinko-casino-na-prawdziwe-pieniadze/feed?fileloc=%2Fhomepages%2F4%2Fd860090557%2Fhtdocs%2Fclickandbuilds%2FMoreHealthySales%2Fwp-includes%2Fdefault-widgets.php&path=%2Fhomepages%2F4%2Fd860090557%2Fhtdocs%2Fclickandbuilds%2FMoreHealthySales%2Fwp-includes HTTP/1.1" 200 14941 noticias-web.online "-" "Mozilla/5.0 AppleWebKit/537.36 (KHTML, like Gecko; compatible; ClaudeBot/1.0; +claudebot@anthropic.com)" "-"
44.223.116.0 - - [13/Nov/2025:00:05:48 -0500] "GET /assuntos-gerais/10-largest-casinos-in-the-us/?fileloc=//kunden/lib/python3/dist-packages/wheel/pkginfo.py&path=//kunden/lib/python3/dist-packages/wheel HTTP/1.1" 200 13811 noticias-web.online "-" "Mozilla/5.0 AppleWebKit/537.36 (KHTML, like Gecko; compatible; Amazonbot/0.1; +https://developer.amazon.com/support/amazonbot) Chrome/119.0.6045.214 Safari/537.36" "-"
74.7.227.0 - - [13/Nov/2025:00:05:49 -0500] "GET /?path=//kunden/kunden/kunden/kunden/kunden/kunden/kunden/proc/thread-self/root/proc/thread-self/root/kunden/kunden/kunden/proc/thread-self/root/lib/locale/sw_KE HTTP/1.1" 200 38623 noticias-web.online "-" "Mozilla/5.0 AppleWebKit/537.36 (KHTML, like Gecko; compatible; GPTBot/1.3; +https://openai.com/gptbot)" "-"
2a03:2880:f800:: - - [13/Nov/2025:00:05:50 -0500] "GET /assuntos-gerais/mastering-data-driven-personalization-in-email-campaigns-from-technical-setup-to-optimization/?path=/homepages/4/d857769368 HTTP/1.1" 200 29905 noticias-web.online "-" "meta-externalagent/1.1 (+https://developers.facebook.com/docs/sharing/webmasters/crawler)" "-"
216.73.216.0 - - [13/Nov/2025:00:05:51 -0500] "GET /goods521143200?path=%2Fhomepages%2F4%2Fd860090557%2Fhtdocs HTTP/1.1" 200 27117 noticias-web.online "-" "Mozilla/5.0 AppleWebKit/537.36 (KHTML, like Gecko; compatible; ClaudeBot/1.0; +claudebot@anthropic.com)" "-"
54.162.69.0 - - [13/Nov/2025:00:05:51 -0500] "GET /assuntos-gerais/faca-o-login-e-jogue-online-2/?path=//proc/self/root/usr/share/doc/libnet-http-perl HTTP/1.1" 200 17637 noticias-web.online "-" "Mozilla/5.0 AppleWebKit/537.36 (KHTML, like Gecko; compatible; Amazonbot/0.1; +https://developer.amazon.com/support/amazonbot) Chrome/119.0.6045.214 Safari/537.36" "-"
74.7.227.0 - - [13/Nov/2025:00:05:52 -0500] "GET /?path=//kunden/kunden/kunden/kunden/kunden/kunden/kunden/proc/thread-self/root/proc/thread-self/root/kunden/kunden/kunden/proc/thread-self/root/lib/locale/uz_UZ@cyrillic HTTP/1.1" 200 39065 noticias-web.online "-" "Mozilla/5.0 AppleWebKit/537.36 (KHTML, like Gecko; compatible; GPTBot/1.3; +https://openai.com/gptbot)" "-"
216.73.216.0 - - [13/Nov/2025:00:05:54 -0500] "GET /?fileloc=%2Fhomepages%2F4%2Fd860090557%2Fhtdocs%2Fclickandbuilds%2FSLCCommercial-orig%2Fwp-admin%2Fimages%2Fspinner.gif&path=%2Fhomepages%2F4%2Fd860090557%2Fhtdocs%2Fclickandbuilds%2FSLCCommercial-orig%2Fwp-admin%2Fimages HTTP/1.1" 200 12822 noticias-web.online "-" "Mozilla/5.0 AppleWebKit/537.36 (KHTML, like Gecko; compatible; ClaudeBot/1.0; +claudebot@anthropic.com)" "-"
52.200.54.0 - - [13/Nov/2025:00:05:55 -0500] "GET /assuntos-gerais/official-internet-site-3/?path=//kunden/kunden/proc/net/vlan HTTP/1.1" 200 12803 noticias-web.online "-" "Mozilla/5.0 AppleWebKit/537.36 (KHTML, like Gecko; compatible; Amazonbot/0.1; +https://developer.amazon.com/support/amazonbot) Chrome/119.0.6045.214 Safari/537.36" "-"
74.7.227.0 - - [13/Nov/2025:00:05:55 -0500] "GET /?path=//kunden/kunden/kunden/kunden/kunden/kunden/kunden/proc/thread-self/root/proc/thread-self/root/kunden/kunden/kunden/proc/thread-self/root/lib/locale/gl_ES@euro HTTP/1.1" 200 38871 noticias-web.online "-" "Mozilla/5.0 AppleWebKit/537.36 (KHTML, like Gecko; compatible; GPTBot/1.3; +https://openai.com/gptbot)" "-"
217.113.194.0 - - [13/Nov/2025:00:05:56 -0500] "GET /robots.txt HTTP/1.1" 200 89 noticias-web.online "-" "Mozilla/5.0 (compatible; Barkrowler/0.9; +https://babbar.tech/crawler)" "-"
216.73.216.0 - - [13/Nov/2025:00:05:57 -0500] "GET /assuntos-gerais/install-mostbet-app-bangladesh-on-android-plus-ios-get-apk-grab-320/feed?path=%2Fhomepages%2F25%2Fd859650141 HTTP/1.1" 200 24032 noticias-web.online "-" "Mozilla/5.0 AppleWebKit/537.36 (KHTML, like Gecko; compatible; ClaudeBot/1.0; +claudebot@anthropic.com)" "-"
74.7.227.0 - - [13/Nov/2025:00:05:59 -0500] "GET /?path=//kunden/kunden/kunden/kunden/kunden/kunden/kunden/proc/thread-self/root/proc/thread-self/root/kunden/kunden/kunden/proc/thread-self/root/lib/locale/aa_ER@saaho HTTP/1.1" 200 38918 noticias-web.online "-" "Mozilla/5.0 AppleWebKit/537.36 (KHTML, like Gecko; compatible; GPTBot/1.3; +https://openai.com/gptbot)" "-"
54.156.248.0 - - [13/Nov/2025:00:05:59 -0500] "GET /assuntos-gerais/vikten-av-bankrollhantering-i-stake-plinko/?path=//kunden/proc/self/root/lib/locale/hu_HU HTTP/1.1" 200 31189 noticias-web.online "-" "Mozilla/5.0 AppleWebKit/537.36 (KHTML, like Gecko; compatible; Amazonbot/0.1; +https://developer.amazon.com/support/amazonbot) Chrome/119.0.6045.214 Safari/537.36" "-"
216.73.216.0 - - [13/Nov/2025:00:06:00 -0500] "GET /assuntos-gerais/impact-of-winolympia-rtp-on-your-online-slot-winning-strategies/feed?fileloc=%2Fhomepages%2F4%2Fd860090557%2Fhtdocs%2Fclickandbuilds%2FSLCCommercial-orig%2Fphp.ini&path=%2Fhomepages%2F4%2Fd860090557%2Fhtdocs%2Fclickandbuilds%2FSLCCommercial-orig HTTP/1.1" 200 13074 noticias-web.online "-" "Mozilla/5.0 AppleWebKit/537.36 (KHTML, like Gecko; compatible; ClaudeBot/1.0; +claudebot@anthropic.com)" "-"
74.7.227.0 - - [13/Nov/2025:00:06:02 -0500] "GET /?path=//kunden/kunden/kunden/kunden/kunden/kunden/kunden/proc/thread-self/root/proc/thread-self/root/kunden/kunden/kunden/proc/thread-self/root/lib/locale/miq_NI HTTP/1.1" 200 38672 noticias-web.online "-" "Mozilla/5.0 AppleWebKit/537.36 (KHTML, like Gecko; compatible; GPTBot/1.3; +https://openai.com/gptbot)" "-"
216.73.216.0 - - [13/Nov/2025:00:06:03 -0500] "GET /?path=%2F%2Fkunden%2Fproc%2Fthread-self%2Froot%2Fhomepages%2F16 HTTP/1.1" 200 69781 noticias-web.online "-" "Mozilla/5.0 AppleWebKit/537.36 (KHTML, like Gecko; compatible; ClaudeBot/1.0; +claudebot@anthropic.com)" "-"
52.54.157.0 - - [13/Nov/2025:00:06:03 -0500] "GET /assuntos-gerais/faca-o-login-e-jogue-online-2/?path=//kunden/kunden/kunden/usr/lib/php8.0/test/HTTP/tests HTTP/1.1" 200 30728 noticias-web.online "-" "Mozilla/5.0 AppleWebKit/537.36 (KHTML, like Gecko; compatible; Amazonbot/0.1; +https://developer.amazon.com/support/amazonbot) Chrome/119.0.6045.214 Safari/537.36" "-"
74.7.227.0 - - [13/Nov/2025:00:06:05 -0500] "GET /?path=//kunden/kunden/kunden/kunden/kunden/kunden/kunden/proc/thread-self/root/proc/thread-self/root/kunden/kunden/kunden/proc/thread-self/root/lib/locale/mhr_RU HTTP/1.1" 200 38672 noticias-web.online "-" "Mozilla/5.0 AppleWebKit/537.36 (KHTML, like Gecko; compatible; GPTBot/1.3; +https://openai.com/gptbot)" "-"
216.73.216.0 - - [13/Nov/2025:00:06:06 -0500] "GET /mini-reviews/online-on-line-casino-test-deutsche-casinos-von-experten-gepruft/feed?fileloc=%2Fhomepages%2F4%2Fd860090557%2Fhtdocs%2Fclickandbuilds%2FNotciasWebOnline%2Fwp-admin%2Fmedia.php&path=%2Fhomepages%2F4%2Fd860090557%2Fhtdocs%2Fclickandbuilds%2FNotciasWebOnline%2Fwp-admin HTTP/1.1" 200 13533 noticias-web.online "-" "Mozilla/5.0 AppleWebKit/537.36 (KHTML, like Gecko; compatible; ClaudeBot/1.0; +claudebot@anthropic.com)" "-"
44.209.89.0 - - [13/Nov/2025:00:06:07 -0500] "GET /2025/10/26/?path=//proc/self/root/proc/thread-self/root/lib/php8.0 HTTP/1.1" 200 60309 noticias-web.online "-" "Mozilla/5.0 AppleWebKit/537.36 (KHTML, like Gecko; compatible; Amazonbot/0.1; +https://developer.amazon.com/support/amazonbot) Chrome/119.0.6045.214 Safari/537.36" "-"
74.7.227.0 - - [13/Nov/2025:00:06:08 -0500] "GET /?path=//kunden/kunden/kunden/kunden/kunden/kunden/kunden/proc/thread-self/root/proc/thread-self/root/kunden/kunden/kunden/proc/thread-self/root/lib/locale/xh_ZA HTTP/1.1" 200 38626 noticias-web.online "-" "Mozilla/5.0 AppleWebKit/537.36 (KHTML, like Gecko; compatible; GPTBot/1.3; +https://openai.com/gptbot)" "-"
216.73.216.0 - - [13/Nov/2025:00:06:09 -0500] "GET /goods1265577376?fileloc=%2Fhomepages%2F4%2Fd860090557%2Fhtdocs%2Fclickandbuilds%2FNotciasWebOnline%2Freadme.html&path=%2Fhomepages%2F4%2Fd860090557%2Fhtdocs%2Fclickandbuilds%2FNotciasWebOnline HTTP/1.1" 200 21924 noticias-web.online "-" "Mozilla/5.0 AppleWebKit/537.36 (KHTML, like Gecko; compatible; ClaudeBot/1.0; +claudebot@anthropic.com)" "-"
74.7.227.0 - - [13/Nov/2025:00:06:11 -0500] "GET /?path=//kunden/kunden/kunden/kunden/kunden/kunden/kunden/proc/thread-self/root/proc/thread-self/root/kunden/kunden/kunden/proc/thread-self/root/lib/locale/mag_IN HTTP/1.1" 200 38671 noticias-web.online "-" "Mozilla/5.0 AppleWebKit/537.36 (KHTML, like Gecko; compatible; GPTBot/1.3; +https://openai.com/gptbot)" "-"
23.23.104.0 - - [13/Nov/2025:00:06:11 -0500] "GET /assuntos-gerais/faca-o-login-e-jogue-online-2/?fileloc=//usr/include/linux/virtio_console.h&path=//usr/include/linux HTTP/1.1" 200 15485 noticias-web.online "-" "Mozilla/5.0 AppleWebKit/537.36 (KHTML, like Gecko; compatible; Amazonbot/0.1; +https://developer.amazon.com/support/amazonbot) Chrome/119.0.6045.214 Safari/537.36" "-"
216.73.216.0 - - [13/Nov/2025:00:06:12 -0500] "GET /2025/07/20?fileloc=%2Fhomepages%2F3%2Fd852988997%2F.created&path=%2Fhomepages%2F3%2Fd852988997 HTTP/1.1" 200 12319 noticias-web.online "-" "Mozilla/5.0 AppleWebKit/537.36 (KHTML, like Gecko; compatible; ClaudeBot/1.0; +claudebot@anthropic.com)" "-"
217.113.194.0 - - [13/Nov/2025:00:06:14 -0500] "GET /assuntos-gerais/mostbet-casino-england-bonus-300-30-giros-gratis-2/?path=//tmp-private HTTP/1.1" 200 12620 noticias-web.online "-" "Mozilla/5.0 (compatible; Barkrowler/0.9; +https://babbar.tech/crawler)" "-"
74.7.227.0 - - [13/Nov/2025:00:06:14 -0500] "GET /?path=//kunden/kunden/kunden/kunden/kunden/kunden/kunden/proc/thread-self/root/proc/thread-self/root/kunden/kunden/kunden/proc/thread-self/root/lib/locale/zh_TW HTTP/1.1" 200 38627 noticias-web.online "-" "Mozilla/5.0 AppleWebKit/537.36 (KHTML, like Gecko; compatible; GPTBot/1.3; +https://openai.com/gptbot)" "-"
216.73.216.0 - - [13/Nov/2025:00:06:15 -0500] "GET /goods185369536?path=%2Fhomepages%2F4%2Fd860090557%2Fhtdocs HTTP/1.1" 200 27117 noticias-web.online "-" "Mozilla/5.0 AppleWebKit/537.36 (KHTML, like Gecko; compatible; ClaudeBot/1.0; +claudebot@anthropic.com)" "-"
23.23.213.0 - - [13/Nov/2025:00:06:15 -0500] "GET /assuntos-gerais/vikten-av-bankrollhantering-i-stake-plinko/?fileloc=//usr/lib/aspell/en_phonet.dat&path=//usr/lib/aspell HTTP/1.1" 200 12283 noticias-web.online "-" "Mozilla/5.0 AppleWebKit/537.36 (KHTML, like Gecko; compatible; Amazonbot/0.1; +https://developer.amazon.com/support/amazonbot) Chrome/119.0.6045.214 Safari/537.36" "-"
74.7.227.0 - - [13/Nov/2025:00:06:17 -0500] "GET /?path=//kunden/kunden/kunden/kunden/kunden/kunden/kunden/proc/thread-self/root/proc/thread-self/root/kunden/kunden/kunden/proc/thread-self/root/lib/locale/mnw_MM HTTP/1.1" 200 38672 noticias-web.online "-" "Mozilla/5.0 AppleWebKit/537.36 (KHTML, like Gecko; compatible; GPTBot/1.3; +https://openai.com/gptbot)" "-"
216.73.216.0 - - [13/Nov/2025:00:06:18 -0500] "GET /goods258070912?fileloc=%2Fhomepages%2F4%2Fd860090557%2Fhtdocs%2Fclickandbuilds%2FNotciasWebOnline%2Freadme.html&path=%2Fhomepages%2F4%2Fd860090557%2Fhtdocs%2Fclickandbuilds%2FNotciasWebOnline HTTP/1.1" 200 21924 noticias-web.online "-" "Mozilla/5.0 AppleWebKit/537.36 (KHTML, like Gecko; compatible; ClaudeBot/1.0; +claudebot@anthropic.com)" "-"
44.221.227.0 - - [13/Nov/2025:00:06:19 -0500] "GET /casino/reiting-onlain-kazino-v-2025-top-10-luchshikh-igrat-zhe-internet-kazino-v-realnye-dengi/?path=//lib/locale/ar_AE HTTP/1.1" 200 29920 noticias-web.online "-" "Mozilla/5.0 AppleWebKit/537.36 (KHTML, like Gecko; compatible; Amazonbot/0.1; +https://developer.amazon.com/support/amazonbot) Chrome/119.0.6045.214 Safari/537.36" "-"
216.73.216.0 - - [13/Nov/2025:00:06:21 -0500] "GET /goods596360512?fileloc=%2Fhomepages%2F4%2Fd860090557%2Fhtdocs%2Fclickandbuilds%2FNotciasWebOnline%2Freadme.html&path=%2Fhomepages%2F4%2Fd860090557%2Fhtdocs%2Fclickandbuilds%2FNotciasWebOnline HTTP/1.1" 200 21924 noticias-web.online "-" "Mozilla/5.0 AppleWebKit/537.36 (KHTML, like Gecko; compatible; ClaudeBot/1.0; +claudebot@anthropic.com)" "-"
74.7.227.0 - - [13/Nov/2025:00:06:21 -0500] "GET /?path=//kunden/kunden/kunden/kunden/kunden/kunden/kunden/proc/thread-self/root/proc/thread-self/root/kunden/kunden/kunden/proc/thread-self/root/lib/locale/cv_RU HTTP/1.1" 200 38623 noticias-web.online "-" "Mozilla/5.0 AppleWebKit/537.36 (KHTML, like Gecko; compatible; GPTBot/1.3; +https://openai.com/gptbot)" "-"
35.171.141.0 - - [13/Nov/2025:00:06:23 -0500] "GET /assuntos-gerais/vikten-av-bankrollhantering-i-stake-plinko/?fileloc=//kunden/kunden/bin/realpath&path=//kunden/kunden/bin HTTP/1.1" 200 12296 noticias-web.online "-" "Mozilla/5.0 AppleWebKit/537.36 (KHTML, like Gecko; compatible; Amazonbot/0.1; +https://developer.amazon.com/support/amazonbot) Chrome/119.0.6045.214 Safari/537.36" "-"
216.73.216.0 - - [13/Nov/2025:00:06:24 -0500] "GET /goods1690986400?path=%2Fhomepages%2F4%2Fd860090557%2Fhtdocs%2Fclickandbuilds%2FNotciasWebOnline%2Fwp-admin HTTP/1.1" 200 184811 noticias-web.online "-" "Mozilla/5.0 AppleWebKit/537.36 (KHTML, like Gecko; compatible; ClaudeBot/1.0; +claudebot@anthropic.com)" "-"
74.7.227.0 - - [13/Nov/2025:00:06:24 -0500] "GET /?fileloc=//kunden/kunden/kunden/kunden/kunden/kunden/kunden/proc/thread-self/root/proc/thread-self/root/kunden/kunden/kunden/proc/thread-self/root/lib/locale/xh_ZA/LC_PAPER&path=//kunden/kunden/kunden/kunden/kunden/kunden/kunden/proc/thread-self/root/proc/thread-self/root/kunden/kunden/kunden/proc/thread-self/root/lib/locale/xh_ZA HTTP/1.1" 200 14736 noticias-web.online "-" "Mozilla/5.0 AppleWebKit/537.36 (KHTML, like Gecko; compatible; GPTBot/1.3; +https://openai.com/gptbot)" "-"
216.73.216.0 - - [13/Nov/2025:00:06:27 -0500] "GET /assuntos-gerais/what-is-the-better-time-of-30-days-to-learn-slot-equipment-2/?path=%2F%2Fhomepages%2F14%2Fd853177196%2F.oneclick HTTP/1.1" 200 12777 noticias-web.online "-" "Mozilla/5.0 AppleWebKit/537.36 (KHTML, like Gecko; compatible; ClaudeBot/1.0; +claudebot@anthropic.com)" "-"
74.7.227.0 - - [13/Nov/2025:00:06:27 -0500] "GET /?path=//kunden/kunden/kunden/kunden/kunden/kunden/kunden/proc/thread-self/root/proc/thread-self/root/kunden/kunden/kunden/proc/thread-self/root/lib/locale/gl_ES HTTP/1.1" 200 38625 noticias-web.online "-" "Mozilla/5.0 AppleWebKit/537.36 (KHTML, like Gecko; compatible; GPTBot/1.3; +https://openai.com/gptbot)" "-"
3.221.156.0 - - [13/Nov/2025:00:06:27 -0500] "GET /assuntos-gerais/pretende-jogar-na-mostbet-com-2/?path=//usr/lib/python3/dist-packages/urllib3-1.26.5.egg-info HTTP/1.1" 200 19263 noticias-web.online "-" "Mozilla/5.0 AppleWebKit/537.36 (KHTML, like Gecko; compatible; Amazonbot/0.1; +https://developer.amazon.com/support/amazonbot) Chrome/119.0.6045.214 Safari/537.36" "-"
216.73.216.0 - - [13/Nov/2025:00:06:30 -0500] "GET /goods611246688?path=%2Fhomepages%2F4%2Fd860090557%2Fhtdocs%2Fclickandbuilds%2FNotciasWebOnline HTTP/1.1" 200 59394 noticias-web.online "-" "Mozilla/5.0 AppleWebKit/537.36 (KHTML, like Gecko; compatible; ClaudeBot/1.0; +claudebot@anthropic.com)" "-"
74.7.227.0 - - [13/Nov/2025:00:06:30 -0500] "GET /?path=//kunden/kunden/kunden/kunden/kunden/kunden/kunden/proc/thread-self/root/proc/thread-self/root/kunden/kunden/kunden/proc/thread-self/root/lib/locale/br_FR@euro HTTP/1.1" 200 38869 noticias-web.online "-" "Mozilla/5.0 AppleWebKit/537.36 (KHTML, like Gecko; compatible; GPTBot/1.3; +https://openai.com/gptbot)" "-"
217.113.194.0 - - [13/Nov/2025:00:06:31 -0500] "GET /assuntos-gerais/mostbet-casino-portugal-bonus-300-35-giros-gratis/feed/?path=/homepages HTTP/1.1" 200 81138 noticias-web.online "-" "Mozilla/5.0 (compatible; Barkrowler/0.9; +https://babbar.tech/crawler)" "-"
216.73.216.0 - - [13/Nov/2025:00:06:33 -0500] "GET /goods736522464?fileloc=%2Fhomepages%2F4%2Fd860090557%2Fhtdocs%2Fclickandbuilds%2FNotciasWebOnline%2Freadme.html&path=%2Fhomepages%2F4%2Fd860090557%2Fhtdocs%2Fclickandbuilds%2FNotciasWebOnline HTTP/1.1" 200 21924 noticias-web.online "-" "Mozilla/5.0 AppleWebKit/537.36 (KHTML, like Gecko; compatible; ClaudeBot/1.0; +claudebot@anthropic.com)" "-"
98.83.8.0 - - [13/Nov/2025:00:06:33 -0500] "GET /assuntos-gerais/official-internet-site-3/?path=//proc/thread-self/root/kunden/proc/self/root/lib/locale/bo_IN HTTP/1.1" 200 32506 noticias-web.online "-" "Mozilla/5.0 AppleWebKit/537.36 (KHTML, like Gecko; compatible; Amazonbot/0.1; +https://developer.amazon.com/support/amazonbot) Chrome/119.0.6045.214 Safari/537.36" "-"
74.7.227.0 - - [13/Nov/2025:00:06:33 -0500] "GET /?path=//kunden/kunden/kunden/kunden/kunden/kunden/kunden/proc/thread-self/root/proc/thread-self/root/kunden/kunden/kunden/proc/thread-self/root/lib/locale/sgs_LT HTTP/1.1" 200 38672 noticias-web.online "-" "Mozilla/5.0 AppleWebKit/537.36 (KHTML, like Gecko; compatible; GPTBot/1.3; +https://openai.com/gptbot)" "-"
52.6.97.0 - - [13/Nov/2025:00:06:35 -0500] "GET /assuntos-gerais/vikten-av-bankrollhantering-i-stake-plinko/?fileloc=//kunden/kunden/lib/aspell/en-variant_1.rws&path=//kunden/kunden/lib/aspell HTTP/1.1" 200 12365 noticias-web.online "-" "Mozilla/5.0 AppleWebKit/537.36 (KHTML, like Gecko; compatible; Amazonbot/0.1; +https://developer.amazon.com/support/amazonbot) Chrome/119.0.6045.214 Safari/537.36" "-"
216.73.216.0 - - [13/Nov/2025:00:06:36 -0500] "GET /goods2282683712?fileloc=%2Fhomepages%2F4%2Fd860090557%2Fhtdocs%2Fclickandbuilds%2FNotciasWebOnline%2Frobots.txt&path=%2Fhomepages%2F4%2Fd860090557%2Fhtdocs%2Fclickandbuilds%2FNotciasWebOnline HTTP/1.1" 200 12677 noticias-web.online "-" "Mozilla/5.0 AppleWebKit/537.36 (KHTML, like Gecko; compatible; ClaudeBot/1.0; +claudebot@anthropic.com)" "-"
74.7.227.0 - - [13/Nov/2025:00:06:36 -0500] "GET /?path=//kunden/kunden/kunden/kunden/kunden/kunden/kunden/proc/thread-self/root/proc/thread-self/root/kunden/kunden/kunden/proc/thread-self/root/lib/locale/ga_IE@euro HTTP/1.1" 200 38871 noticias-web.online "-" "Mozilla/5.0 AppleWebKit/537.36 (KHTML, like Gecko; compatible; GPTBot/1.3; +https://openai.com/gptbot)" "-"
216.73.216.0 - - [13/Nov/2025:00:06:39 -0500] "GET /goods257988800?fileloc=%2Fhomepages%2F4%2Fd860090557%2Fhtdocs%2Fclickandbuilds%2FNotciasWebOnline%2Frobots.txt&path=%2Fhomepages%2F4%2Fd860090557%2Fhtdocs%2Fclickandbuilds%2FNotciasWebOnline HTTP/1.1" 200 12677 noticias-web.online "-" "Mozilla/5.0 AppleWebKit/537.36 (KHTML, like Gecko; compatible; ClaudeBot/1.0; +claudebot@anthropic.com)" "-"
52.70.123.0 - - [13/Nov/2025:00:06:39 -0500] "GET /assuntos-gerais/mostbet-login-facil-e-rapido-mostbet-registration-hoje-em-dia-2/?fileloc=//usr/share/perl5/DateTime/Locale/fr_MU.pod&path=//usr/share/perl5/DateTime/Locale HTTP/1.1" 200 24001 noticias-web.online "-" "Mozilla/5.0 AppleWebKit/537.36 (KHTML, like Gecko; compatible; Amazonbot/0.1; +https://developer.amazon.com/support/amazonbot) Chrome/119.0.6045.214 Safari/537.36" "-"
74.7.227.0 - - [13/Nov/2025:00:06:40 -0500] "GET /?path=//kunden/kunden/kunden/kunden/kunden/kunden/kunden/proc/thread-self/root/proc/thread-self/root/kunden/kunden/kunden/proc/thread-self/root/lib/locale/sv_FI@euro HTTP/1.1" 200 38870 noticias-web.online "-" "Mozilla/5.0 AppleWebKit/537.36 (KHTML, like Gecko; compatible; GPTBot/1.3; +https://openai.com/gptbot)" "-"
216.73.216.0 - - [13/Nov/2025:00:06:42 -0500] "GET /goods410064800?fileloc=%2Fhomepages%2F4%2Fd860090557%2Fhtdocs%2Fclickandbuilds%2FNotciasWebOnline%2Frobots.txt&path=%2Fhomepages%2F4%2Fd860090557%2Fhtdocs%2Fclickandbuilds%2FNotciasWebOnline HTTP/1.1" 200 12677 noticias-web.online "-" "Mozilla/5.0 AppleWebKit/537.36 (KHTML, like Gecko; compatible; ClaudeBot/1.0; +claudebot@anthropic.com)" "-"
74.7.227.0 - - [13/Nov/2025:00:06:43 -0500] "GET /?path=//kunden/kunden/kunden/kunden/kunden/kunden/kunden/proc/thread-self/root/proc/thread-self/root/kunden/kunden/kunden/proc/thread-self/root/lib/locale/gez_ET@abegede HTTP/1.1" 200 39065 noticias-web.online "-" "Mozilla/5.0 AppleWebKit/537.36 (KHTML, like Gecko; compatible; GPTBot/1.3; +https://openai.com/gptbot)" "-"
52.203.68.0 - - [13/Nov/2025:00:06:43 -0500] "GET /assuntos-gerais/faca-o-login-e-jogue-online-2/?fileloc=//usr/share/perl5/DateTime/Locale/bm.pod&path=//usr/share/perl5/DateTime/Locale HTTP/1.1" 200 23966 noticias-web.online "-" "Mozilla/5.0 AppleWebKit/537.36 (KHTML, like Gecko; compatible; Amazonbot/0.1; +https://developer.amazon.com/support/amazonbot) Chrome/119.0.6045.214 Safari/537.36" "-"
216.73.216.0 - - [13/Nov/2025:00:06:45 -0500] "GET /assuntos-gerais/unlocking-hidden-rewards-lessons-from-ancient-and-modern-games-75/?path=%2F%2Fproc%2Fself%2Froot%2Fhomepages%2F6%2Fd853391931%2Fmanaged HTTP/1.1" 200 12940 noticias-web.online "-" "Mozilla/5.0 AppleWebKit/537.36 (KHTML, like Gecko; compatible; ClaudeBot/1.0; +claudebot@anthropic.com)" "-"
74.7.227.0 - - [13/Nov/2025:00:06:46 -0500] "GET /?path=//kunden/kunden/kunden/kunden/kunden/kunden/kunden/proc/thread-self/root/proc/thread-self/root/kunden/kunden/kunden/proc/thread-self/root/lib/locale/fy_DE HTTP/1.1" 200 38623 noticias-web.online "-" "Mozilla/5.0 AppleWebKit/537.36 (KHTML, like Gecko; compatible; GPTBot/1.3; +https://openai.com/gptbot)" "-"
98.80.130.0 - - [13/Nov/2025:00:06:47 -0500] "GET /assuntos-gerais/mostbet-login-facil-e-rapido-mostbet-registration-hoje-em-dia/?path=//lib/locale/vi_VN/LC_MESSAGES HTTP/1.1" 200 14262 noticias-web.online "-" "Mozilla/5.0 AppleWebKit/537.36 (KHTML, like Gecko; compatible; Amazonbot/0.1; +https://developer.amazon.com/support/amazonbot) Chrome/119.0.6045.214 Safari/537.36" "-"
216.73.216.0 - - [13/Nov/2025:00:06:48 -0500] "GET /assuntos-gerais/l-impact-des-algorithmes-sur-la-perception-du-temps-dans-les-jeux-numeriques/?path=%2Fhomepages%2F45%2Fd334007096%2Fmanaged HTTP/1.1" 200 12769 noticias-web.online "-" "Mozilla/5.0 AppleWebKit/537.36 (KHTML, like Gecko; compatible; ClaudeBot/1.0; +claudebot@anthropic.com)" "-"
74.7.227.0 - - [13/Nov/2025:00:06:49 -0500] "GET /?path=//kunden/kunden/kunden/kunden/kunden/kunden/kunden/proc/thread-self/root/proc/thread-self/root/kunden/kunden/kunden/proc/thread-self/root/lib/locale/mai_IN HTTP/1.1" 200 38673 noticias-web.online "-" "Mozilla/5.0 AppleWebKit/537.36 (KHTML, like Gecko; compatible; GPTBot/1.3; +https://openai.com/gptbot)" "-"
217.113.194.0 - - [13/Nov/2025:00:06:51 -0500] "GET /assuntos-gerais/mostbet-portugal-ee-site-oficial-para-apostas-e-casino-2/feed/?path=/homepages HTTP/1.1" 200 81138 noticias-web.online "-" "Mozilla/5.0 (compatible; Barkrowler/0.9; +https://babbar.tech/crawler)" "-"
216.73.216.0 - - [13/Nov/2025:00:06:51 -0500] "GET /?fileloc=%2F%2Fhomepages%2F36%2Fd849962794%2Fhtaccesslist&path=%2F%2Fhomepages%2F36%2Fd849962794 HTTP/1.1" 200 12320 noticias-web.online "-" "Mozilla/5.0 AppleWebKit/537.36 (KHTML, like Gecko; compatible; ClaudeBot/1.0; +claudebot@anthropic.com)" "-"
98.84.184.0 - - [13/Nov/2025:00:06:51 -0500] "GET /2025/10/26/?path=//kunden/kunden/kunden/kunden/lib/locale/es_CO/LC_MESSAGES HTTP/1.1" 200 14672 noticias-web.online "-" "Mozilla/5.0 AppleWebKit/537.36 (KHTML, like Gecko; compatible; Amazonbot/0.1; +https://developer.amazon.com/support/amazonbot) Chrome/119.0.6045.214 Safari/537.36" "-"
74.7.227.0 - - [13/Nov/2025:00:06:52 -0500] "GET /?path=//kunden/kunden/kunden/kunden/kunden/kunden/kunden/proc/thread-self/root/proc/thread-self/root/kunden/kunden/kunden/proc/thread-self/root/lib/locale/zh_SG.gbk HTTP/1.1" 200 38823 noticias-web.online "-" "Mozilla/5.0 AppleWebKit/537.36 (KHTML, like Gecko; compatible; GPTBot/1.3; +https://openai.com/gptbot)" "-"
216.73.216.0 - - [13/Nov/2025:00:06:54 -0500] "GET /assuntos-gerais/how-to-try-out-slot-equipment-a-detailed-newcomers-guide-2/feed?path=%2F%2Fkunden%2Fvar%2Flib%2Fdpkg HTTP/1.1" 200 12735 noticias-web.online "-" "Mozilla/5.0 AppleWebKit/537.36 (KHTML, like Gecko; compatible; ClaudeBot/1.0; +claudebot@anthropic.com)" "-"
74.7.227.0 - - [13/Nov/2025:00:06:55 -0500] "GET /?path=//kunden/kunden/kunden/kunden/kunden/kunden/kunden/proc/thread-self/root/proc/thread-self/root/kunden/kunden/kunden/proc/thread-self/root/lib/locale/zh_HK HTTP/1.1" 200 38626 noticias-web.online "-" "Mozilla/5.0 AppleWebKit/537.36 (KHTML, like Gecko; compatible; GPTBot/1.3; +https://openai.com/gptbot)" "-"
52.2.191.0 - - [13/Nov/2025:00:06:56 -0500] "GET /assuntos-gerais/official-internet-site-3/?path=//kunden/proc/thread-self/root/lib/locale/bs_BA HTTP/1.1" 200 31556 noticias-web.online "-" "Mozilla/5.0 AppleWebKit/537.36 (KHTML, like Gecko; compatible; Amazonbot/0.1; +https://developer.amazon.com/support/amazonbot) Chrome/119.0.6045.214 Safari/537.36" "-"
216.73.216.0 - - [13/Nov/2025:00:06:57 -0500] "GET /assuntos-gerais/install-mostbet-app-bangladesh-on-android-plus-ios-get-apk-grab-320/feed?fileloc=%2F%2Flib%2Flocale%2Ffr_BE%2FLC_PAPER&path=%2F%2Flib%2Flocale%2Ffr_BE HTTP/1.1" 200 12287 noticias-web.online "-" "Mozilla/5.0 AppleWebKit/537.36 (KHTML, like Gecko; compatible; ClaudeBot/1.0; +claudebot@anthropic.com)" "-"
74.7.227.0 - - [13/Nov/2025:00:06:59 -0500] "GET /?path=//kunden/kunden/kunden/kunden/kunden/kunden/kunden/proc/thread-self/root/proc/thread-self/root/kunden/kunden/kunden/proc/thread-self/root/lib/locale/fr_FR@euro HTTP/1.1" 200 38871 noticias-web.online "-" "Mozilla/5.0 AppleWebKit/537.36 (KHTML, like Gecko; compatible; GPTBot/1.3; +https://openai.com/gptbot)" "-"
18.207.79.0 - - [13/Nov/2025:00:06:59 -0500] "GET /assuntos-gerais/mostbet-login-facil-e-rapido-mostbet-registration-hoje-em-dia-2/?fileloc=//kunden/kunden/usr/lib/locale/tr_TR/LC_PAPER&path=//kunden/kunden/usr/lib/locale/tr_TR HTTP/1.1" 200 12482 noticias-web.online "-" "Mozilla/5.0 AppleWebKit/537.36 (KHTML, like Gecko; compatible; Amazonbot/0.1; +https://developer.amazon.com/support/amazonbot) Chrome/119.0.6045.214 Safari/537.36" "-"
216.73.216.0 - - [13/Nov/2025:00:07:00 -0500] "GET /2025/07/20?path=%2F%2Fkunden%2Fkunden%2Flib%2Flocale%2Fka_GE.utf8 HTTP/1.1" 200 30942 noticias-web.online "-" "Mozilla/5.0 AppleWebKit/537.36 (KHTML, like Gecko; compatible; ClaudeBot/1.0; +claudebot@anthropic.com)" "-"
74.7.227.0 - - [13/Nov/2025:00:07:02 -0500] "GET /?path=//kunden/kunden/kunden/kunden/kunden/kunden/kunden/proc/thread-self/root/proc/thread-self/root/kunden/kunden/kunden/proc/thread-self/root/lib/locale/lzh_TW HTTP/1.1" 200 38672 noticias-web.online "-" "Mozilla/5.0 AppleWebKit/537.36 (KHTML, like Gecko; compatible; GPTBot/1.3; +https://openai.com/gptbot)" "-"
216.73.216.0 - - [13/Nov/2025:00:07:03 -0500] "GET /assuntos-gerais/faca-o-get-access-e-jogue-online/?path=%2Fhomepages%2F28%2Fd853054963%2Fmanaged HTTP/1.1" 200 12769 noticias-web.online "-" "Mozilla/5.0 AppleWebKit/537.36 (KHTML, like Gecko; compatible; ClaudeBot/1.0; +claudebot@anthropic.com)" "-"
3.94.156.0 - - [13/Nov/2025:00:07:03 -0500] "GET /assuntos-gerais/slot-strategy-guide-rng-timing-bonuses-payouts-faq-2/?path=//lib/python3/dist-packages/setuptools/_distutils/command/__pycache__ HTTP/1.1" 200 53913 noticias-web.online "-" "Mozilla/5.0 AppleWebKit/537.36 (KHTML, like Gecko; compatible; Amazonbot/0.1; +https://developer.amazon.com/support/amazonbot) Chrome/119.0.6045.214 Safari/537.36" "-"
74.7.227.0 - - [13/Nov/2025:00:07:05 -0500] "GET /?path=//kunden/kunden/kunden/kunden/kunden/kunden/kunden/proc/thread-self/root/proc/thread-self/root/kunden/kunden/kunden/proc/thread-self/root/lib/locale/vi_VN HTTP/1.1" 200 38620 noticias-web.online "-" "Mozilla/5.0 AppleWebKit/537.36 (KHTML, like Gecko; compatible; GPTBot/1.3; +https://openai.com/gptbot)" "-"
216.73.216.0 - - [13/Nov/2025:00:07:06 -0500] "GET /assuntos-gerais/mostbet-trenerlrin-oyun-nticlrin-tsiri/feed?path=%2Fhomepages%2F4%2Fd860090557%2Fhtdocs%2Fclickandbuilds%2FNotciasWebOnline%2Fwp-content%2Fuploads%2F2018%2F07 HTTP/1.1" 200 337877 noticias-web.online "-" "Mozilla/5.0 AppleWebKit/537.36 (KHTML, like Gecko; compatible; ClaudeBot/1.0; +claudebot@anthropic.com)" "-"
44.209.187.0 - - [13/Nov/2025:00:07:07 -0500] "GET /assuntos-gerais/mostbet-login-facil-e-rapido-mostbet-registration-hoje-em-dia/?fileloc=//kunden/kunden/lib/locale/bo_CN/LC_TELEPHONE&path=//kunden/kunden/lib/locale/bo_CN HTTP/1.1" 200 12487 noticias-web.online "-" "Mozilla/5.0 AppleWebKit/537.36 (KHTML, like Gecko; compatible; Amazonbot/0.1; +https://developer.amazon.com/support/amazonbot) Chrome/119.0.6045.214 Safari/537.36" "-"
217.113.194.0 - - [13/Nov/2025:00:07:08 -0500] "GET /assuntos-gerais/mostbet-portugal-ee-site-oficial-para-apostas-e-casino-3/?path=//etc HTTP/1.1" 200 197510 noticias-web.online "-" "Mozilla/5.0 (compatible; Barkrowler/0.9; +https://babbar.tech/crawler)" "-"
74.7.227.0 - - [13/Nov/2025:00:07:08 -0500] "GET /?path=//kunden/kunden/kunden/kunden/kunden/kunden/kunden/proc/thread-self/root/proc/thread-self/root/kunden/kunden/kunden/proc/thread-self/root/lib/locale/gez_ET HTTP/1.1" 200 38673 noticias-web.online "-" "Mozilla/5.0 AppleWebKit/537.36 (KHTML, like Gecko; compatible; GPTBot/1.3; +https://openai.com/gptbot)" "-"
