74.7.227.0 - - [13/Nov/2025:00:16:29 -0500] "GET /?path=//kunden/kunden/kunden/kunden/kunden/kunden/kunden/proc/thread-self/root/proc/thread-self/root/kunden/kunden/kunden/proc/thread-self/root/usr/lib/locale/ko_KR.euckr HTTP/1.1" 200 39287 noticias-web.online "-" "Mozilla/5.0 AppleWebKit/537.36 (KHTML, like Gecko; compatible; GPTBot/1.3; +https://openai.com/gptbot)" "-"
216.73.216.0 - - [13/Nov/2025:00:16:30 -0500] "GET /goods1790304512?fileloc=%2Fhomepages%2F4%2Fd860090557%2Fhtdocs%2Fclickandbuilds%2FNotciasWebOnline%2Fwp-config-sample.php&path=%2Fhomepages%2F4%2Fd860090557%2Fhtdocs%2Fclickandbuilds%2FNotciasWebOnline HTTP/1.1" 200 15957 noticias-web.online "-" "Mozilla/5.0 AppleWebKit/537.36 (KHTML, like Gecko; compatible; ClaudeBot/1.0; +claudebot@anthropic.com)" "-"
52.2.191.0 - - [13/Nov/2025:00:16:32 -0500] "GET /2025/10/26/?path=//kunden/proc/self/root/usr/lib/locale/hu_HU HTTP/1.1" 200 31441 noticias-web.online "-" "Mozilla/5.0 AppleWebKit/537.36 (KHTML, like Gecko; compatible; Amazonbot/0.1; +https://developer.amazon.com/support/amazonbot) Chrome/119.0.6045.214 Safari/537.36" "-"
74.7.227.0 - - [13/Nov/2025:00:16:32 -0500] "GET /?path=//kunden/kunden/kunden/kunden/kunden/kunden/kunden/proc/thread-self/root/proc/thread-self/root/kunden/kunden/kunden/proc/thread-self/root/usr/lib/locale/ca_IT HTTP/1.1" 200 38991 noticias-web.online "-" "Mozilla/5.0 AppleWebKit/537.36 (KHTML, like Gecko; compatible; GPTBot/1.3; +https://openai.com/gptbot)" "-"
216.73.216.0 - - [13/Nov/2025:00:16:33 -0500] "GET /goods1170974176?fileloc=%2Fhomepages%2F4%2Fd860090557%2Fhtdocs%2Fclickandbuilds%2FNotciasWebOnline%2Fwp-blog-header.php&path=%2Fhomepages%2F4%2Fd860090557%2Fhtdocs%2Fclickandbuilds%2FNotciasWebOnline HTTP/1.1" 200 13145 noticias-web.online "-" "Mozilla/5.0 AppleWebKit/537.36 (KHTML, like Gecko; compatible; ClaudeBot/1.0; +claudebot@anthropic.com)" "-"
216.73.216.0 - - [13/Nov/2025:00:16:34 -0500] "GET /robots.txt HTTP/1.1" 200 89 noticias-web.online "-" "Mozilla/5.0 AppleWebKit/537.36 (KHTML, like Gecko; compatible; ClaudeBot/1.0; +claudebot@anthropic.com)" "-"
74.7.227.0 - - [13/Nov/2025:00:16:35 -0500] "GET /?path=//kunden/kunden/kunden/kunden/kunden/kunden/kunden/proc/thread-self/root/proc/thread-self/root/kunden/kunden/kunden/proc/thread-self/root/usr/lib/locale/anp_IN HTTP/1.1" 200 39039 noticias-web.online "-" "Mozilla/5.0 AppleWebKit/537.36 (KHTML, like Gecko; compatible; GPTBot/1.3; +https://openai.com/gptbot)" "-"
216.73.216.0 - - [13/Nov/2025:00:16:36 -0500] "GET /assuntos-gerais/exploring-the-future-of-interactive-entertainment-and-design/feed?path=%2F%2Fkunden%2Fkunden%2Ftmp HTTP/1.1" 200 19751 noticias-web.online "-" "Mozilla/5.0 AppleWebKit/537.36 (KHTML, like Gecko; compatible; ClaudeBot/1.0; +claudebot@anthropic.com)" "-"
35.169.102.0 - - [13/Nov/2025:00:16:36 -0500] "GET /assuntos-gerais/how-to-try-out-slot-equipment-a-detailed-newcomers-guide-2/?fileloc=//kunden/kunden/bin/zless&path=//kunden/kunden/bin HTTP/1.1" 200 14609 noticias-web.online "-" "Mozilla/5.0 AppleWebKit/537.36 (KHTML, like Gecko; compatible; Amazonbot/0.1; +https://developer.amazon.com/support/amazonbot) Chrome/119.0.6045.214 Safari/537.36" "-"
217.113.194.0 - - [13/Nov/2025:00:16:36 -0500] "GET /assuntos-gerais/mostbet-turkiye-guncel-giris-bonuslari-oyunlar/feed/?path=/homepages/11 HTTP/1.1" 200 75256 noticias-web.online "-" "Mozilla/5.0 (compatible; Barkrowler/0.9; +https://babbar.tech/crawler)" "-"
74.7.227.0 - - [13/Nov/2025:00:16:39 -0500] "GET /?path=//kunden/kunden/kunden/kunden/kunden/kunden/kunden/proc/thread-self/root/proc/thread-self/root/kunden/kunden/kunden/proc/thread-self/root/usr/lib/locale/fr_CH HTTP/1.1" 200 38992 noticias-web.online "-" "Mozilla/5.0 AppleWebKit/537.36 (KHTML, like Gecko; compatible; GPTBot/1.3; +https://openai.com/gptbot)" "-"
216.73.216.0 - - [13/Nov/2025:00:16:39 -0500] "GET /goods1329778976?fileloc=%2Fhomepages%2F4%2Fd860090557%2Fhtdocs%2Fclickandbuilds%2FNotciasWebOnline%2Fxmlrpc.php&path=%2Fhomepages%2F4%2Fd860090557%2Fhtdocs%2Fclickandbuilds%2FNotciasWebOnline HTTP/1.1" 200 16146 noticias-web.online "-" "Mozilla/5.0 AppleWebKit/537.36 (KHTML, like Gecko; compatible; ClaudeBot/1.0; +claudebot@anthropic.com)" "-"
44.212.232.0 - - [13/Nov/2025:00:16:39 -0500] "GET /assuntos-gerais/faca-o-login-e-jogue-online-2/?fileloc=//proc/self/root/proc/self/root/usr/lib/aspell/en_GB-variant_1.multi&path=//proc/self/root/proc/self/root/usr/lib/aspell HTTP/1.1" 200 12771 noticias-web.online "-" "Mozilla/5.0 AppleWebKit/537.36 (KHTML, like Gecko; compatible; Amazonbot/0.1; +https://developer.amazon.com/support/amazonbot) Chrome/119.0.6045.214 Safari/537.36" "-"
216.73.216.0 - - [13/Nov/2025:00:16:42 -0500] "GET /goods683548224?fileloc=%2Fhomepages%2F4%2Fd860090557%2Fhtdocs%2Fclickandbuilds%2FNotciasWebOnline%2Fwp-config-sample.php&path=%2Fhomepages%2F4%2Fd860090557%2Fhtdocs%2Fclickandbuilds%2FNotciasWebOnline HTTP/1.1" 200 15957 noticias-web.online "-" "Mozilla/5.0 AppleWebKit/537.36 (KHTML, like Gecko; compatible; ClaudeBot/1.0; +claudebot@anthropic.com)" "-"
74.7.227.0 - - [13/Nov/2025:00:16:42 -0500] "GET /?path=//kunden/kunden/kunden/kunden/kunden/kunden/kunden/proc/thread-self/root/proc/thread-self/root/kunden/kunden/kunden/proc/thread-self/root/usr/lib/locale/nds_NL HTTP/1.1" 200 39033 noticias-web.online "-" "Mozilla/5.0 AppleWebKit/537.36 (KHTML, like Gecko; compatible; GPTBot/1.3; +https://openai.com/gptbot)" "-"
216.73.216.0 - - [13/Nov/2025:00:16:45 -0500] "GET /goods596648000?fileloc=%2Fhomepages%2F4%2Fd860090557%2Fhtdocs%2Fclickandbuilds%2FNotciasWebOnline%2Fwp-config-sample.php&path=%2Fhomepages%2F4%2Fd860090557%2Fhtdocs%2Fclickandbuilds%2FNotciasWebOnline HTTP/1.1" 200 15957 noticias-web.online "-" "Mozilla/5.0 AppleWebKit/537.36 (KHTML, like Gecko; compatible; ClaudeBot/1.0; +claudebot@anthropic.com)" "-"
74.7.227.0 - - [13/Nov/2025:00:16:45 -0500] "GET /?path=//kunden/kunden/kunden/kunden/kunden/kunden/kunden/proc/thread-self/root/proc/thread-self/root/kunden/kunden/kunden/proc/thread-self/root/usr/lib/locale/nn_NO HTTP/1.1" 200 38992 noticias-web.online "-" "Mozilla/5.0 AppleWebKit/537.36 (KHTML, like Gecko; compatible; GPTBot/1.3; +https://openai.com/gptbot)" "-"
52.204.71.0 - - [13/Nov/2025:00:16:45 -0500] "GET /assuntos-gerais/official-internet-site-3/?path=//kunden/kunden/proc/self/root/kunden/proc/ide HTTP/1.1" 200 14548 noticias-web.online "-" "Mozilla/5.0 AppleWebKit/537.36 (KHTML, like Gecko; compatible; Amazonbot/0.1; +https://developer.amazon.com/support/amazonbot) Chrome/119.0.6045.214 Safari/537.36" "-"
43.166.239.0 - - [13/Nov/2025:00:16:47 -0500] "GET /?path=/homepages/4/d860090557/htdocs/clickandbuilds/NotciasWebOnline/.tmb HTTP/1.1" 200 13037 noticias-web.online "-" "Mozilla/5.0 (iPhone; CPU iPhone OS 13_2_3 like Mac OS X) AppleWebKit/605.1.15 (KHTML, like Gecko) Version/13.0.3 Mobile/15E148 Safari/604.1" "-"
216.73.216.0 - - [13/Nov/2025:00:16:48 -0500] "GET /?fileloc=%2Fhomepages%2F4%2Fd860090557%2Fhtdocs%2Fclickandbuilds%2FBestProductsSales%2Fwp-admin%2Fthemes.php&path=%2Fhomepages%2F4%2Fd860090557%2Fhtdocs%2Fclickandbuilds%2FBestProductsSales%2Fwp-admin HTTP/1.1" 200 68969 noticias-web.online "-" "Mozilla/5.0 AppleWebKit/537.36 (KHTML, like Gecko; compatible; ClaudeBot/1.0; +claudebot@anthropic.com)" "-"
98.84.60.0 - - [13/Nov/2025:00:16:48 -0500] "GET /2025/10/28/?path=//kunden/kunden/proc/self/root/lib/locale/uk_UA/LC_MESSAGES HTTP/1.1" 200 14726 noticias-web.online "-" "Mozilla/5.0 AppleWebKit/537.36 (KHTML, like Gecko; compatible; Amazonbot/0.1; +https://developer.amazon.com/support/amazonbot) Chrome/119.0.6045.214 Safari/537.36" "-"
74.7.227.0 - - [13/Nov/2025:00:16:48 -0500] "GET /?path=//kunden/kunden/kunden/kunden/kunden/kunden/kunden/proc/thread-self/root/proc/thread-self/root/kunden/kunden/kunden/proc/thread-self/root/usr/lib/locale/wo_SN HTTP/1.1" 200 38989 noticias-web.online "-" "Mozilla/5.0 AppleWebKit/537.36 (KHTML, like Gecko; compatible; GPTBot/1.3; +https://openai.com/gptbot)" "-"
216.73.216.0 - - [13/Nov/2025:00:16:51 -0500] "GET /assuntos-gerais/unlocking-hidden-rewards-lessons-from-ancient-and-modern-games-75/?path=%2F%2Fproc%2Fself%2Froot%2Fhomepages%2F27%2Fd856644728%2Fhtdocs HTTP/1.1" 200 12942 noticias-web.online "-" "Mozilla/5.0 AppleWebKit/537.36 (KHTML, like Gecko; compatible; ClaudeBot/1.0; +claudebot@anthropic.com)" "-"
74.7.227.0 - - [13/Nov/2025:00:16:51 -0500] "GET /?path=//kunden/kunden/kunden/kunden/kunden/kunden/kunden/proc/thread-self/root/proc/thread-self/root/kunden/kunden/kunden/proc/thread-self/root/usr/lib/locale/en_GB HTTP/1.1" 200 38990 noticias-web.online "-" "Mozilla/5.0 AppleWebKit/537.36 (KHTML, like Gecko; compatible; GPTBot/1.3; +https://openai.com/gptbot)" "-"
3.232.82.0 - - [13/Nov/2025:00:16:52 -0500] "GET /assuntos-gerais/slot-strategy-guide-rng-timing-bonuses-payouts-faq-2/?fileloc=//kunden/usr/include/php8.0/ext/standard/php_array.h&path=//kunden/usr/include/php8.0/ext/standard HTTP/1.1" 200 14823 noticias-web.online "-" "Mozilla/5.0 AppleWebKit/537.36 (KHTML, like Gecko; compatible; Amazonbot/0.1; +https://developer.amazon.com/support/amazonbot) Chrome/119.0.6045.214 Safari/537.36" "-"
217.113.194.0 - - [13/Nov/2025:00:16:53 -0500] "GET /assuntos-gerais/mostbet-turkiye-guncel-giris-bonuslari-oyunlar/feed/?path=/homepages/21 HTTP/1.1" 200 67264 noticias-web.online "-" "Mozilla/5.0 (compatible; Barkrowler/0.9; +https://babbar.tech/crawler)" "-"
216.73.216.0 - - [13/Nov/2025:00:16:54 -0500] "GET /assuntos-gerais/what-is-the-better-time-of-30-days-to-learn-slot-equipment-2/?path=%2Fhomepages%2F41%2Fd333026108%2Fhtdocs HTTP/1.1" 200 12767 noticias-web.online "-" "Mozilla/5.0 AppleWebKit/537.36 (KHTML, like Gecko; compatible; ClaudeBot/1.0; +claudebot@anthropic.com)" "-"
74.7.227.0 - - [13/Nov/2025:00:16:55 -0500] "GET /?path=//kunden/kunden/kunden/kunden/kunden/kunden/kunden/proc/thread-self/root/proc/thread-self/root/kunden/kunden/kunden/proc/thread-self/root/usr/lib/locale/es_UY HTTP/1.1" 200 38991 noticias-web.online "-" "Mozilla/5.0 AppleWebKit/537.36 (KHTML, like Gecko; compatible; GPTBot/1.3; +https://openai.com/gptbot)" "-"
34.206.249.0 - - [13/Nov/2025:00:16:55 -0500] "GET /2025/10/28/?path=//proc/self/root/kunden/proc/self/root/proc/thread-self/root/kunden/bin HTTP/1.1" 200 2114063 noticias-web.online "-" "Mozilla/5.0 AppleWebKit/537.36 (KHTML, like Gecko; compatible; Amazonbot/0.1; +https://developer.amazon.com/support/amazonbot) Chrome/119.0.6045.214 Safari/537.36" "-"
216.73.216.0 - - [13/Nov/2025:00:16:57 -0500] "GET /assuntos-gerais/exploring-the-future-of-interactive-entertainment-and-design/feed?path=%2F%2Fkunden%2Fkunden%2Fkunden%2Fhomepages%2F18%2Fd852162611%2F.oneclick HTTP/1.1" 200 12990 noticias-web.online "-" "Mozilla/5.0 AppleWebKit/537.36 (KHTML, like Gecko; compatible; ClaudeBot/1.0; +claudebot@anthropic.com)" "-"
74.7.227.0 - - [13/Nov/2025:00:16:58 -0500] "GET /?path=//kunden/kunden/kunden/kunden/kunden/kunden/kunden/proc/thread-self/root/proc/thread-self/root/kunden/kunden/kunden/proc/thread-self/root/usr/lib/locale/bn_BD HTTP/1.1" 200 38990 noticias-web.online "-" "Mozilla/5.0 AppleWebKit/537.36 (KHTML, like Gecko; compatible; GPTBot/1.3; +https://openai.com/gptbot)" "-"
216.73.216.0 - - [13/Nov/2025:00:17:00 -0500] "GET /assuntos-gerais/najlepsze-zaklady-sportowe-online-w-polsce/feed?fileloc=%2Fhomepages%2F4%2Fd860090557%2Fhtdocs%2Fclickandbuilds%2FMoreHealthySales%2Fwp-includes%2Fjs%2Fwp-backbone.min.js&path=%2Fhomepages%2F4%2Fd860090557%2Fhtdocs%2Fclickandbuilds%2FMoreHealthySales%2Fwp-includes%2Fjs HTTP/1.1" 200 16133 noticias-web.online "-" "Mozilla/5.0 AppleWebKit/537.36 (KHTML, like Gecko; compatible; ClaudeBot/1.0; +claudebot@anthropic.com)" "-"
54.197.114.0 - - [13/Nov/2025:00:17:00 -0500] "GET /assuntos-gerais/pretende-jogar-na-mostbet-com-2/?path=//kunden/proc/thread-self/root/kunden/lib/locale/ar_SA HTTP/1.1" 200 31974 noticias-web.online "-" "Mozilla/5.0 AppleWebKit/537.36 (KHTML, like Gecko; compatible; Amazonbot/0.1; +https://developer.amazon.com/support/amazonbot) Chrome/119.0.6045.214 Safari/537.36" "-"
74.7.227.0 - - [13/Nov/2025:00:17:01 -0500] "GET /?path=//kunden/kunden/kunden/kunden/kunden/kunden/kunden/proc/thread-self/root/proc/thread-self/root/kunden/kunden/kunden/proc/thread-self/root/usr/lib/locale/mr_IN HTTP/1.1" 200 38990 noticias-web.online "-" "Mozilla/5.0 AppleWebKit/537.36 (KHTML, like Gecko; compatible; GPTBot/1.3; +https://openai.com/gptbot)" "-"
216.73.216.0 - - [13/Nov/2025:00:17:03 -0500] "GET /assuntos-gerais/what-is-the-better-time-of-30-days-to-learn-slot-equipment-2/?fileloc=%2F%2Fhomepages%2F35%2Fd858770076%2FDASTOOLSTART&path=%2F%2Fhomepages%2F35%2Fd858770076 HTTP/1.1" 200 12320 noticias-web.online "-" "Mozilla/5.0 AppleWebKit/537.36 (KHTML, like Gecko; compatible; ClaudeBot/1.0; +claudebot@anthropic.com)" "-"
3.216.227.0 - - [13/Nov/2025:00:17:03 -0500] "GET /assuntos-gerais/10-largest-casinos-in-the-us/?path=//kunden/lib/locale/sgs_LT HTTP/1.1" 200 30353 noticias-web.online "-" "Mozilla/5.0 AppleWebKit/537.36 (KHTML, like Gecko; compatible; Amazonbot/0.1; +https://developer.amazon.com/support/amazonbot) Chrome/119.0.6045.214 Safari/537.36" "-"
74.7.227.0 - - [13/Nov/2025:00:17:04 -0500] "GET /?path=//kunden/kunden/kunden/kunden/kunden/kunden/kunden/proc/thread-self/root/proc/thread-self/root/kunden/kunden/kunden/proc/thread-self/root/usr/lib/locale/ha_NG HTTP/1.1" 200 38989 noticias-web.online "-" "Mozilla/5.0 AppleWebKit/537.36 (KHTML, like Gecko; compatible; GPTBot/1.3; +https://openai.com/gptbot)" "-"
216.73.216.0 - - [13/Nov/2025:00:17:06 -0500] "GET /goods257535936?fileloc=%2Fhomepages%2F4%2Fd860090557%2Fhtdocs%2Fclickandbuilds%2FNotciasWebOnline%2Fwp-cron.php&path=%2Fhomepages%2F4%2Fd860090557%2Fhtdocs%2Fclickandbuilds%2FNotciasWebOnline HTTP/1.1" 200 18276 noticias-web.online "-" "Mozilla/5.0 AppleWebKit/537.36 (KHTML, like Gecko; compatible; ClaudeBot/1.0; +claudebot@anthropic.com)" "-"
74.7.227.0 - - [13/Nov/2025:00:17:07 -0500] "GET /?path=//kunden/kunden/kunden/kunden/kunden/kunden/kunden/proc/thread-self/root/proc/thread-self/root/kunden/kunden/kunden/proc/thread-self/root/usr/lib/locale/aa_ET HTTP/1.1" 200 38990 noticias-web.online "-" "Mozilla/5.0 AppleWebKit/537.36 (KHTML, like Gecko; compatible; GPTBot/1.3; +https://openai.com/gptbot)" "-"
34.205.170.0 - - [13/Nov/2025:00:17:08 -0500] "GET /assuntos-gerais/slot-strategy-guide-rng-timing-bonuses-payouts-faq-2/?path=//kunden/usr/share/doc/libencode-locale-perl HTTP/1.1" 200 17503 noticias-web.online "-" "Mozilla/5.0 AppleWebKit/537.36 (KHTML, like Gecko; compatible; Amazonbot/0.1; +https://developer.amazon.com/support/amazonbot) Chrome/119.0.6045.214 Safari/537.36" "-"
216.73.216.0 - - [13/Nov/2025:00:17:09 -0500] "GET /goods683202976?fileloc=%2Fhomepages%2F4%2Fd860090557%2Fhtdocs%2Fclickandbuilds%2FNotciasWebOnline%2Fwp-cron.php&path=%2Fhomepages%2F4%2Fd860090557%2Fhtdocs%2Fclickandbuilds%2FNotciasWebOnline HTTP/1.1" 200 18276 noticias-web.online "-" "Mozilla/5.0 AppleWebKit/537.36 (KHTML, like Gecko; compatible; ClaudeBot/1.0; +claudebot@anthropic.com)" "-"
217.113.194.0 - - [13/Nov/2025:00:17:09 -0500] "GET /assuntos-gerais/mostbet-turkiye-guncel-giris-bonuslari-oyunlar/feed/?path=/homepages/20 HTTP/1.1" 200 52612 noticias-web.online "-" "Mozilla/5.0 (compatible; Barkrowler/0.9; +https://babbar.tech/crawler)" "-"
74.7.227.0 - - [13/Nov/2025:00:17:10 -0500] "GET /?path=//kunden/kunden/kunden/kunden/kunden/kunden/kunden/proc/thread-self/root/proc/thread-self/root/kunden/kunden/kunden/proc/thread-self/root/usr/lib/locale/pt_BR HTTP/1.1" 200 38992 noticias-web.online "-" "Mozilla/5.0 AppleWebKit/537.36 (KHTML, like Gecko; compatible; GPTBot/1.3; +https://openai.com/gptbot)" "-"
18.232.36.0 - - [13/Nov/2025:00:17:11 -0500] "GET /assuntos-gerais/slot-strategy-guide-rng-timing-bonuses-payouts-faq-2/?fileloc=//lib/locale/th_TH/LC_NUMERIC&path=//lib/locale/th_TH HTTP/1.1" 200 12350 noticias-web.online "-" "Mozilla/5.0 AppleWebKit/537.36 (KHTML, like Gecko; compatible; Amazonbot/0.1; +https://developer.amazon.com/support/amazonbot) Chrome/119.0.6045.214 Safari/537.36" "-"
216.73.216.0 - - [13/Nov/2025:00:17:12 -0500] "GET /assuntos-gerais/what-to-know-about-wagering-requirements-on-glory-casino-bonus?fileloc=%2F%2Flib%2Fx86_64-linux-gnu%2Flibgraphite2.so.3&path=%2F%2Flib%2Fx86_64-linux-gnu HTTP/1.1" 200 12275 noticias-web.online "-" "Mozilla/5.0 AppleWebKit/537.36 (KHTML, like Gecko; compatible; ClaudeBot/1.0; +claudebot@anthropic.com)" "-"
74.7.227.0 - - [13/Nov/2025:00:17:13 -0500] "GET /?path=//kunden/kunden/kunden/kunden/kunden/kunden/kunden/proc/thread-self/root/proc/thread-self/root/kunden/kunden/kunden/proc/thread-self/root/usr/lib/locale/sd_IN HTTP/1.1" 200 38988 noticias-web.online "-" "Mozilla/5.0 AppleWebKit/537.36 (KHTML, like Gecko; compatible; GPTBot/1.3; +https://openai.com/gptbot)" "-"
216.73.216.0 - - [13/Nov/2025:00:17:15 -0500] "GET /?fileloc=%2F%2Fhomepages%2F35%2Fd331457571%2FDASTOOLSTART&path=%2F%2Fhomepages%2F35%2Fd331457571 HTTP/1.1" 200 12320 noticias-web.online "-" "Mozilla/5.0 AppleWebKit/537.36 (KHTML, like Gecko; compatible; ClaudeBot/1.0; +claudebot@anthropic.com)" "-"
54.84.169.0 - - [13/Nov/2025:00:17:16 -0500] "GET /assuntos-gerais/mostbet-login-facil-e-rapido-mostbet-registration-hoje-em-dia/?fileloc=//kunden/lib/python3/dist-packages/pip/_internal/wheel_builder.py&path=//kunden/lib/python3/dist-packages/pip/_internal HTTP/1.1" 200 24874 noticias-web.online "-" "Mozilla/5.0 AppleWebKit/537.36 (KHTML, like Gecko; compatible; Amazonbot/0.1; +https://developer.amazon.com/support/amazonbot) Chrome/119.0.6045.214 Safari/537.36" "-"
74.7.227.0 - - [13/Nov/2025:00:17:17 -0500] "GET /?path=//kunden/kunden/kunden/kunden/kunden/kunden/kunden/proc/thread-self/root/proc/thread-self/root/kunden/kunden/kunden/proc/thread-self/root/usr/lib/locale/km_KH HTTP/1.1" 200 38990 noticias-web.online "-" "Mozilla/5.0 AppleWebKit/537.36 (KHTML, like Gecko; compatible; GPTBot/1.3; +https://openai.com/gptbot)" "-"
216.73.216.0 - - [13/Nov/2025:00:17:18 -0500] "GET /goods1971742176?path=%2Fhomepages%2F4%2Fd860090557%2Fhtdocs%2Fclickandbuilds%2FNotciasWebOnline%2Fwp-content HTTP/1.1" 200 39607 noticias-web.online "-" "Mozilla/5.0 AppleWebKit/537.36 (KHTML, like Gecko; compatible; ClaudeBot/1.0; +claudebot@anthropic.com)" "-"
66.249.73.0 - - [13/Nov/2025:00:17:18 -0500] "GET /goods96396576?kg=0096276880 HTTP/1.1" 200 204385 www.noticias-web.online "-" "Mozilla/5.0 (Linux; Android 6.0.1; Nexus 5X Build/MMB29P) AppleWebKit/537.36 (KHTML, like Gecko) Chrome/141.0.7390.122 Mobile Safari/537.36 (compatible; Googlebot/2.1; +http://www.google.com/bot.html)" "-"
44.221.37.0 - - [13/Nov/2025:00:17:19 -0500] "GET /assuntos-gerais/1xbet-apk-versus-web-platform-pros-and-cons/?path=//lib/python3/dist-packages/mercurial/templates/atom HTTP/1.1" 200 35026 noticias-web.online "-" "Mozilla/5.0 AppleWebKit/537.36 (KHTML, like Gecko; compatible; Amazonbot/0.1; +https://developer.amazon.com/support/amazonbot) Chrome/119.0.6045.214 Safari/537.36" "-"
74.7.227.0 - - [13/Nov/2025:00:17:20 -0500] "GET /?path=//kunden/kunden/kunden/kunden/kunden/kunden/kunden/proc/thread-self/root/proc/thread-self/root/kunden/kunden/kunden/proc/thread-self/root/usr/lib/locale/eu_ES HTTP/1.1" 200 38992 noticias-web.online "-" "Mozilla/5.0 AppleWebKit/537.36 (KHTML, like Gecko; compatible; GPTBot/1.3; +https://openai.com/gptbot)" "-"
216.73.216.0 - - [13/Nov/2025:00:17:21 -0500] "GET /goods1691461600?fileloc=%2Fhomepages%2F4%2Fd860090557%2Fhtdocs%2Fclickandbuilds%2FNotciasWebOnline%2Fwp-blog-header.php&path=%2Fhomepages%2F4%2Fd860090557%2Fhtdocs%2Fclickandbuilds%2FNotciasWebOnline HTTP/1.1" 200 13145 noticias-web.online "-" "Mozilla/5.0 AppleWebKit/537.36 (KHTML, like Gecko; compatible; ClaudeBot/1.0; +claudebot@anthropic.com)" "-"
74.7.227.0 - - [13/Nov/2025:00:17:23 -0500] "GET /?path=//kunden/kunden/kunden/kunden/kunden/kunden/kunden/proc/thread-self/root/proc/thread-self/root/kunden/kunden/kunden/proc/thread-self/root/usr/lib/locale/sid_ET HTTP/1.1" 200 39039 noticias-web.online "-" "Mozilla/5.0 AppleWebKit/537.36 (KHTML, like Gecko; compatible; GPTBot/1.3; +https://openai.com/gptbot)" "-"
216.73.216.0 - - [13/Nov/2025:00:17:24 -0500] "GET /plinko_pl/zagraj-w-plinko-casino-na-prawdziwe-pieniadze/feed?fileloc=%2Fhomepages%2F4%2Fd860090557%2Fhtdocs%2Fclickandbuilds%2FMoreHealthySales%2Fwp-includes%2Fjs%2Fmce-view.js&path=%2Fhomepages%2F4%2Fd860090557%2Fhtdocs%2Fclickandbuilds%2FMoreHealthySales%2Fwp-includes%2Fjs HTTP/1.1" 200 39573 noticias-web.online "-" "Mozilla/5.0 AppleWebKit/537.36 (KHTML, like Gecko; compatible; ClaudeBot/1.0; +claudebot@anthropic.com)" "-"
74.7.227.0 - - [13/Nov/2025:00:17:26 -0500] "GET /?path=//kunden/kunden/kunden/kunden/kunden/kunden/kunden/proc/thread-self/root/proc/thread-self/root/kunden/kunden/kunden/proc/thread-self/root/usr/lib/locale/wae_CH HTTP/1.1" 200 39038 noticias-web.online "-" "Mozilla/5.0 AppleWebKit/537.36 (KHTML, like Gecko; compatible; GPTBot/1.3; +https://openai.com/gptbot)" "-"
216.73.216.0 - - [13/Nov/2025:00:17:27 -0500] "GET /assuntos-gerais/exploring-the-future-of-interactive-entertainment-and-design/feed?fileloc=%2F%2Fkunden%2Fkunden%2Flib%2Flocale%2Fde_DE%40euro%2FLC_IDENTIFICATION&path=%2F%2Fkunden%2Fkunden%2Flib%2Flocale%2Fde_DE%40euro HTTP/1.1" 200 12446 noticias-web.online "-" "Mozilla/5.0 AppleWebKit/537.36 (KHTML, like Gecko; compatible; ClaudeBot/1.0; +claudebot@anthropic.com)" "-"
66.249.73.0 - - [13/Nov/2025:00:17:27 -0500] "GET /goods52348736?kg=0052284101 HTTP/1.1" 200 206824 www.noticias-web.online "-" "Mozilla/5.0 (Linux; Android 6.0.1; Nexus 5X Build/MMB29P) AppleWebKit/537.36 (KHTML, like Gecko) Chrome/141.0.7390.122 Mobile Safari/537.36 (compatible; Googlebot/2.1; +http://www.google.com/bot.html)" "-"
74.7.227.0 - - [13/Nov/2025:00:17:29 -0500] "GET /?path=//kunden/kunden/kunden/kunden/kunden/kunden/kunden/proc/thread-self/root/proc/thread-self/root/kunden/kunden/kunden/proc/thread-self/root/usr/lib/locale/ru_UA HTTP/1.1" 200 38992 noticias-web.online "-" "Mozilla/5.0 AppleWebKit/537.36 (KHTML, like Gecko; compatible; GPTBot/1.3; +https://openai.com/gptbot)" "-"
216.73.216.0 - - [13/Nov/2025:00:17:30 -0500] "GET /assuntos-gerais/exploring-the-future-of-interactive-entertainment-and-design/feed?fileloc=%2F%2Fkunden%2Fkunden%2Flib%2Flocale%2Fwa_BE%2FLC_ADDRESS&path=%2F%2Fkunden%2Fkunden%2Flib%2Flocale%2Fwa_BE HTTP/1.1" 200 12424 noticias-web.online "-" "Mozilla/5.0 AppleWebKit/537.36 (KHTML, like Gecko; compatible; ClaudeBot/1.0; +claudebot@anthropic.com)" "-"
52.200.142.0 - - [13/Nov/2025:00:17:32 -0500] "GET /assuntos-gerais/mostbet-login-facil-e-rapido-mostbet-registration-hoje-em-dia/?path=//proc/self/root/kunden/kunden/proc/self/root/kunden HTTP/1.1" 200 48878 noticias-web.online "-" "Mozilla/5.0 AppleWebKit/537.36 (KHTML, like Gecko; compatible; Amazonbot/0.1; +https://developer.amazon.com/support/amazonbot) Chrome/119.0.6045.214 Safari/537.36" "-"
52.3.156.0 - - [13/Nov/2025:00:17:32 -0500] "GET /assuntos-gerais/how-to-try-out-slot-equipment-a-detailed-newcomers-guide-2/?path=//proc/self/root/var/lib/man-db HTTP/1.1" 200 14332 noticias-web.online "-" "Mozilla/5.0 AppleWebKit/537.36 (KHTML, like Gecko; compatible; Amazonbot/0.1; +https://developer.amazon.com/support/amazonbot) Chrome/119.0.6045.214 Safari/537.36" "-"
74.7.227.0 - - [13/Nov/2025:00:17:32 -0500] "GET /?path=//kunden/kunden/kunden/kunden/kunden/kunden/kunden/proc/thread-self/root/proc/thread-self/root/kunden/kunden/kunden/proc/thread-self/root/usr/lib/locale/it_CH HTTP/1.1" 200 38991 noticias-web.online "-" "Mozilla/5.0 AppleWebKit/537.36 (KHTML, like Gecko; compatible; GPTBot/1.3; +https://openai.com/gptbot)" "-"
216.73.216.0 - - [13/Nov/2025:00:17:33 -0500] "GET /goods781249024?fileloc=%2Fhomepages%2F4%2Fd860090557%2Fhtdocs%2Fclickandbuilds%2FNotciasWebOnline%2Fwp-config-sample.php&path=%2Fhomepages%2F4%2Fd860090557%2Fhtdocs%2Fclickandbuilds%2FNotciasWebOnline HTTP/1.1" 200 15957 noticias-web.online "-" "Mozilla/5.0 AppleWebKit/537.36 (KHTML, like Gecko; compatible; ClaudeBot/1.0; +claudebot@anthropic.com)" "-"
54.84.250.0 - - [13/Nov/2025:00:17:33 -0500] "GET /assuntos-gerais/faca-o-login-e-jogue-online-2/?fileloc=//proc/self/root/kunden/kunden/proc/thread-self/root/bin/run-with-aspell&path=//proc/self/root/kunden/kunden/proc/thread-self/root/bin HTTP/1.1" 200 12794 noticias-web.online "-" "Mozilla/5.0 AppleWebKit/537.36 (KHTML, like Gecko; compatible; Amazonbot/0.1; +https://developer.amazon.com/support/amazonbot) Chrome/119.0.6045.214 Safari/537.36" "-"
66.249.74.0 - - [13/Nov/2025:00:17:34 -0500] "GET /goods52643488?kg=0052578484 HTTP/1.1" 200 204916 noticias-web.online "-" "Mozilla/5.0 (Linux; Android 6.0.1; Nexus 5X Build/MMB29P) AppleWebKit/537.36 (KHTML, like Gecko) Chrome/141.0.7390.122 Mobile Safari/537.36 (compatible; Googlebot/2.1; +http://www.google.com/bot.html)" "-"
74.7.227.0 - - [13/Nov/2025:00:17:36 -0500] "GET /?path=//kunden/kunden/kunden/kunden/kunden/kunden/kunden/proc/thread-self/root/proc/thread-self/root/kunden/kunden/kunden/proc/thread-self/root/usr/lib/locale/es_SV HTTP/1.1" 200 38992 noticias-web.online "-" "Mozilla/5.0 AppleWebKit/537.36 (KHTML, like Gecko; compatible; GPTBot/1.3; +https://openai.com/gptbot)" "-"
216.73.216.0 - - [13/Nov/2025:00:17:36 -0500] "GET /goods483341824?fileloc=%2Fhomepages%2F4%2Fd860090557%2Fhtdocs%2Fclickandbuilds%2FNotciasWebOnline%2Fwp-activate.php&path=%2Fhomepages%2F4%2Fd860090557%2Fhtdocs%2Fclickandbuilds%2FNotciasWebOnline HTTP/1.1" 200 20967 noticias-web.online "-" "Mozilla/5.0 AppleWebKit/537.36 (KHTML, like Gecko; compatible; ClaudeBot/1.0; +claudebot@anthropic.com)" "-"
18.209.137.0 - - [13/Nov/2025:00:17:36 -0500] "GET /assuntos-gerais/1xbet-apk-versus-web-platform-pros-and-cons/?path=//kunden/kunden/lib/php8.0/test/XML_Util HTTP/1.1" 200 14271 noticias-web.online "-" "Mozilla/5.0 AppleWebKit/537.36 (KHTML, like Gecko; compatible; Amazonbot/0.1; +https://developer.amazon.com/support/amazonbot) Chrome/119.0.6045.214 Safari/537.36" "-"
74.7.227.0 - - [13/Nov/2025:00:17:39 -0500] "GET /?path=//kunden/kunden/kunden/kunden/kunden/kunden/kunden/proc/thread-self/root/proc/thread-self/root/kunden/kunden/kunden/proc/thread-self/root/usr/lib/locale/ar_SS HTTP/1.1" 200 38989 noticias-web.online "-" "Mozilla/5.0 AppleWebKit/537.36 (KHTML, like Gecko; compatible; GPTBot/1.3; +https://openai.com/gptbot)" "-"
216.73.216.0 - - [13/Nov/2025:00:17:39 -0500] "GET /goods410167200?fileloc=%2Fhomepages%2F4%2Fd860090557%2Fhtdocs%2Fclickandbuilds%2FNotciasWebOnline%2Fwp-settings.php&path=%2Fhomepages%2F4%2Fd860090557%2Fhtdocs%2Fclickandbuilds%2FNotciasWebOnline HTTP/1.1" 200 42748 noticias-web.online "-" "Mozilla/5.0 AppleWebKit/537.36 (KHTML, like Gecko; compatible; ClaudeBot/1.0; +claudebot@anthropic.com)" "-"
23.22.59.0 - - [13/Nov/2025:00:17:41 -0500] "GET /assuntos-gerais/how-to-try-out-slot-equipment-a-detailed-newcomers-guide-2/?fileloc=//kunden/kunden/sbin/sysctl&path=//kunden/kunden/sbin HTTP/1.1" 200 12297 noticias-web.online "-" "Mozilla/5.0 AppleWebKit/537.36 (KHTML, like Gecko; compatible; Amazonbot/0.1; +https://developer.amazon.com/support/amazonbot) Chrome/119.0.6045.214 Safari/537.36" "-"
216.73.216.0 - - [13/Nov/2025:00:17:42 -0500] "GET /goods762814912?fileloc=%2Fhomepages%2F4%2Fd860090557%2Fhtdocs%2Fclickandbuilds%2FNotciasWebOnline%2Fwp-config-sample.php&path=%2Fhomepages%2F4%2Fd860090557%2Fhtdocs%2Fclickandbuilds%2FNotciasWebOnline HTTP/1.1" 200 15957 noticias-web.online "-" "Mozilla/5.0 AppleWebKit/537.36 (KHTML, like Gecko; compatible; ClaudeBot/1.0; +claudebot@anthropic.com)" "-"
74.7.227.0 - - [13/Nov/2025:00:17:42 -0500] "GET /?path=//kunden/kunden/kunden/kunden/kunden/kunden/kunden/proc/thread-self/root/proc/thread-self/root/kunden/kunden/kunden/proc/thread-self/root/usr/lib/locale/tk_TM HTTP/1.1" 200 38989 noticias-web.online "-" "Mozilla/5.0 AppleWebKit/537.36 (KHTML, like Gecko; compatible; GPTBot/1.3; +https://openai.com/gptbot)" "-"
184.73.68.0 - - [13/Nov/2025:00:17:44 -0500] "GET /assuntos-gerais/mostbet-login-facil-e-rapido-mostbet-registration-hoje-em-dia-2/?fileloc=//usr/share/libtool/build-aux/ltmain.sh&path=//usr/share/libtool/build-aux HTTP/1.1" 200 373044 noticias-web.online "-" "Mozilla/5.0 AppleWebKit/537.36 (KHTML, like Gecko; compatible; Amazonbot/0.1; +https://developer.amazon.com/support/amazonbot) Chrome/119.0.6045.214 Safari/537.36" "-"
216.73.216.0 - - [13/Nov/2025:00:17:45 -0500] "GET /assuntos-gerais/unlocking-hidden-rewards-lessons-from-ancient-and-modern-games-75/?fileloc=%2Fhomepages%2F35%2Fd331457571%2FDASTOOLSTART&path=%2Fhomepages%2F35%2Fd331457571 HTTP/1.1" 200 12316 noticias-web.online "-" "Mozilla/5.0 AppleWebKit/537.36 (KHTML, like Gecko; compatible; ClaudeBot/1.0; +claudebot@anthropic.com)" "-"
74.7.227.0 - - [13/Nov/2025:00:17:45 -0500] "GET /?path=//kunden/kunden/kunden/kunden/kunden/kunden/kunden/proc/thread-self/root/proc/thread-self/root/kunden/kunden/kunden/proc/thread-self/root/usr/lib/locale/ts_ZA HTTP/1.1" 200 38989 noticias-web.online "-" "Mozilla/5.0 AppleWebKit/537.36 (KHTML, like Gecko; compatible; GPTBot/1.3; +https://openai.com/gptbot)" "-"
216.73.216.0 - - [13/Nov/2025:00:17:48 -0500] "GET /goods224095200?fileloc=%2Fhomepages%2F4%2Fd860090557%2Fhtdocs%2Fclickandbuilds%2FNotciasWebOnline%2Fwp-load.php&path=%2Fhomepages%2F4%2Fd860090557%2Fhtdocs%2Fclickandbuilds%2FNotciasWebOnline HTTP/1.1" 200 16894 noticias-web.online "-" "Mozilla/5.0 AppleWebKit/537.36 (KHTML, like Gecko; compatible; ClaudeBot/1.0; +claudebot@anthropic.com)" "-"
54.145.82.0 - - [13/Nov/2025:00:17:48 -0500] "GET /assuntos-gerais/official-internet-site-3/?path=//kunden/proc/self/root/proc/self/root/proc/self/root/proc/self/net HTTP/1.1" 200 98968 noticias-web.online "-" "Mozilla/5.0 AppleWebKit/537.36 (KHTML, like Gecko; compatible; Amazonbot/0.1; +https://developer.amazon.com/support/amazonbot) Chrome/119.0.6045.214 Safari/537.36" "-"
74.7.227.0 - - [13/Nov/2025:00:17:48 -0500] "GET /?path=//kunden/kunden/kunden/kunden/kunden/kunden/kunden/proc/thread-self/root/proc/thread-self/root/kunden/kunden/kunden/proc/thread-self/root/usr/lib/locale/om_KE HTTP/1.1" 200 38992 noticias-web.online "-" "Mozilla/5.0 AppleWebKit/537.36 (KHTML, like Gecko; compatible; GPTBot/1.3; +https://openai.com/gptbot)" "-"
216.73.216.0 - - [13/Nov/2025:00:17:51 -0500] "GET /goods1635219712?path=%2Fhomepages%2F4%2Fd860090557%2Fhtdocs%2Fclickandbuilds%2FNotciasWebOnline%2Fwp-includes HTTP/1.1" 200 481292 noticias-web.online "-" "Mozilla/5.0 AppleWebKit/537.36 (KHTML, like Gecko; compatible; ClaudeBot/1.0; +claudebot@anthropic.com)" "-"
2a03:2880:f800:: - - [13/Nov/2025:00:17:51 -0500] "GET /assuntos-gerais/mastering-data-driven-personalization-in-email-campaigns-from-technical-setup-to-optimization/?fileloc=/homepages/4/d860090557/last_traffic&path=/homepages/4/d860090557 HTTP/1.1" 200 12312 noticias-web.online "-" "meta-externalagent/1.1 (+https://developers.facebook.com/docs/sharing/webmasters/crawler)" "-"
74.7.227.0 - - [13/Nov/2025:00:17:51 -0500] "GET /?path=//kunden/kunden/kunden/kunden/kunden/kunden/kunden/proc/thread-self/root/proc/thread-self/root/kunden/kunden/kunden/proc/thread-self/root/usr/lib/locale/ar_BH HTTP/1.1" 200 38991 noticias-web.online "-" "Mozilla/5.0 AppleWebKit/537.36 (KHTML, like Gecko; compatible; GPTBot/1.3; +https://openai.com/gptbot)" "-"
34.194.95.0 - - [13/Nov/2025:00:17:52 -0500] "GET /assuntos-gerais/how-to-try-out-slot-equipment-a-detailed-newcomers-guide-2/?path=//kunden/usr/lib/python3/dist-packages/mercurial/locale HTTP/1.1" 200 30124 noticias-web.online "-" "Mozilla/5.0 AppleWebKit/537.36 (KHTML, like Gecko; compatible; Amazonbot/0.1; +https://developer.amazon.com/support/amazonbot) Chrome/119.0.6045.214 Safari/537.36" "-"
216.73.216.0 - - [13/Nov/2025:00:17:54 -0500] "GET /goods223572064?fileloc=%2Fhomepages%2F4%2Fd860090557%2Fhtdocs%2Fclickandbuilds%2FNotciasWebOnline%2Fwp-config.php&path=%2Fhomepages%2F4%2Fd860090557%2Fhtdocs%2Fclickandbuilds%2FNotciasWebOnline HTTP/1.1" 503 299 noticias-web.online "-" "Mozilla/5.0 AppleWebKit/537.36 (KHTML, like Gecko; compatible; ClaudeBot/1.0; +claudebot@anthropic.com)" "-"
74.7.227.0 - - [13/Nov/2025:00:17:54 -0500] "GET /?path=//kunden/kunden/kunden/kunden/kunden/kunden/kunden/proc/thread-self/root/proc/thread-self/root/kunden/kunden/kunden/proc/thread-self/root/usr/lib/locale/fur_IT HTTP/1.1" 200 39037 noticias-web.online "-" "Mozilla/5.0 AppleWebKit/537.36 (KHTML, like Gecko; compatible; GPTBot/1.3; +https://openai.com/gptbot)" "-"
216.73.216.0 - - [13/Nov/2025:00:17:57 -0500] "GET /goods1508487936?fileloc=%2Fhomepages%2F4%2Fd860090557%2Fhtdocs%2Fclickandbuilds%2FNotciasWebOnline%2Fwp-settings.php&path=%2Fhomepages%2F4%2Fd860090557%2Fhtdocs%2Fclickandbuilds%2FNotciasWebOnline HTTP/1.1" 200 42748 noticias-web.online "-" "Mozilla/5.0 AppleWebKit/537.36 (KHTML, like Gecko; compatible; ClaudeBot/1.0; +claudebot@anthropic.com)" "-"
52.71.218.0 - - [13/Nov/2025:00:17:57 -0500] "GET /assuntos-gerais/mostbet-login-facil-e-rapido-mostbet-registration-hoje-em-dia-2/?fileloc=//kunden/proc/self/root/var/lib/aspell/en_AU-variant_1.rws&path=//kunden/proc/self/root/var/lib/aspell HTTP/1.1" 200 12545 noticias-web.online "-" "Mozilla/5.0 AppleWebKit/537.36 (KHTML, like Gecko; compatible; Amazonbot/0.1; +https://developer.amazon.com/support/amazonbot) Chrome/119.0.6045.214 Safari/537.36" "-"
74.7.227.0 - - [13/Nov/2025:00:17:57 -0500] "GET /?path=//kunden/kunden/kunden/kunden/kunden/kunden/kunden/proc/thread-self/root/proc/thread-self/root/kunden/kunden/kunden/proc/thread-self/root/usr/lib/locale/dsb_DE HTTP/1.1" 200 39039 noticias-web.online "-" "Mozilla/5.0 AppleWebKit/537.36 (KHTML, like Gecko; compatible; GPTBot/1.3; +https://openai.com/gptbot)" "-"
34.231.77.0 - - [13/Nov/2025:00:17:59 -0500] "GET /2025/10/28/?path=//proc/self/root/proc/thread-self/root/kunden/lib/locale/es_DO/LC_MESSAGES HTTP/1.1" 200 14975 noticias-web.online "-" "Mozilla/5.0 AppleWebKit/537.36 (KHTML, like Gecko; compatible; Amazonbot/0.1; +https://developer.amazon.com/support/amazonbot) Chrome/119.0.6045.214 Safari/537.36" "-"
216.73.216.0 - - [13/Nov/2025:00:18:00 -0500] "GET /goods223946112?path=%2Fhomepages%2F4%2Fd860090557%2Fhtdocs%2Fclickandbuilds%2FNotciasWebOnline%2Fwp-content HTTP/1.1" 200 39607 noticias-web.online "-" "Mozilla/5.0 AppleWebKit/537.36 (KHTML, like Gecko; compatible; ClaudeBot/1.0; +claudebot@anthropic.com)" "-"
66.249.74.0 - - [13/Nov/2025:00:18:00 -0500] "GET /?goods52069088?kg=0052004802 HTTP/1.1" 200 206709 noticias-web.online "-" "Mozilla/5.0 (Linux; Android 6.0.1; Nexus 5X Build/MMB29P) AppleWebKit/537.36 (KHTML, like Gecko) Chrome/141.0.7390.122 Mobile Safari/537.36 (compatible; Googlebot/2.1; +http://www.google.com/bot.html)" "-"
74.7.227.0 - - [13/Nov/2025:00:18:00 -0500] "GET /?path=//kunden/kunden/kunden/kunden/kunden/kunden/kunden/proc/thread-self/root/proc/thread-self/root/kunden/kunden/kunden/proc/thread-self/root/usr/lib/locale/ar_KW HTTP/1.1" 200 38990 noticias-web.online "-" "Mozilla/5.0 AppleWebKit/537.36 (KHTML, like Gecko; compatible; GPTBot/1.3; +https://openai.com/gptbot)" "-"
216.73.216.0 - - [13/Nov/2025:00:18:03 -0500] "GET /goods1635487424?fileloc=%2Fhomepages%2F4%2Fd860090557%2Fhtdocs%2Fclickandbuilds%2FNotciasWebOnline%2Fxmlrpc.php&path=%2Fhomepages%2F4%2Fd860090557%2Fhtdocs%2Fclickandbuilds%2FNotciasWebOnline HTTP/1.1" 200 16146 noticias-web.online "-" "Mozilla/5.0 AppleWebKit/537.36 (KHTML, like Gecko; compatible; ClaudeBot/1.0; +claudebot@anthropic.com)" "-"
54.210.155.0 - - [13/Nov/2025:00:18:03 -0500] "GET /assuntos-gerais/faca-o-login-e-jogue-online-2/?fileloc=//kunden/proc/self/root/kunden/proc/thread-self/root/lib/aspell/en-variant_2.multi&path=//kunden/proc/self/root/kunden/proc/thread-self/root/lib/aspell HTTP/1.1" 200 12934 noticias-web.online "-" "Mozilla/5.0 AppleWebKit/537.36 (KHTML, like Gecko; compatible; Amazonbot/0.1; +https://developer.amazon.com/support/amazonbot) Chrome/119.0.6045.214 Safari/537.36" "-"
74.7.227.0 - - [13/Nov/2025:00:18:04 -0500] "GET /?path=//kunden/kunden/kunden/kunden/kunden/kunden/kunden/proc/thread-self/root/proc/thread-self/root/kunden/kunden/kunden/proc/thread-self/root/usr/lib/locale/eu_ES@euro HTTP/1.1" 200 39237 noticias-web.online "-" "Mozilla/5.0 AppleWebKit/537.36 (KHTML, like Gecko; compatible; GPTBot/1.3; +https://openai.com/gptbot)" "-"
216.73.216.0 - - [13/Nov/2025:00:18:06 -0500] "GET /goods1503234624?fileloc=%2Fhomepages%2F4%2Fd860090557%2Fhtdocs%2Fclickandbuilds%2FNotciasWebOnline%2Fwp-cron.php&path=%2Fhomepages%2F4%2Fd860090557%2Fhtdocs%2Fclickandbuilds%2FNotciasWebOnline HTTP/1.1" 200 18276 noticias-web.online "-" "Mozilla/5.0 AppleWebKit/537.36 (KHTML, like Gecko; compatible; ClaudeBot/1.0; +claudebot@anthropic.com)" "-"
74.7.227.0 - - [13/Nov/2025:00:18:07 -0500] "GET /?path=//kunden/kunden/kunden/kunden/kunden/kunden/kunden/proc/thread-self/root/proc/thread-self/root/kunden/kunden/kunden/proc/thread-self/root/usr/lib/locale/bho_NP HTTP/1.1" 200 39039 noticias-web.online "-" "Mozilla/5.0 AppleWebKit/537.36 (KHTML, like Gecko; compatible; GPTBot/1.3; +https://openai.com/gptbot)" "-"
54.147.182.0 - - [13/Nov/2025:00:18:08 -0500] "GET /assuntos-gerais/mostbet-login-facil-e-rapido-mostbet-registration-hoje-em-dia/?fileloc=//kunden/proc/self/root/proc/self/root/kunden/bin/mariadb-waitpid&path=//kunden/proc/self/root/proc/self/root/kunden/bin HTTP/1.1" 200 12702 noticias-web.online "-" "Mozilla/5.0 AppleWebKit/537.36 (KHTML, like Gecko; compatible; Amazonbot/0.1; +https://developer.amazon.com/support/amazonbot) Chrome/119.0.6045.214 Safari/537.36" "-"
216.73.216.0 - - [13/Nov/2025:00:18:09 -0500] "GET /goods762977888?fileloc=%2Fhomepages%2F4%2Fd860090557%2Fhtdocs%2Fclickandbuilds%2FNotciasWebOnline%2Fwp-config-sample.php&path=%2Fhomepages%2F4%2Fd860090557%2Fhtdocs%2Fclickandbuilds%2FNotciasWebOnline HTTP/1.1" 200 15957 noticias-web.online "-" "Mozilla/5.0 AppleWebKit/537.36 (KHTML, like Gecko; compatible; ClaudeBot/1.0; +claudebot@anthropic.com)" "-"
74.7.227.0 - - [13/Nov/2025:00:18:10 -0500] "GET /?fileloc=//kunden/kunden/kunden/kunden/kunden/kunden/kunden/proc/thread-self/root/proc/thread-self/root/kunden/kunden/kunden/proc/thread-self/root/usr/lib/locale/ar_BH/LC_MONETARY&path=//kunden/kunden/kunden/kunden/kunden/kunden/kunden/proc/thread-self/root/proc/thread-self/root/kunden/kunden/kunden/proc/thread-self/root/usr/lib/locale/ar_BH HTTP/1.1" 200 14921 noticias-web.online "-" "Mozilla/5.0 AppleWebKit/537.36 (KHTML, like Gecko; compatible; GPTBot/1.3; +https://openai.com/gptbot)" "-"
44.205.180.0 - - [13/Nov/2025:00:18:12 -0500] "GET /casino/reiting-onlain-kazino-v-2025-top-10-luchshikh-igrat-zhe-internet-kazino-v-realnye-dengi/?path=//kunden/kunden/lib/python3/dist-packages/__pycache__ HTTP/1.1" 200 21082 noticias-web.online "-" "Mozilla/5.0 AppleWebKit/537.36 (KHTML, like Gecko; compatible; Amazonbot/0.1; +https://developer.amazon.com/support/amazonbot) Chrome/119.0.6045.214 Safari/537.36" "-"
216.73.216.0 - - [13/Nov/2025:00:18:13 -0500] "GET /goods831492000?path=%2Fhomepages%2F4%2Fd860090557%2Fhtdocs%2Fclickandbuilds%2FNotciasWebOnline%2Fwp-includes HTTP/1.1" 200 481292 noticias-web.online "-" "Mozilla/5.0 AppleWebKit/537.36 (KHTML, like Gecko; compatible; ClaudeBot/1.0; +claudebot@anthropic.com)" "-"
74.7.227.0 - - [13/Nov/2025:00:18:13 -0500] "GET /?path=//kunden/kunden/kunden/kunden/kunden/kunden/kunden/proc/thread-self/root/proc/thread-self/root/kunden/kunden/kunden/proc/thread-self/root/usr/lib/locale/ar_EG HTTP/1.1" 200 38991 noticias-web.online "-" "Mozilla/5.0 AppleWebKit/537.36 (KHTML, like Gecko; compatible; GPTBot/1.3; +https://openai.com/gptbot)" "-"
216.73.216.0 - - [13/Nov/2025:00:18:15 -0500] "GET /goods610953888?fileloc=%2Fhomepages%2F4%2Fd860090557%2Fhtdocs%2Fclickandbuilds%2FNotciasWebOnline%2Fwp-config.php&path=%2Fhomepages%2F4%2Fd860090557%2Fhtdocs%2Fclickandbuilds%2FNotciasWebOnline HTTP/1.1" 503 299 noticias-web.online "-" "Mozilla/5.0 AppleWebKit/537.36 (KHTML, like Gecko; compatible; ClaudeBot/1.0; +claudebot@anthropic.com)" "-"
52.203.68.0 - - [13/Nov/2025:00:18:16 -0500] "GET /assuntos-gerais/official-internet-site-3/?path=//proc/thread-self/root/proc/self/root/proc/self/root/lib/locale/es_DO/LC_MESSAGES HTTP/1.1" 200 15209 noticias-web.online "-" "Mozilla/5.0 AppleWebKit/537.36 (KHTML, like Gecko; compatible; Amazonbot/0.1; +https://developer.amazon.com/support/amazonbot) Chrome/119.0.6045.214 Safari/537.36" "-"
74.7.227.0 - - [13/Nov/2025:00:18:17 -0500] "GET /?path=//kunden/kunden/kunden/kunden/kunden/kunden/kunden/proc/thread-self/root/proc/thread-self/root/kunden/kunden/kunden/proc/thread-self/root/usr/lib/locale/en_NG HTTP/1.1" 200 38989 noticias-web.online "-" "Mozilla/5.0 AppleWebKit/537.36 (KHTML, like Gecko; compatible; GPTBot/1.3; +https://openai.com/gptbot)" "-"
216.73.216.0 - - [13/Nov/2025:00:18:18 -0500] "GET /goods762698112?path=%2Fhomepages%2F4%2Fd860090557%2Fhtdocs%2Fclickandbuilds%2FNotciasWebOnline%2Fwp-includes HTTP/1.1" 200 481292 noticias-web.online "-" "Mozilla/5.0 AppleWebKit/537.36 (KHTML, like Gecko; compatible; ClaudeBot/1.0; +claudebot@anthropic.com)" "-"
100.25.120.0 - - [13/Nov/2025:00:18:20 -0500] "GET /assuntos-gerais/mostbet-login-facil-e-rapido-mostbet-registration-hoje-em-dia/?fileloc=//kunden/proc/thread-self/root/kunden/var/lib/aspell/en-w_accents-only.rws&path=//kunden/proc/thread-self/root/kunden/var/lib/aspell HTTP/1.1" 200 12689 noticias-web.online "-" "Mozilla/5.0 AppleWebKit/537.36 (KHTML, like Gecko; compatible; Amazonbot/0.1; +https://developer.amazon.com/support/amazonbot) Chrome/119.0.6045.214 Safari/537.36" "-"
74.7.227.0 - - [13/Nov/2025:00:18:20 -0500] "GET /?path=//kunden/kunden/kunden/kunden/kunden/kunden/kunden/proc/thread-self/root/proc/thread-self/root/kunden/kunden/kunden/proc/thread-self/root/usr/lib/locale/es_MX HTTP/1.1" 200 38992 noticias-web.online "-" "Mozilla/5.0 AppleWebKit/537.36 (KHTML, like Gecko; compatible; GPTBot/1.3; +https://openai.com/gptbot)" "-"
216.73.216.0 - - [13/Nov/2025:00:18:21 -0500] "GET /goods223532000?fileloc=%2Fhomepages%2F4%2Fd860090557%2Fhtdocs%2Fclickandbuilds%2FNotciasWebOnline%2Fwp-settings.php&path=%2Fhomepages%2F4%2Fd860090557%2Fhtdocs%2Fclickandbuilds%2FNotciasWebOnline HTTP/1.1" 200 42748 noticias-web.online "-" "Mozilla/5.0 AppleWebKit/537.36 (KHTML, like Gecko; compatible; ClaudeBot/1.0; +claudebot@anthropic.com)" "-"
74.7.227.0 - - [13/Nov/2025:00:18:23 -0500] "GET /?path=//kunden/kunden/kunden/kunden/kunden/kunden/kunden/proc/thread-self/root/proc/thread-self/root/kunden/kunden/kunden/proc/thread-self/root/usr/lib/locale/tr_TR HTTP/1.1" 200 38992 noticias-web.online "-" "Mozilla/5.0 AppleWebKit/537.36 (KHTML, like Gecko; compatible; GPTBot/1.3; +https://openai.com/gptbot)" "-"
34.192.67.0 - - [13/Nov/2025:00:18:24 -0500] "GET /assuntos-gerais/faca-o-login-e-jogue-online-2/?path=//kunden/proc/self/root/kunden/proc/self/root/lib/locale/cs_CZ HTTP/1.1" 200 32540 noticias-web.online "-" "Mozilla/5.0 AppleWebKit/537.36 (KHTML, like Gecko; compatible; Amazonbot/0.1; +https://developer.amazon.com/support/amazonbot) Chrome/119.0.6045.214 Safari/537.36" "-"
216.73.216.0 - - [13/Nov/2025:00:18:24 -0500] "GET /goods521017888?fileloc=%2Fhomepages%2F4%2Fd860090557%2Fhtdocs%2Fclickandbuilds%2FNotciasWebOnline%2Fwp-activate.php&path=%2Fhomepages%2F4%2Fd860090557%2Fhtdocs%2Fclickandbuilds%2FNotciasWebOnline HTTP/1.1" 200 20967 noticias-web.online "-" "Mozilla/5.0 AppleWebKit/537.36 (KHTML, like Gecko; compatible; ClaudeBot/1.0; +claudebot@anthropic.com)" "-"
74.7.227.0 - - [13/Nov/2025:00:18:26 -0500] "GET /?path=//kunden/kunden/kunden/kunden/kunden/kunden/kunden/proc/thread-self/root/proc/thread-self/root/kunden/kunden/kunden/proc/thread-self/root/usr/lib/locale/en_ZW HTTP/1.1" 200 38992 noticias-web.online "-" "Mozilla/5.0 AppleWebKit/537.36 (KHTML, like Gecko; compatible; GPTBot/1.3; +https://openai.com/gptbot)" "-"
216.73.216.0 - - [13/Nov/2025:00:18:27 -0500] "GET /goods185234400?fileloc=%2Fhomepages%2F4%2Fd860090557%2Fhtdocs%2Fclickandbuilds%2FNotciasWebOnline%2Fxmlrpc.php&path=%2Fhomepages%2F4%2Fd860090557%2Fhtdocs%2Fclickandbuilds%2FNotciasWebOnline HTTP/1.1" 200 16146 noticias-web.online "-" "Mozilla/5.0 AppleWebKit/537.36 (KHTML, like Gecko; compatible; ClaudeBot/1.0; +claudebot@anthropic.com)" "-"
184.73.47.0 - - [13/Nov/2025:00:18:28 -0500] "GET /assuntos-gerais/faca-o-login-e-jogue-online-2/?fileloc=//proc/self/root/proc/self/root/bin/db_deadlock&path=//proc/self/root/proc/self/root/bin HTTP/1.1" 200 12519 noticias-web.online "-" "Mozilla/5.0 AppleWebKit/537.36 (KHTML, like Gecko; compatible; Amazonbot/0.1; +https://developer.amazon.com/support/amazonbot) Chrome/119.0.6045.214 Safari/537.36" "-"
43.131.243.0 - - [13/Nov/2025:00:18:28 -0500] "GET /?path=/homepages/4/d860090557/htdocs/clickandbuilds/NotciasWebOnline/wp-includes HTTP/1.1" 200 481292 noticias-web.online "-" "Mozilla/5.0 (iPhone; CPU iPhone OS 13_2_3 like Mac OS X) AppleWebKit/605.1.15 (KHTML, like Gecko) Version/13.0.3 Mobile/15E148 Safari/604.1" "-"
74.7.227.0 - - [13/Nov/2025:00:18:29 -0500] "GET /?path=//kunden/kunden/kunden/kunden/kunden/kunden/kunden/proc/thread-self/root/proc/thread-self/root/kunden/kunden/kunden/proc/thread-self/root/usr/lib/locale/ca_ES HTTP/1.1" 200 38990 noticias-web.online "-" "Mozilla/5.0 AppleWebKit/537.36 (KHTML, like Gecko; compatible; GPTBot/1.3; +https://openai.com/gptbot)" "-"
216.73.216.0 - - [13/Nov/2025:00:18:30 -0500] "GET /goods1691000864?fileloc=%2Fhomepages%2F4%2Fd860090557%2Fhtdocs%2Fclickandbuilds%2FNotciasWebOnline%2Fwp-links-opml.php&path=%2Fhomepages%2F4%2Fd860090557%2Fhtdocs%2Fclickandbuilds%2FNotciasWebOnline HTTP/1.1" 200 15398 noticias-web.online "-" "Mozilla/5.0 AppleWebKit/537.36 (KHTML, like Gecko; compatible; ClaudeBot/1.0; +claudebot@anthropic.com)" "-"
184.73.47.0 - - [13/Nov/2025:00:18:31 -0500] "GET /assuntos-gerais/official-internet-site-3/?path=//kunden/kunden/proc/self/root/homepages HTTP/1.1" 200 86170 noticias-web.online "-" "Mozilla/5.0 AppleWebKit/537.36 (KHTML, like Gecko; compatible; Amazonbot/0.1; +https://developer.amazon.com/support/amazonbot) Chrome/119.0.6045.214 Safari/537.36" "-"
74.7.227.0 - - [13/Nov/2025:00:18:32 -0500] "GET /?path=//kunden/kunden/kunden/kunden/kunden/kunden/kunden/proc/thread-self/root/proc/thread-self/root/kunden/kunden/kunden/proc/thread-self/root/usr/lib/locale/en_NG/LC_MESSAGES HTTP/1.1" 200 17453 noticias-web.online "-" "Mozilla/5.0 AppleWebKit/537.36 (KHTML, like Gecko; compatible; GPTBot/1.3; +https://openai.com/gptbot)" "-"
216.73.216.0 - - [13/Nov/2025:00:18:33 -0500] "GET /?fileloc=%2F%2Fhomepages%2F44%2Fd855195171%2FDASTOOLSTART&path=%2F%2Fhomepages%2F44%2Fd855195171 HTTP/1.1" 200 12320 noticias-web.online "-" "Mozilla/5.0 AppleWebKit/537.36 (KHTML, like Gecko; compatible; ClaudeBot/1.0; +claudebot@anthropic.com)" "-"
66.249.74.0 - - [13/Nov/2025:00:18:35 -0500] "GET /goods52644736?kg=0052579731 HTTP/1.1" 200 204123 noticias-web.online "-" "Mozilla/5.0 (Linux; Android 6.0.1; Nexus 5X Build/MMB29P) AppleWebKit/537.36 (KHTML, like Gecko) Chrome/141.0.7390.122 Mobile Safari/537.36 (compatible; Googlebot/2.1; +http://www.google.com/bot.html)" "-"
74.7.227.0 - - [13/Nov/2025:00:18:35 -0500] "GET /?path=//kunden/kunden/kunden/kunden/kunden/kunden/kunden/proc/thread-self/root/proc/thread-self/root/kunden/kunden/kunden/proc/thread-self/root/usr/lib/locale/ar_SA HTTP/1.1" 200 38991 noticias-web.online "-" "Mozilla/5.0 AppleWebKit/537.36 (KHTML, like Gecko; compatible; GPTBot/1.3; +https://openai.com/gptbot)" "-"
52.54.157.0 - - [13/Nov/2025:00:18:36 -0500] "GET /casino/reiting-onlain-kazino-v-2025-top-10-luchshikh-igrat-zhe-internet-kazino-v-realnye-dengi/?path=//kunden/kunden/kunden/lib/tmpfiles.d HTTP/1.1" 200 15867 noticias-web.online "-" "Mozilla/5.0 AppleWebKit/537.36 (KHTML, like Gecko; compatible; Amazonbot/0.1; +https://developer.amazon.com/support/amazonbot) Chrome/119.0.6045.214 Safari/537.36" "-"
216.73.216.0 - - [13/Nov/2025:00:18:36 -0500] "GET /goods736530464?fileloc=%2Fhomepages%2F4%2Fd860090557%2Fhtdocs%2Fclickandbuilds%2FNotciasWebOnline%2Fwp-config-sample.php&path=%2Fhomepages%2F4%2Fd860090557%2Fhtdocs%2Fclickandbuilds%2FNotciasWebOnline HTTP/1.1" 200 15957 noticias-web.online "-" "Mozilla/5.0 AppleWebKit/537.36 (KHTML, like Gecko; compatible; ClaudeBot/1.0; +claudebot@anthropic.com)" "-"
116.11.95.0 - - [13/Nov/2025:00:18:36 -0500] "POST /wp-comments-post.php HTTP/1.1" 200 4444 slcommercialcleaning.com "-" "Mozilla/5.0 (Windows NT 10.0; Win64; x64) AppleWebKit/537.36 (KHTML, like Gecko) Chrome/108.0.0.0 Safari/537.36 Edg/108.0.1462.46" "-"
74.208.56.0 - - [13/Nov/2025:00:18:37 -0500] "POST /wp-cron.php?doing_wp_cron=1763011117.8894579410552978515625 HTTP/1.1" 200 - slcommercialcleaning.com "-" "WordPress/6.8.3; https://slcommercialcleaning.com" "-"
74.7.227.0 - - [13/Nov/2025:00:18:38 -0500] "GET /?path=//kunden/kunden/kunden/kunden/kunden/kunden/kunden/proc/thread-self/root/proc/thread-self/root/kunden/kunden/kunden/proc/thread-self/root/usr/lib/locale/nl_BE HTTP/1.1" 200 38992 noticias-web.online "-" "Mozilla/5.0 AppleWebKit/537.36 (KHTML, like Gecko; compatible; GPTBot/1.3; +https://openai.com/gptbot)" "-"
216.73.216.0 - - [13/Nov/2025:00:18:39 -0500] "GET /goods2129568864?fileloc=%2Fhomepages%2F4%2Fd860090557%2Fhtdocs%2Fclickandbuilds%2FNotciasWebOnline%2Fwp-config.php&path=%2Fhomepages%2F4%2Fd860090557%2Fhtdocs%2Fclickandbuilds%2FNotciasWebOnline HTTP/1.1" 503 299 noticias-web.online "-" "Mozilla/5.0 AppleWebKit/537.36 (KHTML, like Gecko; compatible; ClaudeBot/1.0; +claudebot@anthropic.com)" "-"
54.235.191.0 - - [13/Nov/2025:00:18:40 -0500] "GET /2025/10/26/?path=//proc/self/root/kunden/proc/self/root/proc/self/root/lib/locale/id_ID HTTP/1.1" 200 33082 noticias-web.online "-" "Mozilla/5.0 AppleWebKit/537.36 (KHTML, like Gecko; compatible; Amazonbot/0.1; +https://developer.amazon.com/support/amazonbot) Chrome/119.0.6045.214 Safari/537.36" "-"
