74.7.227.0 - - [13/Nov/2025:01:22:23 -0500] "GET /?path=//kunden/kunden/kunden/kunden/kunden/kunden/kunden/proc/thread-self/root/kunden/kunden/kunden/proc/thread-self/root/proc/thread-self/root/lib/locale/en_PH/LC_MESSAGES HTTP/1.1" 200 17252 noticias-web.online "-" "Mozilla/5.0 AppleWebKit/537.36 (KHTML, like Gecko; compatible; GPTBot/1.3; +https://openai.com/gptbot)" "-"
216.73.216.0 - - [13/Nov/2025:01:22:24 -0500] "GET /assuntos-gerais/how-to-try-out-slot-equipment-a-detailed-newcomers-guide-2/feed?fileloc=%2F%2Fproc%2Fself%2Froot%2Flib%2Fphp8.0%2F.filemap&path=%2F%2Fproc%2Fself%2Froot%2Flib%2Fphp8.0 HTTP/1.1" 200 63483 noticias-web.online "-" "Mozilla/5.0 AppleWebKit/537.36 (KHTML, like Gecko; compatible; ClaudeBot/1.0; +claudebot@anthropic.com)" "-"
54.91.122.0 - - [13/Nov/2025:01:22:24 -0500] "GET /2025/10/28/?path=//kunden/proc/self/root/proc/self/root/proc/self/root/kunden/lib/emacs HTTP/1.1" 200 14894 noticias-web.online "-" "Mozilla/5.0 AppleWebKit/537.36 (KHTML, like Gecko; compatible; Amazonbot/0.1; +https://developer.amazon.com/support/amazonbot) Chrome/119.0.6045.214 Safari/537.36" "-"
5.161.201.0 - - [13/Nov/2025:01:22:26 -0500] "POST /wp-load.php?5300c1=30062 HTTP/1.1" 200 8712 slcommercialcleaning.com "-" "BlogVault/1.0 (+https://blogvault.net)" "-"
2a03:2880:f800:: - - [13/Nov/2025:01:22:26 -0500] "GET /assuntos-gerais/mastering-data-driven-personalization-in-email-campaigns-from-technical-setup-to-optimization/?path=/homepages/4/d860090557/managed HTTP/1.1" 200 12765 noticias-web.online "-" "meta-externalagent/1.1 (+https://developers.facebook.com/docs/sharing/webmasters/crawler)" "-"
74.7.227.0 - - [13/Nov/2025:01:22:27 -0500] "GET /?fileloc=//kunden/kunden/kunden/kunden/kunden/kunden/kunden/proc/thread-self/root/kunden/kunden/kunden/proc/thread-self/root/proc/thread-self/root/lib/locale/sa_IN/LC_ADDRESS&path=//kunden/kunden/kunden/kunden/kunden/kunden/kunden/proc/thread-self/root/kunden/kunden/kunden/proc/thread-self/root/proc/thread-self/root/lib/locale/sa_IN HTTP/1.1" 200 14735 noticias-web.online "-" "Mozilla/5.0 AppleWebKit/537.36 (KHTML, like Gecko; compatible; GPTBot/1.3; +https://openai.com/gptbot)" "-"
216.73.216.0 - - [13/Nov/2025:01:22:27 -0500] "GET /assuntos-gerais/por-que-los-egipcios-valoraban-el-corazon-y-el-juego-de-senet/?fileloc=%2Fhomepages%2F4%2Fd860090557%2Fhtdocs%2Fclickandbuilds%2FNotciasWebOnline%2Fwp-includes%2FSimplePie%2Fphp.ini&path=%2Fhomepages%2F4%2Fd860090557%2Fhtdocs%2Fclickandbuilds%2FNotciasWebOnline%2Fwp-includes%2FSimplePie HTTP/1.1" 200 13312 noticias-web.online "-" "Mozilla/5.0 AppleWebKit/537.36 (KHTML, like Gecko; compatible; ClaudeBot/1.0; +claudebot@anthropic.com)" "-"
66.249.74.0 - - [13/Nov/2025:01:22:28 -0500] "GET /goods52655264?kg=0052590244 HTTP/1.1" 200 213812 noticias-web.online "-" "Mozilla/5.0 (Linux; Android 6.0.1; Nexus 5X Build/MMB29P) AppleWebKit/537.36 (KHTML, like Gecko) Chrome/141.0.7390.122 Mobile Safari/537.36 (compatible; Googlebot/2.1; +http://www.google.com/bot.html)" "-"
54.85.126.0 - - [13/Nov/2025:01:22:28 -0500] "GET /assuntos-gerais/slot-strategy-guide-rng-timing-bonuses-payouts-faq-2/?path=//kunden/kunden/kunden/usr/share/zoneinfo/Arctic HTTP/1.1" 200 14530 noticias-web.online "-" "Mozilla/5.0 AppleWebKit/537.36 (KHTML, like Gecko; compatible; Amazonbot/0.1; +https://developer.amazon.com/support/amazonbot) Chrome/119.0.6045.214 Safari/537.36" "-"
216.73.216.0 - - [13/Nov/2025:01:22:30 -0500] "GET /2025/07/20?fileloc=%2F%2Fkunden%2Fkunden%2Flib%2Flocale%2Fast_ES.utf8%2FLC_MONETARY&path=%2F%2Fkunden%2Fkunden%2Flib%2Flocale%2Fast_ES.utf8 HTTP/1.1" 200 12443 noticias-web.online "-" "Mozilla/5.0 AppleWebKit/537.36 (KHTML, like Gecko; compatible; ClaudeBot/1.0; +claudebot@anthropic.com)" "-"
74.7.227.0 - - [13/Nov/2025:01:22:30 -0500] "GET /?path=//kunden/kunden/kunden/kunden/kunden/kunden/kunden/proc/thread-self/root/kunden/kunden/kunden/proc/thread-self/root/proc/thread-self/root/lib/locale/en_AG HTTP/1.1" 200 38619 noticias-web.online "-" "Mozilla/5.0 AppleWebKit/537.36 (KHTML, like Gecko; compatible; GPTBot/1.3; +https://openai.com/gptbot)" "-"
216.73.216.0 - - [13/Nov/2025:01:22:33 -0500] "GET /?path=%2F%2Fkunden%2Fproc%2Fthread-self%2Froot%2Fhomepages%2F12%2Fd333217698%2Fhtdocs HTTP/1.1" 200 13076 noticias-web.online "-" "Mozilla/5.0 AppleWebKit/537.36 (KHTML, like Gecko; compatible; ClaudeBot/1.0; +claudebot@anthropic.com)" "-"
52.203.68.0 - - [13/Nov/2025:01:22:33 -0500] "GET /assuntos-gerais/mostbet-login-facil-e-rapido-mostbet-registration-hoje-em-dia-2/?path=//kunden/proc/self/root/lib/locale/en_ZA HTTP/1.1" 200 31188 noticias-web.online "-" "Mozilla/5.0 AppleWebKit/537.36 (KHTML, like Gecko; compatible; Amazonbot/0.1; +https://developer.amazon.com/support/amazonbot) Chrome/119.0.6045.214 Safari/537.36" "-"
74.7.227.0 - - [13/Nov/2025:01:22:33 -0500] "GET /?path=//kunden/kunden/kunden/kunden/kunden/kunden/kunden/proc/thread-self/root/kunden/kunden/kunden/proc/thread-self/root/proc/thread-self/root/lib/locale/ta_IN HTTP/1.1" 200 38621 noticias-web.online "-" "Mozilla/5.0 AppleWebKit/537.36 (KHTML, like Gecko; compatible; GPTBot/1.3; +https://openai.com/gptbot)" "-"
18.209.137.0 - - [13/Nov/2025:01:22:35 -0500] "GET /assuntos-gerais/faca-o-login-e-jogue-online-2/?path=//proc/self/root/kunden/kunden/usr/lib/locale/en_NG HTTP/1.1" 200 31847 noticias-web.online "-" "Mozilla/5.0 AppleWebKit/537.36 (KHTML, like Gecko; compatible; Amazonbot/0.1; +https://developer.amazon.com/support/amazonbot) Chrome/119.0.6045.214 Safari/537.36" "-"
216.73.216.0 - - [13/Nov/2025:01:22:36 -0500] "GET /2025/07/20?fileloc=%2F%2Fkunden%2Flib%2Flocale%2Fbe_BY%2FLC_TIME&path=%2F%2Fkunden%2Flib%2Flocale%2Fbe_BY HTTP/1.1" 200 12350 noticias-web.online "-" "Mozilla/5.0 AppleWebKit/537.36 (KHTML, like Gecko; compatible; ClaudeBot/1.0; +claudebot@anthropic.com)" "-"
74.7.227.0 - - [13/Nov/2025:01:22:36 -0500] "GET /?path=//kunden/kunden/kunden/kunden/kunden/kunden/kunden/proc/thread-self/root/kunden/kunden/kunden/proc/thread-self/root/proc/thread-self/root/lib/locale/ta_LK HTTP/1.1" 200 38621 noticias-web.online "-" "Mozilla/5.0 AppleWebKit/537.36 (KHTML, like Gecko; compatible; GPTBot/1.3; +https://openai.com/gptbot)" "-"
216.73.216.0 - - [13/Nov/2025:01:22:39 -0500] "GET /assuntos-gerais/exploring-the-future-of-interactive-entertainment-and-design/feed?path=%2F%2Fkunden%2Fkunden%2Flib%2Flocale%2Ffr_CH%2FLC_MESSAGES HTTP/1.1" 200 14453 noticias-web.online "-" "Mozilla/5.0 AppleWebKit/537.36 (KHTML, like Gecko; compatible; ClaudeBot/1.0; +claudebot@anthropic.com)" "-"
74.7.227.0 - - [13/Nov/2025:01:22:39 -0500] "GET /?path=//kunden/kunden/kunden/kunden/kunden/kunden/kunden/proc/thread-self/root/kunden/kunden/kunden/proc/thread-self/root/proc/thread-self/root/lib/locale/kl_GL HTTP/1.1" 200 38623 noticias-web.online "-" "Mozilla/5.0 AppleWebKit/537.36 (KHTML, like Gecko; compatible; GPTBot/1.3; +https://openai.com/gptbot)" "-"
216.73.216.0 - - [13/Nov/2025:01:22:42 -0500] "GET /2025/07/20?path=%2F%2Fkunden%2Flib%2Flocale%2Far_QA%2FLC_MESSAGES HTTP/1.1" 200 14354 noticias-web.online "-" "Mozilla/5.0 AppleWebKit/537.36 (KHTML, like Gecko; compatible; ClaudeBot/1.0; +claudebot@anthropic.com)" "-"
74.7.227.0 - - [13/Nov/2025:01:22:42 -0500] "GET /?path=//kunden/kunden/kunden/kunden/kunden/kunden/kunden/proc/thread-self/root/kunden/kunden/kunden/proc/thread-self/root/proc/thread-self/root/lib/locale/es_BO HTTP/1.1" 200 38622 noticias-web.online "-" "Mozilla/5.0 AppleWebKit/537.36 (KHTML, like Gecko; compatible; GPTBot/1.3; +https://openai.com/gptbot)" "-"
18.207.79.0 - - [13/Nov/2025:01:22:42 -0500] "GET /2025/10/26/?path=//proc/self/root/proc/self/root/kunden/proc/self/root/proc/self/root HTTP/1.1" 200 50418 noticias-web.online "-" "Mozilla/5.0 AppleWebKit/537.36 (KHTML, like Gecko; compatible; Amazonbot/0.1; +https://developer.amazon.com/support/amazonbot) Chrome/119.0.6045.214 Safari/537.36" "-"
3.214.176.0 - - [13/Nov/2025:01:22:44 -0500] "GET /assuntos-gerais/official-internet-site-3/?path=//kunden/kunden/proc/self/root/kunden/kunden/usr/lib/locale/sr_RS HTTP/1.1" 200 32710 noticias-web.online "-" "Mozilla/5.0 AppleWebKit/537.36 (KHTML, like Gecko; compatible; Amazonbot/0.1; +https://developer.amazon.com/support/amazonbot) Chrome/119.0.6045.214 Safari/537.36" "-"
216.73.216.0 - - [13/Nov/2025:01:22:45 -0500] "GET /assuntos-gerais/exploring-the-future-of-interactive-entertainment-and-design/feed?fileloc=%2F%2Fkunden%2Fkunden%2Flib%2Flocale%2Fes_EC.utf8%2FLC_MEASUREMENT&path=%2F%2Fkunden%2Fkunden%2Flib%2Flocale%2Fes_EC.utf8 HTTP/1.1" 200 12466 noticias-web.online "-" "Mozilla/5.0 AppleWebKit/537.36 (KHTML, like Gecko; compatible; ClaudeBot/1.0; +claudebot@anthropic.com)" "-"
74.7.227.0 - - [13/Nov/2025:01:22:45 -0500] "GET /?path=//kunden/kunden/kunden/kunden/kunden/kunden/kunden/proc/thread-self/root/kunden/kunden/kunden/proc/thread-self/root/proc/thread-self/root/lib/locale/br_FR HTTP/1.1" 200 38621 noticias-web.online "-" "Mozilla/5.0 AppleWebKit/537.36 (KHTML, like Gecko; compatible; GPTBot/1.3; +https://openai.com/gptbot)" "-"
3.223.134.0 - - [13/Nov/2025:01:22:47 -0500] "GET /assuntos-gerais/10-largest-casinos-in-the-us/?path=//kunden/kunden/kunden/kunden/lib/locale/en_US HTTP/1.1" 200 31506 noticias-web.online "-" "Mozilla/5.0 AppleWebKit/537.36 (KHTML, like Gecko; compatible; Amazonbot/0.1; +https://developer.amazon.com/support/amazonbot) Chrome/119.0.6045.214 Safari/537.36" "-"
216.73.216.0 - - [13/Nov/2025:01:22:48 -0500] "GET /2025/06/07?path=%2F%2Flib%2Flocale%2Fca_IT.utf8%2FLC_MESSAGES HTTP/1.1" 200 14297 noticias-web.online "-" "Mozilla/5.0 AppleWebKit/537.36 (KHTML, like Gecko; compatible; ClaudeBot/1.0; +claudebot@anthropic.com)" "-"
74.7.227.0 - - [13/Nov/2025:01:22:49 -0500] "GET /?path=//kunden/kunden/kunden/kunden/kunden/kunden/kunden/proc/thread-self/root/kunden/kunden/kunden/proc/thread-self/root/proc/thread-self/root/lib/locale/ar_SY HTTP/1.1" 200 38621 noticias-web.online "-" "Mozilla/5.0 AppleWebKit/537.36 (KHTML, like Gecko; compatible; GPTBot/1.3; +https://openai.com/gptbot)" "-"
216.73.216.0 - - [13/Nov/2025:01:22:51 -0500] "GET /2025/07/20?fileloc=%2F%2Fkunden%2Fkunden%2Flib%2Flocale%2Fast_ES.utf8%2FLC_TIME&path=%2F%2Fkunden%2Fkunden%2Flib%2Flocale%2Fast_ES.utf8 HTTP/1.1" 200 12439 noticias-web.online "-" "Mozilla/5.0 AppleWebKit/537.36 (KHTML, like Gecko; compatible; ClaudeBot/1.0; +claudebot@anthropic.com)" "-"
74.7.227.0 - - [13/Nov/2025:01:22:52 -0500] "GET /?path=//kunden/kunden/kunden/kunden/kunden/kunden/kunden/proc/thread-self/root/kunden/kunden/kunden/proc/thread-self/root/proc/thread-self/root/lib/locale/aa_DJ HTTP/1.1" 200 38621 noticias-web.online "-" "Mozilla/5.0 AppleWebKit/537.36 (KHTML, like Gecko; compatible; GPTBot/1.3; +https://openai.com/gptbot)" "-"
35.171.117.0 - - [13/Nov/2025:01:22:54 -0500] "GET /assuntos-gerais/official-internet-site-3/?path=//proc/thread-self/root/kunden/proc/self/root/proc/sysvipc HTTP/1.1" 200 17835 noticias-web.online "-" "Mozilla/5.0 AppleWebKit/537.36 (KHTML, like Gecko; compatible; Amazonbot/0.1; +https://developer.amazon.com/support/amazonbot) Chrome/119.0.6045.214 Safari/537.36" "-"
216.73.216.0 - - [13/Nov/2025:01:22:54 -0500] "GET /assuntos-gerais/the-ending-of-casino-finally-explained-2/feed?path=%2F%2Fhomepages%2F43%2Fd858560229%2F.oneclick HTTP/1.1" 200 12777 noticias-web.online "-" "Mozilla/5.0 AppleWebKit/537.36 (KHTML, like Gecko; compatible; ClaudeBot/1.0; +claudebot@anthropic.com)" "-"
74.7.227.0 - - [13/Nov/2025:01:22:55 -0500] "GET /?path=//kunden/kunden/kunden/kunden/kunden/kunden/kunden/proc/thread-self/root/kunden/kunden/kunden/proc/thread-self/root/proc/thread-self/root/lib/locale/es_UY HTTP/1.1" 200 38622 noticias-web.online "-" "Mozilla/5.0 AppleWebKit/537.36 (KHTML, like Gecko; compatible; GPTBot/1.3; +https://openai.com/gptbot)" "-"
54.84.250.0 - - [13/Nov/2025:01:22:55 -0500] "GET /2025/10/28/?path=//kunden/kunden/kunden/kunden/proc/self/root/lib/locale/es_SV HTTP/1.1" 200 32452 noticias-web.online "-" "Mozilla/5.0 AppleWebKit/537.36 (KHTML, like Gecko; compatible; Amazonbot/0.1; +https://developer.amazon.com/support/amazonbot) Chrome/119.0.6045.214 Safari/537.36" "-"
81.95.107.0 - - [13/Nov/2025:01:22:57 -0500] "GET /components/ALFA_DATA/alfacgiapi/ HTTP/1.1" 503 299 cleancleaningnow.com "-" "Mozilla/5.0 (Windows NT 10.0; Win64; x64) AppleWebKit/537.36 (KHTML, like Gecko) Chrome/87.0.4280.141 Safari/537.36" "-"
216.73.216.0 - - [13/Nov/2025:01:22:57 -0500] "GET /assuntos-gerais/how-to-try-out-slot-equipment-a-detailed-newcomers-guide-2/feed?fileloc=%2F%2Fproc%2Fself%2Froot%2Flib%2Fphp8.0%2F.depdblock&path=%2F%2Fproc%2Fself%2Froot%2Flib%2Fphp8.0 HTTP/1.1" 200 12394 noticias-web.online "-" "Mozilla/5.0 AppleWebKit/537.36 (KHTML, like Gecko; compatible; ClaudeBot/1.0; +claudebot@anthropic.com)" "-"
74.7.227.0 - - [13/Nov/2025:01:22:58 -0500] "GET /?path=//kunden/kunden/kunden/kunden/kunden/kunden/kunden/proc/thread-self/root/kunden/kunden/kunden/proc/thread-self/root/proc/thread-self/root/lib/locale/bho_NP HTTP/1.1" 200 38670 noticias-web.online "-" "Mozilla/5.0 AppleWebKit/537.36 (KHTML, like Gecko; compatible; GPTBot/1.3; +https://openai.com/gptbot)" "-"
216.73.216.0 - - [13/Nov/2025:01:23:00 -0500] "GET /assuntos-gerais/unlocking-hidden-rewards-lessons-from-ancient-and-modern-games-75/?path=%2F%2Fproc%2Fself%2Froot%2Fhomepages%2F46%2Fd857052613%2Fhtdocs HTTP/1.1" 200 12942 noticias-web.online "-" "Mozilla/5.0 AppleWebKit/537.36 (KHTML, like Gecko; compatible; ClaudeBot/1.0; +claudebot@anthropic.com)" "-"
54.225.199.0 - - [13/Nov/2025:01:23:00 -0500] "GET /assuntos-gerais/vikten-av-bankrollhantering-i-stake-plinko/?path=//kunden/usr/share/man/zh_CN HTTP/1.1" 200 16853 noticias-web.online "-" "Mozilla/5.0 AppleWebKit/537.36 (KHTML, like Gecko; compatible; Amazonbot/0.1; +https://developer.amazon.com/support/amazonbot) Chrome/119.0.6045.214 Safari/537.36" "-"
74.7.227.0 - - [13/Nov/2025:01:23:02 -0500] "GET /?path=//kunden/kunden/kunden/kunden/kunden/kunden/kunden/proc/thread-self/root/kunden/kunden/kunden/proc/thread-self/root/proc/thread-self/root/lib/locale/ky_KG HTTP/1.1" 200 38620 noticias-web.online "-" "Mozilla/5.0 AppleWebKit/537.36 (KHTML, like Gecko; compatible; GPTBot/1.3; +https://openai.com/gptbot)" "-"
216.73.216.0 - - [13/Nov/2025:01:23:03 -0500] "GET /goods777477824?fileloc=%2Fhomepages%2F4%2Fd860090557%2Fhtdocs%2Fclickandbuilds%2FNotciasWebOnline%2Fwp-blog-header.php&path=%2Fhomepages%2F4%2Fd860090557%2Fhtdocs%2Fclickandbuilds%2FNotciasWebOnline HTTP/1.1" 200 13145 noticias-web.online "-" "Mozilla/5.0 AppleWebKit/537.36 (KHTML, like Gecko; compatible; ClaudeBot/1.0; +claudebot@anthropic.com)" "-"
2a03:2880:f800:: - - [13/Nov/2025:01:23:04 -0500] "GET /assuntos-gerais/mastering-data-driven-personalization-in-email-campaigns-from-technical-setup-to-optimization/?path=/homepages/4/d331829169 HTTP/1.1" 200 26945 noticias-web.online "-" "meta-externalagent/1.1 (+https://developers.facebook.com/docs/sharing/webmasters/crawler)" "-"
44.217.177.0 - - [13/Nov/2025:01:23:04 -0500] "GET /assuntos-gerais/faca-o-login-e-jogue-online-2/?path=//proc/self/root/kunden/kunden/kunden/kunden/lib/locale/en_IL HTTP/1.1" 200 32424 noticias-web.online "-" "Mozilla/5.0 AppleWebKit/537.36 (KHTML, like Gecko; compatible; Amazonbot/0.1; +https://developer.amazon.com/support/amazonbot) Chrome/119.0.6045.214 Safari/537.36" "-"
74.7.227.0 - - [13/Nov/2025:01:23:05 -0500] "GET /?path=//kunden/kunden/kunden/kunden/kunden/kunden/kunden/proc/thread-self/root/kunden/kunden/kunden/proc/thread-self/root/proc/thread-self/root/lib/locale/ar_YE HTTP/1.1" 200 38622 noticias-web.online "-" "Mozilla/5.0 AppleWebKit/537.36 (KHTML, like Gecko; compatible; GPTBot/1.3; +https://openai.com/gptbot)" "-"
216.73.216.0 - - [13/Nov/2025:01:23:07 -0500] "GET /assuntos-gerais/l-impact-des-algorithmes-sur-la-perception-du-temps-dans-les-jeux-numeriques/?fileloc=%2F%2Fusr%2Fshare%2Fman%2Fman3%2Fisfdtype.3.gz&path=%2F%2Fusr%2Fshare%2Fman%2Fman3 HTTP/1.1" 200 12333 noticias-web.online "-" "Mozilla/5.0 AppleWebKit/537.36 (KHTML, like Gecko; compatible; ClaudeBot/1.0; +claudebot@anthropic.com)" "-"
74.7.227.0 - - [13/Nov/2025:01:23:08 -0500] "GET /?path=//kunden/kunden/kunden/kunden/kunden/kunden/kunden/proc/thread-self/root/kunden/kunden/kunden/proc/thread-self/root/proc/thread-self/root/lib/locale/ar_DZ HTTP/1.1" 200 38622 noticias-web.online "-" "Mozilla/5.0 AppleWebKit/537.36 (KHTML, like Gecko; compatible; GPTBot/1.3; +https://openai.com/gptbot)" "-"
34.224.9.0 - - [13/Nov/2025:01:23:09 -0500] "GET /assuntos-gerais/vikten-av-bankrollhantering-i-stake-plinko/?path=//kunden/kunden/kunden/kunden/var/lib/ghostscript HTTP/1.1" 200 15798 noticias-web.online "-" "Mozilla/5.0 AppleWebKit/537.36 (KHTML, like Gecko; compatible; Amazonbot/0.1; +https://developer.amazon.com/support/amazonbot) Chrome/119.0.6045.214 Safari/537.36" "-"
216.73.216.0 - - [13/Nov/2025:01:23:10 -0500] "GET /assuntos-gerais/what-is-the-better-time-of-30-days-to-learn-slot-equipment-2/?path=%2F%2Fhomepages%2F42%2Fd852792482%2Fhtdocs HTTP/1.1" 200 12771 noticias-web.online "-" "Mozilla/5.0 AppleWebKit/537.36 (KHTML, like Gecko; compatible; ClaudeBot/1.0; +claudebot@anthropic.com)" "-"
74.7.227.0 - - [13/Nov/2025:01:23:11 -0500] "GET /?path=//kunden/kunden/kunden/kunden/kunden/kunden/kunden/proc/thread-self/root/kunden/kunden/kunden/proc/thread-self/root/proc/thread-self/root/lib/locale/uk_UA HTTP/1.1" 200 38622 noticias-web.online "-" "Mozilla/5.0 AppleWebKit/537.36 (KHTML, like Gecko; compatible; GPTBot/1.3; +https://openai.com/gptbot)" "-"
44.207.252.0 - - [13/Nov/2025:01:23:13 -0500] "GET /casino/reiting-onlain-kazino-v-2025-top-10-luchshikh-igrat-zhe-internet-kazino-v-realnye-dengi/?path=//lib/python3/dist-packages/mercurial/interfaces HTTP/1.1" 200 20550 noticias-web.online "-" "Mozilla/5.0 AppleWebKit/537.36 (KHTML, like Gecko; compatible; Amazonbot/0.1; +https://developer.amazon.com/support/amazonbot) Chrome/119.0.6045.214 Safari/537.36" "-"
216.73.216.0 - - [13/Nov/2025:01:23:13 -0500] "GET /assuntos-gerais/how-to-try-out-slot-equipment-a-detailed-newcomers-guide-2/feed?fileloc=%2F%2Fproc%2Fself%2Froot%2Flib%2Flocale%2Far_SA.utf8%2FLC_NUMERIC&path=%2F%2Fproc%2Fself%2Froot%2Flib%2Flocale%2Far_SA.utf8 HTTP/1.1" 200 12530 noticias-web.online "-" "Mozilla/5.0 AppleWebKit/537.36 (KHTML, like Gecko; compatible; ClaudeBot/1.0; +claudebot@anthropic.com)" "-"
74.7.227.0 - - [13/Nov/2025:01:23:14 -0500] "GET /?path=//kunden/kunden/kunden/kunden/kunden/kunden/kunden/proc/thread-self/root/kunden/kunden/kunden/proc/thread-self/root/proc/thread-self/root/lib/locale/de_AT HTTP/1.1" 200 38622 noticias-web.online "-" "Mozilla/5.0 AppleWebKit/537.36 (KHTML, like Gecko; compatible; GPTBot/1.3; +https://openai.com/gptbot)" "-"
54.147.182.0 - - [13/Nov/2025:01:23:16 -0500] "GET /assuntos-gerais/mostbet-login-facil-e-rapido-mostbet-registration-hoje-em-dia/?fileloc=//kunden/proc/self/root/lib/locale/es_EC/LC_ADDRESS&path=//kunden/proc/self/root/lib/locale/es_EC HTTP/1.1" 200 12545 noticias-web.online "-" "Mozilla/5.0 AppleWebKit/537.36 (KHTML, like Gecko; compatible; Amazonbot/0.1; +https://developer.amazon.com/support/amazonbot) Chrome/119.0.6045.214 Safari/537.36" "-"
216.73.216.0 - - [13/Nov/2025:01:23:16 -0500] "GET /assuntos-gerais/the-ending-of-casino-finally-explained-2/feed?path=%2F%2Fhomepages%2F41%2Fd333574504%2F.oneclick HTTP/1.1" 200 12777 noticias-web.online "-" "Mozilla/5.0 AppleWebKit/537.36 (KHTML, like Gecko; compatible; ClaudeBot/1.0; +claudebot@anthropic.com)" "-"
74.7.227.0 - - [13/Nov/2025:01:23:17 -0500] "GET /?path=//kunden/kunden/kunden/kunden/kunden/kunden/kunden/proc/thread-self/root/kunden/kunden/kunden/proc/thread-self/root/proc/thread-self/root/lib/locale/kok_IN HTTP/1.1" 200 38670 noticias-web.online "-" "Mozilla/5.0 AppleWebKit/537.36 (KHTML, like Gecko; compatible; GPTBot/1.3; +https://openai.com/gptbot)" "-"
216.73.216.0 - - [13/Nov/2025:01:23:19 -0500] "GET /assuntos-gerais/what-to-know-about-wagering-requirements-on-glory-casino-bonus?fileloc=%2Fhomepages%2F4%2Fd860090557%2Fhtdocs%2Fclickandbuilds%2FBestProductsSales%2Fwp-includes%2Fblocks%2Fshortcode.php&path=%2Fhomepages%2F4%2Fd860090557%2Fhtdocs%2Fclickandbuilds%2FBestProductsSales%2Fwp-includes%2Fblocks HTTP/1.1" 200 13572 noticias-web.online "-" "Mozilla/5.0 AppleWebKit/537.36 (KHTML, like Gecko; compatible; ClaudeBot/1.0; +claudebot@anthropic.com)" "-"
98.83.177.0 - - [13/Nov/2025:01:23:20 -0500] "GET /assuntos-gerais/mostbet-login-facil-e-rapido-mostbet-registration-hoje-em-dia/?path=//kunden/kunden/lib/python3/dist-packages/mercurial/thirdparty/zope/interface/__pycache__ HTTP/1.1" 200 36434 noticias-web.online "-" "Mozilla/5.0 AppleWebKit/537.36 (KHTML, like Gecko; compatible; Amazonbot/0.1; +https://developer.amazon.com/support/amazonbot) Chrome/119.0.6045.214 Safari/537.36" "-"
74.7.227.0 - - [13/Nov/2025:01:23:20 -0500] "GET /?path=//kunden/kunden/kunden/kunden/kunden/kunden/kunden/proc/thread-self/root/kunden/kunden/kunden/proc/thread-self/root/proc/thread-self/root/lib/locale/en_NG HTTP/1.1" 200 38620 noticias-web.online "-" "Mozilla/5.0 AppleWebKit/537.36 (KHTML, like Gecko; compatible; GPTBot/1.3; +https://openai.com/gptbot)" "-"
216.73.216.0 - - [13/Nov/2025:01:23:22 -0500] "GET /?path=%2F%2Fkunden%2Fproc%2Fthread-self%2Froot%2Fhomepages%2F39%2Fd357900386%2Fhtdocs HTTP/1.1" 200 13076 noticias-web.online "-" "Mozilla/5.0 AppleWebKit/537.36 (KHTML, like Gecko; compatible; ClaudeBot/1.0; +claudebot@anthropic.com)" "-"
18.214.251.0 - - [13/Nov/2025:01:23:24 -0500] "GET /assuntos-gerais/mostbet-login-facil-e-rapido-mostbet-registration-hoje-em-dia/?fileloc=//kunden/proc/self/root/lib/locale/eu_ES/LC_PAPER&path=//kunden/proc/self/root/lib/locale/eu_ES HTTP/1.1" 200 12543 noticias-web.online "-" "Mozilla/5.0 AppleWebKit/537.36 (KHTML, like Gecko; compatible; Amazonbot/0.1; +https://developer.amazon.com/support/amazonbot) Chrome/119.0.6045.214 Safari/537.36" "-"
74.7.227.0 - - [13/Nov/2025:01:23:24 -0500] "GET /?path=//kunden/kunden/kunden/kunden/kunden/kunden/kunden/proc/thread-self/root/kunden/kunden/kunden/proc/thread-self/root/proc/thread-self/root/lib/locale/niu_NZ HTTP/1.1" 200 38667 noticias-web.online "-" "Mozilla/5.0 AppleWebKit/537.36 (KHTML, like Gecko; compatible; GPTBot/1.3; +https://openai.com/gptbot)" "-"
216.73.216.0 - - [13/Nov/2025:01:23:25 -0500] "GET /assuntos-gerais/install-mostbet-app-bangladesh-on-android-plus-ios-get-apk-grab-320/feed?path=%2Fhomepages%2F45%2Fd858778029 HTTP/1.1" 200 24032 noticias-web.online "-" "Mozilla/5.0 AppleWebKit/537.36 (KHTML, like Gecko; compatible; ClaudeBot/1.0; +claudebot@anthropic.com)" "-"
74.7.227.0 - - [13/Nov/2025:01:23:27 -0500] "GET /?fileloc=//kunden/kunden/kunden/kunden/kunden/kunden/kunden/proc/thread-self/root/kunden/kunden/kunden/proc/thread-self/root/proc/thread-self/root/lib/locale/de_AT/LC_ADDRESS&path=//kunden/kunden/kunden/kunden/kunden/kunden/kunden/proc/thread-self/root/kunden/kunden/kunden/proc/thread-self/root/proc/thread-self/root/lib/locale/de_AT HTTP/1.1" 200 14735 noticias-web.online "-" "Mozilla/5.0 AppleWebKit/537.36 (KHTML, like Gecko; compatible; GPTBot/1.3; +https://openai.com/gptbot)" "-"
3.229.95.0 - - [13/Nov/2025:01:23:28 -0500] "GET /assuntos-gerais/how-to-try-out-slot-equipment-a-detailed-newcomers-guide-2/?fileloc=//lib/locale/ru_RU/LC_PAPER&path=//lib/locale/ru_RU HTTP/1.1" 200 12287 noticias-web.online "-" "Mozilla/5.0 AppleWebKit/537.36 (KHTML, like Gecko; compatible; Amazonbot/0.1; +https://developer.amazon.com/support/amazonbot) Chrome/119.0.6045.214 Safari/537.36" "-"
216.73.216.0 - - [13/Nov/2025:01:23:28 -0500] "GET /assuntos-gerais/impact-of-winolympia-rtp-on-your-online-slot-winning-strategies/feed?fileloc=%2F%2Flib%2Fx86_64-linux-gnu%2Flibdeflate.so.0&path=%2F%2Flib%2Fx86_64-linux-gnu HTTP/1.1" 200 12273 noticias-web.online "-" "Mozilla/5.0 AppleWebKit/537.36 (KHTML, like Gecko; compatible; ClaudeBot/1.0; +claudebot@anthropic.com)" "-"
74.7.227.0 - - [13/Nov/2025:01:23:30 -0500] "GET /?path=//kunden/kunden/kunden/kunden/kunden/kunden/kunden/proc/thread-self/root/kunden/kunden/kunden/proc/thread-self/root/proc/thread-self/root/lib/locale/be_BY HTTP/1.1" 200 38622 noticias-web.online "-" "Mozilla/5.0 AppleWebKit/537.36 (KHTML, like Gecko; compatible; GPTBot/1.3; +https://openai.com/gptbot)" "-"
66.249.74.0 - - [13/Nov/2025:01:23:30 -0500] "GET /goods52665024?kg=0052599993 HTTP/1.1" 200 205170 noticias-web.online "-" "Mozilla/5.0 (Linux; Android 6.0.1; Nexus 5X Build/MMB29P) AppleWebKit/537.36 (KHTML, like Gecko) Chrome/141.0.7390.122 Mobile Safari/537.36 (compatible; Googlebot/2.1; +http://www.google.com/bot.html)" "-"
216.73.216.0 - - [13/Nov/2025:01:23:31 -0500] "GET /categoria/assuntos-gerais/page/15?fileloc=%2Fhomepages%2F4%2Fd860090557%2Fhtdocs%2Flogs%2Fforensic%2Flock-1667343754.log&path=%2Fhomepages%2F4%2Fd860090557%2Fhtdocs%2Flogs%2Fforensic HTTP/1.1" 200 13741 noticias-web.online "-" "Mozilla/5.0 AppleWebKit/537.36 (KHTML, like Gecko; compatible; ClaudeBot/1.0; +claudebot@anthropic.com)" "-"
74.7.227.0 - - [13/Nov/2025:01:23:33 -0500] "GET /?path=//kunden/kunden/kunden/kunden/kunden/kunden/kunden/proc/thread-self/root/kunden/kunden/kunden/proc/thread-self/root/proc/thread-self/root/lib/locale/en_ZW HTTP/1.1" 200 38623 noticias-web.online "-" "Mozilla/5.0 AppleWebKit/537.36 (KHTML, like Gecko; compatible; GPTBot/1.3; +https://openai.com/gptbot)" "-"
54.225.148.0 - - [13/Nov/2025:01:23:33 -0500] "GET /assuntos-gerais/mostbet-bangladesh-official-site-athletics-betting-and-gambling-establishment-freebets-and-freespins/?path=//kunden/kunden/kunden/lib/locale/el_GR HTTP/1.1" 200 31100 noticias-web.online "-" "Mozilla/5.0 AppleWebKit/537.36 (KHTML, like Gecko; compatible; Amazonbot/0.1; +https://developer.amazon.com/support/amazonbot) Chrome/119.0.6045.214 Safari/537.36" "-"
216.73.216.0 - - [13/Nov/2025:01:23:34 -0500] "GET /assuntos-gerais/l-impact-des-algorithmes-sur-la-perception-du-temps-dans-les-jeux-numeriques/?fileloc=%2F%2Fusr%2Fshare%2Fman%2Fman3%2Fenvz_entry.3.gz&path=%2F%2Fusr%2Fshare%2Fman%2Fman3 HTTP/1.1" 200 12335 noticias-web.online "-" "Mozilla/5.0 AppleWebKit/537.36 (KHTML, like Gecko; compatible; ClaudeBot/1.0; +claudebot@anthropic.com)" "-"
74.7.227.0 - - [13/Nov/2025:01:23:36 -0500] "GET /?path=//kunden/kunden/kunden/kunden/kunden/kunden/kunden/proc/thread-self/root/kunden/kunden/kunden/proc/thread-self/root/proc/thread-self/root/lib/locale/fy_DE HTTP/1.1" 200 38620 noticias-web.online "-" "Mozilla/5.0 AppleWebKit/537.36 (KHTML, like Gecko; compatible; GPTBot/1.3; +https://openai.com/gptbot)" "-"
216.73.216.0 - - [13/Nov/2025:01:23:37 -0500] "GET /assuntos-gerais/nouvelles-machines-a-sous-gratuites-sans-telechargement-2-five-hundred-jeux/?fileloc=%2Fhomepages%2F4%2Fd860090557%2Fhtdocs%2Fclickandbuilds%2FNotciasWebOnline%2Fwp-includes%2Fblocks%2Fpattern%2Fphp.ini&path=%2Fhomepages%2F4%2Fd860090557%2Fhtdocs%2Fclickandbuilds%2FNotciasWebOnline%2Fwp-includes%2Fblocks%2Fpattern HTTP/1.1" 200 13429 noticias-web.online "-" "Mozilla/5.0 AppleWebKit/537.36 (KHTML, like Gecko; compatible; ClaudeBot/1.0; +claudebot@anthropic.com)" "-"
3.208.156.0 - - [13/Nov/2025:01:23:37 -0500] "GET /assuntos-gerais/mostbet-login-facil-e-rapido-mostbet-registration-hoje-em-dia/?fileloc=//kunden/proc/self/root/proc/self/root/bin/pidwait&path=//kunden/proc/self/root/proc/self/root/bin HTTP/1.1" 200 12607 noticias-web.online "-" "Mozilla/5.0 AppleWebKit/537.36 (KHTML, like Gecko; compatible; Amazonbot/0.1; +https://developer.amazon.com/support/amazonbot) Chrome/119.0.6045.214 Safari/537.36" "-"
2a03:2880:f800:: - - [13/Nov/2025:01:23:38 -0500] "GET /assuntos-gerais/who-owns-the-horseshoe-brand-2/?fileloc=//bin/pbmtext&path=//bin HTTP/1.1" 200 12188 noticias-web.online "-" "meta-externalagent/1.1 (+https://developers.facebook.com/docs/sharing/webmasters/crawler)" "-"
23.23.104.0 - - [13/Nov/2025:01:23:39 -0500] "GET /assuntos-gerais/hur-gratis-plinko-forbattrar-sociala-interaktioner/?fileloc=//kunden/lib/python3/dist-packages/setuptools/command/bdist_rpm.py&path=//kunden/lib/python3/dist-packages/setuptools/command HTTP/1.1" 200 13531 noticias-web.online "-" "Mozilla/5.0 AppleWebKit/537.36 (KHTML, like Gecko; compatible; Amazonbot/0.1; +https://developer.amazon.com/support/amazonbot) Chrome/119.0.6045.214 Safari/537.36" "-"
2a03:2880:f800:: - - [13/Nov/2025:01:23:40 -0500] "GET /plinko_pl/zagraj-w-plinko-casino-na-prawdziwe-pieniadze/?fileloc=//CBI_ID&path=/ HTTP/1.1" 200 12175 noticias-web.online "-" "meta-externalagent/1.1 (+https://developers.facebook.com/docs/sharing/webmasters/crawler)" "-"
74.7.227.0 - - [13/Nov/2025:01:23:40 -0500] "GET /?path=//kunden/kunden/kunden/kunden/kunden/kunden/kunden/proc/thread-self/root/kunden/kunden/kunden/proc/thread-self/root/proc/thread-self/root/lib/locale/pt_PT@euro HTTP/1.1" 200 38868 noticias-web.online "-" "Mozilla/5.0 AppleWebKit/537.36 (KHTML, like Gecko; compatible; GPTBot/1.3; +https://openai.com/gptbot)" "-"
216.73.216.0 - - [13/Nov/2025:01:23:40 -0500] "GET /assuntos-gerais/how-to-try-out-slot-equipment-a-detailed-newcomers-guide-2/feed?path=%2F%2Fproc%2Fself%2Froot%2Fhomepages%2F14%2Fd330823426%2Fhtdocs HTTP/1.1" 200 12942 noticias-web.online "-" "Mozilla/5.0 AppleWebKit/537.36 (KHTML, like Gecko; compatible; ClaudeBot/1.0; +claudebot@anthropic.com)" "-"
74.7.227.0 - - [13/Nov/2025:01:23:43 -0500] "GET /?path=//kunden/kunden/kunden/kunden/kunden/kunden/kunden/proc/thread-self/root/kunden/kunden/kunden/proc/thread-self/root/proc/thread-self/root/lib/locale/ug_CN HTTP/1.1" 200 38618 noticias-web.online "-" "Mozilla/5.0 AppleWebKit/537.36 (KHTML, like Gecko; compatible; GPTBot/1.3; +https://openai.com/gptbot)" "-"
3.224.215.0 - - [13/Nov/2025:01:23:43 -0500] "GET /assuntos-gerais/official-internet-site-3/?path=//proc/self/root/lib/pkgconfig HTTP/1.1" 200 12791 noticias-web.online "-" "Mozilla/5.0 AppleWebKit/537.36 (KHTML, like Gecko; compatible; Amazonbot/0.1; +https://developer.amazon.com/support/amazonbot) Chrome/119.0.6045.214 Safari/537.36" "-"
216.73.216.0 - - [13/Nov/2025:01:23:43 -0500] "GET /assuntos-gerais/how-to-try-out-slot-equipment-a-detailed-newcomers-guide-2/feed?path=%2Fhomepages%2F35%2Fd332226773%2Fhtdocs HTTP/1.1" 200 12767 noticias-web.online "-" "Mozilla/5.0 AppleWebKit/537.36 (KHTML, like Gecko; compatible; ClaudeBot/1.0; +claudebot@anthropic.com)" "-"
74.7.227.0 - - [13/Nov/2025:01:23:46 -0500] "GET /?path=//kunden/kunden/kunden/kunden/kunden/kunden/kunden/proc/thread-self/root/kunden/kunden/kunden/proc/thread-self/root/proc/thread-self/root/lib/locale/sq_MK HTTP/1.1" 200 38618 noticias-web.online "-" "Mozilla/5.0 AppleWebKit/537.36 (KHTML, like Gecko; compatible; GPTBot/1.3; +https://openai.com/gptbot)" "-"
216.73.216.0 - - [13/Nov/2025:01:23:46 -0500] "GET /assuntos-gerais/what-is-the-better-time-of-30-days-to-learn-slot-equipment-2/?fileloc=%2Fhomepages%2F28%2Fd858583385%2Fhtaccesslist&path=%2Fhomepages%2F28%2Fd858583385 HTTP/1.1" 200 12316 noticias-web.online "-" "Mozilla/5.0 AppleWebKit/537.36 (KHTML, like Gecko; compatible; ClaudeBot/1.0; +claudebot@anthropic.com)" "-"
54.197.114.0 - - [13/Nov/2025:01:23:47 -0500] "GET /assuntos-gerais/mostbet-login-facil-e-rapido-mostbet-registration-hoje-em-dia/?fileloc=//usr/bin/xzcat&path=//usr/bin HTTP/1.1" 200 12224 noticias-web.online "-" "Mozilla/5.0 AppleWebKit/537.36 (KHTML, like Gecko; compatible; Amazonbot/0.1; +https://developer.amazon.com/support/amazonbot) Chrome/119.0.6045.214 Safari/537.36" "-"
66.249.73.0 - - [13/Nov/2025:01:23:49 -0500] "GET /goods64845600?kg=0064765344 HTTP/1.1" 200 204869 www.noticias-web.online "-" "Mozilla/5.0 (Linux; Android 6.0.1; Nexus 5X Build/MMB29P) AppleWebKit/537.36 (KHTML, like Gecko) Chrome/141.0.7390.122 Mobile Safari/537.36 (compatible; Googlebot/2.1; +http://www.google.com/bot.html)" "-"
74.7.227.0 - - [13/Nov/2025:01:23:49 -0500] "GET /?path=//kunden/kunden/kunden/kunden/kunden/kunden/kunden/proc/thread-self/root/kunden/kunden/kunden/proc/thread-self/root/proc/thread-self/root/lib/locale/ga_IE HTTP/1.1" 200 38623 noticias-web.online "-" "Mozilla/5.0 AppleWebKit/537.36 (KHTML, like Gecko; compatible; GPTBot/1.3; +https://openai.com/gptbot)" "-"
216.73.216.0 - - [13/Nov/2025:01:23:49 -0500] "GET /categoria/assuntos-gerais/page/15?fileloc=%2Fhomepages%2F4%2Fd860090557%2Fhtdocs%2Flogs%2Fforensic%2Flock-1757335692.log&path=%2Fhomepages%2F4%2Fd860090557%2Fhtdocs%2Flogs%2Fforensic HTTP/1.1" 200 12897 noticias-web.online "-" "Mozilla/5.0 AppleWebKit/537.36 (KHTML, like Gecko; compatible; ClaudeBot/1.0; +claudebot@anthropic.com)" "-"
54.144.185.0 - - [13/Nov/2025:01:23:51 -0500] "GET /assuntos-gerais/official-internet-site-3/?path=//kunden/proc/thread-self/root/kunden/lib/lsb HTTP/1.1" 200 15983 noticias-web.online "-" "Mozilla/5.0 AppleWebKit/537.36 (KHTML, like Gecko; compatible; Amazonbot/0.1; +https://developer.amazon.com/support/amazonbot) Chrome/119.0.6045.214 Safari/537.36" "-"
74.7.227.0 - - [13/Nov/2025:01:23:52 -0500] "GET /?path=//kunden/kunden/kunden/kunden/kunden/kunden/kunden/proc/thread-self/root/kunden/kunden/kunden/proc/thread-self/root/proc/thread-self/root/lib/locale/be_BY@latin HTTP/1.1" 200 38915 noticias-web.online "-" "Mozilla/5.0 AppleWebKit/537.36 (KHTML, like Gecko; compatible; GPTBot/1.3; +https://openai.com/gptbot)" "-"
216.73.216.0 - - [13/Nov/2025:01:23:52 -0500] "GET /assuntos-gerais/unlocking-hidden-rewards-lessons-from-ancient-and-modern-games-75/?path=%2F%2Fproc%2Fself%2Froot%2Fkunden%2Fhomepages%2F22%2Fd854501241%2Fhtdocs HTTP/1.1" 200 13021 noticias-web.online "-" "Mozilla/5.0 AppleWebKit/537.36 (KHTML, like Gecko; compatible; ClaudeBot/1.0; +claudebot@anthropic.com)" "-"
2a03:2880:f800:: - - [13/Nov/2025:01:23:52 -0500] "GET /assuntos-gerais/who-owns-the-horseshoe-brand-2/?fileloc=//etc/pear8.0.conf&path=//etc HTTP/1.1" 200 13942 noticias-web.online "-" "meta-externalagent/1.1 (+https://developers.facebook.com/docs/sharing/webmasters/crawler)" "-"
2a03:2880:f800:: - - [13/Nov/2025:01:23:54 -0500] "GET /assuntos-gerais/who-owns-the-horseshoe-brand-2/?fileloc=//bin/users&path=//bin HTTP/1.1" 200 12186 noticias-web.online "-" "meta-externalagent/1.1 (+https://developers.facebook.com/docs/sharing/webmasters/crawler)" "-"
74.7.227.0 - - [13/Nov/2025:01:23:55 -0500] "GET /?path=//kunden/kunden/kunden/kunden/kunden/kunden/kunden/proc/thread-self/root/kunden/kunden/kunden/proc/thread-self/root/proc/thread-self/root/lib/locale/fr_LU@euro HTTP/1.1" 200 38868 noticias-web.online "-" "Mozilla/5.0 AppleWebKit/537.36 (KHTML, like Gecko; compatible; GPTBot/1.3; +https://openai.com/gptbot)" "-"
216.73.216.0 - - [13/Nov/2025:01:23:55 -0500] "GET /assuntos-gerais/l-impact-des-algorithmes-sur-la-perception-du-temps-dans-les-jeux-numeriques/?path=%2F%2Fhomepages%2F14%2Fd854540337%2Fhtdocs HTTP/1.1" 200 12771 noticias-web.online "-" "Mozilla/5.0 AppleWebKit/537.36 (KHTML, like Gecko; compatible; ClaudeBot/1.0; +claudebot@anthropic.com)" "-"
3.215.59.0 - - [13/Nov/2025:01:23:55 -0500] "GET /2025/10/26/?path=//proc/self/root/kunden/proc/self/root/lib/locale/sa_IN HTTP/1.1" 200 32106 noticias-web.online "-" "Mozilla/5.0 AppleWebKit/537.36 (KHTML, like Gecko; compatible; Amazonbot/0.1; +https://developer.amazon.com/support/amazonbot) Chrome/119.0.6045.214 Safari/537.36" "-"
2a03:2880:f800:: - - [13/Nov/2025:01:23:57 -0500] "GET /assuntos-gerais/who-owns-the-horseshoe-brand-2/?path=//lib/openssh HTTP/1.1" 200 18391 noticias-web.online "-" "meta-externalagent/1.1 (+https://developers.facebook.com/docs/sharing/webmasters/crawler)" "-"
74.7.227.0 - - [13/Nov/2025:01:23:58 -0500] "GET /?fileloc=//kunden/kunden/kunden/kunden/kunden/kunden/kunden/proc/thread-self/root/kunden/kunden/kunden/proc/thread-self/root/proc/thread-self/root/lib/locale/ug_CN/LC_IDENTIFICATION&path=//kunden/kunden/kunden/kunden/kunden/kunden/kunden/proc/thread-self/root/kunden/kunden/kunden/proc/thread-self/root/proc/thread-self/root/lib/locale/ug_CN HTTP/1.1" 200 14742 noticias-web.online "-" "Mozilla/5.0 AppleWebKit/537.36 (KHTML, like Gecko; compatible; GPTBot/1.3; +https://openai.com/gptbot)" "-"
216.73.216.0 - - [13/Nov/2025:01:23:58 -0500] "GET /assuntos-gerais/how-to-try-out-slot-equipment-a-detailed-newcomers-guide-2/feed?path=%2F%2Fproc%2Fself%2Froot%2Fhomepages%2F0%2Fd855981249%2Fhtdocs HTTP/1.1" 200 12938 noticias-web.online "-" "Mozilla/5.0 AppleWebKit/537.36 (KHTML, like Gecko; compatible; ClaudeBot/1.0; +claudebot@anthropic.com)" "-"
3.225.45.0 - - [13/Nov/2025:01:24:00 -0500] "GET /assuntos-gerais/faca-o-login-e-jogue-online-2/?path=//kunden/kunden/proc/thread-self/root/kunden/kunden/lib/php8.0/data HTTP/1.1" 200 25209 noticias-web.online "-" "Mozilla/5.0 AppleWebKit/537.36 (KHTML, like Gecko; compatible; Amazonbot/0.1; +https://developer.amazon.com/support/amazonbot) Chrome/119.0.6045.214 Safari/537.36" "-"
216.73.216.0 - - [13/Nov/2025:01:24:01 -0500] "GET /assuntos-gerais/l-impact-des-algorithmes-sur-la-perception-du-temps-dans-les-jeux-numeriques/?fileloc=%2F%2Fusr%2Fshare%2Fman%2Fman3%2Finet_makeaddr.3.gz&path=%2F%2Fusr%2Fshare%2Fman%2Fman3 HTTP/1.1" 200 12338 noticias-web.online "-" "Mozilla/5.0 AppleWebKit/537.36 (KHTML, like Gecko; compatible; ClaudeBot/1.0; +claudebot@anthropic.com)" "-"
74.7.227.0 - - [13/Nov/2025:01:24:01 -0500] "GET /?path=//kunden/kunden/kunden/kunden/kunden/kunden/kunden/proc/thread-self/root/kunden/kunden/kunden/proc/thread-self/root/proc/thread-self/root/lib/locale/tt_RU@iqtelif HTTP/1.1" 200 39013 noticias-web.online "-" "Mozilla/5.0 AppleWebKit/537.36 (KHTML, like Gecko; compatible; GPTBot/1.3; +https://openai.com/gptbot)" "-"
52.4.76.0 - - [13/Nov/2025:01:24:03 -0500] "GET /assuntos-gerais/mostbet-login-facil-e-rapido-mostbet-registration-hoje-em-dia/?fileloc=//usr/share/perl5/DateTime/Locale/ka_GE.pod&path=//usr/share/perl5/DateTime/Locale HTTP/1.1" 200 26396 noticias-web.online "-" "Mozilla/5.0 AppleWebKit/537.36 (KHTML, like Gecko; compatible; Amazonbot/0.1; +https://developer.amazon.com/support/amazonbot) Chrome/119.0.6045.214 Safari/537.36" "-"
216.73.216.0 - - [13/Nov/2025:01:24:04 -0500] "GET /?path=%2F%2Fkunden%2Fhomepages%2F9%2Fd857579305%2Fhtdocs HTTP/1.1" 200 12831 noticias-web.online "-" "Mozilla/5.0 AppleWebKit/537.36 (KHTML, like Gecko; compatible; ClaudeBot/1.0; +claudebot@anthropic.com)" "-"
74.7.227.0 - - [13/Nov/2025:01:24:04 -0500] "GET /?path=//kunden/kunden/kunden/kunden/kunden/kunden/kunden/proc/thread-self/root/kunden/kunden/kunden/proc/thread-self/root/proc/thread-self/root/lib/locale/gez_ET HTTP/1.1" 200 38670 noticias-web.online "-" "Mozilla/5.0 AppleWebKit/537.36 (KHTML, like Gecko; compatible; GPTBot/1.3; +https://openai.com/gptbot)" "-"
216.73.216.0 - - [13/Nov/2025:01:24:07 -0500] "GET /assuntos-gerais/the-way-to-play-blackjack-rules-gameplay-more/?path=%2Fhomepages%2F4%2Fd860090557%2Fhtdocs%2Fclickandbuilds%2FSLCCommercial-orig%2Fwp-includes%2Fblocks%2Fpost-template HTTP/1.1" 200 29306 noticias-web.online "-" "Mozilla/5.0 AppleWebKit/537.36 (KHTML, like Gecko; compatible; ClaudeBot/1.0; +claudebot@anthropic.com)" "-"
74.7.227.0 - - [13/Nov/2025:01:24:07 -0500] "GET /?path=//kunden/kunden/kunden/kunden/kunden/kunden/kunden/proc/thread-self/root/kunden/kunden/kunden/proc/thread-self/root/proc/thread-self/root/lib/locale/ml_IN HTTP/1.1" 200 38621 noticias-web.online "-" "Mozilla/5.0 AppleWebKit/537.36 (KHTML, like Gecko; compatible; GPTBot/1.3; +https://openai.com/gptbot)" "-"
3.216.13.0 - - [13/Nov/2025:01:24:08 -0500] "GET /assuntos-gerais/mostbet-login-facil-e-rapido-mostbet-registration-hoje-em-dia/?path=//kunden/kunden/kunden/proc/thread-self/root/var/log HTTP/1.1" 200 13048 noticias-web.online "-" "Mozilla/5.0 AppleWebKit/537.36 (KHTML, like Gecko; compatible; Amazonbot/0.1; +https://developer.amazon.com/support/amazonbot) Chrome/119.0.6045.214 Safari/537.36" "-"
216.73.216.0 - - [13/Nov/2025:01:24:10 -0500] "GET /assuntos-gerais/exploring-the-future-of-interactive-entertainment-and-design/feed?fileloc=%2F%2Fkunden%2Fkunden%2Flib%2FlibGraphicsMagick-Q16.so.3.22.0&path=%2F%2Fkunden%2Fkunden%2Flib HTTP/1.1" 200 12319 noticias-web.online "-" "Mozilla/5.0 AppleWebKit/537.36 (KHTML, like Gecko; compatible; ClaudeBot/1.0; +claudebot@anthropic.com)" "-"
74.7.227.0 - - [13/Nov/2025:01:24:11 -0500] "GET /?path=//kunden/kunden/kunden/kunden/kunden/kunden/kunden/proc/thread-self/root/kunden/kunden/kunden/proc/thread-self/root/proc/thread-self/root/lib/locale/fr_BE@euro HTTP/1.1" 200 38868 noticias-web.online "-" "Mozilla/5.0 AppleWebKit/537.36 (KHTML, like Gecko; compatible; GPTBot/1.3; +https://openai.com/gptbot)" "-"
3.211.105.0 - - [13/Nov/2025:01:24:11 -0500] "GET /assuntos-gerais/faca-o-login-e-jogue-online-2/?path=//proc/self/root/var/cache/man/pt/cat1 HTTP/1.1" 200 12959 noticias-web.online "-" "Mozilla/5.0 AppleWebKit/537.36 (KHTML, like Gecko; compatible; Amazonbot/0.1; +https://developer.amazon.com/support/amazonbot) Chrome/119.0.6045.214 Safari/537.36" "-"
216.73.216.0 - - [13/Nov/2025:01:24:13 -0500] "GET /assuntos-gerais/what-to-know-about-wagering-requirements-on-glory-casino-bonus?fileloc=%2Fhomepages%2F4%2Fd860090557%2Fhtdocs%2Fclickandbuilds%2FSLCCommercial%2Fwp-includes%2Fcomment.php&path=%2Fhomepages%2F4%2Fd860090557%2Fhtdocs%2Fclickandbuilds%2FSLCCommercial%2Fwp-includes HTTP/1.1" 200 146350 noticias-web.online "-" "Mozilla/5.0 AppleWebKit/537.36 (KHTML, like Gecko; compatible; ClaudeBot/1.0; +claudebot@anthropic.com)" "-"
74.7.227.0 - - [13/Nov/2025:01:24:14 -0500] "GET /?path=//kunden/kunden/kunden/kunden/kunden/kunden/kunden/proc/thread-self/root/kunden/kunden/kunden/proc/thread-self/root/proc/thread-self/root/lib/locale/it_IT@euro HTTP/1.1" 200 38867 noticias-web.online "-" "Mozilla/5.0 AppleWebKit/537.36 (KHTML, like Gecko; compatible; GPTBot/1.3; +https://openai.com/gptbot)" "-"
34.225.24.0 - - [13/Nov/2025:01:24:15 -0500] "GET /assuntos-gerais/faca-o-login-e-jogue-online-2/?fileloc=//kunden/proc/self/root/bin/piconv&path=//kunden/proc/self/root/bin HTTP/1.1" 200 21315 noticias-web.online "-" "Mozilla/5.0 AppleWebKit/537.36 (KHTML, like Gecko; compatible; Amazonbot/0.1; +https://developer.amazon.com/support/amazonbot) Chrome/119.0.6045.214 Safari/537.36" "-"
216.73.216.0 - - [13/Nov/2025:01:24:16 -0500] "GET /assuntos-gerais/mostbet-diye-kibhaabe-ttaakaa-inkaam-kraa-yaay-bibhinn-suyog-niye?fileloc=%2F%2Fkunden%2Fusr%2Fshare%2Femacs%2F27.1%2Fetc%2Fpackage-keyring.gpg&path=%2F%2Fkunden%2Fusr%2Fshare%2Femacs%2F27.1%2Fetc HTTP/1.1" 200 12480 noticias-web.online "-" "Mozilla/5.0 AppleWebKit/537.36 (KHTML, like Gecko; compatible; ClaudeBot/1.0; +claudebot@anthropic.com)" "-"
74.7.227.0 - - [13/Nov/2025:01:24:17 -0500] "GET /?path=//kunden/kunden/kunden/kunden/kunden/kunden/kunden/proc/thread-self/root/kunden/kunden/kunden/proc/thread-self/root/proc/thread-self/root/lib/locale/gez_ER@abegede HTTP/1.1" 200 39062 noticias-web.online "-" "Mozilla/5.0 AppleWebKit/537.36 (KHTML, like Gecko; compatible; GPTBot/1.3; +https://openai.com/gptbot)" "-"
216.73.216.0 - - [13/Nov/2025:01:24:19 -0500] "GET /assuntos-gerais/mostbet-diye-kibhaabe-ttaakaa-inkaam-kraa-yaay-bibhinn-suyog-niye?fileloc=%2F%2Fkunden%2Fusr%2Fshare%2Fperl5%2FURI%2Fssh.pm&path=%2F%2Fkunden%2Fusr%2Fshare%2Fperl5%2FURI HTTP/1.1" 200 12577 noticias-web.online "-" "Mozilla/5.0 AppleWebKit/537.36 (KHTML, like Gecko; compatible; ClaudeBot/1.0; +claudebot@anthropic.com)" "-"
52.3.104.0 - - [13/Nov/2025:01:24:19 -0500] "GET /assuntos-gerais/mostbet-login-facil-e-rapido-mostbet-registration-hoje-em-dia/?fileloc=//lib/mc/fish/chmod&path=//lib/mc/fish HTTP/1.1" 200 12445 noticias-web.online "-" "Mozilla/5.0 AppleWebKit/537.36 (KHTML, like Gecko; compatible; Amazonbot/0.1; +https://developer.amazon.com/support/amazonbot) Chrome/119.0.6045.214 Safari/537.36" "-"
74.7.227.0 - - [13/Nov/2025:01:24:20 -0500] "GET /?path=//kunden/kunden/kunden/kunden/kunden/kunden/kunden/proc/thread-self/root/kunden/kunden/kunden/proc/thread-self/root/proc/thread-self/root/lib/locale/mni_IN HTTP/1.1" 200 38670 noticias-web.online "-" "Mozilla/5.0 AppleWebKit/537.36 (KHTML, like Gecko; compatible; GPTBot/1.3; +https://openai.com/gptbot)" "-"
2a03:2880:f800:: - - [13/Nov/2025:01:24:21 -0500] "GET /assuntos-gerais/who-owns-the-horseshoe-brand-2/?fileloc=//bin/svn&path=//bin HTTP/1.1" 200 12184 noticias-web.online "-" "meta-externalagent/1.1 (+https://developers.facebook.com/docs/sharing/webmasters/crawler)" "-"
216.73.216.0 - - [13/Nov/2025:01:24:22 -0500] "GET /assuntos-gerais/impact-of-winolympia-rtp-on-your-online-slot-winning-strategies/feed?fileloc=%2Fhomepages%2F4%2Fd860090557%2Fhtdocs%2Fclickandbuilds%2FNotciasWebOnline%2Fwp-content%2Flanguages%2Fpt_BR.po&path=%2Fhomepages%2F4%2Fd860090557%2Fhtdocs%2Fclickandbuilds%2FNotciasWebOnline%2Fwp-content%2Flanguages HTTP/1.1" 200 960973 noticias-web.online "-" "Mozilla/5.0 AppleWebKit/537.36 (KHTML, like Gecko; compatible; ClaudeBot/1.0; +claudebot@anthropic.com)" "-"
2a03:2880:f800:: - - [13/Nov/2025:01:24:23 -0500] "GET /assuntos-gerais/who-owns-the-horseshoe-brand-2/?fileloc=//bin/ssh-add&path=//bin HTTP/1.1" 200 12188 noticias-web.online "-" "meta-externalagent/1.1 (+https://developers.facebook.com/docs/sharing/webmasters/crawler)" "-"
52.204.253.0 - - [13/Nov/2025:01:24:23 -0500] "GET /casino/reiting-onlain-kazino-v-2025-top-10-luchshikh-igrat-zhe-internet-kazino-v-realnye-dengi/?path=//kunden/kunden/lib/git-core/mergetools HTTP/1.1" 200 47669 noticias-web.online "-" "Mozilla/5.0 AppleWebKit/537.36 (KHTML, like Gecko; compatible; Amazonbot/0.1; +https://developer.amazon.com/support/amazonbot) Chrome/119.0.6045.214 Safari/537.36" "-"
74.7.227.0 - - [13/Nov/2025:01:24:23 -0500] "GET /?path=//kunden/kunden/kunden/kunden/kunden/kunden/kunden/proc/thread-self/root/kunden/kunden/kunden/proc/thread-self/root/proc/thread-self/root/lib/locale/tig_ER HTTP/1.1" 200 38670 noticias-web.online "-" "Mozilla/5.0 AppleWebKit/537.36 (KHTML, like Gecko; compatible; GPTBot/1.3; +https://openai.com/gptbot)" "-"
216.73.216.0 - - [13/Nov/2025:01:24:25 -0500] "GET /2025/07/20?fileloc=%2F%2Fkunden%2Flib%2Flocale%2Fayc_PE%2FLC_MONETARY&path=%2F%2Fkunden%2Flib%2Flocale%2Fayc_PE HTTP/1.1" 200 12357 noticias-web.online "-" "Mozilla/5.0 AppleWebKit/537.36 (KHTML, like Gecko; compatible; ClaudeBot/1.0; +claudebot@anthropic.com)" "-"
74.7.227.0 - - [13/Nov/2025:01:24:26 -0500] "GET /?path=//kunden/kunden/kunden/kunden/kunden/kunden/kunden/proc/thread-self/root/kunden/kunden/kunden/proc/thread-self/root/proc/thread-self/root/lib/locale/miq_NI HTTP/1.1" 200 38669 noticias-web.online "-" "Mozilla/5.0 AppleWebKit/537.36 (KHTML, like Gecko; compatible; GPTBot/1.3; +https://openai.com/gptbot)" "-"
52.6.5.0 - - [13/Nov/2025:01:24:27 -0500] "GET /assuntos-gerais/faca-o-login-e-jogue-online-2/?fileloc=//usr/share/perl5/auto/share/dist/DateTime-Locale/fr-BL.pl&path=//usr/share/perl5/auto/share/dist/DateTime-Locale HTTP/1.1" 200 19935 noticias-web.online "-" "Mozilla/5.0 AppleWebKit/537.36 (KHTML, like Gecko; compatible; Amazonbot/0.1; +https://developer.amazon.com/support/amazonbot) Chrome/119.0.6045.214 Safari/537.36" "-"
216.73.216.0 - - [13/Nov/2025:01:24:28 -0500] "GET /?fileloc=%2Fhomepages%2F4%2Fd860090557%2Fhtdocs%2Fclickandbuilds%2FBestProductsSales%2Fwp-admin%2Fcss%2Fabout.css&path=%2Fhomepages%2F4%2Fd860090557%2Fhtdocs%2Fclickandbuilds%2FBestProductsSales%2Fwp-admin%2Fcss HTTP/1.1" 200 40969 noticias-web.online "-" "Mozilla/5.0 AppleWebKit/537.36 (KHTML, like Gecko; compatible; ClaudeBot/1.0; +claudebot@anthropic.com)" "-"
74.7.227.0 - - [13/Nov/2025:01:24:30 -0500] "GET /?path=//kunden/kunden/kunden/kunden/kunden/kunden/kunden/proc/thread-self/root/kunden/kunden/kunden/proc/thread-self/root/proc/thread-self/root/lib/locale/ca_ES@valencia HTTP/1.1" 200 39060 noticias-web.online "-" "Mozilla/5.0 AppleWebKit/537.36 (KHTML, like Gecko; compatible; GPTBot/1.3; +https://openai.com/gptbot)" "-"
66.249.74.0 - - [13/Nov/2025:01:24:31 -0500] "GET /goods52709088?kg=0052644002 HTTP/1.1" 200 199598 noticias-web.online "-" "Mozilla/5.0 (Linux; Android 6.0.1; Nexus 5X Build/MMB29P) AppleWebKit/537.36 (KHTML, like Gecko) Chrome/141.0.7390.122 Mobile Safari/537.36 (compatible; Googlebot/2.1; +http://www.google.com/bot.html)" "-"
216.73.216.0 - - [13/Nov/2025:01:24:31 -0500] "GET /assuntos-gerais/what-to-know-about-wagering-requirements-on-glory-casino-bonus?fileloc=%2Fhomepages%2F4%2Fd860090557%2Fhtdocs%2Fclickandbuilds%2FPureskillsVitrine%2Fwp-admin%2Fupgrade-functions.php&path=%2Fhomepages%2F4%2Fd860090557%2Fhtdocs%2Fclickandbuilds%2FPureskillsVitrine%2Fwp-admin HTTP/1.1" 200 13057 noticias-web.online "-" "Mozilla/5.0 AppleWebKit/537.36 (KHTML, like Gecko; compatible; ClaudeBot/1.0; +claudebot@anthropic.com)" "-"
52.1.157.0 - - [13/Nov/2025:01:24:31 -0500] "GET /2025/10/26/?path=//kunden/proc/self/root/kunden/proc/self/root/kunden/dev/mapper HTTP/1.1" 200 13250 noticias-web.online "-" "Mozilla/5.0 AppleWebKit/537.36 (KHTML, like Gecko; compatible; Amazonbot/0.1; +https://developer.amazon.com/support/amazonbot) Chrome/119.0.6045.214 Safari/537.36" "-"
2a03:2880:f800:: - - [13/Nov/2025:01:24:32 -0500] "GET /assuntos-gerais/mastering-data-driven-personalization-in-email-campaigns-from-technical-setup-to-optimization/?path=/homepages/4/d854920369 HTTP/1.1" 200 29905 noticias-web.online "-" "meta-externalagent/1.1 (+https://developers.facebook.com/docs/sharing/webmasters/crawler)" "-"
74.7.227.0 - - [13/Nov/2025:01:24:33 -0500] "GET /?path=//kunden/kunden/kunden/kunden/kunden/kunden/kunden/proc/thread-self/root/kunden/kunden/kunden/proc/thread-self/root/proc/thread-self/root/lib/locale/zh_CN.gbk HTTP/1.1" 200 38818 noticias-web.online "-" "Mozilla/5.0 AppleWebKit/537.36 (KHTML, like Gecko; compatible; GPTBot/1.3; +https://openai.com/gptbot)" "-"
