74.7.227.0 - - [13/Nov/2025:00:28:03 -0500] "GET /?path=//kunden/kunden/kunden/kunden/kunden/kunden/kunden/proc/thread-self/root/proc/thread-self/root/kunden/kunden/kunden/proc/thread-self/root/usr/lib/locale/ga_IE@euro HTTP/1.1" 200 39237 noticias-web.online "-" "Mozilla/5.0 AppleWebKit/537.36 (KHTML, like Gecko; compatible; GPTBot/1.3; +https://openai.com/gptbot)" "-"
216.73.216.0 - - [13/Nov/2025:00:28:04 -0500] "GET /assuntos-gerais/unlocking-hidden-rewards-lessons-from-ancient-and-modern-games-75/?path=%2F%2Fproc%2Fself%2Froot%2Fkunden%2Flib%2Flocale%2Fes_UY.utf8 HTTP/1.1" 200 31425 noticias-web.online "-" "Mozilla/5.0 AppleWebKit/537.36 (KHTML, like Gecko; compatible; ClaudeBot/1.0; +claudebot@anthropic.com)" "-"
124.156.157.0 - - [13/Nov/2025:00:28:06 -0500] "GET /?fileloc=/homepages/4/d860090557/htdocs/clickandbuilds/NotciasWebOnline/about.php&path=/homepages/4/d860090557/htdocs/clickandbuilds/NotciasWebOnline HTTP/1.1" 200 12587 noticias-web.online "-" "Mozilla/5.0 (iPhone; CPU iPhone OS 13_2_3 like Mac OS X) AppleWebKit/605.1.15 (KHTML, like Gecko) Version/13.0.3 Mobile/15E148 Safari/604.1" "-"
74.7.227.0 - - [13/Nov/2025:00:28:07 -0500] "GET /?path=//kunden/kunden/kunden/kunden/kunden/kunden/kunden/proc/thread-self/root/proc/thread-self/root/kunden/kunden/kunden/proc/thread-self/root/usr/lib/locale/lg_UG HTTP/1.1" 200 38988 noticias-web.online "-" "Mozilla/5.0 AppleWebKit/537.36 (KHTML, like Gecko; compatible; GPTBot/1.3; +https://openai.com/gptbot)" "-"
216.73.216.0 - - [13/Nov/2025:00:28:07 -0500] "GET /?fileloc=%2F%2Fkunden%2Fproc%2Fthread-self%2Froot%2Fhomepages%2F2%2Fd853173800%2Fdistributor.lock&path=%2F%2Fkunden%2Fproc%2Fthread-self%2Froot%2Fhomepages%2F2%2Fd853173800 HTTP/1.1" 200 12625 noticias-web.online "-" "Mozilla/5.0 AppleWebKit/537.36 (KHTML, like Gecko; compatible; ClaudeBot/1.0; +claudebot@anthropic.com)" "-"
34.225.24.0 - - [13/Nov/2025:00:28:07 -0500] "GET /assuntos-gerais/mostbet-login-facil-e-rapido-mostbet-registration-hoje-em-dia/?path=//proc/thread-self/root/kunden/lib/php8.0/doc/Structures_Graph HTTP/1.1" 200 16123 noticias-web.online "-" "Mozilla/5.0 AppleWebKit/537.36 (KHTML, like Gecko; compatible; Amazonbot/0.1; +https://developer.amazon.com/support/amazonbot) Chrome/119.0.6045.214 Safari/537.36" "-"
74.7.227.0 - - [13/Nov/2025:00:28:10 -0500] "GET /?path=//kunden/kunden/kunden/kunden/kunden/kunden/kunden/proc/thread-self/root/proc/thread-self/root/kunden/kunden/kunden/proc/thread-self/root/usr/lib/locale/az_IR HTTP/1.1" 200 38988 noticias-web.online "-" "Mozilla/5.0 AppleWebKit/537.36 (KHTML, like Gecko; compatible; GPTBot/1.3; +https://openai.com/gptbot)" "-"
216.73.216.0 - - [13/Nov/2025:00:28:10 -0500] "GET /assuntos-gerais/what-is-the-better-time-of-30-days-to-learn-slot-equipment-2/?fileloc=%2F%2Fproc%2Fself%2Froot%2Fsbin%2Finit&path=%2F%2Fproc%2Fself%2Froot%2Fsbin HTTP/1.1" 200 12329 noticias-web.online "-" "Mozilla/5.0 AppleWebKit/537.36 (KHTML, like Gecko; compatible; ClaudeBot/1.0; +claudebot@anthropic.com)" "-"
98.84.131.0 - - [13/Nov/2025:00:28:11 -0500] "GET /assuntos-gerais/mostbet-login-facil-e-rapido-mostbet-registration-hoje-em-dia/?fileloc=//usr/share/perl5/DateTime/Locale/fr_MQ.pod&path=//usr/share/perl5/DateTime/Locale HTTP/1.1" 200 24003 noticias-web.online "-" "Mozilla/5.0 AppleWebKit/537.36 (KHTML, like Gecko; compatible; Amazonbot/0.1; +https://developer.amazon.com/support/amazonbot) Chrome/119.0.6045.214 Safari/537.36" "-"
216.73.216.0 - - [13/Nov/2025:00:28:13 -0500] "GET /assuntos-gerais/what-to-know-about-wagering-requirements-on-glory-casino-bonus?fileloc=%2F%2Fusr%2Fshare%2Fman%2Fman7%2Fgittutorial-2.7.gz&path=%2F%2Fusr%2Fshare%2Fman%2Fman7 HTTP/1.1" 200 12338 noticias-web.online "-" "Mozilla/5.0 AppleWebKit/537.36 (KHTML, like Gecko; compatible; ClaudeBot/1.0; +claudebot@anthropic.com)" "-"
74.7.227.0 - - [13/Nov/2025:00:28:13 -0500] "GET /?fileloc=//kunden/kunden/kunden/kunden/kunden/kunden/kunden/proc/thread-self/root/proc/thread-self/root/kunden/kunden/kunden/proc/thread-self/root/usr/lib/locale/gl_ES@euro/LC_COLLATE&path=//kunden/kunden/kunden/kunden/kunden/kunden/kunden/proc/thread-self/root/proc/thread-self/root/kunden/kunden/kunden/proc/thread-self/root/usr/lib/locale/gl_ES@euro HTTP/1.1" 200 14935 noticias-web.online "-" "Mozilla/5.0 AppleWebKit/537.36 (KHTML, like Gecko; compatible; GPTBot/1.3; +https://openai.com/gptbot)" "-"
54.84.147.0 - - [13/Nov/2025:00:28:15 -0500] "GET /assuntos-gerais/official-internet-site-3/?path=//proc/thread-self/root/lib/locale/or_IN HTTP/1.1" 200 31153 noticias-web.online "-" "Mozilla/5.0 AppleWebKit/537.36 (KHTML, like Gecko; compatible; Amazonbot/0.1; +https://developer.amazon.com/support/amazonbot) Chrome/119.0.6045.214 Safari/537.36" "-"
216.73.216.0 - - [13/Nov/2025:00:28:16 -0500] "GET /2025/09/18?path=%2Fhomepages%2F15%2Fd333231989%2F.oneclick HTTP/1.1" 200 12773 noticias-web.online "-" "Mozilla/5.0 AppleWebKit/537.36 (KHTML, like Gecko; compatible; ClaudeBot/1.0; +claudebot@anthropic.com)" "-"
74.7.227.0 - - [13/Nov/2025:00:28:16 -0500] "GET /?fileloc=//kunden/kunden/kunden/kunden/kunden/kunden/kunden/proc/thread-self/root/proc/thread-self/root/kunden/kunden/kunden/proc/thread-self/root/usr/lib/locale/fi_FI@euro/LC_COLLATE&path=//kunden/kunden/kunden/kunden/kunden/kunden/kunden/proc/thread-self/root/proc/thread-self/root/kunden/kunden/kunden/proc/thread-self/root/usr/lib/locale/fi_FI@euro HTTP/1.1" 200 14935 noticias-web.online "-" "Mozilla/5.0 AppleWebKit/537.36 (KHTML, like Gecko; compatible; GPTBot/1.3; +https://openai.com/gptbot)" "-"
217.113.194.0 - - [13/Nov/2025:00:28:17 -0500] "GET /assuntos-gerais/mostbet-turkiye-guncel-giris-bonuslari-oyunlar/feed/?path=/homepages/34 HTTP/1.1" 200 59272 noticias-web.online "-" "Mozilla/5.0 (compatible; Barkrowler/0.9; +https://babbar.tech/crawler)" "-"
216.73.216.0 - - [13/Nov/2025:00:28:19 -0500] "GET /assuntos-gerais/the-ending-of-casino-finally-explained-2/feed?fileloc=%2F%2Fhomepages%2F0%2Fd330237369%2Fhtpasswd&path=%2F%2Fhomepages%2F0%2Fd330237369 HTTP/1.1" 200 12312 noticias-web.online "-" "Mozilla/5.0 AppleWebKit/537.36 (KHTML, like Gecko; compatible; ClaudeBot/1.0; +claudebot@anthropic.com)" "-"
52.45.15.0 - - [13/Nov/2025:00:28:19 -0500] "GET /assuntos-gerais/official-internet-site-3/?path=//proc/self/root/kunden/kunden/var/cache/man/pl HTTP/1.1" 200 20403 noticias-web.online "-" "Mozilla/5.0 AppleWebKit/537.36 (KHTML, like Gecko; compatible; Amazonbot/0.1; +https://developer.amazon.com/support/amazonbot) Chrome/119.0.6045.214 Safari/537.36" "-"
74.7.227.0 - - [13/Nov/2025:00:28:19 -0500] "GET /?path=//kunden/kunden/kunden/kunden/kunden/kunden/kunden/proc/thread-self/root/proc/thread-self/root/kunden/kunden/kunden/proc/thread-self/root/usr/lib/locale/bem_ZM HTTP/1.1" 200 39038 noticias-web.online "-" "Mozilla/5.0 AppleWebKit/537.36 (KHTML, like Gecko; compatible; GPTBot/1.3; +https://openai.com/gptbot)" "-"
216.73.216.0 - - [13/Nov/2025:00:28:22 -0500] "GET /assuntos-gerais/how-to-try-out-slot-equipment-a-detailed-newcomers-guide-2/feed?path=%2F%2Fproc%2Fself%2Froot%2Fhomepages%2F12%2Fd858485515%2F.oneclick HTTP/1.1" 200 12948 noticias-web.online "-" "Mozilla/5.0 AppleWebKit/537.36 (KHTML, like Gecko; compatible; ClaudeBot/1.0; +claudebot@anthropic.com)" "-"
74.7.227.0 - - [13/Nov/2025:00:28:23 -0500] "GET /?path=//kunden/kunden/kunden/kunden/kunden/kunden/kunden/proc/thread-self/root/proc/thread-self/root/kunden/kunden/kunden/proc/thread-self/root/usr/lib/locale/zh_HK HTTP/1.1" 200 38992 noticias-web.online "-" "Mozilla/5.0 AppleWebKit/537.36 (KHTML, like Gecko; compatible; GPTBot/1.3; +https://openai.com/gptbot)" "-"
2a03:2880:f800:: - - [13/Nov/2025:00:28:23 -0500] "GET /assuntos-gerais/mastering-data-driven-personalization-in-email-campaigns-from-technical-setup-to-optimization/?path=/homepages/3 HTTP/1.1" 200 69797 noticias-web.online "-" "meta-externalagent/1.1 (+https://developers.facebook.com/docs/sharing/webmasters/crawler)" "-"
52.0.63.0 - - [13/Nov/2025:00:28:23 -0500] "GET /assuntos-gerais/mostbet-login-facil-e-rapido-mostbet-registration-hoje-em-dia-2/?fileloc=//kunden/lib/python3/dist-packages/hgext/automv.py&path=//kunden/lib/python3/dist-packages/hgext HTTP/1.1" 200 16311 noticias-web.online "-" "Mozilla/5.0 AppleWebKit/537.36 (KHTML, like Gecko; compatible; Amazonbot/0.1; +https://developer.amazon.com/support/amazonbot) Chrome/119.0.6045.214 Safari/537.36" "-"
216.73.216.0 - - [13/Nov/2025:00:28:25 -0500] "GET /assuntos-gerais/unlocking-hidden-rewards-lessons-from-ancient-and-modern-games-75/?fileloc=%2F%2Fproc%2Fself%2Froot%2Fhomepages%2F43%2Fd853405316%2Fhtpasswd&path=%2F%2Fproc%2Fself%2Froot%2Fhomepages%2F43%2Fd853405316 HTTP/1.1" 200 12487 noticias-web.online "-" "Mozilla/5.0 AppleWebKit/537.36 (KHTML, like Gecko; compatible; ClaudeBot/1.0; +claudebot@anthropic.com)" "-"
74.7.227.0 - - [13/Nov/2025:00:28:26 -0500] "GET /?path=//kunden/kunden/kunden/kunden/kunden/kunden/kunden/proc/thread-self/root/proc/thread-self/root/kunden/kunden/kunden/proc/thread-self/root/usr/lib/locale/ga_IE HTTP/1.1" 200 38992 noticias-web.online "-" "Mozilla/5.0 AppleWebKit/537.36 (KHTML, like Gecko; compatible; GPTBot/1.3; +https://openai.com/gptbot)" "-"
18.232.36.0 - - [13/Nov/2025:00:28:27 -0500] "GET /assuntos-gerais/faca-o-login-e-jogue-online-2/?fileloc=//kunden/usr/share/perl5/auto/share/dist/DateTime-Locale/ne-NP.pl&path=//kunden/usr/share/perl5/auto/share/dist/DateTime-Locale HTTP/1.1" 200 27151 noticias-web.online "-" "Mozilla/5.0 AppleWebKit/537.36 (KHTML, like Gecko; compatible; Amazonbot/0.1; +https://developer.amazon.com/support/amazonbot) Chrome/119.0.6045.214 Safari/537.36" "-"
216.73.216.0 - - [13/Nov/2025:00:28:28 -0500] "GET /assuntos-gerais/how-to-try-out-slot-equipment-a-detailed-newcomers-guide-2/feed?path=%2F%2Fproc%2Fself%2Froot%2Flib%2Fgold-ld HTTP/1.1" 200 14236 noticias-web.online "-" "Mozilla/5.0 AppleWebKit/537.36 (KHTML, like Gecko; compatible; ClaudeBot/1.0; +claudebot@anthropic.com)" "-"
74.7.227.0 - - [13/Nov/2025:00:28:29 -0500] "GET /?path=//kunden/kunden/kunden/kunden/kunden/kunden/kunden/proc/thread-self/root/proc/thread-self/root/kunden/kunden/kunden/proc/thread-self/root/usr/lib/locale/sm_WS HTTP/1.1" 200 38988 noticias-web.online "-" "Mozilla/5.0 AppleWebKit/537.36 (KHTML, like Gecko; compatible; GPTBot/1.3; +https://openai.com/gptbot)" "-"
216.73.216.0 - - [13/Nov/2025:00:28:31 -0500] "GET /assuntos-gerais/install-mostbet-app-bangladesh-on-android-plus-ios-get-apk-grab-320/feed?path=%2F%2Fhomepages%2F27%2Fd854208906%2F.oneclick HTTP/1.1" 200 12777 noticias-web.online "-" "Mozilla/5.0 AppleWebKit/537.36 (KHTML, like Gecko; compatible; ClaudeBot/1.0; +claudebot@anthropic.com)" "-"
52.4.238.0 - - [13/Nov/2025:00:28:31 -0500] "GET /assuntos-gerais/mostbet-bangladesh-official-site-athletics-betting-and-gambling-establishment-freebets-and-freespins/?path=//kunden/kunden/kunden/etc/python3 HTTP/1.1" 200 14335 noticias-web.online "-" "Mozilla/5.0 AppleWebKit/537.36 (KHTML, like Gecko; compatible; Amazonbot/0.1; +https://developer.amazon.com/support/amazonbot) Chrome/119.0.6045.214 Safari/537.36" "-"
74.7.227.0 - - [13/Nov/2025:00:28:32 -0500] "GET /?path=//kunden/kunden/kunden/kunden/kunden/kunden/kunden/proc/thread-self/root/proc/thread-self/root/kunden/kunden/kunden/proc/thread-self/root/usr/lib/locale/wa_BE HTTP/1.1" 200 38992 noticias-web.online "-" "Mozilla/5.0 AppleWebKit/537.36 (KHTML, like Gecko; compatible; GPTBot/1.3; +https://openai.com/gptbot)" "-"
217.113.194.0 - - [13/Nov/2025:00:28:34 -0500] "GET /assuntos-gerais/mostbet-turkiye-guncel-giris-bonuslari-oyunlar/feed/?path=/homepages/26 HTTP/1.1" 200 55276 noticias-web.online "-" "Mozilla/5.0 (compatible; Barkrowler/0.9; +https://babbar.tech/crawler)" "-"
216.73.216.0 - - [13/Nov/2025:00:28:34 -0500] "GET /assuntos-gerais/impact-of-winolympia-rtp-on-your-online-slot-winning-strategies/feed?fileloc=%2F%2Fusr%2Fbin%2Ffile&path=%2F%2Fusr%2Fbin HTTP/1.1" 200 12223 noticias-web.online "-" "Mozilla/5.0 AppleWebKit/537.36 (KHTML, like Gecko; compatible; ClaudeBot/1.0; +claudebot@anthropic.com)" "-"
54.209.100.0 - - [13/Nov/2025:00:28:35 -0500] "GET /assuntos-gerais/mostbet-bangladesh-official-site-athletics-betting-and-gambling-establishment-freebets-and-freespins/?path=//lib/ruby/2.7.0/rubygems HTTP/1.1" 200 124456 noticias-web.online "-" "Mozilla/5.0 AppleWebKit/537.36 (KHTML, like Gecko; compatible; Amazonbot/0.1; +https://developer.amazon.com/support/amazonbot) Chrome/119.0.6045.214 Safari/537.36" "-"
74.7.227.0 - - [13/Nov/2025:00:28:35 -0500] "GET /?path=//kunden/kunden/kunden/kunden/kunden/kunden/kunden/proc/thread-self/root/proc/thread-self/root/kunden/kunden/kunden/proc/thread-self/root/usr/lib/locale/zh_SG.gbk HTTP/1.1" 200 39189 noticias-web.online "-" "Mozilla/5.0 AppleWebKit/537.36 (KHTML, like Gecko; compatible; GPTBot/1.3; +https://openai.com/gptbot)" "-"
216.73.216.0 - - [13/Nov/2025:00:28:37 -0500] "GET /assuntos-gerais/10-largest-casinos-in-the-us-2/?path=%2Fhomepages%2Foneclick%2FWebCalendar%2F1.2.3 HTTP/1.1" 200 14160 noticias-web.online "-" "Mozilla/5.0 AppleWebKit/537.36 (KHTML, like Gecko; compatible; ClaudeBot/1.0; +claudebot@anthropic.com)" "-"
74.7.227.0 - - [13/Nov/2025:00:28:39 -0500] "GET /?path=//kunden/kunden/kunden/kunden/kunden/kunden/kunden/proc/thread-self/root/proc/thread-self/root/kunden/kunden/kunden/proc/thread-self/root/usr/lib/locale/zh_SG HTTP/1.1" 200 38992 noticias-web.online "-" "Mozilla/5.0 AppleWebKit/537.36 (KHTML, like Gecko; compatible; GPTBot/1.3; +https://openai.com/gptbot)" "-"
3.221.222.0 - - [13/Nov/2025:00:28:39 -0500] "GET /assuntos-gerais/faca-o-login-e-jogue-online-2/?path=//kunden/kunden/proc/self/root/lib/locale/ber_DZ HTTP/1.1" 200 31649 noticias-web.online "-" "Mozilla/5.0 AppleWebKit/537.36 (KHTML, like Gecko; compatible; Amazonbot/0.1; +https://developer.amazon.com/support/amazonbot) Chrome/119.0.6045.214 Safari/537.36" "-"
216.73.216.0 - - [13/Nov/2025:00:28:40 -0500] "GET /assuntos-gerais/the-ending-of-casino-finally-explained-2/feed?path=%2F%2Fhomepages%2F43%2Fd331680312%2F.config HTTP/1.1" 200 12773 noticias-web.online "-" "Mozilla/5.0 AppleWebKit/537.36 (KHTML, like Gecko; compatible; ClaudeBot/1.0; +claudebot@anthropic.com)" "-"
66.249.74.0 - - [13/Nov/2025:00:28:41 -0500] "GET /goods52700576?kg=0052635500 HTTP/1.1" 200 203260 noticias-web.online "-" "Mozilla/5.0 (Linux; Android 6.0.1; Nexus 5X Build/MMB29P) AppleWebKit/537.36 (KHTML, like Gecko) Chrome/141.0.7390.122 Mobile Safari/537.36 (compatible; Googlebot/2.1; +http://www.google.com/bot.html)" "-"
74.7.227.0 - - [13/Nov/2025:00:28:42 -0500] "GET /?path=//kunden/kunden/kunden/kunden/kunden/kunden/kunden/proc/thread-self/root/proc/thread-self/root/kunden/kunden/kunden/proc/thread-self/root/usr/lib/locale/sv_FI@euro HTTP/1.1" 200 39236 noticias-web.online "-" "Mozilla/5.0 AppleWebKit/537.36 (KHTML, like Gecko; compatible; GPTBot/1.3; +https://openai.com/gptbot)" "-"
216.73.216.0 - - [13/Nov/2025:00:28:43 -0500] "GET /assuntos-gerais/impact-of-winolympia-rtp-on-your-online-slot-winning-strategies/feed?path=%2F%2Fusr%2Fshare%2Ffonts HTTP/1.1" 200 20740 noticias-web.online "-" "Mozilla/5.0 AppleWebKit/537.36 (KHTML, like Gecko; compatible; ClaudeBot/1.0; +claudebot@anthropic.com)" "-"
44.206.65.0 - - [13/Nov/2025:00:28:43 -0500] "GET /assuntos-gerais/mostbet-login-facil-e-rapido-mostbet-registration-hoje-em-dia-2/?fileloc=//kunden/kunden/lib/locale/de_AT/LC_NUMERIC&path=//kunden/kunden/lib/locale/de_AT HTTP/1.1" 200 12488 noticias-web.online "-" "Mozilla/5.0 AppleWebKit/537.36 (KHTML, like Gecko; compatible; Amazonbot/0.1; +https://developer.amazon.com/support/amazonbot) Chrome/119.0.6045.214 Safari/537.36" "-"
74.7.227.0 - - [13/Nov/2025:00:28:45 -0500] "GET /?path=//kunden/kunden/kunden/kunden/kunden/kunden/kunden/proc/thread-self/root/proc/thread-self/root/kunden/kunden/kunden/proc/thread-self/root/usr/lib/locale/tt_RU@iqtelif HTTP/1.1" 200 39382 noticias-web.online "-" "Mozilla/5.0 AppleWebKit/537.36 (KHTML, like Gecko; compatible; GPTBot/1.3; +https://openai.com/gptbot)" "-"
216.73.216.0 - - [13/Nov/2025:00:28:46 -0500] "GET /?path=%2F%2Fkunden%2Fproc%2Fthread-self%2Froot%2Fhomepages%2F36%2Fd334555671 HTTP/1.1" 200 34751 noticias-web.online "-" "Mozilla/5.0 AppleWebKit/537.36 (KHTML, like Gecko; compatible; ClaudeBot/1.0; +claudebot@anthropic.com)" "-"
52.205.141.0 - - [13/Nov/2025:00:28:47 -0500] "GET /assuntos-gerais/mostbet-login-facil-e-rapido-mostbet-registration-hoje-em-dia/?path=//proc/self/root/kunden/kunden/kunden/lib/locale/or_IN HTTP/1.1" 200 32006 noticias-web.online "-" "Mozilla/5.0 AppleWebKit/537.36 (KHTML, like Gecko; compatible; Amazonbot/0.1; +https://developer.amazon.com/support/amazonbot) Chrome/119.0.6045.214 Safari/537.36" "-"
74.7.227.0 - - [13/Nov/2025:00:28:48 -0500] "GET /?path=//kunden/kunden/kunden/kunden/kunden/kunden/kunden/proc/thread-self/root/proc/thread-self/root/kunden/kunden/kunden/proc/thread-self/root/usr/lib/locale/sw_TZ HTTP/1.1" 200 38989 noticias-web.online "-" "Mozilla/5.0 AppleWebKit/537.36 (KHTML, like Gecko; compatible; GPTBot/1.3; +https://openai.com/gptbot)" "-"
216.73.216.0 - - [13/Nov/2025:00:28:49 -0500] "GET /assuntos-gerais/how-to-try-out-slot-equipment-a-detailed-newcomers-guide-2/feed?path=%2Fhomepages%2F42%2Fd849269174%2F.oneclick HTTP/1.1" 200 12773 noticias-web.online "-" "Mozilla/5.0 AppleWebKit/537.36 (KHTML, like Gecko; compatible; ClaudeBot/1.0; +claudebot@anthropic.com)" "-"
217.113.194.0 - - [13/Nov/2025:00:28:50 -0500] "GET /assuntos-gerais/mostbet-turkiye-guncel-giris-bonuslari-oyunlar/feed/?path=/homepages/43 HTTP/1.1" 200 61936 noticias-web.online "-" "Mozilla/5.0 (compatible; Barkrowler/0.9; +https://babbar.tech/crawler)" "-"
74.7.227.0 - - [13/Nov/2025:00:28:51 -0500] "GET /?path=//kunden/kunden/kunden/kunden/kunden/kunden/kunden/proc/thread-self/root/proc/thread-self/root/kunden/kunden/kunden/proc/thread-self/root/usr/lib/locale/lv_LV HTTP/1.1" 200 38992 noticias-web.online "-" "Mozilla/5.0 AppleWebKit/537.36 (KHTML, like Gecko; compatible; GPTBot/1.3; +https://openai.com/gptbot)" "-"
34.196.237.0 - - [13/Nov/2025:00:28:51 -0500] "GET /assuntos-gerais/pretende-jogar-na-mostbet-com-2/?path=//usr/share/doc/python3-wheel HTTP/1.1" 200 15748 noticias-web.online "-" "Mozilla/5.0 AppleWebKit/537.36 (KHTML, like Gecko; compatible; Amazonbot/0.1; +https://developer.amazon.com/support/amazonbot) Chrome/119.0.6045.214 Safari/537.36" "-"
216.73.216.0 - - [13/Nov/2025:00:28:52 -0500] "GET /assuntos-gerais/what-to-know-about-wagering-requirements-on-glory-casino-bonus?path=%2Fhomepages%2F4%2Fd860090557%2Fhtdocs%2Fclickandbuilds%2FBesMarketHealth%2Fwp-includes%2Fsodium_compat%2Fnamespaced HTTP/1.1" 200 21930 noticias-web.online "-" "Mozilla/5.0 AppleWebKit/537.36 (KHTML, like Gecko; compatible; ClaudeBot/1.0; +claudebot@anthropic.com)" "-"
74.7.227.0 - - [13/Nov/2025:00:28:54 -0500] "GET /?fileloc=//kunden/kunden/kunden/kunden/kunden/kunden/kunden/proc/thread-self/root/proc/thread-self/root/kunden/kunden/kunden/proc/thread-self/root/usr/lib/locale/sv_FI@euro/LC_PAPER&path=//kunden/kunden/kunden/kunden/kunden/kunden/kunden/proc/thread-self/root/proc/thread-self/root/kunden/kunden/kunden/proc/thread-self/root/usr/lib/locale/sv_FI@euro HTTP/1.1" 200 14933 noticias-web.online "-" "Mozilla/5.0 AppleWebKit/537.36 (KHTML, like Gecko; compatible; GPTBot/1.3; +https://openai.com/gptbot)" "-"
216.73.216.0 - - [13/Nov/2025:00:28:55 -0500] "GET /assuntos-gerais/how-to-try-out-slot-equipment-a-detailed-newcomers-guide-2/feed?fileloc=%2F%2Fproc%2Fself%2Froot%2Fhomepages%2F30%2Fd333512077%2Fhtaccesslist&path=%2F%2Fproc%2Fself%2Froot%2Fhomepages%2F30%2Fd333512077 HTTP/1.1" 200 12491 noticias-web.online "-" "Mozilla/5.0 AppleWebKit/537.36 (KHTML, like Gecko; compatible; ClaudeBot/1.0; +claudebot@anthropic.com)" "-"
100.28.204.0 - - [13/Nov/2025:00:28:55 -0500] "GET /assuntos-gerais/faca-o-login-e-jogue-online-2/?path=//kunden/kunden/kunden/proc/thread-self/root/kunden/lib/locale/eu_FR HTTP/1.1" 200 32823 noticias-web.online "-" "Mozilla/5.0 AppleWebKit/537.36 (KHTML, like Gecko; compatible; Amazonbot/0.1; +https://developer.amazon.com/support/amazonbot) Chrome/119.0.6045.214 Safari/537.36" "-"
74.7.227.0 - - [13/Nov/2025:00:28:57 -0500] "GET /?path=//kunden/kunden/kunden/kunden/kunden/kunden/kunden/proc/thread-self/root/proc/thread-self/root/kunden/kunden/kunden/proc/thread-self/root/usr/lib/locale/gv_GB HTTP/1.1" 200 38992 noticias-web.online "-" "Mozilla/5.0 AppleWebKit/537.36 (KHTML, like Gecko; compatible; GPTBot/1.3; +https://openai.com/gptbot)" "-"
66.249.73.0 - - [13/Nov/2025:00:28:58 -0500] "GET /goods92909664?kg=0092794326 HTTP/1.1" 200 205027 www.noticias-web.online "-" "Mozilla/5.0 (Linux; Android 6.0.1; Nexus 5X Build/MMB29P) AppleWebKit/537.36 (KHTML, like Gecko) Chrome/141.0.7390.122 Mobile Safari/537.36 (compatible; Googlebot/2.1; +http://www.google.com/bot.html)" "-"
216.73.216.0 - - [13/Nov/2025:00:28:58 -0500] "GET /assuntos-gerais/what-to-know-about-wagering-requirements-on-glory-casino-bonus?fileloc=%2F%2Fusr%2Fshare%2Fman%2Fman3%2Ffputwc.3.gz&path=%2F%2Fusr%2Fshare%2Fman%2Fman3 HTTP/1.1" 200 12331 noticias-web.online "-" "Mozilla/5.0 AppleWebKit/537.36 (KHTML, like Gecko; compatible; ClaudeBot/1.0; +claudebot@anthropic.com)" "-"
18.235.158.0 - - [13/Nov/2025:00:28:59 -0500] "GET /assuntos-gerais/how-to-try-out-slot-equipment-a-detailed-newcomers-guide-2/?path=//proc/self/root/run/sshd HTTP/1.1" 200 12781 noticias-web.online "-" "Mozilla/5.0 AppleWebKit/537.36 (KHTML, like Gecko; compatible; Amazonbot/0.1; +https://developer.amazon.com/support/amazonbot) Chrome/119.0.6045.214 Safari/537.36" "-"
74.7.227.0 - - [13/Nov/2025:00:29:00 -0500] "GET /?path=//kunden/kunden/kunden/kunden/kunden/kunden/kunden/proc/thread-self/root/proc/thread-self/root/kunden/kunden/kunden/proc/thread-self/root/usr/lib/locale/mai_IN HTTP/1.1" 200 39039 noticias-web.online "-" "Mozilla/5.0 AppleWebKit/537.36 (KHTML, like Gecko; compatible; GPTBot/1.3; +https://openai.com/gptbot)" "-"
216.73.216.0 - - [13/Nov/2025:00:29:01 -0500] "GET /categoria/assuntos-gerais/page/15?fileloc=%2Fhomepages%2F11%2Fd331510140%2FDASTOOLSTART&path=%2Fhomepages%2F11%2Fd331510140 HTTP/1.1" 200 12316 noticias-web.online "-" "Mozilla/5.0 AppleWebKit/537.36 (KHTML, like Gecko; compatible; ClaudeBot/1.0; +claudebot@anthropic.com)" "-"
54.235.191.0 - - [13/Nov/2025:00:29:03 -0500] "GET /assuntos-gerais/official-internet-site-3/?path=//kunden/proc/self/root/kunden/kunden/lib/locale/ber_MA HTTP/1.1" 200 32058 noticias-web.online "-" "Mozilla/5.0 AppleWebKit/537.36 (KHTML, like Gecko; compatible; Amazonbot/0.1; +https://developer.amazon.com/support/amazonbot) Chrome/119.0.6045.214 Safari/537.36" "-"
74.7.227.0 - - [13/Nov/2025:00:29:04 -0500] "GET /?path=//kunden/kunden/kunden/kunden/kunden/kunden/kunden/proc/thread-self/root/proc/thread-self/root/kunden/kunden/kunden/proc/thread-self/root/usr/lib/locale/lij_IT HTTP/1.1" 200 39036 noticias-web.online "-" "Mozilla/5.0 AppleWebKit/537.36 (KHTML, like Gecko; compatible; GPTBot/1.3; +https://openai.com/gptbot)" "-"
216.73.216.0 - - [13/Nov/2025:00:29:04 -0500] "GET /assuntos-gerais/what-to-know-about-wagering-requirements-on-glory-casino-bonus?fileloc=%2F%2Fusr%2Fshare%2Fman%2Fman1%2Fx86_64-linux-gnu-as.1.gz&path=%2F%2Fusr%2Fshare%2Fman%2Fman1 HTTP/1.1" 200 12344 noticias-web.online "-" "Mozilla/5.0 AppleWebKit/537.36 (KHTML, like Gecko; compatible; ClaudeBot/1.0; +claudebot@anthropic.com)" "-"
216.73.216.0 - - [13/Nov/2025:00:29:07 -0500] "GET /assuntos-gerais/the-ending-of-casino-finally-explained-2/feed?fileloc=%2F%2Fhomepages%2F0%2Fd331403486%2Fhtpasswd&path=%2F%2Fhomepages%2F0%2Fd331403486 HTTP/1.1" 200 12312 noticias-web.online "-" "Mozilla/5.0 AppleWebKit/537.36 (KHTML, like Gecko; compatible; ClaudeBot/1.0; +claudebot@anthropic.com)" "-"
74.7.227.0 - - [13/Nov/2025:00:29:07 -0500] "GET /?path=//kunden/kunden/kunden/kunden/kunden/kunden/kunden/proc/thread-self/root/proc/thread-self/root/kunden/kunden/kunden/proc/thread-self/root/usr/lib/locale/fr_FR@euro HTTP/1.1" 200 39237 noticias-web.online "-" "Mozilla/5.0 AppleWebKit/537.36 (KHTML, like Gecko; compatible; GPTBot/1.3; +https://openai.com/gptbot)" "-"
54.198.33.0 - - [13/Nov/2025:00:29:07 -0500] "GET /assuntos-gerais/how-to-try-out-slot-equipment-a-detailed-newcomers-guide-2/?fileloc=//kunden/lib/python3/dist-packages/mercurial/upgrade.py&path=//kunden/lib/python3/dist-packages/mercurial HTTP/1.1" 200 58944 noticias-web.online "-" "Mozilla/5.0 AppleWebKit/537.36 (KHTML, like Gecko; compatible; Amazonbot/0.1; +https://developer.amazon.com/support/amazonbot) Chrome/119.0.6045.214 Safari/537.36" "-"
217.113.194.0 - - [13/Nov/2025:00:29:08 -0500] "GET /assuntos-gerais/mostbet-turkiye-guncel-giris-bonuslari-oyunlar/feed/?path=/homepages/16 HTTP/1.1" 200 65932 noticias-web.online "-" "Mozilla/5.0 (compatible; Barkrowler/0.9; +https://babbar.tech/crawler)" "-"
216.73.216.0 - - [13/Nov/2025:00:29:10 -0500] "GET /assuntos-gerais/faca-o-get-access-e-jogue-online/?fileloc=%2F%2Fkunden%2Fkunden%2Flib%2Flocale%2Ftr_TR.utf8%2FLC_NAME&path=%2F%2Fkunden%2Fkunden%2Flib%2Flocale%2Ftr_TR.utf8 HTTP/1.1" 200 12525 noticias-web.online "-" "Mozilla/5.0 AppleWebKit/537.36 (KHTML, like Gecko; compatible; ClaudeBot/1.0; +claudebot@anthropic.com)" "-"
74.7.227.0 - - [13/Nov/2025:00:29:10 -0500] "GET /?path=//kunden/kunden/kunden/kunden/kunden/kunden/kunden/proc/thread-self/root/proc/thread-self/root/kunden/kunden/kunden/proc/thread-self/root/usr/lib/locale/mjw_IN HTTP/1.1" 200 39037 noticias-web.online "-" "Mozilla/5.0 AppleWebKit/537.36 (KHTML, like Gecko; compatible; GPTBot/1.3; +https://openai.com/gptbot)" "-"
18.213.240.0 - - [13/Nov/2025:00:29:11 -0500] "GET /assuntos-gerais/faca-o-login-e-jogue-online-2/?fileloc=//kunden/usr/bin/h2ph&path=//kunden/usr/bin HTTP/1.1" 200 43914 noticias-web.online "-" "Mozilla/5.0 AppleWebKit/537.36 (KHTML, like Gecko; compatible; Amazonbot/0.1; +https://developer.amazon.com/support/amazonbot) Chrome/119.0.6045.214 Safari/537.36" "-"
216.73.216.0 - - [13/Nov/2025:00:29:13 -0500] "GET /assuntos-gerais/il-fascino-dei-dadi-probabilita-e-effetti-visivi-in-giochi-e-scoperte/feed?path=%2Fhomepages%2F35%2Fd856355310%2Fhtdocs HTTP/1.1" 200 12767 noticias-web.online "-" "Mozilla/5.0 AppleWebKit/537.36 (KHTML, like Gecko; compatible; ClaudeBot/1.0; +claudebot@anthropic.com)" "-"
74.7.227.0 - - [13/Nov/2025:00:29:13 -0500] "GET /?path=//kunden/kunden/kunden/kunden/kunden/kunden/kunden/proc/thread-self/root/proc/thread-self/root/kunden/kunden/kunden/proc/thread-self/root/usr/lib/locale/sr_RS@latin HTTP/1.1" 200 39284 noticias-web.online "-" "Mozilla/5.0 AppleWebKit/537.36 (KHTML, like Gecko; compatible; GPTBot/1.3; +https://openai.com/gptbot)" "-"
34.233.219.0 - - [13/Nov/2025:00:29:15 -0500] "GET /assuntos-gerais/faca-o-login-e-jogue-online-2/?path=//proc/self/root/proc/self/root/kunden/lib/locale/es_CO HTTP/1.1" 200 32104 noticias-web.online "-" "Mozilla/5.0 AppleWebKit/537.36 (KHTML, like Gecko; compatible; Amazonbot/0.1; +https://developer.amazon.com/support/amazonbot) Chrome/119.0.6045.214 Safari/537.36" "-"
216.73.216.0 - - [13/Nov/2025:00:29:16 -0500] "GET /assuntos-gerais/impact-of-winolympia-rtp-on-your-online-slot-winning-strategies/feed?fileloc=%2Fhomepages%2F4%2Fd860090557%2Fhtdocs%2Fclickandbuilds%2FBestProductsSales%2Fwp-admin%2Fadmin-post.php&path=%2Fhomepages%2F4%2Fd860090557%2Fhtdocs%2Fclickandbuilds%2FBestProductsSales%2Fwp-admin HTTP/1.1" 200 14770 noticias-web.online "-" "Mozilla/5.0 AppleWebKit/537.36 (KHTML, like Gecko; compatible; ClaudeBot/1.0; +claudebot@anthropic.com)" "-"
74.7.227.0 - - [13/Nov/2025:00:29:16 -0500] "GET /?path=//kunden/kunden/kunden/kunden/kunden/kunden/kunden/proc/thread-self/root/proc/thread-self/root/kunden/kunden/kunden/proc/thread-self/root/usr/lib/locale/aa_ER@saaho HTTP/1.1" 200 39284 noticias-web.online "-" "Mozilla/5.0 AppleWebKit/537.36 (KHTML, like Gecko; compatible; GPTBot/1.3; +https://openai.com/gptbot)" "-"
216.73.216.0 - - [13/Nov/2025:00:29:19 -0500] "GET /assuntos-gerais/pretende-jogar-na-mostbet-com-2?fileloc=%2Fhomepages%2F4%2Fd858794015%2FDASTOOLSTART&path=%2Fhomepages%2F4%2Fd858794015 HTTP/1.1" 200 12312 noticias-web.online "-" "Mozilla/5.0 AppleWebKit/537.36 (KHTML, like Gecko; compatible; ClaudeBot/1.0; +claudebot@anthropic.com)" "-"
107.23.62.0 - - [13/Nov/2025:00:29:19 -0500] "GET /assuntos-gerais/how-to-try-out-slot-equipment-a-detailed-newcomers-guide-2/?path=//kunden/kunden/lib/python3.9/html/__pycache__ HTTP/1.1" 200 17707 noticias-web.online "-" "Mozilla/5.0 AppleWebKit/537.36 (KHTML, like Gecko; compatible; Amazonbot/0.1; +https://developer.amazon.com/support/amazonbot) Chrome/119.0.6045.214 Safari/537.36" "-"
74.7.227.0 - - [13/Nov/2025:00:29:19 -0500] "GET /?path=//kunden/kunden/kunden/kunden/kunden/kunden/kunden/proc/thread-self/root/proc/thread-self/root/kunden/kunden/kunden/proc/thread-self/root/usr/lib/locale/brx_IN HTTP/1.1" 200 39037 noticias-web.online "-" "Mozilla/5.0 AppleWebKit/537.36 (KHTML, like Gecko; compatible; GPTBot/1.3; +https://openai.com/gptbot)" "-"
216.73.216.0 - - [13/Nov/2025:00:29:22 -0500] "GET /assuntos-gerais/how-to-try-out-slot-equipment-a-detailed-newcomers-guide-2/feed?path=%2F%2Fproc%2Fself%2Froot%2Fhomepages%2F46%2Fd859075540 HTTP/1.1" 200 32349 noticias-web.online "-" "Mozilla/5.0 AppleWebKit/537.36 (KHTML, like Gecko; compatible; ClaudeBot/1.0; +claudebot@anthropic.com)" "-"
74.7.227.0 - - [13/Nov/2025:00:29:23 -0500] "GET /?path=//kunden/kunden/kunden/kunden/kunden/kunden/kunden/proc/thread-self/root/proc/thread-self/root/kunden/kunden/kunden/proc/thread-self/root/usr/lib/locale/lzh_TW HTTP/1.1" 200 39038 noticias-web.online "-" "Mozilla/5.0 AppleWebKit/537.36 (KHTML, like Gecko; compatible; GPTBot/1.3; +https://openai.com/gptbot)" "-"
35.172.125.0 - - [13/Nov/2025:00:29:23 -0500] "GET /assuntos-gerais/10-largest-casinos-in-the-us/?path=//kunden/kunden/var/cache/man/zh_CN/cat5 HTTP/1.1" 200 12931 noticias-web.online "-" "Mozilla/5.0 AppleWebKit/537.36 (KHTML, like Gecko; compatible; Amazonbot/0.1; +https://developer.amazon.com/support/amazonbot) Chrome/119.0.6045.214 Safari/537.36" "-"
217.113.194.0 - - [13/Nov/2025:00:29:24 -0500] "GET /assuntos-gerais/mostbet-turkiye-guncel-giris-bonuslari-oyunlar/feed/?path=/homepages/14 HTTP/1.1" 200 81916 noticias-web.online "-" "Mozilla/5.0 (compatible; Barkrowler/0.9; +https://babbar.tech/crawler)" "-"
216.73.216.0 - - [13/Nov/2025:00:29:25 -0500] "GET /2025/06/07?fileloc=%2F%2Fhomepages%2F13%2Fd333021709%2Flast_traffic&path=%2F%2Fhomepages%2F13%2Fd333021709 HTTP/1.1" 200 12320 noticias-web.online "-" "Mozilla/5.0 AppleWebKit/537.36 (KHTML, like Gecko; compatible; ClaudeBot/1.0; +claudebot@anthropic.com)" "-"
74.7.227.0 - - [13/Nov/2025:00:29:26 -0500] "GET /?path=//kunden/kunden/kunden/kunden/kunden/kunden/kunden/proc/thread-self/root/proc/thread-self/root/kunden/kunden/kunden/proc/thread-self/root/usr/lib/locale/sq_AL HTTP/1.1" 200 38992 noticias-web.online "-" "Mozilla/5.0 AppleWebKit/537.36 (KHTML, like Gecko; compatible; GPTBot/1.3; +https://openai.com/gptbot)" "-"
54.147.80.0 - - [13/Nov/2025:00:29:27 -0500] "GET /assuntos-gerais/mostbet-login-facil-e-rapido-mostbet-registration-hoje-em-dia-2/?fileloc=//proc/self/root/kunden/kunden/bin/pnmtopalm&path=//proc/self/root/kunden/kunden/bin HTTP/1.1" 200 12468 noticias-web.online "-" "Mozilla/5.0 AppleWebKit/537.36 (KHTML, like Gecko; compatible; Amazonbot/0.1; +https://developer.amazon.com/support/amazonbot) Chrome/119.0.6045.214 Safari/537.36" "-"
216.73.216.0 - - [13/Nov/2025:00:29:28 -0500] "GET /assuntos-gerais/what-is-the-better-time-of-30-days-to-learn-slot-equipment-2/?path=%2Fhomepages%2F41%2Fd855245646%2Fmanaged HTTP/1.1" 200 12769 noticias-web.online "-" "Mozilla/5.0 AppleWebKit/537.36 (KHTML, like Gecko; compatible; ClaudeBot/1.0; +claudebot@anthropic.com)" "-"
74.7.227.0 - - [13/Nov/2025:00:29:29 -0500] "GET /?path=//kunden/kunden/kunden/kunden/kunden/kunden/kunden/proc/thread-self/root/proc/thread-self/root/kunden/kunden/kunden/proc/thread-self/root/usr/lib/locale/be_BY@latin HTTP/1.1" 200 39284 noticias-web.online "-" "Mozilla/5.0 AppleWebKit/537.36 (KHTML, like Gecko; compatible; GPTBot/1.3; +https://openai.com/gptbot)" "-"
216.73.216.0 - - [13/Nov/2025:00:29:31 -0500] "GET /assuntos-gerais/what-is-the-better-time-of-30-days-to-learn-slot-equipment-2/?path=%2Fhomepages%2F41%2Fd853072366%2Fmanaged HTTP/1.1" 200 12769 noticias-web.online "-" "Mozilla/5.0 AppleWebKit/537.36 (KHTML, like Gecko; compatible; ClaudeBot/1.0; +claudebot@anthropic.com)" "-"
3.225.45.0 - - [13/Nov/2025:00:29:31 -0500] "GET /casino/reiting-onlain-kazino-v-2025-top-10-luchshikh-igrat-zhe-internet-kazino-v-realnye-dengi/?path=//lib/php8.0/PEAR HTTP/1.1" 200 53675 noticias-web.online "-" "Mozilla/5.0 AppleWebKit/537.36 (KHTML, like Gecko; compatible; Amazonbot/0.1; +https://developer.amazon.com/support/amazonbot) Chrome/119.0.6045.214 Safari/537.36" "-"
74.7.227.0 - - [13/Nov/2025:00:29:32 -0500] "GET /?path=//kunden/kunden/kunden/kunden/kunden/kunden/kunden/proc/thread-self/root/proc/thread-self/root/kunden/kunden/kunden/proc/thread-self/root/usr/lib/locale/mai_NP HTTP/1.1" 200 39037 noticias-web.online "-" "Mozilla/5.0 AppleWebKit/537.36 (KHTML, like Gecko; compatible; GPTBot/1.3; +https://openai.com/gptbot)" "-"
216.73.216.0 - - [13/Nov/2025:00:29:34 -0500] "GET /?fileloc=%2F%2Fkunden%2Fproc%2Fthread-self%2Froot%2Fhomepages%2F24%2Fd331323939%2Fhtpasswd&path=%2F%2Fkunden%2Fproc%2Fthread-self%2Froot%2Fhomepages%2F24%2Fd331323939 HTTP/1.1" 200 12621 noticias-web.online "-" "Mozilla/5.0 AppleWebKit/537.36 (KHTML, like Gecko; compatible; ClaudeBot/1.0; +claudebot@anthropic.com)" "-"
34.227.234.0 - - [13/Nov/2025:00:29:35 -0500] "GET /assuntos-gerais/official-internet-site-3/?path=//kunden/proc/self/root/proc/thread-self/root/proc/sys/debug HTTP/1.1" 200 14808 noticias-web.online "-" "Mozilla/5.0 AppleWebKit/537.36 (KHTML, like Gecko; compatible; Amazonbot/0.1; +https://developer.amazon.com/support/amazonbot) Chrome/119.0.6045.214 Safari/537.36" "-"
74.7.227.0 - - [13/Nov/2025:00:29:35 -0500] "GET /?path=//kunden/kunden/kunden/kunden/kunden/kunden/kunden/proc/thread-self/root/proc/thread-self/root/kunden/kunden/kunden/proc/thread-self/root/usr/lib/locale/szl_PL HTTP/1.1" 200 39037 noticias-web.online "-" "Mozilla/5.0 AppleWebKit/537.36 (KHTML, like Gecko; compatible; GPTBot/1.3; +https://openai.com/gptbot)" "-"
216.73.216.0 - - [13/Nov/2025:00:29:37 -0500] "GET /assuntos-gerais/what-is-the-better-time-of-30-days-to-learn-slot-equipment-2/?fileloc=%2F%2Fproc%2Fthread-self%2Froot%2Fbin%2Frdoc2.7&path=%2F%2Fproc%2Fthread-self%2Froot%2Fbin HTTP/1.1" 200 12920 noticias-web.online "-" "Mozilla/5.0 AppleWebKit/537.36 (KHTML, like Gecko; compatible; ClaudeBot/1.0; +claudebot@anthropic.com)" "-"
74.7.227.0 - - [13/Nov/2025:00:29:38 -0500] "GET /?path=//kunden/kunden/kunden/kunden/kunden/kunden/kunden/proc/thread-self/root/proc/thread-self/root/kunden/kunden/kunden/proc/thread-self/root/usr/lib/locale/wa_BE@euro HTTP/1.1" 200 39237 noticias-web.online "-" "Mozilla/5.0 AppleWebKit/537.36 (KHTML, like Gecko; compatible; GPTBot/1.3; +https://openai.com/gptbot)" "-"
3.222.190.0 - - [13/Nov/2025:00:29:39 -0500] "GET /assuntos-gerais/faca-o-login-e-jogue-online-2/?fileloc=//proc/self/root/kunden/bin/rzsh&path=//proc/self/root/kunden/bin HTTP/1.1" 200 12391 noticias-web.online "-" "Mozilla/5.0 AppleWebKit/537.36 (KHTML, like Gecko; compatible; Amazonbot/0.1; +https://developer.amazon.com/support/amazonbot) Chrome/119.0.6045.214 Safari/537.36" "-"
216.73.216.0 - - [13/Nov/2025:00:29:40 -0500] "GET /assuntos-gerais/the-way-to-play-blackjack-rules-gameplay-more/?fileloc=%2F%2Fhomepages%2F28%2Fd334324000%2Flast_traffic&path=%2F%2Fhomepages%2F28%2Fd334324000 HTTP/1.1" 200 12320 noticias-web.online "-" "Mozilla/5.0 AppleWebKit/537.36 (KHTML, like Gecko; compatible; ClaudeBot/1.0; +claudebot@anthropic.com)" "-"
74.7.227.0 - - [13/Nov/2025:00:29:42 -0500] "GET /?path=//kunden/kunden/kunden/kunden/kunden/kunden/kunden/proc/thread-self/root/proc/thread-self/root/kunden/kunden/kunden/proc/thread-self/root/usr/lib/locale/mhr_RU HTTP/1.1" 200 39038 noticias-web.online "-" "Mozilla/5.0 AppleWebKit/537.36 (KHTML, like Gecko; compatible; GPTBot/1.3; +https://openai.com/gptbot)" "-"
66.249.73.0 - - [13/Nov/2025:00:29:42 -0500] "GET /goods93256288?kg=0093140518 HTTP/1.1" 200 206253 www.noticias-web.online "-" "Mozilla/5.0 (Linux; Android 6.0.1; Nexus 5X Build/MMB29P) AppleWebKit/537.36 (KHTML, like Gecko) Chrome/141.0.7390.122 Mobile Safari/537.36 (compatible; Googlebot/2.1; +http://www.google.com/bot.html)" "-"
216.73.216.0 - - [13/Nov/2025:00:29:43 -0500] "GET /assuntos-gerais/obzor-novykh-tekhnologii-dlia-zarabotka-v-internete-2025/%22,t+=%22%3C%22+e.getAttribute(%22src%22?fileloc=%2Fhomepages%2F4%2Fd860090557%2Fhtdocs%2Fclickandbuilds%2FCleanCleaningNow%2Fcleanj.php&path=%2Fhomepages%2F4%2Fd860090557%2Fhtdocs%2Fclickandbuilds%2FCleanCleaningNow HTTP/1.1" 200 12588 noticias-web.online "-" "Mozilla/5.0 AppleWebKit/537.36 (KHTML, like Gecko; compatible; ClaudeBot/1.0; +claudebot@anthropic.com)" "-"
217.113.194.0 - - [13/Nov/2025:00:29:43 -0500] "GET /assuntos-gerais/mostbet-turkiye-guncel-giris-bonuslari-oyunlar/feed/?path=/homepages/44 HTTP/1.1" 200 79252 noticias-web.online "-" "Mozilla/5.0 (compatible; Barkrowler/0.9; +https://babbar.tech/crawler)" "-"
52.2.4.0 - - [13/Nov/2025:00:29:43 -0500] "GET /assuntos-gerais/official-internet-site-3/?fileloc=//lib/python3/dist-packages/mercurial/sparse.py&path=//lib/python3/dist-packages/mercurial HTTP/1.1" 200 38855 noticias-web.online "-" "Mozilla/5.0 AppleWebKit/537.36 (KHTML, like Gecko; compatible; Amazonbot/0.1; +https://developer.amazon.com/support/amazonbot) Chrome/119.0.6045.214 Safari/537.36" "-"
74.7.227.0 - - [13/Nov/2025:00:29:45 -0500] "GET /?path=//kunden/kunden/kunden/kunden/kunden/kunden/kunden/proc/thread-self/root/proc/thread-self/root/kunden/kunden/kunden/proc/thread-self/root/usr/lib/locale/quz_PE HTTP/1.1" 200 39037 noticias-web.online "-" "Mozilla/5.0 AppleWebKit/537.36 (KHTML, like Gecko; compatible; GPTBot/1.3; +https://openai.com/gptbot)" "-"
216.73.216.0 - - [13/Nov/2025:00:29:46 -0500] "GET /assuntos-gerais/how-to-try-out-slot-equipment-a-detailed-newcomers-guide-2/feed?path=%2F%2Fproc%2Fself%2Froot%2Fhomepages%2F5%2Fd856052036%2F.oneclick HTTP/1.1" 200 12944 noticias-web.online "-" "Mozilla/5.0 AppleWebKit/537.36 (KHTML, like Gecko; compatible; ClaudeBot/1.0; +claudebot@anthropic.com)" "-"
100.24.149.0 - - [13/Nov/2025:00:29:47 -0500] "GET /assuntos-gerais/mostbet-login-facil-e-rapido-mostbet-registration-hoje-em-dia/?path=//kunden/kunden/usr/share/doc/libcrypt-des-perl/examples HTTP/1.1" 200 14558 noticias-web.online "-" "Mozilla/5.0 AppleWebKit/537.36 (KHTML, like Gecko; compatible; Amazonbot/0.1; +https://developer.amazon.com/support/amazonbot) Chrome/119.0.6045.214 Safari/537.36" "-"
74.7.227.0 - - [13/Nov/2025:00:29:48 -0500] "GET /?fileloc=//kunden/kunden/kunden/kunden/kunden/kunden/kunden/proc/thread-self/root/proc/thread-self/root/kunden/kunden/kunden/proc/thread-self/root/usr/lib/locale/szl_PL/LC_NAME&path=//kunden/kunden/kunden/kunden/kunden/kunden/kunden/proc/thread-self/root/proc/thread-self/root/kunden/kunden/kunden/proc/thread-self/root/usr/lib/locale/szl_PL HTTP/1.1" 200 14982 noticias-web.online "-" "Mozilla/5.0 AppleWebKit/537.36 (KHTML, like Gecko; compatible; GPTBot/1.3; +https://openai.com/gptbot)" "-"
216.73.216.0 - - [13/Nov/2025:00:29:49 -0500] "GET /2025/07/20?fileloc=%2F%2Fkunden%2Fkunden%2Flib%2Flocale%2Fbg_BG.utf8%2FLC_TELEPHONE&path=%2F%2Fkunden%2Fkunden%2Flib%2Flocale%2Fbg_BG.utf8 HTTP/1.1" 200 12503 noticias-web.online "-" "Mozilla/5.0 AppleWebKit/537.36 (KHTML, like Gecko; compatible; ClaudeBot/1.0; +claudebot@anthropic.com)" "-"
74.7.227.0 - - [13/Nov/2025:00:29:51 -0500] "GET /?path=//kunden/kunden/kunden/kunden/kunden/kunden/kunden/proc/thread-self/root/proc/thread-self/root/kunden/kunden/kunden/proc/thread-self/root/usr/lib/locale/am_ET HTTP/1.1" 200 38989 noticias-web.online "-" "Mozilla/5.0 AppleWebKit/537.36 (KHTML, like Gecko; compatible; GPTBot/1.3; +https://openai.com/gptbot)" "-"
52.54.249.0 - - [13/Nov/2025:00:29:51 -0500] "GET /assuntos-gerais/faca-o-login-e-jogue-online-2/?path=//proc/self/root/usr/share/locale/de HTTP/1.1" 200 15698 noticias-web.online "-" "Mozilla/5.0 AppleWebKit/537.36 (KHTML, like Gecko; compatible; Amazonbot/0.1; +https://developer.amazon.com/support/amazonbot) Chrome/119.0.6045.214 Safari/537.36" "-"
216.73.216.0 - - [13/Nov/2025:00:29:52 -0500] "GET /assuntos-gerais/winning-roulette-tips-from-a-specialist-player-professional-different-roulette-games-systems-strategies?fileloc=%2Fhomepages%2F4%2Fd860090557%2Fhtdocs%2Fclickandbuilds%2FPureSkill%2Fwp-content%2Fuploads%2F2021%2F06%2Fana-100x100.jpg&path=%2Fhomepages%2F4%2Fd860090557%2Fhtdocs%2Fclickandbuilds%2FPureSkill%2Fwp-content%2Fuploads%2F2021%2F06 HTTP/1.1" 200 13011 noticias-web.online "-" "Mozilla/5.0 AppleWebKit/537.36 (KHTML, like Gecko; compatible; ClaudeBot/1.0; +claudebot@anthropic.com)" "-"
74.7.227.0 - - [13/Nov/2025:00:29:54 -0500] "GET /?path=//kunden/kunden/kunden/kunden/kunden/kunden/kunden/proc/thread-self/root/proc/thread-self/root/kunden/kunden/kunden/proc/thread-self/root/usr/lib/locale/mt_MT HTTP/1.1" 200 38991 noticias-web.online "-" "Mozilla/5.0 AppleWebKit/537.36 (KHTML, like Gecko; compatible; GPTBot/1.3; +https://openai.com/gptbot)" "-"
216.73.216.0 - - [13/Nov/2025:00:29:55 -0500] "GET /assuntos-gerais/il-fascino-dei-dadi-probabilita-e-effetti-visivi-in-giochi-e-scoperte/feed?path=%2Fhomepages%2F7%2Fd855204205%2Fhtdocs HTTP/1.1" 200 12763 noticias-web.online "-" "Mozilla/5.0 AppleWebKit/537.36 (KHTML, like Gecko; compatible; ClaudeBot/1.0; +claudebot@anthropic.com)" "-"
52.202.52.0 - - [13/Nov/2025:00:29:55 -0500] "GET /assuntos-gerais/slot-strategy-guide-rng-timing-bonuses-payouts-faq-2/?path=//kunden/kunden/proc/sys/fs HTTP/1.1" 200 82309 noticias-web.online "-" "Mozilla/5.0 AppleWebKit/537.36 (KHTML, like Gecko; compatible; Amazonbot/0.1; +https://developer.amazon.com/support/amazonbot) Chrome/119.0.6045.214 Safari/537.36" "-"
74.7.227.0 - - [13/Nov/2025:00:29:57 -0500] "GET /?path=//kunden/kunden/kunden/kunden/kunden/kunden/kunden/proc/thread-self/root/proc/thread-self/root/kunden/kunden/kunden/proc/thread-self/root/usr/lib/locale/raj_IN HTTP/1.1" 200 39039 noticias-web.online "-" "Mozilla/5.0 AppleWebKit/537.36 (KHTML, like Gecko; compatible; GPTBot/1.3; +https://openai.com/gptbot)" "-"
216.73.216.0 - - [13/Nov/2025:00:29:58 -0500] "GET /?fileloc=%2F%2Fkunden%2Fproc%2Fthread-self%2Froot%2Fhomepages%2F14%2Fd333447107%2Fhtaccesslist&path=%2F%2Fkunden%2Fproc%2Fthread-self%2Froot%2Fhomepages%2F14%2Fd333447107 HTTP/1.1" 200 12625 noticias-web.online "-" "Mozilla/5.0 AppleWebKit/537.36 (KHTML, like Gecko; compatible; ClaudeBot/1.0; +claudebot@anthropic.com)" "-"
217.113.194.0 - - [13/Nov/2025:00:29:59 -0500] "GET /assuntos-gerais/mostbet-turkiye-guncel-giris-bonuslari-oyunlar/feed/?path=/homepages/37 HTTP/1.1" 200 76588 noticias-web.online "-" "Mozilla/5.0 (compatible; Barkrowler/0.9; +https://babbar.tech/crawler)" "-"
98.84.70.0 - - [13/Nov/2025:00:29:59 -0500] "GET /assuntos-gerais/mostbet-bangladesh-official-site-athletics-betting-and-gambling-establishment-freebets-and-freespins/?path=//kunden/kunden/kunden/lib/locale/ts_ZA HTTP/1.1" 200 31097 noticias-web.online "-" "Mozilla/5.0 AppleWebKit/537.36 (KHTML, like Gecko; compatible; Amazonbot/0.1; +https://developer.amazon.com/support/amazonbot) Chrome/119.0.6045.214 Safari/537.36" "-"
74.7.227.0 - - [13/Nov/2025:00:30:01 -0500] "GET /?path=//kunden/kunden/kunden/kunden/kunden/kunden/kunden/proc/thread-self/root/proc/thread-self/root/kunden/kunden/kunden/proc/thread-self/root/usr/lib/locale/mni_IN HTTP/1.1" 200 39039 noticias-web.online "-" "Mozilla/5.0 AppleWebKit/537.36 (KHTML, like Gecko; compatible; GPTBot/1.3; +https://openai.com/gptbot)" "-"
216.73.216.0 - - [13/Nov/2025:00:30:01 -0500] "GET /assuntos-gerais/how-to-try-out-slot-equipment-a-detailed-newcomers-guide-2/feed?fileloc=%2F%2Fproc%2Fself%2Froot%2Fhomepages%2F12%2Fd330783944%2Fphpinilist&path=%2F%2Fproc%2Fself%2Froot%2Fhomepages%2F12%2Fd330783944 HTTP/1.1" 200 12489 noticias-web.online "-" "Mozilla/5.0 AppleWebKit/537.36 (KHTML, like Gecko; compatible; ClaudeBot/1.0; +claudebot@anthropic.com)" "-"
2804:bb4:200:: - - [13/Nov/2025:00:30:03 -0500] "GET / HTTP/1.1" 200 59394 noticias-web.online "-" "Mozilla/5.0" "-"
34.206.193.0 - - [13/Nov/2025:00:30:03 -0500] "GET /assuntos-gerais/faca-o-login-e-jogue-online-2/?fileloc=//proc/thread-self/oom_score_adj&path=//proc/thread-self HTTP/1.1" 200 12262 noticias-web.online "-" "Mozilla/5.0 AppleWebKit/537.36 (KHTML, like Gecko; compatible; Amazonbot/0.1; +https://developer.amazon.com/support/amazonbot) Chrome/119.0.6045.214 Safari/537.36" "-"
74.7.227.0 - - [13/Nov/2025:00:30:04 -0500] "GET /?path=//kunden/kunden/kunden/kunden/kunden/kunden/kunden/proc/thread-self/root/proc/thread-self/root/kunden/kunden/kunden/proc/thread-self/root/usr/lib/locale/bi_VU HTTP/1.1" 200 38989 noticias-web.online "-" "Mozilla/5.0 AppleWebKit/537.36 (KHTML, like Gecko; compatible; GPTBot/1.3; +https://openai.com/gptbot)" "-"
2804:bb4:200:: - - [13/Nov/2025:00:30:04 -0500] "GET //inputs.php HTTP/1.1" 200 59394 noticias-web.online "-" "Mozilla/5.0 (Windows NT 10.0; Win64; x64) AppleWebKit/537.36" "-"
216.73.216.0 - - [13/Nov/2025:00:30:04 -0500] "GET /assuntos-gerais/exploring-the-future-of-interactive-entertainment-and-design/feed?fileloc=%2F%2Fkunden%2Fkunden%2Fkunden%2Fsbin%2Ffsck.ext4dev&path=%2F%2Fkunden%2Fkunden%2Fkunden%2Fsbin HTTP/1.1" 200 12367 noticias-web.online "-" "Mozilla/5.0 AppleWebKit/537.36 (KHTML, like Gecko; compatible; ClaudeBot/1.0; +claudebot@anthropic.com)" "-"
74.7.227.0 - - [13/Nov/2025:00:30:07 -0500] "GET /?path=//kunden/kunden/kunden/kunden/kunden/kunden/kunden/proc/thread-self/root/proc/thread-self/root/kunden/kunden/kunden/proc/thread-self/root/usr/lib/locale/br_FR@euro HTTP/1.1" 200 39235 noticias-web.online "-" "Mozilla/5.0 AppleWebKit/537.36 (KHTML, like Gecko; compatible; GPTBot/1.3; +https://openai.com/gptbot)" "-"
216.73.216.0 - - [13/Nov/2025:00:30:07 -0500] "GET /assuntos-gerais/impact-of-winolympia-rtp-on-your-online-slot-winning-strategies/feed?fileloc=%2Fhomepages%2F4%2Fd860090557%2Fhtdocs%2Fclickandbuilds%2FBestProductsSales%2Fwp-admin%2Fabout.php&path=%2Fhomepages%2F4%2Fd860090557%2Fhtdocs%2Fclickandbuilds%2FBestProductsSales%2Fwp-admin HTTP/1.1" 200 35640 noticias-web.online "-" "Mozilla/5.0 AppleWebKit/537.36 (KHTML, like Gecko; compatible; ClaudeBot/1.0; +claudebot@anthropic.com)" "-"
34.225.138.0 - - [13/Nov/2025:00:30:07 -0500] "GET /assuntos-gerais/official-internet-site-3/?path=//kunden/proc/self/root/proc/thread-self/root/kunden/lib/locale/en_DK HTTP/1.1" 200 32916 noticias-web.online "-" "Mozilla/5.0 AppleWebKit/537.36 (KHTML, like Gecko; compatible; Amazonbot/0.1; +https://developer.amazon.com/support/amazonbot) Chrome/119.0.6045.214 Safari/537.36" "-"
216.73.216.0 - - [13/Nov/2025:00:30:10 -0500] "GET /assuntos-gerais/how-to-try-out-slot-equipment-a-detailed-newcomers-guide-2/feed?path=%2Fhomepages%2F24%2Fd853481437%2F.oneclick HTTP/1.1" 200 12773 noticias-web.online "-" "Mozilla/5.0 AppleWebKit/537.36 (KHTML, like Gecko; compatible; ClaudeBot/1.0; +claudebot@anthropic.com)" "-"
74.7.227.0 - - [13/Nov/2025:00:30:10 -0500] "GET /?path=//kunden/kunden/kunden/kunden/kunden/kunden/kunden/proc/thread-self/root/proc/thread-self/root/kunden/kunden/kunden/proc/thread-self/root/usr/lib/locale/tg_TJ HTTP/1.1" 200 38991 noticias-web.online "-" "Mozilla/5.0 AppleWebKit/537.36 (KHTML, like Gecko; compatible; GPTBot/1.3; +https://openai.com/gptbot)" "-"
50.16.248.0 - - [13/Nov/2025:00:30:11 -0500] "GET /assuntos-gerais/slot-strategy-guide-rng-timing-bonuses-payouts-faq-2/?path=//kunden/kunden/usr/lib/locale/sgs_LT HTTP/1.1" 200 30990 noticias-web.online "-" "Mozilla/5.0 AppleWebKit/537.36 (KHTML, like Gecko; compatible; Amazonbot/0.1; +https://developer.amazon.com/support/amazonbot) Chrome/119.0.6045.214 Safari/537.36" "-"
216.73.216.0 - - [13/Nov/2025:00:30:13 -0500] "GET /assuntos-gerais/l-impact-des-algorithmes-sur-la-perception-du-temps-dans-les-jeux-numeriques/?path=%2Fhomepages%2F42%2Fd334591632 HTTP/1.1" 200 28462 noticias-web.online "-" "Mozilla/5.0 AppleWebKit/537.36 (KHTML, like Gecko; compatible; ClaudeBot/1.0; +claudebot@anthropic.com)" "-"
74.7.227.0 - - [13/Nov/2025:00:30:13 -0500] "GET /?path=//kunden/kunden/kunden/kunden/kunden/kunden/kunden/proc/thread-self/root/proc/thread-self/root/kunden/kunden/kunden/proc/thread-self/root/usr/lib/locale/zh_TW HTTP/1.1" 200 38993 noticias-web.online "-" "Mozilla/5.0 AppleWebKit/537.36 (KHTML, like Gecko; compatible; GPTBot/1.3; +https://openai.com/gptbot)" "-"
3.224.205.0 - - [13/Nov/2025:00:30:15 -0500] "GET /assuntos-gerais/official-internet-site-3/?path=//kunden/kunden/proc/thread-self/root/proc/self/root/proc HTTP/1.1" 200 116972 noticias-web.online "-" "Mozilla/5.0 AppleWebKit/537.36 (KHTML, like Gecko; compatible; Amazonbot/0.1; +https://developer.amazon.com/support/amazonbot) Chrome/119.0.6045.214 Safari/537.36" "-"
217.113.194.0 - - [13/Nov/2025:00:30:15 -0500] "GET /assuntos-gerais/mostbet-turkiye-guncel-giris-bonuslari-oyunlar/feed/?path=/homepages/27 HTTP/1.1" 200 76588 noticias-web.online "-" "Mozilla/5.0 (compatible; Barkrowler/0.9; +https://babbar.tech/crawler)" "-"
216.73.216.0 - - [13/Nov/2025:00:30:16 -0500] "GET /assuntos-gerais/what-to-know-about-wagering-requirements-on-glory-casino-bonus?fileloc=%2F%2Fusr%2Fbin%2Fmysqldump&path=%2F%2Fusr%2Fbin HTTP/1.1" 200 12228 noticias-web.online "-" "Mozilla/5.0 AppleWebKit/537.36 (KHTML, like Gecko; compatible; ClaudeBot/1.0; +claudebot@anthropic.com)" "-"
