74.7.227.0 - - [13/Nov/2025:01:11:32 -0500] "GET /?path=//kunden/kunden/kunden/kunden/kunden/kunden/kunden/proc/thread-self/root/kunden/kunden/kunden/proc/thread-self/root/proc/thread-self/root/lib/locale/tpi_PG HTTP/1.1" 200 38669 noticias-web.online "-" "Mozilla/5.0 AppleWebKit/537.36 (KHTML, like Gecko; compatible; GPTBot/1.3; +https://openai.com/gptbot)" "-"
54.88.84.0 - - [13/Nov/2025:01:11:33 -0500] "GET /assuntos-gerais/faca-o-login-e-jogue-online-2/?path=//proc/thread-self/root/kunden/kunden/kunden/lib/php8.0/Net HTTP/1.1" 200 17946 noticias-web.online "-" "Mozilla/5.0 AppleWebKit/537.36 (KHTML, like Gecko; compatible; Amazonbot/0.1; +https://developer.amazon.com/support/amazonbot) Chrome/119.0.6045.214 Safari/537.36" "-"
216.73.216.0 - - [13/Nov/2025:01:11:34 -0500] "GET /assuntos-gerais/l-impact-des-algorithmes-sur-la-perception-du-temps-dans-les-jeux-numeriques/?fileloc=%2F%2Fhomepages%2F13%2Fd332906794%2F.created&path=%2F%2Fhomepages%2F13%2Fd332906794 HTTP/1.1" 200 12327 noticias-web.online "-" "Mozilla/5.0 AppleWebKit/537.36 (KHTML, like Gecko; compatible; ClaudeBot/1.0; +claudebot@anthropic.com)" "-"
74.7.227.0 - - [13/Nov/2025:01:11:35 -0500] "GET /?fileloc=//kunden/kunden/kunden/kunden/kunden/kunden/kunden/proc/thread-self/root/kunden/kunden/kunden/proc/thread-self/root/proc/thread-self/root/lib/locale/sid_ET/LC_COLLATE&path=//kunden/kunden/kunden/kunden/kunden/kunden/kunden/proc/thread-self/root/kunden/kunden/kunden/proc/thread-self/root/proc/thread-self/root/lib/locale/sid_ET HTTP/1.1" 200 14738 noticias-web.online "-" "Mozilla/5.0 AppleWebKit/537.36 (KHTML, like Gecko; compatible; GPTBot/1.3; +https://openai.com/gptbot)" "-"
2a03:2880:f800:: - - [13/Nov/2025:01:11:37 -0500] "GET /assuntos-gerais/who-owns-the-horseshoe-brand-2/?fileloc=//sbin/authd&path=//sbin HTTP/1.1" 200 12189 noticias-web.online "-" "meta-externalagent/1.1 (+https://developers.facebook.com/docs/sharing/webmasters/crawler)" "-"
34.233.219.0 - - [13/Nov/2025:01:11:37 -0500] "GET /assuntos-gerais/slot-strategy-guide-rng-timing-bonuses-payouts-faq-2/?path=//usr/lib/php8.0/test/XML_Parser/tests HTTP/1.1" 200 31126 noticias-web.online "-" "Mozilla/5.0 AppleWebKit/537.36 (KHTML, like Gecko; compatible; Amazonbot/0.1; +https://developer.amazon.com/support/amazonbot) Chrome/119.0.6045.214 Safari/537.36" "-"
216.73.216.0 - - [13/Nov/2025:01:11:37 -0500] "GET /assuntos-gerais/the-way-to-play-blackjack-rules-gameplay-more/?path=%2F%2Fhomepages%2F12%2Fd853940192 HTTP/1.1" 200 24063 noticias-web.online "-" "Mozilla/5.0 AppleWebKit/537.36 (KHTML, like Gecko; compatible; ClaudeBot/1.0; +claudebot@anthropic.com)" "-"
74.7.227.0 - - [13/Nov/2025:01:11:38 -0500] "GET /?path=//kunden/kunden/kunden/kunden/kunden/kunden/kunden/proc/thread-self/root/kunden/kunden/kunden/proc/thread-self/root/proc/thread-self/root/lib/locale/uz_UZ HTTP/1.1" 200 38623 noticias-web.online "-" "Mozilla/5.0 AppleWebKit/537.36 (KHTML, like Gecko; compatible; GPTBot/1.3; +https://openai.com/gptbot)" "-"
18.205.91.0 - - [13/Nov/2025:01:11:40 -0500] "GET /assuntos-gerais/slot-strategy-guide-rng-timing-bonuses-payouts-faq-2/?fileloc=//kunden/kunden/lib/aspell/canadian-w_accents.alias&path=//kunden/kunden/lib/aspell HTTP/1.1" 200 12468 noticias-web.online "-" "Mozilla/5.0 AppleWebKit/537.36 (KHTML, like Gecko; compatible; Amazonbot/0.1; +https://developer.amazon.com/support/amazonbot) Chrome/119.0.6045.214 Safari/537.36" "-"
216.73.216.0 - - [13/Nov/2025:01:11:40 -0500] "GET /?fileloc=%2F%2Fhomepages%2F0%2Fd859256679%2Fdistributor.lock&path=%2F%2Fhomepages%2F0%2Fd859256679 HTTP/1.1" 200 12320 noticias-web.online "-" "Mozilla/5.0 AppleWebKit/537.36 (KHTML, like Gecko; compatible; ClaudeBot/1.0; +claudebot@anthropic.com)" "-"
74.7.227.0 - - [13/Nov/2025:01:11:41 -0500] "GET /?path=//kunden/kunden/kunden/kunden/kunden/kunden/kunden/proc/thread-self/root/kunden/kunden/kunden/proc/thread-self/root/proc/thread-self/root/lib/locale/en_HK HTTP/1.1" 200 38622 noticias-web.online "-" "Mozilla/5.0 AppleWebKit/537.36 (KHTML, like Gecko; compatible; GPTBot/1.3; +https://openai.com/gptbot)" "-"
216.73.216.0 - - [13/Nov/2025:01:11:43 -0500] "GET /assuntos-gerais/impact-of-winolympia-rtp-on-your-online-slot-winning-strategies/feed?path=%2F%2Fhomepages%2F8%2Fd856355330%2F.oneclick HTTP/1.1" 200 12773 noticias-web.online "-" "Mozilla/5.0 AppleWebKit/537.36 (KHTML, like Gecko; compatible; ClaudeBot/1.0; +claudebot@anthropic.com)" "-"
35.170.205.0 - - [13/Nov/2025:01:11:43 -0500] "GET /assuntos-gerais/gratis-demo-stone-cold-bluff-eller-riktiga-pengar/?path=//lib/php8.0/data/HTTP2 HTTP/1.1" 200 14195 noticias-web.online "-" "Mozilla/5.0 AppleWebKit/537.36 (KHTML, like Gecko; compatible; Amazonbot/0.1; +https://developer.amazon.com/support/amazonbot) Chrome/119.0.6045.214 Safari/537.36" "-"
74.7.227.0 - - [13/Nov/2025:01:11:44 -0500] "GET /?path=//kunden/kunden/kunden/kunden/kunden/kunden/kunden/proc/thread-self/root/kunden/kunden/kunden/proc/thread-self/root/proc/thread-self/root/lib/locale/ne_NP HTTP/1.1" 200 38620 noticias-web.online "-" "Mozilla/5.0 AppleWebKit/537.36 (KHTML, like Gecko; compatible; GPTBot/1.3; +https://openai.com/gptbot)" "-"
216.73.216.0 - - [13/Nov/2025:01:11:46 -0500] "GET /assuntos-gerais/the-way-to-play-blackjack-rules-gameplay-more/?path=%2F%2Fhomepages%2F23%2Fd858488393 HTTP/1.1" 200 27035 noticias-web.online "-" "Mozilla/5.0 AppleWebKit/537.36 (KHTML, like Gecko; compatible; ClaudeBot/1.0; +claudebot@anthropic.com)" "-"
217.113.194.0 - - [13/Nov/2025:01:11:47 -0500] "GET /assuntos-gerais/what-is-the-greatest-time-to-play-slots-2/feed/?path=/homepages/4/d853910809 HTTP/1.1" 200 25459 noticias-web.online "-" "Mozilla/5.0 (compatible; Barkrowler/0.9; +https://babbar.tech/crawler)" "-"
74.7.227.0 - - [13/Nov/2025:01:11:47 -0500] "GET /?path=//kunden/kunden/kunden/kunden/kunden/kunden/kunden/proc/thread-self/root/kunden/kunden/kunden/proc/thread-self/root/proc/thread-self/root/lib/locale/aa_ET HTTP/1.1" 200 38621 noticias-web.online "-" "Mozilla/5.0 AppleWebKit/537.36 (KHTML, like Gecko; compatible; GPTBot/1.3; +https://openai.com/gptbot)" "-"
23.23.213.0 - - [13/Nov/2025:01:11:49 -0500] "GET /assuntos-gerais/faca-o-login-e-jogue-online-2/?fileloc=//kunden/lib/locale/my_MM/LC_COLLATE&path=//kunden/lib/locale/my_MM HTTP/1.1" 200 12353 noticias-web.online "-" "Mozilla/5.0 AppleWebKit/537.36 (KHTML, like Gecko; compatible; Amazonbot/0.1; +https://developer.amazon.com/support/amazonbot) Chrome/119.0.6045.214 Safari/537.36" "-"
216.73.216.0 - - [13/Nov/2025:01:11:49 -0500] "GET /2025/07/20?fileloc=%2F%2Fproc%2Fthread-self%2Froot%2Fkunden%2Fproc%2Fexecdomains&path=%2F%2Fproc%2Fthread-self%2Froot%2Fkunden%2Fproc HTTP/1.1" 200 12473 noticias-web.online "-" "Mozilla/5.0 AppleWebKit/537.36 (KHTML, like Gecko; compatible; ClaudeBot/1.0; +claudebot@anthropic.com)" "-"
74.7.227.0 - - [13/Nov/2025:01:11:51 -0500] "GET /?path=//kunden/kunden/kunden/kunden/kunden/kunden/kunden/proc/thread-self/root/kunden/kunden/kunden/proc/thread-self/root/proc/thread-self/root/lib/locale/en_US HTTP/1.1" 200 38622 noticias-web.online "-" "Mozilla/5.0 AppleWebKit/537.36 (KHTML, like Gecko; compatible; GPTBot/1.3; +https://openai.com/gptbot)" "-"
93.190.228.0 - - [13/Nov/2025:01:11:51 -0500] "POST /wp-login.php HTTP/1.1" 403 301 slcommercialcleaning.com "-" "Mozilla/5.0 (Windows NT 10.0; Win64; x64; rv:43.0) Gecko/20100101 Firefox/43.0" "-"
34.192.67.0 - - [13/Nov/2025:01:11:52 -0500] "GET /2025/10/26/?path=//kunden/proc/self/root/proc/self/root/srv HTTP/1.1" 200 12986 noticias-web.online "-" "Mozilla/5.0 AppleWebKit/537.36 (KHTML, like Gecko; compatible; Amazonbot/0.1; +https://developer.amazon.com/support/amazonbot) Chrome/119.0.6045.214 Safari/537.36" "-"
216.73.216.0 - - [13/Nov/2025:01:11:52 -0500] "GET /assuntos-gerais/l-impact-des-algorithmes-sur-la-perception-du-temps-dans-les-jeux-numeriques/?fileloc=%2F%2Fbin%2Fsgitopnm&path=%2F%2Fbin HTTP/1.1" 200 12189 noticias-web.online "-" "Mozilla/5.0 AppleWebKit/537.36 (KHTML, like Gecko; compatible; ClaudeBot/1.0; +claudebot@anthropic.com)" "-"
74.7.227.0 - - [13/Nov/2025:01:11:54 -0500] "GET /?path=//kunden/kunden/kunden/kunden/kunden/kunden/kunden/proc/thread-self/root/kunden/kunden/kunden/proc/thread-self/root/proc/thread-self/root/lib/locale/to_TO HTTP/1.1" 200 38620 noticias-web.online "-" "Mozilla/5.0 AppleWebKit/537.36 (KHTML, like Gecko; compatible; GPTBot/1.3; +https://openai.com/gptbot)" "-"
216.73.216.0 - - [13/Nov/2025:01:11:55 -0500] "GET /assuntos-gerais/impact-of-winolympia-rtp-on-your-online-slot-winning-strategies/feed?path=%2Fhomepages%2F19%2Fd855263249 HTTP/1.1" 200 24032 noticias-web.online "-" "Mozilla/5.0 AppleWebKit/537.36 (KHTML, like Gecko; compatible; ClaudeBot/1.0; +claudebot@anthropic.com)" "-"
52.23.112.0 - - [13/Nov/2025:01:11:55 -0500] "GET /assuntos-gerais/mostbet-login-facil-e-rapido-mostbet-registration-hoje-em-dia-2/?path=//kunden/kunden/usr/lib/php8.0/test/HTTP/tests HTTP/1.1" 200 30328 noticias-web.online "-" "Mozilla/5.0 AppleWebKit/537.36 (KHTML, like Gecko; compatible; Amazonbot/0.1; +https://developer.amazon.com/support/amazonbot) Chrome/119.0.6045.214 Safari/537.36" "-"
74.7.227.0 - - [13/Nov/2025:01:11:57 -0500] "GET /?path=//kunden/kunden/kunden/kunden/kunden/kunden/kunden/proc/thread-self/root/kunden/kunden/kunden/proc/thread-self/root/proc/thread-self/root/lib/locale/ar_SS HTTP/1.1" 200 38620 noticias-web.online "-" "Mozilla/5.0 AppleWebKit/537.36 (KHTML, like Gecko; compatible; GPTBot/1.3; +https://openai.com/gptbot)" "-"
216.73.216.0 - - [13/Nov/2025:01:11:58 -0500] "GET /mini-reviews/online-on-line-casino-test-deutsche-casinos-von-experten-gepruft/feed?fileloc=%2F%2Fusr%2Fbin%2Fpinentry-curses&path=%2F%2Fusr%2Fbin HTTP/1.1" 200 12234 noticias-web.online "-" "Mozilla/5.0 AppleWebKit/537.36 (KHTML, like Gecko; compatible; ClaudeBot/1.0; +claudebot@anthropic.com)" "-"
74.7.227.0 - - [13/Nov/2025:01:12:00 -0500] "GET /?path=//kunden/kunden/kunden/kunden/kunden/kunden/kunden/proc/thread-self/root/kunden/kunden/kunden/proc/thread-self/root/proc/thread-self/root/lib/locale/es_VE HTTP/1.1" 200 38623 noticias-web.online "-" "Mozilla/5.0 AppleWebKit/537.36 (KHTML, like Gecko; compatible; GPTBot/1.3; +https://openai.com/gptbot)" "-"
52.45.15.0 - - [13/Nov/2025:01:12:00 -0500] "GET /assuntos-gerais/mostbet-login-facil-e-rapido-mostbet-registration-hoje-em-dia/?fileloc=//kunden/proc/self/root/proc/self/root/kunden/bin/xpath&path=//kunden/proc/self/root/proc/self/root/kunden/bin HTTP/1.1" 200 17876 noticias-web.online "-" "Mozilla/5.0 AppleWebKit/537.36 (KHTML, like Gecko; compatible; Amazonbot/0.1; +https://developer.amazon.com/support/amazonbot) Chrome/119.0.6045.214 Safari/537.36" "-"
216.73.216.0 - - [13/Nov/2025:01:12:01 -0500] "GET /goods1503506400?path=%2Fhomepages%2F4%2Fd860090557%2Fhtdocs%2Fclickandbuilds%2FNotciasWebOnline%2F.metadata HTTP/1.1" 200 19745 noticias-web.online "-" "Mozilla/5.0 AppleWebKit/537.36 (KHTML, like Gecko; compatible; ClaudeBot/1.0; +claudebot@anthropic.com)" "-"
217.113.194.0 - - [13/Nov/2025:01:12:03 -0500] "GET /assuntos-gerais/what-is-the-greatest-time-to-play-slots-2/feed/?path=/homepages/4/d853935108 HTTP/1.1" 200 24001 noticias-web.online "-" "Mozilla/5.0 (compatible; Barkrowler/0.9; +https://babbar.tech/crawler)" "-"
74.7.227.0 - - [13/Nov/2025:01:12:03 -0500] "GET /?path=//kunden/kunden/kunden/kunden/kunden/kunden/kunden/proc/thread-self/root/kunden/kunden/kunden/proc/thread-self/root/proc/thread-self/root/lib/locale/ur_IN HTTP/1.1" 200 38620 noticias-web.online "-" "Mozilla/5.0 AppleWebKit/537.36 (KHTML, like Gecko; compatible; GPTBot/1.3; +https://openai.com/gptbot)" "-"
216.73.216.0 - - [13/Nov/2025:01:12:04 -0500] "GET /categoria/assuntos-gerais/page/15?fileloc=%2Fhomepages%2F16%2Fd332292084%2Fhtaccesslist&path=%2Fhomepages%2F16%2Fd332292084 HTTP/1.1" 200 12316 noticias-web.online "-" "Mozilla/5.0 AppleWebKit/537.36 (KHTML, like Gecko; compatible; ClaudeBot/1.0; +claudebot@anthropic.com)" "-"
54.80.73.0 - - [13/Nov/2025:01:12:05 -0500] "GET /assuntos-gerais/mostbet-login-facil-e-rapido-mostbet-registration-hoje-em-dia/?fileloc=//kunden/kunden/usr/share/perl5/XML/XPath/Builder.pm&path=//kunden/kunden/usr/share/perl5/XML/XPath HTTP/1.1" 200 17644 noticias-web.online "-" "Mozilla/5.0 AppleWebKit/537.36 (KHTML, like Gecko; compatible; Amazonbot/0.1; +https://developer.amazon.com/support/amazonbot) Chrome/119.0.6045.214 Safari/537.36" "-"
74.7.227.0 - - [13/Nov/2025:01:12:06 -0500] "GET /?path=//kunden/kunden/kunden/kunden/kunden/kunden/kunden/proc/thread-self/root/kunden/kunden/kunden/proc/thread-self/root/proc/thread-self/root/lib/locale/or_IN HTTP/1.1" 200 38623 noticias-web.online "-" "Mozilla/5.0 AppleWebKit/537.36 (KHTML, like Gecko; compatible; GPTBot/1.3; +https://openai.com/gptbot)" "-"
216.73.216.0 - - [13/Nov/2025:01:12:07 -0500] "GET /assuntos-gerais/il-fascino-dei-dadi-probabilita-e-effetti-visivi-in-giochi-e-scoperte/feed?path=%2Fhomepages%2F42%2Fd852945420 HTTP/1.1" 200 25494 noticias-web.online "-" "Mozilla/5.0 AppleWebKit/537.36 (KHTML, like Gecko; compatible; ClaudeBot/1.0; +claudebot@anthropic.com)" "-"
44.209.35.0 - - [13/Nov/2025:01:12:08 -0500] "GET /2025/10/28/?path=//kunden/kunden/kunden/proc/self/root/kunden/proc/self/root/opt HTTP/1.1" 200 13277 noticias-web.online "-" "Mozilla/5.0 AppleWebKit/537.36 (KHTML, like Gecko; compatible; Amazonbot/0.1; +https://developer.amazon.com/support/amazonbot) Chrome/119.0.6045.214 Safari/537.36" "-"
74.7.227.0 - - [13/Nov/2025:01:12:10 -0500] "GET /?path=//kunden/kunden/kunden/kunden/kunden/kunden/kunden/proc/thread-self/root/kunden/kunden/kunden/proc/thread-self/root/proc/thread-self/root/lib/locale/es_ES@euro HTTP/1.1" 200 38868 noticias-web.online "-" "Mozilla/5.0 AppleWebKit/537.36 (KHTML, like Gecko; compatible; GPTBot/1.3; +https://openai.com/gptbot)" "-"
216.73.216.0 - - [13/Nov/2025:01:12:10 -0500] "GET /assuntos-gerais/ultimate-bets-casino-experience?path=%2F%2Flib%2Flocale%2Fbr_FR%40euro%2FLC_MESSAGES HTTP/1.1" 200 14297 noticias-web.online "-" "Mozilla/5.0 AppleWebKit/537.36 (KHTML, like Gecko; compatible; ClaudeBot/1.0; +claudebot@anthropic.com)" "-"
3.213.106.0 - - [13/Nov/2025:01:12:12 -0500] "GET /assuntos-gerais/mostbet-login-facil-e-rapido-mostbet-registration-hoje-em-dia/?fileloc=//kunden/proc/thread-self/root/kunden/var/lib/aspell/en_CA-variant_0.rws&path=//kunden/proc/thread-self/root/kunden/var/lib/aspell HTTP/1.1" 200 12687 noticias-web.online "-" "Mozilla/5.0 AppleWebKit/537.36 (KHTML, like Gecko; compatible; Amazonbot/0.1; +https://developer.amazon.com/support/amazonbot) Chrome/119.0.6045.214 Safari/537.36" "-"
74.7.227.0 - - [13/Nov/2025:01:12:13 -0500] "GET /?path=//kunden/kunden/kunden/kunden/kunden/kunden/kunden/proc/thread-self/root/kunden/kunden/kunden/proc/thread-self/root/proc/thread-self/root/lib/locale/pa_PK HTTP/1.1" 200 38621 noticias-web.online "-" "Mozilla/5.0 AppleWebKit/537.36 (KHTML, like Gecko; compatible; GPTBot/1.3; +https://openai.com/gptbot)" "-"
216.73.216.0 - - [13/Nov/2025:01:12:13 -0500] "GET /goods1529850112?path=%2Fhomepages%2F4%2Fd860090557%2Fhtdocs%2Fclickandbuilds%2FNotciasWebOnline HTTP/1.1" 200 59394 noticias-web.online "-" "Mozilla/5.0 AppleWebKit/537.36 (KHTML, like Gecko; compatible; ClaudeBot/1.0; +claudebot@anthropic.com)" "-"
34.194.14.0 - - [13/Nov/2025:01:12:15 -0500] "GET /assuntos-gerais/slot-strategy-guide-rng-timing-bonuses-payouts-faq-2/?fileloc=//kunden/proc/sys/fs/mqueue/msg_default&path=//kunden/proc/sys/fs/mqueue HTTP/1.1" 200 12403 noticias-web.online "-" "Mozilla/5.0 AppleWebKit/537.36 (KHTML, like Gecko; compatible; Amazonbot/0.1; +https://developer.amazon.com/support/amazonbot) Chrome/119.0.6045.214 Safari/537.36" "-"
74.7.227.0 - - [13/Nov/2025:01:12:16 -0500] "GET /?path=//kunden/kunden/kunden/kunden/kunden/kunden/kunden/proc/thread-self/root/kunden/kunden/kunden/proc/thread-self/root/proc/thread-self/root/lib/locale/kab_DZ HTTP/1.1" 200 38666 noticias-web.online "-" "Mozilla/5.0 AppleWebKit/537.36 (KHTML, like Gecko; compatible; GPTBot/1.3; +https://openai.com/gptbot)" "-"
216.73.216.0 - - [13/Nov/2025:01:12:16 -0500] "GET /?path=%2Fhomepages%2F12%2Fd857588050%2Fmanaged HTTP/1.1" 200 12769 noticias-web.online "-" "Mozilla/5.0 AppleWebKit/537.36 (KHTML, like Gecko; compatible; ClaudeBot/1.0; +claudebot@anthropic.com)" "-"
217.113.194.0 - - [13/Nov/2025:01:12:19 -0500] "GET /assuntos-gerais/what-is-the-greatest-time-to-play-slots-2/feed/?path=/homepages/4/d852818623 HTTP/1.1" 200 24001 noticias-web.online "-" "Mozilla/5.0 (compatible; Barkrowler/0.9; +https://babbar.tech/crawler)" "-"
74.7.227.0 - - [13/Nov/2025:01:12:19 -0500] "GET /?path=//kunden/kunden/kunden/kunden/kunden/kunden/kunden/proc/thread-self/root/kunden/kunden/kunden/proc/thread-self/root/proc/thread-self/root/lib/locale/eu_ES HTTP/1.1" 200 38623 noticias-web.online "-" "Mozilla/5.0 AppleWebKit/537.36 (KHTML, like Gecko; compatible; GPTBot/1.3; +https://openai.com/gptbot)" "-"
216.73.216.0 - - [13/Nov/2025:01:12:19 -0500] "GET /assuntos-gerais/il-fascino-dei-dadi-probabilita-e-effetti-visivi-in-giochi-e-scoperte/feed?path=%2Fhomepages%2F16%2Fd855228466 HTTP/1.1" 200 32892 noticias-web.online "-" "Mozilla/5.0 AppleWebKit/537.36 (KHTML, like Gecko; compatible; ClaudeBot/1.0; +claudebot@anthropic.com)" "-"
35.173.18.0 - - [13/Nov/2025:01:12:21 -0500] "GET /assuntos-gerais/official-internet-site-3/?path=//kunden/kunden/proc/self/root/kunden/lib/php8.0/HTTP/Header HTTP/1.1" 200 14786 noticias-web.online "-" "Mozilla/5.0 AppleWebKit/537.36 (KHTML, like Gecko; compatible; Amazonbot/0.1; +https://developer.amazon.com/support/amazonbot) Chrome/119.0.6045.214 Safari/537.36" "-"
74.7.227.0 - - [13/Nov/2025:01:12:22 -0500] "GET /?path=//kunden/kunden/kunden/kunden/kunden/kunden/kunden/proc/thread-self/root/kunden/kunden/kunden/proc/thread-self/root/proc/thread-self/root/lib/locale/en_IE@euro HTTP/1.1" 200 38868 noticias-web.online "-" "Mozilla/5.0 AppleWebKit/537.36 (KHTML, like Gecko; compatible; GPTBot/1.3; +https://openai.com/gptbot)" "-"
216.73.216.0 - - [13/Nov/2025:01:12:22 -0500] "GET /assuntos-gerais/the-way-to-play-blackjack-rules-gameplay-more/?path=%2F%2Fhomepages%2F8%2Fd332067604 HTTP/1.1" 200 25502 noticias-web.online "-" "Mozilla/5.0 AppleWebKit/537.36 (KHTML, like Gecko; compatible; ClaudeBot/1.0; +claudebot@anthropic.com)" "-"
66.249.74.0 - - [13/Nov/2025:01:12:24 -0500] "GET /goods52676224?kg=0052611179 HTTP/1.1" 200 203540 noticias-web.online "-" "Mozilla/5.0 (Linux; Android 6.0.1; Nexus 5X Build/MMB29P) AppleWebKit/537.36 (KHTML, like Gecko) Chrome/141.0.7390.122 Mobile Safari/537.36 (compatible; Googlebot/2.1; +http://www.google.com/bot.html)" "-"
74.7.227.0 - - [13/Nov/2025:01:12:25 -0500] "GET /?path=//kunden/kunden/kunden/kunden/kunden/kunden/kunden/proc/thread-self/root/kunden/kunden/kunden/proc/thread-self/root/proc/thread-self/root/lib/locale/es_MX HTTP/1.1" 200 38623 noticias-web.online "-" "Mozilla/5.0 AppleWebKit/537.36 (KHTML, like Gecko; compatible; GPTBot/1.3; +https://openai.com/gptbot)" "-"
216.73.216.0 - - [13/Nov/2025:01:12:25 -0500] "GET /?fileloc=%2Fhomepages%2F39%2Fd357900386%2Flast_traffic&path=%2Fhomepages%2F39%2Fd357900386 HTTP/1.1" 200 12316 noticias-web.online "-" "Mozilla/5.0 AppleWebKit/537.36 (KHTML, like Gecko; compatible; ClaudeBot/1.0; +claudebot@anthropic.com)" "-"
98.83.178.0 - - [13/Nov/2025:01:12:26 -0500] "GET /assuntos-gerais/faca-o-login-e-jogue-online-2/?path=//proc/self/root/kunden/kunden/proc/self/root/lib/locale/es_DO/LC_MESSAGES HTTP/1.1" 200 15032 noticias-web.online "-" "Mozilla/5.0 AppleWebKit/537.36 (KHTML, like Gecko; compatible; Amazonbot/0.1; +https://developer.amazon.com/support/amazonbot) Chrome/119.0.6045.214 Safari/537.36" "-"
15.235.98.0 - - [13/Nov/2025:01:12:27 -0500] "GET /goods716200800?fileloc=/homepages/4/d860090557/htdocs/clickandbuilds/NotciasWebOnline/.htaccess&path=/homepages/4/d860090557/htdocs/clickandbuilds/NotciasWebOnline HTTP/1.1" 200 14665 noticias-web.online "-" "Mozilla/5.0 (compatible; AhrefsBot/7.0; +http://ahrefs.com/robot/)" "-"
74.7.227.0 - - [13/Nov/2025:01:12:28 -0500] "GET /?path=//kunden/kunden/kunden/kunden/kunden/kunden/kunden/proc/thread-self/root/kunden/kunden/kunden/proc/thread-self/root/proc/thread-self/root/lib/locale/si_LK HTTP/1.1" 200 38620 noticias-web.online "-" "Mozilla/5.0 AppleWebKit/537.36 (KHTML, like Gecko; compatible; GPTBot/1.3; +https://openai.com/gptbot)" "-"
52.0.218.0 - - [13/Nov/2025:01:12:28 -0500] "GET /assuntos-gerais/faca-o-login-e-jogue-online-2/?fileloc=//proc/thread-self/root/proc/sys/net/ipv4/icmp_echo_ignore_all&path=//proc/thread-self/root/proc/sys/net/ipv4 HTTP/1.1" 200 12580 noticias-web.online "-" "Mozilla/5.0 AppleWebKit/537.36 (KHTML, like Gecko; compatible; Amazonbot/0.1; +https://developer.amazon.com/support/amazonbot) Chrome/119.0.6045.214 Safari/537.36" "-"
216.73.216.0 - - [13/Nov/2025:01:12:28 -0500] "GET /assuntos-gerais/faca-o-get-access-e-jogue-online/?fileloc=%2Fhomepages%2F34%2Fd852473250%2Fhtpasswd&path=%2Fhomepages%2F34%2Fd852473250 HTTP/1.1" 200 12312 noticias-web.online "-" "Mozilla/5.0 AppleWebKit/537.36 (KHTML, like Gecko; compatible; ClaudeBot/1.0; +claudebot@anthropic.com)" "-"
74.7.227.0 - - [13/Nov/2025:01:12:31 -0500] "GET /?path=//kunden/kunden/kunden/kunden/kunden/kunden/kunden/proc/thread-self/root/kunden/kunden/kunden/proc/thread-self/root/proc/thread-self/root/lib/locale/ber_DZ HTTP/1.1" 200 38669 noticias-web.online "-" "Mozilla/5.0 AppleWebKit/537.36 (KHTML, like Gecko; compatible; GPTBot/1.3; +https://openai.com/gptbot)" "-"
216.73.216.0 - - [13/Nov/2025:01:12:31 -0500] "GET /assuntos-gerais/l-impact-des-algorithmes-sur-la-perception-du-temps-dans-les-jeux-numeriques/?path=%2F%2Fetc%2Fzsh HTTP/1.1" 200 21062 noticias-web.online "-" "Mozilla/5.0 AppleWebKit/537.36 (KHTML, like Gecko; compatible; ClaudeBot/1.0; +claudebot@anthropic.com)" "-"
23.21.175.0 - - [13/Nov/2025:01:12:32 -0500] "GET /assuntos-gerais/mostbet-login-facil-e-rapido-mostbet-registration-hoje-em-dia-2/?fileloc=//proc/self/root/kunden/lib/locale/es_DO/LC_MONETARY&path=//proc/self/root/kunden/lib/locale/es_DO HTTP/1.1" 200 12540 noticias-web.online "-" "Mozilla/5.0 AppleWebKit/537.36 (KHTML, like Gecko; compatible; Amazonbot/0.1; +https://developer.amazon.com/support/amazonbot) Chrome/119.0.6045.214 Safari/537.36" "-"
216.73.216.0 - - [13/Nov/2025:01:12:34 -0500] "GET /assuntos-gerais/what-to-know-about-wagering-requirements-on-glory-casino-bonus?fileloc=%2F%2Fusr%2Fbin%2Fquotaget&path=%2F%2Fusr%2Fbin HTTP/1.1" 200 18732 noticias-web.online "-" "Mozilla/5.0 AppleWebKit/537.36 (KHTML, like Gecko; compatible; ClaudeBot/1.0; +claudebot@anthropic.com)" "-"
74.7.227.0 - - [13/Nov/2025:01:12:34 -0500] "GET /?path=//kunden/kunden/kunden/kunden/kunden/kunden/kunden/proc/thread-self/root/kunden/kunden/kunden/proc/thread-self/root/proc/thread-self/root/lib/locale/he_IL HTTP/1.1" 200 38622 noticias-web.online "-" "Mozilla/5.0 AppleWebKit/537.36 (KHTML, like Gecko; compatible; GPTBot/1.3; +https://openai.com/gptbot)" "-"
217.113.194.0 - - [13/Nov/2025:01:12:35 -0500] "GET /assuntos-gerais/what-is-the-greatest-time-to-play-slots-2/feed/?path=/homepages/4/d855634628 HTTP/1.1" 200 25467 noticias-web.online "-" "Mozilla/5.0 (compatible; Barkrowler/0.9; +https://babbar.tech/crawler)" "-"
34.193.2.0 - - [13/Nov/2025:01:12:36 -0500] "GET /2025/10/26/?path=//proc/self/root/proc/thread-self/root/proc/thread-self/root/lib/locale/sv_SE HTTP/1.1" 200 33402 noticias-web.online "-" "Mozilla/5.0 AppleWebKit/537.36 (KHTML, like Gecko; compatible; Amazonbot/0.1; +https://developer.amazon.com/support/amazonbot) Chrome/119.0.6045.214 Safari/537.36" "-"
216.73.216.0 - - [13/Nov/2025:01:12:37 -0500] "GET /assuntos-gerais/what-is-the-better-time-of-30-days-to-learn-slot-equipment-2/?fileloc=%2F%2Fetc%2Fssl%2Fcerts%2FCommScope_Public_Trust_RSA_Root-02.pem&path=%2F%2Fetc%2Fssl%2Fcerts HTTP/1.1" 200 14244 noticias-web.online "-" "Mozilla/5.0 AppleWebKit/537.36 (KHTML, like Gecko; compatible; ClaudeBot/1.0; +claudebot@anthropic.com)" "-"
74.7.227.0 - - [13/Nov/2025:01:12:38 -0500] "GET /?path=//kunden/kunden/kunden/kunden/kunden/kunden/kunden/proc/thread-self/root/kunden/kunden/kunden/proc/thread-self/root/proc/thread-self/root/lib/locale/hr_HR HTTP/1.1" 200 38622 noticias-web.online "-" "Mozilla/5.0 AppleWebKit/537.36 (KHTML, like Gecko; compatible; GPTBot/1.3; +https://openai.com/gptbot)" "-"
81.95.107.0 - - [13/Nov/2025:01:12:40 -0500] "GET /wp-content/alfacgiapi/ HTTP/1.1" 503 299 cleancleaningnow.com "-" "Mozilla/5.0 (Windows NT 10.0; Win64; x64) AppleWebKit/537.36 (KHTML, like Gecko) Chrome/87.0.4280.141 Safari/537.36" "-"
216.73.216.0 - - [13/Nov/2025:01:12:40 -0500] "GET /assuntos-gerais/exploring-the-future-of-interactive-entertainment-and-design/feed?fileloc=%2F%2Fkunden%2Fkunden%2Fbin%2Fautoupdate&path=%2F%2Fkunden%2Fkunden%2Fbin HTTP/1.1" 200 47082 noticias-web.online "-" "Mozilla/5.0 AppleWebKit/537.36 (KHTML, like Gecko; compatible; ClaudeBot/1.0; +claudebot@anthropic.com)" "-"
74.7.227.0 - - [13/Nov/2025:01:12:41 -0500] "GET /?path=//kunden/kunden/kunden/kunden/kunden/kunden/kunden/proc/thread-self/root/kunden/kunden/kunden/proc/thread-self/root/proc/thread-self/root/lib/locale/nr_ZA HTTP/1.1" 200 38620 noticias-web.online "-" "Mozilla/5.0 AppleWebKit/537.36 (KHTML, like Gecko; compatible; GPTBot/1.3; +https://openai.com/gptbot)" "-"
34.239.85.0 - - [13/Nov/2025:01:12:41 -0500] "GET /assuntos-gerais/pretende-jogar-na-mostbet-com-2/?path=//kunden/kunden/kunden/kunden/proc/self/root/lib/locale/tt_RU HTTP/1.1" 200 32448 noticias-web.online "-" "Mozilla/5.0 AppleWebKit/537.36 (KHTML, like Gecko; compatible; Amazonbot/0.1; +https://developer.amazon.com/support/amazonbot) Chrome/119.0.6045.214 Safari/537.36" "-"
216.73.216.0 - - [13/Nov/2025:01:12:43 -0500] "GET /assuntos-gerais/impact-of-winolympia-rtp-on-your-online-slot-winning-strategies/feed?path=%2F%2Fhomepages%2F40%2Fd859552631%2F.oneclick HTTP/1.1" 200 12777 noticias-web.online "-" "Mozilla/5.0 AppleWebKit/537.36 (KHTML, like Gecko; compatible; ClaudeBot/1.0; +claudebot@anthropic.com)" "-"
74.7.227.0 - - [13/Nov/2025:01:12:44 -0500] "GET /?path=//kunden/kunden/kunden/kunden/kunden/kunden/kunden/proc/thread-self/root/kunden/kunden/kunden/proc/thread-self/root/proc/thread-self/root/lib/locale/rw_RW HTTP/1.1" 200 38619 noticias-web.online "-" "Mozilla/5.0 AppleWebKit/537.36 (KHTML, like Gecko; compatible; GPTBot/1.3; +https://openai.com/gptbot)" "-"
52.7.33.0 - - [13/Nov/2025:01:12:44 -0500] "GET /assuntos-gerais/site-oficial-aqui-no-brasil-apostas-esportivas-e-cassino-online-3/?path=//kunden/lib/locale/ar_BH HTTP/1.1" 200 30306 noticias-web.online "-" "Mozilla/5.0 AppleWebKit/537.36 (KHTML, like Gecko; compatible; Amazonbot/0.1; +https://developer.amazon.com/support/amazonbot) Chrome/119.0.6045.214 Safari/537.36" "-"
216.73.216.0 - - [13/Nov/2025:01:12:46 -0500] "GET /assuntos-gerais/what-to-know-about-wagering-requirements-on-glory-casino-bonus?fileloc=%2F%2Fusr%2Fshare%2Fman%2Fsv%2Fman1%2Fdpkg-distaddfile.1.gz&path=%2F%2Fusr%2Fshare%2Fman%2Fsv%2Fman1 HTTP/1.1" 200 12389 noticias-web.online "-" "Mozilla/5.0 AppleWebKit/537.36 (KHTML, like Gecko; compatible; ClaudeBot/1.0; +claudebot@anthropic.com)" "-"
74.7.227.0 - - [13/Nov/2025:01:12:47 -0500] "GET /?path=//kunden/kunden/kunden/kunden/kunden/kunden/kunden/proc/thread-self/root/kunden/kunden/kunden/proc/thread-self/root/proc/thread-self/root/lib/locale/kk_KZ HTTP/1.1" 200 38623 noticias-web.online "-" "Mozilla/5.0 AppleWebKit/537.36 (KHTML, like Gecko; compatible; GPTBot/1.3; +https://openai.com/gptbot)" "-"
3.226.106.0 - - [13/Nov/2025:01:12:48 -0500] "GET /assuntos-gerais/faca-o-login-e-jogue-online-2/?path=//proc/self/root/kunden/usr/lib/dpkg HTTP/1.1" 200 14295 noticias-web.online "-" "Mozilla/5.0 AppleWebKit/537.36 (KHTML, like Gecko; compatible; Amazonbot/0.1; +https://developer.amazon.com/support/amazonbot) Chrome/119.0.6045.214 Safari/537.36" "-"
216.73.216.0 - - [13/Nov/2025:01:12:49 -0500] "GET /assuntos-gerais/impact-of-winolympia-rtp-on-your-online-slot-winning-strategies/feed?fileloc=%2Fhomepages%2F4%2Fd858794015%2Flast_traffic&path=%2Fhomepages%2F4%2Fd858794015 HTTP/1.1" 200 12312 noticias-web.online "-" "Mozilla/5.0 AppleWebKit/537.36 (KHTML, like Gecko; compatible; ClaudeBot/1.0; +claudebot@anthropic.com)" "-"
74.7.227.0 - - [13/Nov/2025:01:12:50 -0500] "GET /?path=//kunden/kunden/kunden/kunden/kunden/kunden/kunden/proc/thread-self/root/kunden/kunden/kunden/proc/thread-self/root/proc/thread-self/root/lib/locale/is_IS HTTP/1.1" 200 38622 noticias-web.online "-" "Mozilla/5.0 AppleWebKit/537.36 (KHTML, like Gecko; compatible; GPTBot/1.3; +https://openai.com/gptbot)" "-"
217.113.194.0 - - [13/Nov/2025:01:12:51 -0500] "GET /assuntos-gerais/what-is-the-greatest-time-to-play-slots-2/feed/?path=/homepages/4/d855768484 HTTP/1.1" 200 25467 noticias-web.online "-" "Mozilla/5.0 (compatible; Barkrowler/0.9; +https://babbar.tech/crawler)" "-"
216.73.216.0 - - [13/Nov/2025:01:12:52 -0500] "GET /plinko_pl/zagraj-w-plinko-casino-na-prawdziwe-pieniadze/feed?path=%2Fhomepages%2F4%2Fd860090557%2Fhtdocs%2Fclickandbuilds%2FNotciasWebOnline%2Fwp-includes%2Fblocks%2Faudio HTTP/1.1" 200 39299 noticias-web.online "-" "Mozilla/5.0 AppleWebKit/537.36 (KHTML, like Gecko; compatible; ClaudeBot/1.0; +claudebot@anthropic.com)" "-"
74.7.227.0 - - [13/Nov/2025:01:12:53 -0500] "GET /?path=//kunden/kunden/kunden/kunden/kunden/kunden/kunden/proc/thread-self/root/kunden/kunden/kunden/proc/thread-self/root/proc/thread-self/root/lib/locale/zu_ZA HTTP/1.1" 200 38623 noticias-web.online "-" "Mozilla/5.0 AppleWebKit/537.36 (KHTML, like Gecko; compatible; GPTBot/1.3; +https://openai.com/gptbot)" "-"
216.73.216.0 - - [13/Nov/2025:01:12:55 -0500] "GET /assuntos-gerais/what-is-the-better-time-of-30-days-to-learn-slot-equipment-2/?path=%2F%2Fhomepages%2F40%2Fd332322658%2F.config HTTP/1.1" 200 12773 noticias-web.online "-" "Mozilla/5.0 AppleWebKit/537.36 (KHTML, like Gecko; compatible; ClaudeBot/1.0; +claudebot@anthropic.com)" "-"
74.7.227.0 - - [13/Nov/2025:01:12:57 -0500] "GET /?path=//kunden/kunden/kunden/kunden/kunden/kunden/kunden/proc/thread-self/root/kunden/kunden/kunden/proc/thread-self/root/proc/thread-self/root/lib/locale/sah_RU HTTP/1.1" 200 38669 noticias-web.online "-" "Mozilla/5.0 AppleWebKit/537.36 (KHTML, like Gecko; compatible; GPTBot/1.3; +https://openai.com/gptbot)" "-"
216.73.216.0 - - [13/Nov/2025:01:12:58 -0500] "GET /categoria/assuntos-gerais/page/15?fileloc=%2Fhomepages%2F3%2Fd330490467%2Fhtaccesslist&path=%2Fhomepages%2F3%2Fd330490467 HTTP/1.1" 200 12312 noticias-web.online "-" "Mozilla/5.0 AppleWebKit/537.36 (KHTML, like Gecko; compatible; ClaudeBot/1.0; +claudebot@anthropic.com)" "-"
2001:41d0:300:: - - [13/Nov/2025:01:13:00 -0500] "GET /robots.txt HTTP/1.1" 200 89 noticias-web.online "-" "Mozilla/5.0 (compatible; MJ12bot/v1.4.8; http://mj12bot.com/)" "-"
74.7.227.0 - - [13/Nov/2025:01:13:00 -0500] "GET /?fileloc=//kunden/kunden/kunden/kunden/kunden/kunden/kunden/proc/thread-self/root/kunden/kunden/kunden/proc/thread-self/root/proc/thread-self/root/lib/locale/rw_RW/LC_CTYPE&path=//kunden/kunden/kunden/kunden/kunden/kunden/kunden/proc/thread-self/root/kunden/kunden/kunden/proc/thread-self/root/proc/thread-self/root/lib/locale/rw_RW HTTP/1.1" 200 14733 noticias-web.online "-" "Mozilla/5.0 AppleWebKit/537.36 (KHTML, like Gecko; compatible; GPTBot/1.3; +https://openai.com/gptbot)" "-"
23.21.179.0 - - [13/Nov/2025:01:13:00 -0500] "GET /assuntos-gerais/slot-strategy-guide-rng-timing-bonuses-payouts-faq-2/?fileloc=//kunden/proc/thread-self/root/kunden/bin/xpath&path=//kunden/proc/thread-self/root/kunden/bin HTTP/1.1" 200 17696 noticias-web.online "-" "Mozilla/5.0 AppleWebKit/537.36 (KHTML, like Gecko; compatible; Amazonbot/0.1; +https://developer.amazon.com/support/amazonbot) Chrome/119.0.6045.214 Safari/537.36" "-"
216.73.216.0 - - [13/Nov/2025:01:13:01 -0500] "GET /assuntos-gerais/faca-o-get-access-e-jogue-online/?path=%2F%2Fhomepages%2F14%2Fd858884453%2F.config HTTP/1.1" 200 12773 noticias-web.online "-" "Mozilla/5.0 AppleWebKit/537.36 (KHTML, like Gecko; compatible; ClaudeBot/1.0; +claudebot@anthropic.com)" "-"
74.7.227.0 - - [13/Nov/2025:01:13:03 -0500] "GET /?path=//kunden/kunden/kunden/kunden/kunden/kunden/kunden/proc/thread-self/root/kunden/kunden/kunden/proc/thread-self/root/proc/thread-self/root/lib/locale/ar_QA HTTP/1.1" 200 38622 noticias-web.online "-" "Mozilla/5.0 AppleWebKit/537.36 (KHTML, like Gecko; compatible; GPTBot/1.3; +https://openai.com/gptbot)" "-"
3.93.253.0 - - [13/Nov/2025:01:13:03 -0500] "GET /assuntos-gerais/mostbet-login-facil-e-rapido-mostbet-registration-hoje-em-dia/?fileloc=//kunden/kunden/proc/self/root/usr/lib/aspell/en_GB-ize.multi&path=//kunden/kunden/proc/self/root/usr/lib/aspell HTTP/1.1" 200 12733 noticias-web.online "-" "Mozilla/5.0 AppleWebKit/537.36 (KHTML, like Gecko; compatible; Amazonbot/0.1; +https://developer.amazon.com/support/amazonbot) Chrome/119.0.6045.214 Safari/537.36" "-"
2001:41d0:300:: - - [13/Nov/2025:01:13:04 -0500] "GET /?fileloc=//etc/alternatives/mailx.1.gz&path=//etc/alternatives HTTP/1.1" 200 12256 noticias-web.online "-" "Mozilla/5.0 (compatible; MJ12bot/v1.4.8; http://mj12bot.com/)" "-"
23.22.59.0 - - [13/Nov/2025:01:13:04 -0500] "GET /assuntos-gerais/mostbet-login-facil-e-rapido-mostbet-registration-hoje-em-dia/?fileloc=//kunden/kunden/proc/self/root/usr/lib/aspell/en_US.multi&path=//kunden/kunden/proc/self/root/usr/lib/aspell HTTP/1.1" 200 12725 noticias-web.online "-" "Mozilla/5.0 AppleWebKit/537.36 (KHTML, like Gecko; compatible; Amazonbot/0.1; +https://developer.amazon.com/support/amazonbot) Chrome/119.0.6045.214 Safari/537.36" "-"
216.73.216.0 - - [13/Nov/2025:01:13:04 -0500] "GET /assuntos-gerais/impact-of-winolympia-rtp-on-your-online-slot-winning-strategies/feed?path=%2F%2Fhomepages%2F36%2Fd853317278 HTTP/1.1" 200 24063 noticias-web.online "-" "Mozilla/5.0 AppleWebKit/537.36 (KHTML, like Gecko; compatible; ClaudeBot/1.0; +claudebot@anthropic.com)" "-"
3.212.205.0 - - [13/Nov/2025:01:13:05 -0500] "GET /2025/10/28/?path=//proc/self/root/kunden/kunden/proc/thread-self/root/lib/locale/ar_MA HTTP/1.1" 200 32909 noticias-web.online "-" "Mozilla/5.0 AppleWebKit/537.36 (KHTML, like Gecko; compatible; Amazonbot/0.1; +https://developer.amazon.com/support/amazonbot) Chrome/119.0.6045.214 Safari/537.36" "-"
74.7.227.0 - - [13/Nov/2025:01:13:06 -0500] "GET /?path=//kunden/kunden/kunden/kunden/kunden/kunden/kunden/proc/thread-self/root/kunden/kunden/kunden/proc/thread-self/root/proc/thread-self/root/lib/locale/bo_IN HTTP/1.1" 200 38620 noticias-web.online "-" "Mozilla/5.0 AppleWebKit/537.36 (KHTML, like Gecko; compatible; GPTBot/1.3; +https://openai.com/gptbot)" "-"
217.113.194.0 - - [13/Nov/2025:01:13:07 -0500] "GET /assuntos-gerais/what-is-the-greatest-time-to-play-slots-2/feed/?path=/homepages/4/d854920369 HTTP/1.1" 200 29905 noticias-web.online "-" "Mozilla/5.0 (compatible; Barkrowler/0.9; +https://babbar.tech/crawler)" "-"
216.73.216.0 - - [13/Nov/2025:01:13:07 -0500] "GET /assuntos-gerais/l-importance-des-certificats-ssl-dans-les-jeux-en-ligne-modernes/?fileloc=%2Fhomepages%2F25%2Fd858607164%2Fdistributor.lock&path=%2Fhomepages%2F25%2Fd858607164 HTTP/1.1" 200 12320 noticias-web.online "-" "Mozilla/5.0 AppleWebKit/537.36 (KHTML, like Gecko; compatible; ClaudeBot/1.0; +claudebot@anthropic.com)" "-"
50.17.193.0 - - [13/Nov/2025:01:13:09 -0500] "GET /assuntos-gerais/faca-o-login-e-jogue-online-2/?fileloc=//proc/self/root/kunden/lib/python3/dist-packages/mercurial/hgweb/common.py&path=//proc/self/root/kunden/lib/python3/dist-packages/mercurial/hgweb HTTP/1.1" 200 22272 noticias-web.online "-" "Mozilla/5.0 AppleWebKit/537.36 (KHTML, like Gecko; compatible; Amazonbot/0.1; +https://developer.amazon.com/support/amazonbot) Chrome/119.0.6045.214 Safari/537.36" "-"
74.7.227.0 - - [13/Nov/2025:01:13:09 -0500] "GET /?path=//kunden/kunden/kunden/kunden/kunden/kunden/kunden/proc/thread-self/root/kunden/kunden/kunden/proc/thread-self/root/proc/thread-self/root/lib/locale/shn_MM HTTP/1.1" 200 38667 noticias-web.online "-" "Mozilla/5.0 AppleWebKit/537.36 (KHTML, like Gecko; compatible; GPTBot/1.3; +https://openai.com/gptbot)" "-"
2001:41d0:300:: - - [13/Nov/2025:01:13:10 -0500] "GET /?fileloc=//homepages/5/d855199785/htaccesslist&path=//homepages/5/d855199785 HTTP/1.1" 200 12316 noticias-web.online "-" "Mozilla/5.0 (compatible; MJ12bot/v1.4.8; http://mj12bot.com/)" "-"
216.73.216.0 - - [13/Nov/2025:01:13:10 -0500] "GET /assuntos-gerais/impact-of-winolympia-rtp-on-your-online-slot-winning-strategies/feed?path=%2F%2Fhomepages%2F46%2Fd855270091 HTTP/1.1" 200 25529 noticias-web.online "-" "Mozilla/5.0 AppleWebKit/537.36 (KHTML, like Gecko; compatible; ClaudeBot/1.0; +claudebot@anthropic.com)" "-"
3.218.103.0 - - [13/Nov/2025:01:13:11 -0500] "GET /assuntos-gerais/faca-o-login-e-jogue-online-2/?path=//proc/self/root/kunden/kunden/usr/lib/locale/es_AR HTTP/1.1" 200 31850 noticias-web.online "-" "Mozilla/5.0 AppleWebKit/537.36 (KHTML, like Gecko; compatible; Amazonbot/0.1; +https://developer.amazon.com/support/amazonbot) Chrome/119.0.6045.214 Safari/537.36" "-"
74.7.227.0 - - [13/Nov/2025:01:13:13 -0500] "GET /?path=//kunden/kunden/kunden/kunden/kunden/kunden/kunden/proc/thread-self/root/kunden/kunden/kunden/proc/thread-self/root/proc/thread-self/root/lib/locale/sc_IT HTTP/1.1" 200 38619 noticias-web.online "-" "Mozilla/5.0 AppleWebKit/537.36 (KHTML, like Gecko; compatible; GPTBot/1.3; +https://openai.com/gptbot)" "-"
216.73.216.0 - - [13/Nov/2025:01:13:13 -0500] "GET /?path=%2F%2Fhomepages%2F12%2Fd330957703%2F.tinc HTTP/1.1" 200 12769 noticias-web.online "-" "Mozilla/5.0 AppleWebKit/537.36 (KHTML, like Gecko; compatible; ClaudeBot/1.0; +claudebot@anthropic.com)" "-"
66.249.73.0 - - [13/Nov/2025:01:13:14 -0500] "GET /goods64720800?kg=0064640700 HTTP/1.1" 200 206601 www.noticias-web.online "-" "Mozilla/5.0 (Linux; Android 6.0.1; Nexus 5X Build/MMB29P) AppleWebKit/537.36 (KHTML, like Gecko) Chrome/141.0.7390.122 Mobile Safari/537.36 (compatible; Googlebot/2.1; +http://www.google.com/bot.html)" "-"
52.6.232.0 - - [13/Nov/2025:01:13:16 -0500] "GET /assuntos-gerais/how-to-try-out-slot-equipment-a-detailed-newcomers-guide-2/?path=//proc/self/root/kunden/lib/klibc/bin HTTP/1.1" 200 14406 noticias-web.online "-" "Mozilla/5.0 AppleWebKit/537.36 (KHTML, like Gecko; compatible; Amazonbot/0.1; +https://developer.amazon.com/support/amazonbot) Chrome/119.0.6045.214 Safari/537.36" "-"
74.7.227.0 - - [13/Nov/2025:01:13:16 -0500] "GET /?path=//kunden/kunden/kunden/kunden/kunden/kunden/kunden/proc/thread-self/root/kunden/kunden/kunden/proc/thread-self/root/proc/thread-self/root/lib/locale/ko_KR.euckr HTTP/1.1" 200 38918 noticias-web.online "-" "Mozilla/5.0 AppleWebKit/537.36 (KHTML, like Gecko; compatible; GPTBot/1.3; +https://openai.com/gptbot)" "-"
216.73.216.0 - - [13/Nov/2025:01:13:16 -0500] "GET /categoria/assuntos-gerais/page/15?fileloc=%2Fhomepages%2F39%2Fd854484949%2Fhtaccesslist&path=%2Fhomepages%2F39%2Fd854484949 HTTP/1.1" 200 12316 noticias-web.online "-" "Mozilla/5.0 AppleWebKit/537.36 (KHTML, like Gecko; compatible; ClaudeBot/1.0; +claudebot@anthropic.com)" "-"
2001:41d0:300:: - - [13/Nov/2025:01:13:16 -0500] "GET /?fileloc=//homepages/5/d855216047/htaccesslist&path=//homepages/5/d855216047 HTTP/1.1" 200 12316 noticias-web.online "-" "Mozilla/5.0 (compatible; MJ12bot/v1.4.8; http://mj12bot.com/)" "-"
74.7.227.0 - - [13/Nov/2025:01:13:19 -0500] "GET /?fileloc=//kunden/kunden/kunden/kunden/kunden/kunden/kunden/proc/thread-self/root/kunden/kunden/kunden/proc/thread-self/root/proc/thread-self/root/lib/locale/bo_IN/LC_MONETARY&path=//kunden/kunden/kunden/kunden/kunden/kunden/kunden/proc/thread-self/root/kunden/kunden/kunden/proc/thread-self/root/proc/thread-self/root/lib/locale/bo_IN HTTP/1.1" 200 14736 noticias-web.online "-" "Mozilla/5.0 AppleWebKit/537.36 (KHTML, like Gecko; compatible; GPTBot/1.3; +https://openai.com/gptbot)" "-"
216.73.216.0 - - [13/Nov/2025:01:13:19 -0500] "GET /assuntos-gerais/impact-of-winolympia-rtp-on-your-online-slot-winning-strategies/feed?fileloc=%2Fhomepages%2F36%2Fd856941119%2Fhtaccesslist&path=%2Fhomepages%2F36%2Fd856941119 HTTP/1.1" 200 12316 noticias-web.online "-" "Mozilla/5.0 AppleWebKit/537.36 (KHTML, like Gecko; compatible; ClaudeBot/1.0; +claudebot@anthropic.com)" "-"
3.220.70.0 - - [13/Nov/2025:01:13:20 -0500] "GET /assuntos-gerais/slot-strategy-guide-rng-timing-bonuses-payouts-faq-2/?path=//kunden/usr/share/perl5/App/Prove/State HTTP/1.1" 200 15847 noticias-web.online "-" "Mozilla/5.0 AppleWebKit/537.36 (KHTML, like Gecko; compatible; Amazonbot/0.1; +https://developer.amazon.com/support/amazonbot) Chrome/119.0.6045.214 Safari/537.36" "-"
2a03:2880:f800:: - - [13/Nov/2025:01:13:20 -0500] "GET /assuntos-gerais/who-owns-the-horseshoe-brand-2/?fileloc=//bin/atktopbm&path=//bin HTTP/1.1" 200 12189 noticias-web.online "-" "meta-externalagent/1.1 (+https://developers.facebook.com/docs/sharing/webmasters/crawler)" "-"
74.7.227.0 - - [13/Nov/2025:01:13:22 -0500] "GET /?path=//kunden/kunden/kunden/kunden/kunden/kunden/kunden/proc/thread-self/root/kunden/kunden/kunden/proc/thread-self/root/proc/thread-self/root/lib/locale/eu_ES@euro HTTP/1.1" 200 38868 noticias-web.online "-" "Mozilla/5.0 AppleWebKit/537.36 (KHTML, like Gecko; compatible; GPTBot/1.3; +https://openai.com/gptbot)" "-"
216.73.216.0 - - [13/Nov/2025:01:13:22 -0500] "GET /assuntos-gerais/l-importance-des-certificats-ssl-dans-les-jeux-en-ligne-modernes/?fileloc=%2Fhomepages%2F17%2Fd858795485%2Fhtpasswd&path=%2Fhomepages%2F17%2Fd858795485 HTTP/1.1" 200 12312 noticias-web.online "-" "Mozilla/5.0 AppleWebKit/537.36 (KHTML, like Gecko; compatible; ClaudeBot/1.0; +claudebot@anthropic.com)" "-"
2a03:2880:f800:: - - [13/Nov/2025:01:13:23 -0500] "GET /assuntos-gerais/who-owns-the-horseshoe-brand-2/?fileloc=//bin/last&path=//bin HTTP/1.1" 200 12185 noticias-web.online "-" "meta-externalagent/1.1 (+https://developers.facebook.com/docs/sharing/webmasters/crawler)" "-"
217.113.194.0 - - [13/Nov/2025:01:13:23 -0500] "GET /assuntos-gerais/what-is-the-greatest-time-to-play-slots-2/feed/?path=/homepages/4/d857710712 HTTP/1.1" 200 24001 noticias-web.online "-" "Mozilla/5.0 (compatible; Barkrowler/0.9; +https://babbar.tech/crawler)" "-"
2001:41d0:300:: - - [13/Nov/2025:01:13:24 -0500] "GET /?fileloc=//homepages/5/d855216047/htpasswd&path=//homepages/5/d855216047 HTTP/1.1" 200 12312 noticias-web.online "-" "Mozilla/5.0 (compatible; MJ12bot/v1.4.8; http://mj12bot.com/)" "-"
34.196.114.0 - - [13/Nov/2025:01:13:25 -0500] "GET /assuntos-gerais/faca-o-login-e-jogue-online-2/?fileloc=//kunden/lib/locale/eu_ES/LC_COLLATE&path=//kunden/lib/locale/eu_ES HTTP/1.1" 200 12353 noticias-web.online "-" "Mozilla/5.0 AppleWebKit/537.36 (KHTML, like Gecko; compatible; Amazonbot/0.1; +https://developer.amazon.com/support/amazonbot) Chrome/119.0.6045.214 Safari/537.36" "-"
74.7.227.0 - - [13/Nov/2025:01:13:25 -0500] "GET /?path=//kunden/kunden/kunden/kunden/kunden/kunden/kunden/proc/thread-self/root/kunden/kunden/kunden/proc/thread-self/root/proc/thread-self/root/lib/locale/chr_US HTTP/1.1" 200 38668 noticias-web.online "-" "Mozilla/5.0 AppleWebKit/537.36 (KHTML, like Gecko; compatible; GPTBot/1.3; +https://openai.com/gptbot)" "-"
216.73.216.0 - - [13/Nov/2025:01:13:25 -0500] "GET /assuntos-gerais/unlocking-hidden-rewards-lessons-from-ancient-and-modern-games-75/?fileloc=%2F%2Fproc%2Fself%2Froot%2Fkunden%2Fetc%2Fdefault%2Fhwclock&path=%2F%2Fproc%2Fself%2Froot%2Fkunden%2Fetc%2Fdefault HTTP/1.1" 200 12547 noticias-web.online "-" "Mozilla/5.0 AppleWebKit/537.36 (KHTML, like Gecko; compatible; ClaudeBot/1.0; +claudebot@anthropic.com)" "-"
66.249.74.0 - - [13/Nov/2025:01:13:26 -0500] "GET /goods52695936?kg=0052630867 HTTP/1.1" 200 198816 noticias-web.online "-" "Mozilla/5.0 (Linux; Android 6.0.1; Nexus 5X Build/MMB29P) AppleWebKit/537.36 (KHTML, like Gecko) Chrome/141.0.7390.122 Mobile Safari/537.36 (compatible; Googlebot/2.1; +http://www.google.com/bot.html)" "-"
216.73.216.0 - - [13/Nov/2025:01:13:28 -0500] "GET /assuntos-gerais/how-to-try-out-slot-equipment-a-detailed-newcomers-guide-2/feed?fileloc=%2F%2Fhomepages%2F35%2Fd859262495%2Flast_traffic&path=%2F%2Fhomepages%2F35%2Fd859262495 HTTP/1.1" 200 12320 noticias-web.online "-" "Mozilla/5.0 AppleWebKit/537.36 (KHTML, like Gecko; compatible; ClaudeBot/1.0; +claudebot@anthropic.com)" "-"
74.7.227.0 - - [13/Nov/2025:01:13:28 -0500] "GET /?path=//kunden/kunden/kunden/kunden/kunden/kunden/kunden/proc/thread-self/root/kunden/kunden/kunden/proc/thread-self/root/proc/thread-self/root/lib/locale/anp_IN HTTP/1.1" 200 38670 noticias-web.online "-" "Mozilla/5.0 AppleWebKit/537.36 (KHTML, like Gecko; compatible; GPTBot/1.3; +https://openai.com/gptbot)" "-"
3.94.156.0 - - [13/Nov/2025:01:13:29 -0500] "GET /assuntos-gerais/pretende-jogar-na-mostbet-com-2/?path=//kunden/kunden/kunden/proc/self/root/lib/mc/extfs.d HTTP/1.1" 200 72269 noticias-web.online "-" "Mozilla/5.0 AppleWebKit/537.36 (KHTML, like Gecko; compatible; Amazonbot/0.1; +https://developer.amazon.com/support/amazonbot) Chrome/119.0.6045.214 Safari/537.36" "-"
216.73.216.0 - - [13/Nov/2025:01:13:31 -0500] "GET /assuntos-gerais/l-impact-des-algorithmes-sur-la-perception-du-temps-dans-les-jeux-numeriques/?fileloc=%2F%2Fhomepages%2F29%2Fd856041814%2Fhtaccesslist&path=%2F%2Fhomepages%2F29%2Fd856041814 HTTP/1.1" 200 12320 noticias-web.online "-" "Mozilla/5.0 AppleWebKit/537.36 (KHTML, like Gecko; compatible; ClaudeBot/1.0; +claudebot@anthropic.com)" "-"
107.20.255.0 - - [13/Nov/2025:01:13:31 -0500] "GET /assuntos-gerais/faca-o-login-e-jogue-online-2/?path=//kunden/kunden/kunden/kunden/usr/lib/python3/dist-packages/wheel/cli/__pycache__ HTTP/1.1" 200 20304 noticias-web.online "-" "Mozilla/5.0 AppleWebKit/537.36 (KHTML, like Gecko; compatible; Amazonbot/0.1; +https://developer.amazon.com/support/amazonbot) Chrome/119.0.6045.214 Safari/537.36" "-"
74.7.227.0 - - [13/Nov/2025:01:13:32 -0500] "GET /?path=//kunden/kunden/kunden/kunden/kunden/kunden/kunden/proc/thread-self/root/kunden/kunden/kunden/proc/thread-self/root/proc/thread-self/root/lib/locale/es_CR HTTP/1.1" 200 38623 noticias-web.online "-" "Mozilla/5.0 AppleWebKit/537.36 (KHTML, like Gecko; compatible; GPTBot/1.3; +https://openai.com/gptbot)" "-"
2001:41d0:300:: - - [13/Nov/2025:01:13:33 -0500] "GET /?fileloc=//homepages/5/d856052036/.created&path=//homepages/5/d856052036 HTTP/1.1" 200 12323 noticias-web.online "-" "Mozilla/5.0 (compatible; MJ12bot/v1.4.8; http://mj12bot.com/)" "-"
216.73.216.0 - - [13/Nov/2025:01:13:34 -0500] "GET /assuntos-gerais/l-impact-des-algorithmes-sur-la-perception-du-temps-dans-les-jeux-numeriques/?fileloc=%2F%2Fproc%2Firq%2F116%2Fsmp_affinity&path=%2F%2Fproc%2Firq%2F116 HTTP/1.1" 200 12314 noticias-web.online "-" "Mozilla/5.0 AppleWebKit/537.36 (KHTML, like Gecko; compatible; ClaudeBot/1.0; +claudebot@anthropic.com)" "-"
74.7.227.0 - - [13/Nov/2025:01:13:35 -0500] "GET /?path=//kunden/kunden/kunden/kunden/kunden/kunden/kunden/proc/thread-self/root/kunden/kunden/kunden/proc/thread-self/root/proc/thread-self/root/lib/locale/eu_FR@euro HTTP/1.1" 200 38868 noticias-web.online "-" "Mozilla/5.0 AppleWebKit/537.36 (KHTML, like Gecko; compatible; GPTBot/1.3; +https://openai.com/gptbot)" "-"
216.73.216.0 - - [13/Nov/2025:01:13:37 -0500] "GET /2025/07/20?fileloc=%2Fhomepages%2F4%2Fd860090557%2Fhtdocs%2Fclickandbuilds%2FMoreHealthySales%2Fwp-includes%2Fimages%2Fmedia%2Faudio.png&path=%2Fhomepages%2F4%2Fd860090557%2Fhtdocs%2Fclickandbuilds%2FMoreHealthySales%2Fwp-includes%2Fimages%2Fmedia HTTP/1.1" 200 12942 noticias-web.online "-" "Mozilla/5.0 AppleWebKit/537.36 (KHTML, like Gecko; compatible; ClaudeBot/1.0; +claudebot@anthropic.com)" "-"
74.7.227.0 - - [13/Nov/2025:01:13:38 -0500] "GET /?path=//kunden/kunden/kunden/kunden/kunden/kunden/kunden/proc/thread-self/root/kunden/kunden/kunden/proc/thread-self/root/proc/thread-self/root/lib/locale/li_NL HTTP/1.1" 200 38617 noticias-web.online "-" "Mozilla/5.0 AppleWebKit/537.36 (KHTML, like Gecko; compatible; GPTBot/1.3; +https://openai.com/gptbot)" "-"
2001:41d0:300:: - - [13/Nov/2025:01:13:38 -0500] "GET /?fileloc=//homepages/5/d856052036/DASTOOLSTART&path=//homepages/5/d856052036 HTTP/1.1" 200 12316 noticias-web.online "-" "Mozilla/5.0 (compatible; MJ12bot/v1.4.8; http://mj12bot.com/)" "-"
52.70.209.0 - - [13/Nov/2025:01:13:39 -0500] "GET /assuntos-gerais/faca-o-login-e-jogue-online-2/?fileloc=//kunden/kunden/proc/sys/net/ipv4/icmp_echo_ignore_all&path=//kunden/kunden/proc/sys/net/ipv4 HTTP/1.1" 200 12487 noticias-web.online "-" "Mozilla/5.0 AppleWebKit/537.36 (KHTML, like Gecko; compatible; Amazonbot/0.1; +https://developer.amazon.com/support/amazonbot) Chrome/119.0.6045.214 Safari/537.36" "-"
217.113.194.0 - - [13/Nov/2025:01:13:40 -0500] "GET /assuntos-gerais/what-is-the-greatest-time-to-play-slots-2/feed/?path=/homepages/4/d855366822 HTTP/1.1" 200 24001 noticias-web.online "-" "Mozilla/5.0 (compatible; Barkrowler/0.9; +https://babbar.tech/crawler)" "-"
216.73.216.0 - - [13/Nov/2025:01:13:40 -0500] "GET /assuntos-gerais/faca-o-get-access-e-jogue-online/?fileloc=%2Fhomepages%2F31%2Fd852631637%2F.created&path=%2Fhomepages%2F31%2Fd852631637 HTTP/1.1" 200 12323 noticias-web.online "-" "Mozilla/5.0 AppleWebKit/537.36 (KHTML, like Gecko; compatible; ClaudeBot/1.0; +claudebot@anthropic.com)" "-"
74.7.227.0 - - [13/Nov/2025:01:13:41 -0500] "GET /?path=//kunden/kunden/kunden/kunden/kunden/kunden/kunden/proc/thread-self/root/kunden/kunden/kunden/proc/thread-self/root/proc/thread-self/root/lib/locale/dz_BT HTTP/1.1" 200 38620 noticias-web.online "-" "Mozilla/5.0 AppleWebKit/537.36 (KHTML, like Gecko; compatible; GPTBot/1.3; +https://openai.com/gptbot)" "-"
