184.73.239.0 - - [13/Nov/2025:00:32:15 -0500] "GET /assuntos-gerais/10-largest-casinos-in-the-us/?fileloc=//lib/python3/dist-packages/mercurial/templateutil.py&path=//lib/python3/dist-packages/mercurial HTTP/1.1" 200 50537 noticias-web.online "-" "Mozilla/5.0 AppleWebKit/537.36 (KHTML, like Gecko; compatible; Amazonbot/0.1; +https://developer.amazon.com/support/amazonbot) Chrome/119.0.6045.214 Safari/537.36" "-"
216.73.216.0 - - [13/Nov/2025:00:32:16 -0500] "GET /assuntos-gerais/faca-o-get-access-e-jogue-online/?path=%2F%2Fhomepages%2F1%2Fd330822003%2F.oneclick HTTP/1.1" 200 12773 noticias-web.online "-" "Mozilla/5.0 AppleWebKit/537.36 (KHTML, like Gecko; compatible; ClaudeBot/1.0; +claudebot@anthropic.com)" "-"
74.7.227.0 - - [13/Nov/2025:00:32:17 -0500] "GET /?path=//kunden/kunden/kunden/kunden/kunden/kunden/kunden/proc/thread-self/root/proc/thread-self/root/kunden/proc/thread-self/root/kunden/kunden/usr/lib/apt/planners HTTP/1.1" 200 17158 noticias-web.online "-" "Mozilla/5.0 AppleWebKit/537.36 (KHTML, like Gecko; compatible; GPTBot/1.3; +https://openai.com/gptbot)" "-"
216.73.216.0 - - [13/Nov/2025:00:32:19 -0500] "GET /assuntos-gerais/impact-of-winolympia-rtp-on-your-online-slot-winning-strategies/feed?fileloc=%2F%2Fusr%2Fbin%2Fgpasswd&path=%2F%2Fusr%2Fbin HTTP/1.1" 200 12226 noticias-web.online "-" "Mozilla/5.0 AppleWebKit/537.36 (KHTML, like Gecko; compatible; ClaudeBot/1.0; +claudebot@anthropic.com)" "-"
52.2.4.0 - - [13/Nov/2025:00:32:19 -0500] "GET /assuntos-gerais/mostbet-login-facil-e-rapido-mostbet-registration-hoje-em-dia/?path=//kunden/proc/thread-self/root/kunden/lib/locale/de_AT HTTP/1.1" 200 31974 noticias-web.online "-" "Mozilla/5.0 AppleWebKit/537.36 (KHTML, like Gecko; compatible; Amazonbot/0.1; +https://developer.amazon.com/support/amazonbot) Chrome/119.0.6045.214 Safari/537.36" "-"
2001:41d0:300:: - - [13/Nov/2025:00:32:19 -0500] "GET /?fileloc=//homepages/45/d855252794/htaccesslist&path=//homepages/45/d855252794 HTTP/1.1" 200 12320 noticias-web.online "-" "Mozilla/5.0 (compatible; MJ12bot/v1.4.8; http://mj12bot.com/)" "-"
74.7.227.0 - - [13/Nov/2025:00:32:20 -0500] "GET /?path=//kunden/kunden/kunden/kunden/kunden/kunden/kunden/proc/thread-self/root/proc/thread-self/root/kunden/proc/thread-self/root/kunden/kunden/kunden/lib/terminfo/r HTTP/1.1" 200 25237 noticias-web.online "-" "Mozilla/5.0 AppleWebKit/537.36 (KHTML, like Gecko; compatible; GPTBot/1.3; +https://openai.com/gptbot)" "-"
216.73.216.0 - - [13/Nov/2025:00:32:22 -0500] "GET /assuntos-gerais/what-to-know-about-wagering-requirements-on-glory-casino-bonus?fileloc=%2F%2Fusr%2Fshare%2Fman%2Fman1%2Fperlhist.1.gz&path=%2F%2Fusr%2Fshare%2Fman%2Fman1 HTTP/1.1" 200 12333 noticias-web.online "-" "Mozilla/5.0 AppleWebKit/537.36 (KHTML, like Gecko; compatible; ClaudeBot/1.0; +claudebot@anthropic.com)" "-"
54.84.161.0 - - [13/Nov/2025:00:32:23 -0500] "GET /assuntos-gerais/mostbet-login-facil-e-rapido-mostbet-registration-hoje-em-dia/?path=//proc/self/root/kunden/kunden/kunden/kunden/lib/locale/dsb_DE HTTP/1.1" 200 32475 noticias-web.online "-" "Mozilla/5.0 AppleWebKit/537.36 (KHTML, like Gecko; compatible; Amazonbot/0.1; +https://developer.amazon.com/support/amazonbot) Chrome/119.0.6045.214 Safari/537.36" "-"
74.7.227.0 - - [13/Nov/2025:00:32:23 -0500] "GET /?path=//kunden/kunden/kunden/kunden/kunden/kunden/kunden/proc/thread-self/root/proc/thread-self/root/kunden/kunden/kunden/kunden/usr/lib/mc/ext.d HTTP/1.1" 200 32037 noticias-web.online "-" "Mozilla/5.0 AppleWebKit/537.36 (KHTML, like Gecko; compatible; GPTBot/1.3; +https://openai.com/gptbot)" "-"
2001:41d0:300:: - - [13/Nov/2025:00:32:24 -0500] "GET /?fileloc=//homepages/45/d855252794/htpasswd&path=//homepages/45/d855252794 HTTP/1.1" 200 12316 noticias-web.online "-" "Mozilla/5.0 (compatible; MJ12bot/v1.4.8; http://mj12bot.com/)" "-"
216.73.216.0 - - [13/Nov/2025:00:32:25 -0500] "GET /assuntos-gerais/impact-of-winolympia-rtp-on-your-online-slot-winning-strategies/feed?fileloc=%2F%2Fusr%2Fbin%2Fpbmtolj&path=%2F%2Fusr%2Fbin HTTP/1.1" 200 12226 noticias-web.online "-" "Mozilla/5.0 AppleWebKit/537.36 (KHTML, like Gecko; compatible; ClaudeBot/1.0; +claudebot@anthropic.com)" "-"
74.7.227.0 - - [13/Nov/2025:00:32:26 -0500] "GET /?path=//kunden/kunden/kunden/kunden/kunden/kunden/kunden/proc/thread-self/root/proc/thread-self/root/kunden/kunden/proc/thread-self/root/kunden/var/mail HTTP/1.1" 200 14818 noticias-web.online "-" "Mozilla/5.0 AppleWebKit/537.36 (KHTML, like Gecko; compatible; GPTBot/1.3; +https://openai.com/gptbot)" "-"
217.113.194.0 - - [13/Nov/2025:00:32:27 -0500] "GET /assuntos-gerais/california-gambling-tax-calculator-exactly-how-much-do-an-individual-owe-2/feed/ HTTP/1.1" 200 59394 noticias-web.online "-" "Mozilla/5.0 (compatible; Barkrowler/0.9; +https://babbar.tech/crawler)" "-"
35.170.205.0 - - [13/Nov/2025:00:32:27 -0500] "GET /assuntos-gerais/slot-strategy-guide-rng-timing-bonuses-payouts-faq-2/?path=//kunden/kunden/kunden/homepages/sclientMF HTTP/1.1" 200 12839 noticias-web.online "-" "Mozilla/5.0 AppleWebKit/537.36 (KHTML, like Gecko; compatible; Amazonbot/0.1; +https://developer.amazon.com/support/amazonbot) Chrome/119.0.6045.214 Safari/537.36" "-"
216.73.216.0 - - [13/Nov/2025:00:32:28 -0500] "GET /assuntos-gerais/unlocking-hidden-rewards-lessons-from-ancient-and-modern-games-75/?fileloc=%2F%2Fhomepages%2F44%2Fd331658834%2Flast_traffic&path=%2F%2Fhomepages%2F44%2Fd331658834 HTTP/1.1" 200 12320 noticias-web.online "-" "Mozilla/5.0 AppleWebKit/537.36 (KHTML, like Gecko; compatible; ClaudeBot/1.0; +claudebot@anthropic.com)" "-"
2001:41d0:300:: - - [13/Nov/2025:00:32:29 -0500] "GET /?fileloc=//homepages/45/d855282921/.created&path=//homepages/45/d855282921 HTTP/1.1" 200 12327 noticias-web.online "-" "Mozilla/5.0 (compatible; MJ12bot/v1.4.8; http://mj12bot.com/)" "-"
74.7.227.0 - - [13/Nov/2025:00:32:30 -0500] "GET /?path=//kunden/kunden/kunden/kunden/kunden/kunden/kunden/proc/thread-self/root/proc/thread-self/root/kunden/proc/thread-self/root/kunden/kunden/kunden/lib/mime/packages HTTP/1.1" 200 37331 noticias-web.online "-" "Mozilla/5.0 AppleWebKit/537.36 (KHTML, like Gecko; compatible; GPTBot/1.3; +https://openai.com/gptbot)" "-"
216.73.216.0 - - [13/Nov/2025:00:32:31 -0500] "GET /assuntos-gerais/what-to-know-about-wagering-requirements-on-glory-casino-bonus?fileloc=%2Fhomepages%2F4%2Fd860090557%2Fhtdocs%2Fclickandbuilds%2FBestProductsSales%2Fwp-includes%2Fblocks%2Fimage%2Fblock.json&path=%2Fhomepages%2F4%2Fd860090557%2Fhtdocs%2Fclickandbuilds%2FBestProductsSales%2Fwp-includes%2Fblocks%2Fimage HTTP/1.1" 200 17845 noticias-web.online "-" "Mozilla/5.0 AppleWebKit/537.36 (KHTML, like Gecko; compatible; ClaudeBot/1.0; +claudebot@anthropic.com)" "-"
54.145.82.0 - - [13/Nov/2025:00:32:31 -0500] "GET /assuntos-gerais/faca-o-login-e-jogue-online-2/?path=//kunden/proc/self/root/kunden/usr/lib/php8.0/data HTTP/1.1" 200 24631 noticias-web.online "-" "Mozilla/5.0 AppleWebKit/537.36 (KHTML, like Gecko; compatible; Amazonbot/0.1; +https://developer.amazon.com/support/amazonbot) Chrome/119.0.6045.214 Safari/537.36" "-"
74.7.227.0 - - [13/Nov/2025:00:32:33 -0500] "GET /?path=//kunden/kunden/kunden/kunden/kunden/kunden/kunden/proc/thread-self/root/proc/thread-self/root/kunden/kunden/proc/thread-self/root/kunden/usr/lib HTTP/1.1" 200 119613 noticias-web.online "-" "Mozilla/5.0 AppleWebKit/537.36 (KHTML, like Gecko; compatible; GPTBot/1.3; +https://openai.com/gptbot)" "-"
216.73.216.0 - - [13/Nov/2025:00:32:34 -0500] "GET /assuntos-gerais/what-to-know-about-wagering-requirements-on-glory-casino-bonus?fileloc=%2F%2Fusr%2Fbin%2Fcomm&path=%2F%2Fusr%2Fbin HTTP/1.1" 200 12223 noticias-web.online "-" "Mozilla/5.0 AppleWebKit/537.36 (KHTML, like Gecko; compatible; ClaudeBot/1.0; +claudebot@anthropic.com)" "-"
2001:41d0:300:: - - [13/Nov/2025:00:32:34 -0500] "GET /?fileloc=//homepages/45/d855282921/DASTOOLSTART&path=//homepages/45/d855282921 HTTP/1.1" 200 12320 noticias-web.online "-" "Mozilla/5.0 (compatible; MJ12bot/v1.4.8; http://mj12bot.com/)" "-"
44.205.120.0 - - [13/Nov/2025:00:32:35 -0500] "GET /assuntos-gerais/mostbet-login-facil-e-rapido-mostbet-registration-hoje-em-dia-2/?path=//kunden/kunden/kunden/kunden/var/cache/man/sr/cat5 HTTP/1.1" 200 13099 noticias-web.online "-" "Mozilla/5.0 AppleWebKit/537.36 (KHTML, like Gecko; compatible; Amazonbot/0.1; +https://developer.amazon.com/support/amazonbot) Chrome/119.0.6045.214 Safari/537.36" "-"
74.7.227.0 - - [13/Nov/2025:00:32:36 -0500] "GET /?path=//kunden/kunden/kunden/kunden/kunden/kunden/kunden/proc/thread-self/root/proc/thread-self/root/kunden/proc/thread-self/root/kunden/kunden/proc/ipmi HTTP/1.1" 200 16520 noticias-web.online "-" "Mozilla/5.0 AppleWebKit/537.36 (KHTML, like Gecko; compatible; GPTBot/1.3; +https://openai.com/gptbot)" "-"
216.73.216.0 - - [13/Nov/2025:00:32:37 -0500] "GET /?fileloc=%2F%2Fhomepages%2F6%2Fd353920158%2Fhtaccesslist&path=%2F%2Fhomepages%2F6%2Fd353920158 HTTP/1.1" 200 12316 noticias-web.online "-" "Mozilla/5.0 AppleWebKit/537.36 (KHTML, like Gecko; compatible; ClaudeBot/1.0; +claudebot@anthropic.com)" "-"
2001:41d0:300:: - - [13/Nov/2025:00:32:39 -0500] "GET /?fileloc=//homepages/45/d855282921/htaccesslist&path=//homepages/45/d855282921 HTTP/1.1" 200 12320 noticias-web.online "-" "Mozilla/5.0 (compatible; MJ12bot/v1.4.8; http://mj12bot.com/)" "-"
52.54.15.0 - - [13/Nov/2025:00:32:39 -0500] "GET /assuntos-gerais/faca-o-login-e-jogue-online-2/?path=//proc/self/root/kunden/proc/sys/net/core HTTP/1.1" 200 20729 noticias-web.online "-" "Mozilla/5.0 AppleWebKit/537.36 (KHTML, like Gecko; compatible; Amazonbot/0.1; +https://developer.amazon.com/support/amazonbot) Chrome/119.0.6045.214 Safari/537.36" "-"
74.7.227.0 - - [13/Nov/2025:00:32:39 -0500] "GET /?path=//kunden/kunden/kunden/kunden/kunden/kunden/kunden/proc/thread-self/root/proc/thread-self/root/kunden/proc/thread-self/root/kunden/kunden/usr/include/arpa HTTP/1.1" 200 26883 noticias-web.online "-" "Mozilla/5.0 AppleWebKit/537.36 (KHTML, like Gecko; compatible; GPTBot/1.3; +https://openai.com/gptbot)" "-"
216.73.216.0 - - [13/Nov/2025:00:32:40 -0500] "GET /2025/07/20?fileloc=%2F%2Fkunden%2Fkunden%2Fkunden%2Flib%2Faspell%2Fkoi8-r.cmap&path=%2F%2Fkunden%2Fkunden%2Fkunden%2Flib%2Faspell HTTP/1.1" 200 49319 noticias-web.online "-" "Mozilla/5.0 AppleWebKit/537.36 (KHTML, like Gecko; compatible; ClaudeBot/1.0; +claudebot@anthropic.com)" "-"
66.249.74.0 - - [13/Nov/2025:00:32:42 -0500] "GET /goods52732064?kg=0052666948 HTTP/1.1" 200 208199 noticias-web.online "-" "Mozilla/5.0 (Linux; Android 6.0.1; Nexus 5X Build/MMB29P) AppleWebKit/537.36 (KHTML, like Gecko) Chrome/141.0.7390.122 Mobile Safari/537.36 (compatible; Googlebot/2.1; +http://www.google.com/bot.html)" "-"
74.7.227.0 - - [13/Nov/2025:00:32:43 -0500] "GET /?path=//kunden/kunden/kunden/kunden/kunden/kunden/kunden/proc/thread-self/root/proc/thread-self/root/kunden/kunden/kunden/kunden/kunden/var/lib/systemd HTTP/1.1" 200 18410 noticias-web.online "-" "Mozilla/5.0 AppleWebKit/537.36 (KHTML, like Gecko; compatible; GPTBot/1.3; +https://openai.com/gptbot)" "-"
217.113.194.0 - - [13/Nov/2025:00:32:43 -0500] "GET /assuntos-gerais/apostas-desportivas-site-de-apostas-vave-online-bonus/feed/?path=/homepages/4 HTTP/1.1" 200 84416 noticias-web.online "-" "Mozilla/5.0 (compatible; Barkrowler/0.9; +https://babbar.tech/crawler)" "-"
216.73.216.0 - - [13/Nov/2025:00:32:43 -0500] "GET /assuntos-gerais/the-way-to-play-blackjack-rules-gameplay-more/?path=%2F%2Fhomepages%2F35%2Fd331314503 HTTP/1.1" 200 28509 noticias-web.online "-" "Mozilla/5.0 AppleWebKit/537.36 (KHTML, like Gecko; compatible; ClaudeBot/1.0; +claudebot@anthropic.com)" "-"
18.213.102.0 - - [13/Nov/2025:00:32:43 -0500] "GET /assuntos-gerais/vikten-av-bankrollhantering-i-stake-plinko/?path=//kunden/kunden/kunden/lib/python3/dist-packages/mysqlclient-1.4.4.egg-info HTTP/1.1" 200 18077 noticias-web.online "-" "Mozilla/5.0 AppleWebKit/537.36 (KHTML, like Gecko; compatible; Amazonbot/0.1; +https://developer.amazon.com/support/amazonbot) Chrome/119.0.6045.214 Safari/537.36" "-"
2001:41d0:300:: - - [13/Nov/2025:00:32:44 -0500] "GET /?fileloc=//homepages/45/d855282921/htpasswd&path=//homepages/45/d855282921 HTTP/1.1" 200 12316 noticias-web.online "-" "Mozilla/5.0 (compatible; MJ12bot/v1.4.8; http://mj12bot.com/)" "-"
74.7.227.0 - - [13/Nov/2025:00:32:46 -0500] "GET /?path=//kunden/kunden/kunden/kunden/kunden/kunden/kunden/proc/thread-self/root/proc/thread-self/root/kunden/kunden/proc/thread-self/root/kunden/usr/lib/mime HTTP/1.1" 200 16727 noticias-web.online "-" "Mozilla/5.0 AppleWebKit/537.36 (KHTML, like Gecko; compatible; GPTBot/1.3; +https://openai.com/gptbot)" "-"
216.73.216.0 - - [13/Nov/2025:00:32:46 -0500] "GET /2025/06/07?fileloc=%2F%2Fbin%2Fx86_64-linux-gnu-ld.gold&path=%2F%2Fbin HTTP/1.1" 200 12205 noticias-web.online "-" "Mozilla/5.0 AppleWebKit/537.36 (KHTML, like Gecko; compatible; ClaudeBot/1.0; +claudebot@anthropic.com)" "-"
3.94.156.0 - - [13/Nov/2025:00:32:47 -0500] "GET /assuntos-gerais/slot-strategy-guide-rng-timing-bonuses-payouts-faq-2/?fileloc=//lib/python3/dist-packages/mercurial/hg.py&path=//lib/python3/dist-packages/mercurial HTTP/1.1" 200 62247 noticias-web.online "-" "Mozilla/5.0 AppleWebKit/537.36 (KHTML, like Gecko; compatible; Amazonbot/0.1; +https://developer.amazon.com/support/amazonbot) Chrome/119.0.6045.214 Safari/537.36" "-"
74.7.227.0 - - [13/Nov/2025:00:32:49 -0500] "GET /?path=//kunden/kunden/kunden/kunden/kunden/kunden/kunden/proc/thread-self/root/proc/thread-self/root/kunden/kunden/proc/thread-self/root/kunden/usr/lib/bfd-plugins HTTP/1.1" 200 17029 noticias-web.online "-" "Mozilla/5.0 AppleWebKit/537.36 (KHTML, like Gecko; compatible; GPTBot/1.3; +https://openai.com/gptbot)" "-"
216.73.216.0 - - [13/Nov/2025:00:32:49 -0500] "GET /2025/07/20?fileloc=%2Fhomepages%2F20%2Fd854083362%2Fhtpasswd&path=%2Fhomepages%2F20%2Fd854083362 HTTP/1.1" 200 12312 noticias-web.online "-" "Mozilla/5.0 AppleWebKit/537.36 (KHTML, like Gecko; compatible; ClaudeBot/1.0; +claudebot@anthropic.com)" "-"
2001:41d0:300:: - - [13/Nov/2025:00:32:49 -0500] "GET /?fileloc=//homepages/45/d855329686/.created&path=//homepages/45/d855329686 HTTP/1.1" 200 12327 noticias-web.online "-" "Mozilla/5.0 (compatible; MJ12bot/v1.4.8; http://mj12bot.com/)" "-"
52.6.97.0 - - [13/Nov/2025:00:32:51 -0500] "GET /assuntos-gerais/official-internet-site-3/?path=//kunden/kunden/kunden/kunden/etc/rcS.d HTTP/1.1" 200 15944 noticias-web.online "-" "Mozilla/5.0 AppleWebKit/537.36 (KHTML, like Gecko; compatible; Amazonbot/0.1; +https://developer.amazon.com/support/amazonbot) Chrome/119.0.6045.214 Safari/537.36" "-"
216.73.216.0 - - [13/Nov/2025:00:32:52 -0500] "GET /assuntos-gerais/faca-o-get-access-e-jogue-online/?fileloc=%2F%2Fkunden%2Fkunden%2Flib%2Fssl%2Fcerts%2F9c8dfbd4.0&path=%2F%2Fkunden%2Fkunden%2Flib%2Fssl%2Fcerts HTTP/1.1" 200 13165 noticias-web.online "-" "Mozilla/5.0 AppleWebKit/537.36 (KHTML, like Gecko; compatible; ClaudeBot/1.0; +claudebot@anthropic.com)" "-"
74.7.227.0 - - [13/Nov/2025:00:32:52 -0500] "GET /?path=//kunden/kunden/kunden/kunden/kunden/kunden/kunden/proc/thread-self/root/proc/thread-self/root/kunden/kunden/proc/thread-self/root/kunden/usr/lib/systemd HTTP/1.1" 200 20282 noticias-web.online "-" "Mozilla/5.0 AppleWebKit/537.36 (KHTML, like Gecko; compatible; GPTBot/1.3; +https://openai.com/gptbot)" "-"
2001:41d0:300:: - - [13/Nov/2025:00:32:54 -0500] "GET /?fileloc=//homepages/45/d855329686/DASTOOLSTART&path=//homepages/45/d855329686 HTTP/1.1" 200 12320 noticias-web.online "-" "Mozilla/5.0 (compatible; MJ12bot/v1.4.8; http://mj12bot.com/)" "-"
216.73.216.0 - - [13/Nov/2025:00:32:55 -0500] "GET /?path=%2F%2Fhomepages%2F23%2Fd858741300%2Fmanaged HTTP/1.1" 200 12773 noticias-web.online "-" "Mozilla/5.0 AppleWebKit/537.36 (KHTML, like Gecko; compatible; ClaudeBot/1.0; +claudebot@anthropic.com)" "-"
74.7.227.0 - - [13/Nov/2025:00:32:55 -0500] "GET /?path=//kunden/kunden/kunden/kunden/kunden/kunden/kunden/proc/thread-self/root/proc/thread-self/root/kunden/kunden/kunden/kunden/kunden/var/lib/systemd/deb-systemd-user-helper-enabled HTTP/1.1" 200 27654 noticias-web.online "-" "Mozilla/5.0 AppleWebKit/537.36 (KHTML, like Gecko; compatible; GPTBot/1.3; +https://openai.com/gptbot)" "-"
18.211.148.0 - - [13/Nov/2025:00:32:55 -0500] "GET /assuntos-gerais/faca-o-login-e-jogue-online-2/?path=//proc/self/root/kunden/var/cache/man/ru HTTP/1.1" 200 20198 noticias-web.online "-" "Mozilla/5.0 AppleWebKit/537.36 (KHTML, like Gecko; compatible; Amazonbot/0.1; +https://developer.amazon.com/support/amazonbot) Chrome/119.0.6045.214 Safari/537.36" "-"
216.73.216.0 - - [13/Nov/2025:00:32:58 -0500] "GET /assuntos-gerais/install-mostbet-app-bangladesh-on-android-plus-ios-get-apk-grab-320/feed?path=%2F%2Fhomepages%2F2%2Fd849994908 HTTP/1.1" 200 25510 noticias-web.online "-" "Mozilla/5.0 AppleWebKit/537.36 (KHTML, like Gecko; compatible; ClaudeBot/1.0; +claudebot@anthropic.com)" "-"
74.7.227.0 - - [13/Nov/2025:00:32:58 -0500] "GET /?path=//kunden/kunden/kunden/kunden/kunden/kunden/kunden/proc/thread-self/root/proc/thread-self/root/kunden/kunden/proc/thread-self/root/kunden/usr/lib/mime/packages HTTP/1.1" 200 37183 noticias-web.online "-" "Mozilla/5.0 AppleWebKit/537.36 (KHTML, like Gecko; compatible; GPTBot/1.3; +https://openai.com/gptbot)" "-"
2001:41d0:300:: - - [13/Nov/2025:00:32:59 -0500] "GET /?fileloc=//homepages/45/d855329686/htaccesslist&path=//homepages/45/d855329686 HTTP/1.1" 200 12320 noticias-web.online "-" "Mozilla/5.0 (compatible; MJ12bot/v1.4.8; http://mj12bot.com/)" "-"
52.200.142.0 - - [13/Nov/2025:00:32:59 -0500] "GET /assuntos-gerais/mostbet-login-facil-e-rapido-mostbet-registration-hoje-em-dia-2/?path=//kunden/lib/locale/fr_LU@euro HTTP/1.1" 200 30552 noticias-web.online "-" "Mozilla/5.0 AppleWebKit/537.36 (KHTML, like Gecko; compatible; Amazonbot/0.1; +https://developer.amazon.com/support/amazonbot) Chrome/119.0.6045.214 Safari/537.36" "-"
217.113.194.0 - - [13/Nov/2025:00:33:00 -0500] "GET /assuntos-gerais/apostas-desportivas-site-de-apostas-vave-online-bonus-2/feed/?path=/homepages/4 HTTP/1.1" 200 84416 noticias-web.online "-" "Mozilla/5.0 (compatible; Barkrowler/0.9; +https://babbar.tech/crawler)" "-"
216.73.216.0 - - [13/Nov/2025:00:33:01 -0500] "GET /assuntos-gerais/impact-of-winolympia-rtp-on-your-online-slot-winning-strategies/feed?fileloc=%2F%2Fusr%2Fbin%2Fppmtopj&path=%2F%2Fusr%2Fbin HTTP/1.1" 200 12226 noticias-web.online "-" "Mozilla/5.0 AppleWebKit/537.36 (KHTML, like Gecko; compatible; ClaudeBot/1.0; +claudebot@anthropic.com)" "-"
74.7.227.0 - - [13/Nov/2025:00:33:01 -0500] "GET /?path=//kunden/kunden/kunden/kunden/kunden/kunden/kunden/proc/thread-self/root/proc/thread-self/root/kunden/kunden/proc/thread-self/root/kunden/usr/lib/sysctl.d HTTP/1.1" 200 17018 noticias-web.online "-" "Mozilla/5.0 AppleWebKit/537.36 (KHTML, like Gecko; compatible; GPTBot/1.3; +https://openai.com/gptbot)" "-"
54.144.185.0 - - [13/Nov/2025:00:33:03 -0500] "GET /assuntos-gerais/gratis-demo-stone-cold-bluff-eller-riktiga-pengar/?path=//kunden/lib/terminfo/p HTTP/1.1" 200 14189 noticias-web.online "-" "Mozilla/5.0 AppleWebKit/537.36 (KHTML, like Gecko; compatible; Amazonbot/0.1; +https://developer.amazon.com/support/amazonbot) Chrome/119.0.6045.214 Safari/537.36" "-"
2001:41d0:300:: - - [13/Nov/2025:00:33:03 -0500] "GET /?fileloc=//homepages/45/d855329686/htpasswd&path=//homepages/45/d855329686 HTTP/1.1" 200 12316 noticias-web.online "-" "Mozilla/5.0 (compatible; MJ12bot/v1.4.8; http://mj12bot.com/)" "-"
216.73.216.0 - - [13/Nov/2025:00:33:04 -0500] "GET /assuntos-gerais/impact-of-winolympia-rtp-on-your-online-slot-winning-strategies/feed?fileloc=%2Fhomepages%2F38%2Fd853858767%2FDASTOOLSTART&path=%2Fhomepages%2F38%2Fd853858767 HTTP/1.1" 200 12316 noticias-web.online "-" "Mozilla/5.0 AppleWebKit/537.36 (KHTML, like Gecko; compatible; ClaudeBot/1.0; +claudebot@anthropic.com)" "-"
74.7.227.0 - - [13/Nov/2025:00:33:05 -0500] "GET /?path=//kunden/kunden/kunden/kunden/kunden/kunden/kunden/proc/thread-self/root/proc/thread-self/root/kunden/kunden/proc/thread-self/root/kunden/usr/lib/git-core HTTP/1.1" 200 344510 noticias-web.online "-" "Mozilla/5.0 AppleWebKit/537.36 (KHTML, like Gecko; compatible; GPTBot/1.3; +https://openai.com/gptbot)" "-"
216.73.216.0 - - [13/Nov/2025:00:33:07 -0500] "GET /assuntos-gerais/faca-o-get-access-e-jogue-online/?path=%2F%2Fhomepages%2F42%2Fd331423456%2F.oneclick HTTP/1.1" 200 12777 noticias-web.online "-" "Mozilla/5.0 AppleWebKit/537.36 (KHTML, like Gecko; compatible; ClaudeBot/1.0; +claudebot@anthropic.com)" "-"
54.147.182.0 - - [13/Nov/2025:00:33:07 -0500] "GET /assuntos-gerais/how-to-try-out-slot-equipment-a-detailed-newcomers-guide-2/?fileloc=//kunden/lib/php8.0/test/HTTP2/tests/test1a.phpt&path=//kunden/lib/php8.0/test/HTTP2/tests HTTP/1.1" 200 14199 noticias-web.online "-" "Mozilla/5.0 AppleWebKit/537.36 (KHTML, like Gecko; compatible; Amazonbot/0.1; +https://developer.amazon.com/support/amazonbot) Chrome/119.0.6045.214 Safari/537.36" "-"
2001:41d0:300:: - - [13/Nov/2025:00:33:08 -0500] "GET /?fileloc=//homepages/45/d855940686/DASTOOLSTART&path=//homepages/45/d855940686 HTTP/1.1" 200 12320 noticias-web.online "-" "Mozilla/5.0 (compatible; MJ12bot/v1.4.8; http://mj12bot.com/)" "-"
74.7.227.0 - - [13/Nov/2025:00:33:08 -0500] "GET /?path=//kunden/kunden/kunden/kunden/kunden/kunden/kunden/proc/thread-self/root/proc/thread-self/root/kunden/kunden/proc/thread-self/root/kunden/usr/lib/systemd/user HTTP/1.1" 200 35334 noticias-web.online "-" "Mozilla/5.0 AppleWebKit/537.36 (KHTML, like Gecko; compatible; GPTBot/1.3; +https://openai.com/gptbot)" "-"
216.73.216.0 - - [13/Nov/2025:00:33:10 -0500] "GET /assuntos-gerais/the-ending-of-casino-finally-explained-2/feed?fileloc=%2F%2Fhomepages%2F18%2Fd853435512%2Fhtpasswd&path=%2F%2Fhomepages%2F18%2Fd853435512 HTTP/1.1" 200 12316 noticias-web.online "-" "Mozilla/5.0 AppleWebKit/537.36 (KHTML, like Gecko; compatible; ClaudeBot/1.0; +claudebot@anthropic.com)" "-"
74.7.227.0 - - [13/Nov/2025:00:33:11 -0500] "GET /?path=//kunden/kunden/kunden/kunden/kunden/kunden/kunden/proc/thread-self/root/proc/thread-self/root/kunden/kunden/proc/thread-self/root/kunden/usr/lib/systemd/user-environment-generators HTTP/1.1" 200 17326 noticias-web.online "-" "Mozilla/5.0 AppleWebKit/537.36 (KHTML, like Gecko; compatible; GPTBot/1.3; +https://openai.com/gptbot)" "-"
34.225.243.0 - - [13/Nov/2025:00:33:11 -0500] "GET /assuntos-gerais/official-internet-site-3/?path=//kunden/kunden/proc/self/root/proc/self/root/lib/locale/es_VE HTTP/1.1" 200 32551 noticias-web.online "-" "Mozilla/5.0 AppleWebKit/537.36 (KHTML, like Gecko; compatible; Amazonbot/0.1; +https://developer.amazon.com/support/amazonbot) Chrome/119.0.6045.214 Safari/537.36" "-"
2001:41d0:300:: - - [13/Nov/2025:00:33:12 -0500] "GET /?fileloc=//homepages/45/d855940686/htaccesslist&path=//homepages/45/d855940686 HTTP/1.1" 200 12320 noticias-web.online "-" "Mozilla/5.0 (compatible; MJ12bot/v1.4.8; http://mj12bot.com/)" "-"
216.73.216.0 - - [13/Nov/2025:00:33:13 -0500] "GET /assuntos-gerais/faca-o-get-access-e-jogue-online/?path=%2F%2Fhomepages%2F28%2Fd855122540%2F.oneclick HTTP/1.1" 200 12777 noticias-web.online "-" "Mozilla/5.0 AppleWebKit/537.36 (KHTML, like Gecko; compatible; ClaudeBot/1.0; +claudebot@anthropic.com)" "-"
74.7.227.0 - - [13/Nov/2025:00:33:14 -0500] "GET /?path=//kunden/kunden/kunden/kunden/kunden/kunden/kunden/proc/thread-self/root/proc/thread-self/root/kunden/kunden/kunden/kunden/kunden/var/lib/systemd/deb-systemd-user-helper-enabled/sockets.target.wants HTTP/1.1" 200 26250 noticias-web.online "-" "Mozilla/5.0 AppleWebKit/537.36 (KHTML, like Gecko; compatible; GPTBot/1.3; +https://openai.com/gptbot)" "-"
18.204.152.0 - - [13/Nov/2025:00:33:15 -0500] "GET /assuntos-gerais/how-to-try-out-slot-equipment-a-detailed-newcomers-guide-2/?path=//kunden/kunden/kunden/usr/lib/locale/os_RU HTTP/1.1" 200 31348 noticias-web.online "-" "Mozilla/5.0 AppleWebKit/537.36 (KHTML, like Gecko; compatible; Amazonbot/0.1; +https://developer.amazon.com/support/amazonbot) Chrome/119.0.6045.214 Safari/537.36" "-"
216.73.216.0 - - [13/Nov/2025:00:33:16 -0500] "GET /?path=%2F%2Fhomepages%2F25%2Fd850542716%2F.oneclick HTTP/1.1" 200 12777 noticias-web.online "-" "Mozilla/5.0 AppleWebKit/537.36 (KHTML, like Gecko; compatible; ClaudeBot/1.0; +claudebot@anthropic.com)" "-"
217.113.194.0 - - [13/Nov/2025:00:33:16 -0500] "GET /assuntos-gerais/how-to-start-the-online-casino-organization-in-2025/feed/?path=/homepages/4/d333580201 HTTP/1.1" 200 28419 noticias-web.online "-" "Mozilla/5.0 (compatible; Barkrowler/0.9; +https://babbar.tech/crawler)" "-"
2001:41d0:300:: - - [13/Nov/2025:00:33:17 -0500] "GET /?fileloc=//homepages/45/d855940686/htpasswd&path=//homepages/45/d855940686 HTTP/1.1" 200 12316 noticias-web.online "-" "Mozilla/5.0 (compatible; MJ12bot/v1.4.8; http://mj12bot.com/)" "-"
74.7.227.0 - - [13/Nov/2025:00:33:17 -0500] "GET /?fileloc=//kunden/kunden/kunden/kunden/kunden/kunden/kunden/proc/thread-self/root/proc/thread-self/root/kunden/kunden/proc/thread-self/root/kunden/usr/lib/git-core/git-show-ref&path=//kunden/kunden/kunden/kunden/kunden/kunden/kunden/proc/thread-self/root/proc/thread-self/root/kunden/kunden/proc/thread-self/root/kunden/usr/lib/git-core HTTP/1.1" 200 14738 noticias-web.online "-" "Mozilla/5.0 AppleWebKit/537.36 (KHTML, like Gecko; compatible; GPTBot/1.3; +https://openai.com/gptbot)" "-"
18.214.238.0 - - [13/Nov/2025:00:33:19 -0500] "GET /assuntos-gerais/mostbet-login-facil-e-rapido-mostbet-registration-hoje-em-dia/?fileloc=//proc/self/root/proc/self/root/kunden/lib/aspell/en_US-wo_accents.multi&path=//proc/self/root/proc/self/root/kunden/lib/aspell HTTP/1.1" 200 12811 noticias-web.online "-" "Mozilla/5.0 AppleWebKit/537.36 (KHTML, like Gecko; compatible; Amazonbot/0.1; +https://developer.amazon.com/support/amazonbot) Chrome/119.0.6045.214 Safari/537.36" "-"
74.7.227.0 - - [13/Nov/2025:00:33:21 -0500] "GET /?path=//kunden/kunden/kunden/kunden/kunden/kunden/kunden/proc/thread-self/root/proc/thread-self/root/kunden/kunden/proc/thread-self/root/kunden/usr/lib/git-core/mergetools HTTP/1.1" 200 61632 noticias-web.online "-" "Mozilla/5.0 AppleWebKit/537.36 (KHTML, like Gecko; compatible; GPTBot/1.3; +https://openai.com/gptbot)" "-"
2001:41d0:300:: - - [13/Nov/2025:00:33:21 -0500] "GET /?fileloc=//homepages/45/d856527904/.created&path=//homepages/45/d856527904 HTTP/1.1" 200 12327 noticias-web.online "-" "Mozilla/5.0 (compatible; MJ12bot/v1.4.8; http://mj12bot.com/)" "-"
18.232.36.0 - - [13/Nov/2025:00:33:23 -0500] "GET /assuntos-gerais/official-internet-site-3/?path=//proc/self/root/kunden/proc/self/root/kunden/kunden/lib/locale/zh_HK HTTP/1.1" 200 32963 noticias-web.online "-" "Mozilla/5.0 AppleWebKit/537.36 (KHTML, like Gecko; compatible; Amazonbot/0.1; +https://developer.amazon.com/support/amazonbot) Chrome/119.0.6045.214 Safari/537.36" "-"
74.7.227.0 - - [13/Nov/2025:00:33:24 -0500] "GET /?path=//kunden/kunden/kunden/kunden/kunden/kunden/kunden/proc/thread-self/root/proc/thread-self/root/kunden/kunden/proc/thread-self/root/kunden/usr/lib/systemd/user/graphical-session-pre.target.wants HTTP/1.1" 200 17600 noticias-web.online "-" "Mozilla/5.0 AppleWebKit/537.36 (KHTML, like Gecko; compatible; GPTBot/1.3; +https://openai.com/gptbot)" "-"
2001:41d0:300:: - - [13/Nov/2025:00:33:25 -0500] "GET /?fileloc=//homepages/45/d856527904/DASTOOLSTART&path=//homepages/45/d856527904 HTTP/1.1" 200 12320 noticias-web.online "-" "Mozilla/5.0 (compatible; MJ12bot/v1.4.8; http://mj12bot.com/)" "-"
74.7.227.0 - - [13/Nov/2025:00:33:27 -0500] "GET /?path=//kunden/kunden/kunden/kunden/kunden/kunden/kunden/proc/thread-self/root/proc/thread-self/root/kunden/kunden/proc/thread-self/root/kunden/usr/lib/pkgconfig HTTP/1.1" 200 15002 noticias-web.online "-" "Mozilla/5.0 AppleWebKit/537.36 (KHTML, like Gecko; compatible; GPTBot/1.3; +https://openai.com/gptbot)" "-"
18.213.240.0 - - [13/Nov/2025:00:33:27 -0500] "GET /assuntos-gerais/mostbet-login-facil-e-rapido-mostbet-registration-hoje-em-dia-2/?fileloc=//lib/python3/dist-packages/urllib3/contrib/_securetransport/bindings.py&path=//lib/python3/dist-packages/urllib3/contrib/_securetransport HTTP/1.1" 200 30517 noticias-web.online "-" "Mozilla/5.0 AppleWebKit/537.36 (KHTML, like Gecko; compatible; Amazonbot/0.1; +https://developer.amazon.com/support/amazonbot) Chrome/119.0.6045.214 Safari/537.36" "-"
2001:41d0:300:: - - [13/Nov/2025:00:33:30 -0500] "GET /?fileloc=//homepages/45/d856527904/htaccesslist&path=//homepages/45/d856527904 HTTP/1.1" 200 12320 noticias-web.online "-" "Mozilla/5.0 (compatible; MJ12bot/v1.4.8; http://mj12bot.com/)" "-"
74.7.227.0 - - [13/Nov/2025:00:33:30 -0500] "GET /?path=//kunden/kunden/kunden/kunden/kunden/kunden/kunden/proc/thread-self/root/proc/thread-self/root/kunden/kunden/proc/thread-self/root/usr/include/openssl HTTP/1.1" 200 216623 noticias-web.online "-" "Mozilla/5.0 AppleWebKit/537.36 (KHTML, like Gecko; compatible; GPTBot/1.3; +https://openai.com/gptbot)" "-"
34.203.111.0 - - [13/Nov/2025:00:33:31 -0500] "GET /assuntos-gerais/mostbet-bangladesh-official-site-athletics-betting-and-gambling-establishment-freebets-and-freespins/?path=//usr/lib/locale/en_US HTTP/1.1" 200 30150 noticias-web.online "-" "Mozilla/5.0 AppleWebKit/537.36 (KHTML, like Gecko; compatible; Amazonbot/0.1; +https://developer.amazon.com/support/amazonbot) Chrome/119.0.6045.214 Safari/537.36" "-"
217.113.194.0 - - [13/Nov/2025:00:33:33 -0500] "GET /assuntos-gerais/how-to-start-the-online-casino-organization-in-2025/feed/?path=/homepages/4/d330179610 HTTP/1.1" 200 26953 noticias-web.online "-" "Mozilla/5.0 (compatible; Barkrowler/0.9; +https://babbar.tech/crawler)" "-"
74.7.227.0 - - [13/Nov/2025:00:33:33 -0500] "GET /?path=//kunden/kunden/kunden/kunden/kunden/kunden/kunden/proc/thread-self/root/proc/thread-self/root/kunden/kunden/proc/thread-self/root/kunden/usr/lib/systemd/system HTTP/1.1" 200 55875 noticias-web.online "-" "Mozilla/5.0 AppleWebKit/537.36 (KHTML, like Gecko; compatible; GPTBot/1.3; +https://openai.com/gptbot)" "-"
2001:41d0:300:: - - [13/Nov/2025:00:33:34 -0500] "GET /?fileloc=//homepages/45/d856527904/htpasswd&path=//homepages/45/d856527904 HTTP/1.1" 200 12316 noticias-web.online "-" "Mozilla/5.0 (compatible; MJ12bot/v1.4.8; http://mj12bot.com/)" "-"
44.220.2.0 - - [13/Nov/2025:00:33:35 -0500] "GET /assuntos-gerais/vikten-av-bankrollhantering-i-stake-plinko/?path=//lib/python3/dist-packages/mercurial/utils HTTP/1.1" 200 29797 noticias-web.online "-" "Mozilla/5.0 AppleWebKit/537.36 (KHTML, like Gecko; compatible; Amazonbot/0.1; +https://developer.amazon.com/support/amazonbot) Chrome/119.0.6045.214 Safari/537.36" "-"
74.7.227.0 - - [13/Nov/2025:00:33:37 -0500] "GET /?path=//kunden/kunden/kunden/kunden/kunden/kunden/kunden/proc/thread-self/root/proc/thread-self/root/kunden/kunden/proc/thread-self/root/kunden/usr/lib/cgi-bin HTTP/1.1" 200 32722 noticias-web.online "-" "Mozilla/5.0 AppleWebKit/537.36 (KHTML, like Gecko; compatible; GPTBot/1.3; +https://openai.com/gptbot)" "-"
216.73.216.0 - - [13/Nov/2025:00:33:37 -0500] "GET /2025/07/20?fileloc=%2F%2Fkunden%2Fkunden%2Flib%2Flocale%2Fes_PA.utf8%2FLC_MEASUREMENT&path=%2F%2Fkunden%2Fkunden%2Flib%2Flocale%2Fes_PA.utf8 HTTP/1.1" 200 12466 noticias-web.online "-" "Mozilla/5.0 AppleWebKit/537.36 (KHTML, like Gecko; compatible; ClaudeBot/1.0; +claudebot@anthropic.com)" "-"
2001:41d0:300:: - - [13/Nov/2025:00:33:38 -0500] "GET /?fileloc=//homepages/45/d856648412/.created&path=//homepages/45/d856648412 HTTP/1.1" 200 12327 noticias-web.online "-" "Mozilla/5.0 (compatible; MJ12bot/v1.4.8; http://mj12bot.com/)" "-"
3.216.86.0 - - [13/Nov/2025:00:33:39 -0500] "GET /assuntos-gerais/vikten-av-bankrollhantering-i-stake-plinko/?fileloc=//kunden/usr/include/mqueue.h&path=//kunden/usr/include HTTP/1.1" 200 16123 noticias-web.online "-" "Mozilla/5.0 AppleWebKit/537.36 (KHTML, like Gecko; compatible; Amazonbot/0.1; +https://developer.amazon.com/support/amazonbot) Chrome/119.0.6045.214 Safari/537.36" "-"
74.7.227.0 - - [13/Nov/2025:00:33:40 -0500] "GET /?path=//kunden/kunden/kunden/kunden/kunden/kunden/kunden/proc/thread-self/root/proc/thread-self/root/kunden/kunden/proc/thread-self/root/kunden/usr/lib/tmpfiles.d HTTP/1.1" 200 19000 noticias-web.online "-" "Mozilla/5.0 AppleWebKit/537.36 (KHTML, like Gecko; compatible; GPTBot/1.3; +https://openai.com/gptbot)" "-"
216.73.216.0 - - [13/Nov/2025:00:33:40 -0500] "GET /assuntos-gerais/install-mostbet-app-bangladesh-on-android-plus-ios-get-apk-grab-320/feed?fileloc=%2Fhomepages%2F14%2Fd331038451%2Fhtaccesslist&path=%2Fhomepages%2F14%2Fd331038451 HTTP/1.1" 200 12316 noticias-web.online "-" "Mozilla/5.0 AppleWebKit/537.36 (KHTML, like Gecko; compatible; ClaudeBot/1.0; +claudebot@anthropic.com)" "-"
2001:41d0:300:: - - [13/Nov/2025:00:33:43 -0500] "GET /?fileloc=//homepages/45/d856648412/.htaccess&path=//homepages/45/d856648412 HTTP/1.1" 200 12317 noticias-web.online "-" "Mozilla/5.0 (compatible; MJ12bot/v1.4.8; http://mj12bot.com/)" "-"
216.73.216.0 - - [13/Nov/2025:00:33:43 -0500] "GET /assuntos-gerais/impact-of-winolympia-rtp-on-your-online-slot-winning-strategies/feed?fileloc=%2F%2Fusr%2Fbin%2Fhipstopgm&path=%2F%2Fusr%2Fbin HTTP/1.1" 200 12228 noticias-web.online "-" "Mozilla/5.0 AppleWebKit/537.36 (KHTML, like Gecko; compatible; ClaudeBot/1.0; +claudebot@anthropic.com)" "-"
74.7.227.0 - - [13/Nov/2025:00:33:43 -0500] "GET /?path=//kunden/kunden/kunden/kunden/kunden/kunden/kunden/proc/thread-self/root/proc/thread-self/root/kunden/kunden/proc/thread-self/root/kunden/usr/lib/compat-ld HTTP/1.1" 200 16959 noticias-web.online "-" "Mozilla/5.0 AppleWebKit/537.36 (KHTML, like Gecko; compatible; GPTBot/1.3; +https://openai.com/gptbot)" "-"
54.147.238.0 - - [13/Nov/2025:00:33:43 -0500] "GET /assuntos-gerais/official-internet-site-3/?path=//proc/self/root/kunden/lib/terminfo/l HTTP/1.1" 200 14417 noticias-web.online "-" "Mozilla/5.0 AppleWebKit/537.36 (KHTML, like Gecko; compatible; Amazonbot/0.1; +https://developer.amazon.com/support/amazonbot) Chrome/119.0.6045.214 Safari/537.36" "-"
216.73.216.0 - - [13/Nov/2025:00:33:46 -0500] "GET /assuntos-gerais/install-mostbet-app-bangladesh-on-android-plus-ios-get-apk-grab-320/feed?path=%2F%2Fhomepages%2F2%2Fd855019443 HTTP/1.1" 200 25510 noticias-web.online "-" "Mozilla/5.0 AppleWebKit/537.36 (KHTML, like Gecko; compatible; ClaudeBot/1.0; +claudebot@anthropic.com)" "-"
74.7.227.0 - - [13/Nov/2025:00:33:46 -0500] "GET /?path=//kunden/kunden/kunden/kunden/kunden/kunden/kunden/proc/thread-self/root/proc/thread-self/root/kunden/kunden/proc/thread-self/root/kunden/usr/lib/valgrind HTTP/1.1" 200 16994 noticias-web.online "-" "Mozilla/5.0 AppleWebKit/537.36 (KHTML, like Gecko; compatible; GPTBot/1.3; +https://openai.com/gptbot)" "-"
2001:41d0:300:: - - [13/Nov/2025:00:33:47 -0500] "GET /?fileloc=//homepages/45/d856648412/DASTOOLSTART&path=//homepages/45/d856648412 HTTP/1.1" 200 12320 noticias-web.online "-" "Mozilla/5.0 (compatible; MJ12bot/v1.4.8; http://mj12bot.com/)" "-"
52.207.47.0 - - [13/Nov/2025:00:33:47 -0500] "GET /assuntos-gerais/mostbet-login-facil-e-rapido-mostbet-registration-hoje-em-dia-2/?fileloc=//kunden/usr/bin/shuf&path=//kunden/usr/bin HTTP/1.1" 200 12280 noticias-web.online "-" "Mozilla/5.0 AppleWebKit/537.36 (KHTML, like Gecko; compatible; Amazonbot/0.1; +https://developer.amazon.com/support/amazonbot) Chrome/119.0.6045.214 Safari/537.36" "-"
217.113.194.0 - - [13/Nov/2025:00:33:49 -0500] "GET /assuntos-gerais/how-to-start-the-online-casino-organization-in-2025/feed/?path=/homepages/4/d330177542 HTTP/1.1" 200 29905 noticias-web.online "-" "Mozilla/5.0 (compatible; Barkrowler/0.9; +https://babbar.tech/crawler)" "-"
216.73.216.0 - - [13/Nov/2025:00:33:49 -0500] "GET /assuntos-gerais/what-is-the-better-time-of-30-days-to-learn-slot-equipment-2/?path=%2F%2Fhomepages%2F1%2Fd855479243%2Fmanaged HTTP/1.1" 200 12769 noticias-web.online "-" "Mozilla/5.0 AppleWebKit/537.36 (KHTML, like Gecko; compatible; ClaudeBot/1.0; +claudebot@anthropic.com)" "-"
74.7.227.0 - - [13/Nov/2025:00:33:49 -0500] "GET /?fileloc=//kunden/kunden/kunden/kunden/kunden/kunden/kunden/proc/thread-self/root/proc/thread-self/root/kunden/kunden/proc/thread-self/root/kunden/usr/lib/cgi-bin/redirect&path=//kunden/kunden/kunden/kunden/kunden/kunden/kunden/proc/thread-self/root/proc/thread-self/root/kunden/kunden/proc/thread-self/root/kunden/usr/lib/cgi-bin HTTP/1.1" 200 14731 noticias-web.online "-" "Mozilla/5.0 AppleWebKit/537.36 (KHTML, like Gecko; compatible; GPTBot/1.3; +https://openai.com/gptbot)" "-"
2001:41d0:300:: - - [13/Nov/2025:00:33:51 -0500] "GET /?fileloc=//homepages/45/d856648412/distributor.lock&path=//homepages/45/d856648412 HTTP/1.1" 200 12324 noticias-web.online "-" "Mozilla/5.0 (compatible; MJ12bot/v1.4.8; http://mj12bot.com/)" "-"
44.208.223.0 - - [13/Nov/2025:00:33:51 -0500] "GET /assuntos-gerais/official-internet-site-3/?path=//kunden/kunden/kunden/proc/self/root/lib/locale/lt_LT HTTP/1.1" 200 32024 noticias-web.online "-" "Mozilla/5.0 AppleWebKit/537.36 (KHTML, like Gecko; compatible; Amazonbot/0.1; +https://developer.amazon.com/support/amazonbot) Chrome/119.0.6045.214 Safari/537.36" "-"
216.73.216.0 - - [13/Nov/2025:00:33:52 -0500] "GET /assuntos-gerais/l-impact-des-algorithmes-sur-la-perception-du-temps-dans-les-jeux-numeriques/?fileloc=%2F%2Fusr%2Fshare%2Fman%2Fpt%2Fman8%2Fmandb.8.gz&path=%2F%2Fusr%2Fshare%2Fman%2Fpt%2Fman8 HTTP/1.1" 200 12378 noticias-web.online "-" "Mozilla/5.0 AppleWebKit/537.36 (KHTML, like Gecko; compatible; ClaudeBot/1.0; +claudebot@anthropic.com)" "-"
74.7.227.0 - - [13/Nov/2025:00:33:52 -0500] "GET /?fileloc=//kunden/kunden/kunden/kunden/kunden/kunden/kunden/proc/thread-self/root/proc/thread-self/root/kunden/kunden/proc/thread-self/root/kunden/usr/lib/cgi-bin/redirect.cgi&path=//kunden/kunden/kunden/kunden/kunden/kunden/kunden/proc/thread-self/root/proc/thread-self/root/kunden/kunden/proc/thread-self/root/kunden/usr/lib/cgi-bin HTTP/1.1" 200 14735 noticias-web.online "-" "Mozilla/5.0 AppleWebKit/537.36 (KHTML, like Gecko; compatible; GPTBot/1.3; +https://openai.com/gptbot)" "-"
216.73.216.0 - - [13/Nov/2025:00:33:55 -0500] "GET /assuntos-gerais/l-impact-des-algorithmes-sur-la-perception-du-temps-dans-les-jeux-numeriques/?fileloc=%2F%2Fhomepages%2F16%2Fd850127509%2Fhtaccesslist&path=%2F%2Fhomepages%2F16%2Fd850127509 HTTP/1.1" 200 12320 noticias-web.online "-" "Mozilla/5.0 AppleWebKit/537.36 (KHTML, like Gecko; compatible; ClaudeBot/1.0; +claudebot@anthropic.com)" "-"
23.21.250.0 - - [13/Nov/2025:00:33:55 -0500] "GET /assuntos-gerais/official-internet-site-3/?path=//lib/x86_64-linux-gnu/perl-base/IO HTTP/1.1" 200 23195 noticias-web.online "-" "Mozilla/5.0 AppleWebKit/537.36 (KHTML, like Gecko; compatible; Amazonbot/0.1; +https://developer.amazon.com/support/amazonbot) Chrome/119.0.6045.214 Safari/537.36" "-"
2001:41d0:300:: - - [13/Nov/2025:00:33:55 -0500] "GET /?fileloc=//homepages/45/d856648412/htaccesslist&path=//homepages/45/d856648412 HTTP/1.1" 200 12320 noticias-web.online "-" "Mozilla/5.0 (compatible; MJ12bot/v1.4.8; http://mj12bot.com/)" "-"
74.7.227.0 - - [13/Nov/2025:00:33:56 -0500] "GET /?path=//kunden/kunden/kunden/kunden/kunden/kunden/kunden/proc/thread-self/root/proc/thread-self/root/kunden/kunden/proc/thread-self/root/kunden/usr/lib/ui-infong-disable-utils HTTP/1.1" 200 15030 noticias-web.online "-" "Mozilla/5.0 AppleWebKit/537.36 (KHTML, like Gecko; compatible; GPTBot/1.3; +https://openai.com/gptbot)" "-"
216.73.216.0 - - [13/Nov/2025:00:33:58 -0500] "GET /assuntos-gerais/unlocking-hidden-rewards-lessons-from-ancient-and-modern-games-75/?path=%2F%2Fproc%2Fself%2Froot%2Fhomepages%2F31%2Fd853312808%2F.config HTTP/1.1" 200 12944 noticias-web.online "-" "Mozilla/5.0 AppleWebKit/537.36 (KHTML, like Gecko; compatible; ClaudeBot/1.0; +claudebot@anthropic.com)" "-"
74.7.227.0 - - [13/Nov/2025:00:33:59 -0500] "GET /?path=//kunden/kunden/kunden/kunden/kunden/kunden/kunden/proc/thread-self/root/proc/thread-self/root/kunden/kunden/kunden/kunden/kunden/var/lib/systemd/deb-systemd-helper-enabled HTTP/1.1" 200 41729 noticias-web.online "-" "Mozilla/5.0 AppleWebKit/537.36 (KHTML, like Gecko; compatible; GPTBot/1.3; +https://openai.com/gptbot)" "-"
54.147.238.0 - - [13/Nov/2025:00:33:59 -0500] "GET /assuntos-gerais/1xbet-apk-versus-web-platform-pros-and-cons/?path=//kunden/kunden/usr/lib/locale/tt_RU HTTP/1.1" 200 30940 noticias-web.online "-" "Mozilla/5.0 AppleWebKit/537.36 (KHTML, like Gecko; compatible; Amazonbot/0.1; +https://developer.amazon.com/support/amazonbot) Chrome/119.0.6045.214 Safari/537.36" "-"
2001:41d0:300:: - - [13/Nov/2025:00:34:00 -0500] "GET /?fileloc=//homepages/45/d856648412/htpasswd&path=//homepages/45/d856648412 HTTP/1.1" 200 12316 noticias-web.online "-" "Mozilla/5.0 (compatible; MJ12bot/v1.4.8; http://mj12bot.com/)" "-"
216.73.216.0 - - [13/Nov/2025:00:34:01 -0500] "GET /assuntos-gerais/exploring-the-future-of-interactive-entertainment-and-design/feed?fileloc=%2F%2Fkunden%2Fkunden%2Fkunden%2Fhomepages%2F10%2Fd855012495%2Flast_traffic&path=%2F%2Fkunden%2Fkunden%2Fkunden%2Fhomepages%2F10%2Fd855012495 HTTP/1.1" 200 12533 noticias-web.online "-" "Mozilla/5.0 AppleWebKit/537.36 (KHTML, like Gecko; compatible; ClaudeBot/1.0; +claudebot@anthropic.com)" "-"
74.7.227.0 - - [13/Nov/2025:00:34:02 -0500] "GET /?path=//kunden/kunden/kunden/kunden/kunden/kunden/kunden/proc/thread-self/root/proc/thread-self/root/kunden/kunden/proc/thread-self/root/kunden/usr/lib/emacsen-common HTTP/1.1" 200 26915 noticias-web.online "-" "Mozilla/5.0 AppleWebKit/537.36 (KHTML, like Gecko; compatible; GPTBot/1.3; +https://openai.com/gptbot)" "-"
2001:41d0:300:: - - [13/Nov/2025:00:34:04 -0500] "GET /?fileloc=//homepages/45/d856648412/last_traffic&path=//homepages/45/d856648412 HTTP/1.1" 200 12320 noticias-web.online "-" "Mozilla/5.0 (compatible; MJ12bot/v1.4.8; http://mj12bot.com/)" "-"
52.205.113.0 - - [13/Nov/2025:00:34:04 -0500] "GET /assuntos-gerais/mostbet-login-facil-e-rapido-mostbet-registration-hoje-em-dia/?path=//usr/share/perl/5.32/Time HTTP/1.1" 200 18656 noticias-web.online "-" "Mozilla/5.0 AppleWebKit/537.36 (KHTML, like Gecko; compatible; Amazonbot/0.1; +https://developer.amazon.com/support/amazonbot) Chrome/119.0.6045.214 Safari/537.36" "-"
216.73.216.0 - - [13/Nov/2025:00:34:04 -0500] "GET /assuntos-gerais/what-is-the-better-time-of-30-days-to-learn-slot-equipment-2/?fileloc=%2Fhomepages%2F7%2Fd855905539%2Fhtaccesslist&path=%2Fhomepages%2F7%2Fd855905539 HTTP/1.1" 200 12312 noticias-web.online "-" "Mozilla/5.0 AppleWebKit/537.36 (KHTML, like Gecko; compatible; ClaudeBot/1.0; +claudebot@anthropic.com)" "-"
74.7.227.0 - - [13/Nov/2025:00:34:05 -0500] "GET /?fileloc=//kunden/kunden/kunden/kunden/kunden/kunden/kunden/proc/thread-self/root/proc/thread-self/root/kunden/kunden/proc/thread-self/root/kunden/usr/lib/systemd/user/ssh-agent.service&path=//kunden/kunden/kunden/kunden/kunden/kunden/kunden/proc/thread-self/root/proc/thread-self/root/kunden/kunden/proc/thread-self/root/kunden/usr/lib/systemd/user HTTP/1.1" 200 15216 noticias-web.online "-" "Mozilla/5.0 AppleWebKit/537.36 (KHTML, like Gecko; compatible; GPTBot/1.3; +https://openai.com/gptbot)" "-"
217.113.194.0 - - [13/Nov/2025:00:34:06 -0500] "GET /assuntos-gerais/how-to-start-the-online-casino-organization-in-2025/feed/?path=/homepages/4/d853070120 HTTP/1.1" 200 25475 noticias-web.online "-" "Mozilla/5.0 (compatible; Barkrowler/0.9; +https://babbar.tech/crawler)" "-"
216.73.216.0 - - [13/Nov/2025:00:34:07 -0500] "GET /assuntos-gerais/l-impact-des-algorithmes-sur-la-perception-du-temps-dans-les-jeux-numeriques/?path=%2Fhomepages%2F25%2Fd334001107 HTTP/1.1" 200 28466 noticias-web.online "-" "Mozilla/5.0 AppleWebKit/537.36 (KHTML, like Gecko; compatible; ClaudeBot/1.0; +claudebot@anthropic.com)" "-"
3.223.181.0 - - [13/Nov/2025:00:34:07 -0500] "GET /assuntos-gerais/winning-roulette-tips-from-a-specialist-player-professional-different-roulette-games-systems-strategies-2/?path=//var/lib/ghostscript HTTP/1.1" 200 15360 noticias-web.online "-" "Mozilla/5.0 AppleWebKit/537.36 (KHTML, like Gecko; compatible; Amazonbot/0.1; +https://developer.amazon.com/support/amazonbot) Chrome/119.0.6045.214 Safari/537.36" "-"
2001:41d0:300:: - - [13/Nov/2025:00:34:08 -0500] "GET /?fileloc=//homepages/45/d856648412/metadata.json&path=//homepages/45/d856648412 HTTP/1.1" 200 12321 noticias-web.online "-" "Mozilla/5.0 (compatible; MJ12bot/v1.4.8; http://mj12bot.com/)" "-"
74.7.227.0 - - [13/Nov/2025:00:34:08 -0500] "GET /?fileloc=//kunden/kunden/kunden/kunden/kunden/kunden/kunden/proc/thread-self/root/proc/thread-self/root/kunden/kunden/proc/thread-self/root/kunden/usr/lib/systemd/user/gpg-agent.service&path=//kunden/kunden/kunden/kunden/kunden/kunden/kunden/proc/thread-self/root/proc/thread-self/root/kunden/kunden/proc/thread-self/root/kunden/usr/lib/systemd/user HTTP/1.1" 200 15152 noticias-web.online "-" "Mozilla/5.0 AppleWebKit/537.36 (KHTML, like Gecko; compatible; GPTBot/1.3; +https://openai.com/gptbot)" "-"
216.73.216.0 - - [13/Nov/2025:00:34:10 -0500] "GET /?fileloc=%2F%2Fhomepages%2F15%2Fd856529989%2Fhtaccesslist&path=%2F%2Fhomepages%2F15%2Fd856529989 HTTP/1.1" 200 12320 noticias-web.online "-" "Mozilla/5.0 AppleWebKit/537.36 (KHTML, like Gecko; compatible; ClaudeBot/1.0; +claudebot@anthropic.com)" "-"
18.207.89.0 - - [13/Nov/2025:00:34:11 -0500] "GET /assuntos-gerais/slot-strategy-guide-rng-timing-bonuses-payouts-faq-2/?path=//kunden/kunden/kunden/kunden/lib/python3/dist-packages/docs/tutorial HTTP/1.1" 200 29703 noticias-web.online "-" "Mozilla/5.0 AppleWebKit/537.36 (KHTML, like Gecko; compatible; Amazonbot/0.1; +https://developer.amazon.com/support/amazonbot) Chrome/119.0.6045.214 Safari/537.36" "-"
74.7.227.0 - - [13/Nov/2025:00:34:11 -0500] "GET /?fileloc=//kunden/kunden/kunden/kunden/kunden/kunden/kunden/proc/thread-self/root/proc/thread-self/root/kunden/kunden/proc/thread-self/root/kunden/usr/lib/systemd/user/graphical-session-pre.target.wants/ssh-agent.service&path=//kunden/kunden/kunden/kunden/kunden/kunden/kunden/proc/thread-self/root/proc/thread-self/root/kunden/kunden/proc/thread-self/root/kunden/usr/lib/systemd/user/graphical-session-pre.target.wants HTTP/1.1" 200 15500 noticias-web.online "-" "Mozilla/5.0 AppleWebKit/537.36 (KHTML, like Gecko; compatible; GPTBot/1.3; +https://openai.com/gptbot)" "-"
2001:41d0:300:: - - [13/Nov/2025:00:34:12 -0500] "GET /?fileloc=//homepages/45/d856648412/phpinilist&path=//homepages/45/d856648412 HTTP/1.1" 200 12318 noticias-web.online "-" "Mozilla/5.0 (compatible; MJ12bot/v1.4.8; http://mj12bot.com/)" "-"
216.73.216.0 - - [13/Nov/2025:00:34:13 -0500] "GET /assuntos-gerais/how-to-try-out-slot-equipment-a-detailed-newcomers-guide-2/feed?fileloc=%2F%2Fproc%2Fself%2Froot%2Fhomepages%2F19%2Fd332535594%2F.created&path=%2F%2Fproc%2Fself%2Froot%2Fhomepages%2F19%2Fd332535594 HTTP/1.1" 200 12498 noticias-web.online "-" "Mozilla/5.0 AppleWebKit/537.36 (KHTML, like Gecko; compatible; ClaudeBot/1.0; +claudebot@anthropic.com)" "-"
2a03:2880:f800:: - - [13/Nov/2025:00:34:13 -0500] "GET /assuntos-gerais/mastering-data-driven-personalization-in-email-campaigns-from-technical-setup-to-optimization/?path=/homepages/4/d334608091 HTTP/1.1" 200 31379 noticias-web.online "-" "meta-externalagent/1.1 (+https://developers.facebook.com/docs/sharing/webmasters/crawler)" "-"
74.7.227.0 - - [13/Nov/2025:00:34:15 -0500] "GET /?path=//kunden/kunden/kunden/kunden/kunden/kunden/kunden/proc/thread-self/root/proc/thread-self/root/kunden/kunden/kunden/kunden/kunden/var/lib/systemd/deb-systemd-helper-enabled/default.target.wants HTTP/1.1" 200 17439 noticias-web.online "-" "Mozilla/5.0 AppleWebKit/537.36 (KHTML, like Gecko; compatible; GPTBot/1.3; +https://openai.com/gptbot)" "-"
18.214.138.0 - - [13/Nov/2025:00:34:15 -0500] "GET /assuntos-gerais/official-internet-site-3/?path=//proc/self/root/kunden/proc/thread-self/root/lib/locale/doi_IN HTTP/1.1" 200 32528 noticias-web.online "-" "Mozilla/5.0 AppleWebKit/537.36 (KHTML, like Gecko; compatible; Amazonbot/0.1; +https://developer.amazon.com/support/amazonbot) Chrome/119.0.6045.214 Safari/537.36" "-"
216.73.216.0 - - [13/Nov/2025:00:34:16 -0500] "GET /2025/07/20?fileloc=%2F%2Fkunden%2Flib%2Flocale%2Fnhn_MX%2FLC_TIME&path=%2F%2Fkunden%2Flib%2Flocale%2Fnhn_MX HTTP/1.1" 200 12353 noticias-web.online "-" "Mozilla/5.0 AppleWebKit/537.36 (KHTML, like Gecko; compatible; ClaudeBot/1.0; +claudebot@anthropic.com)" "-"
2001:41d0:300:: - - [13/Nov/2025:00:34:16 -0500] "GET /?fileloc=//homepages/45/d856958001/.created&path=//homepages/45/d856958001 HTTP/1.1" 200 12327 noticias-web.online "-" "Mozilla/5.0 (compatible; MJ12bot/v1.4.8; http://mj12bot.com/)" "-"
74.7.227.0 - - [13/Nov/2025:00:34:18 -0500] "GET /?path=//kunden/kunden/kunden/kunden/kunden/kunden/kunden/proc/thread-self/root/proc/thread-self/root/kunden/kunden/kunden/kunden/kunden/var/lib/systemd/deb-systemd-helper-enabled/multi-user.target.wants HTTP/1.1" 200 21749 noticias-web.online "-" "Mozilla/5.0 AppleWebKit/537.36 (KHTML, like Gecko; compatible; GPTBot/1.3; +https://openai.com/gptbot)" "-"
216.73.216.0 - - [13/Nov/2025:00:34:19 -0500] "GET /assuntos-gerais/how-to-try-out-slot-equipment-a-detailed-newcomers-guide-2/feed?fileloc=%2F%2Fhomepages%2F42%2Fd330627558%2Fhtaccesslist&path=%2F%2Fhomepages%2F42%2Fd330627558 HTTP/1.1" 200 12320 noticias-web.online "-" "Mozilla/5.0 AppleWebKit/537.36 (KHTML, like Gecko; compatible; ClaudeBot/1.0; +claudebot@anthropic.com)" "-"
54.157.99.0 - - [13/Nov/2025:00:34:19 -0500] "GET /assuntos-gerais/mostbet-login-facil-e-rapido-mostbet-registration-hoje-em-dia-2/?fileloc=//lib/python3/dist-packages/configobj-5.0.6.egg-info/dependency_links.txt&path=//lib/python3/dist-packages/configobj-5.0.6.egg-info HTTP/1.1" 200 12451 noticias-web.online "-" "Mozilla/5.0 AppleWebKit/537.36 (KHTML, like Gecko; compatible; Amazonbot/0.1; +https://developer.amazon.com/support/amazonbot) Chrome/119.0.6045.214 Safari/537.36" "-"
