216.73.216.0 - - [13/Nov/2025:00:38:11 -0500] "GET /assuntos-gerais/l-importance-des-certificats-ssl-dans-les-jeux-en-ligne-modernes/?fileloc=%2Fhomepages%2F11%2Fd857710907%2Fhtaccesslist&path=%2Fhomepages%2F11%2Fd857710907 HTTP/1.1" 200 12316 noticias-web.online "-" "Mozilla/5.0 AppleWebKit/537.36 (KHTML, like Gecko; compatible; ClaudeBot/1.0; +claudebot@anthropic.com)" "-"
54.84.250.0 - - [13/Nov/2025:00:38:12 -0500] "GET /assuntos-gerais/faca-o-login-e-jogue-online-2/?fileloc=//proc/thread-self/root/lib/aspell/en_GB-ise-wo_accents-only.rws&path=//proc/thread-self/root/lib/aspell HTTP/1.1" 200 12455 noticias-web.online "-" "Mozilla/5.0 AppleWebKit/537.36 (KHTML, like Gecko; compatible; Amazonbot/0.1; +https://developer.amazon.com/support/amazonbot) Chrome/119.0.6045.214 Safari/537.36" "-"
2001:41d0:300:: - - [13/Nov/2025:00:38:14 -0500] "GET /?fileloc=//homepages/46/d332206903/last_traffic&path=//homepages/46/d332206903 HTTP/1.1" 200 12320 noticias-web.online "-" "Mozilla/5.0 (compatible; MJ12bot/v1.4.8; http://mj12bot.com/)" "-"
216.73.216.0 - - [13/Nov/2025:00:38:14 -0500] "GET /goods482957824?path=%2Fhomepages%2F4%2Fd860090557%2Fhtdocs%2Fclickandbuilds%2FNotciasWebOnline%2F.tmb HTTP/1.1" 200 13037 noticias-web.online "-" "Mozilla/5.0 AppleWebKit/537.36 (KHTML, like Gecko; compatible; ClaudeBot/1.0; +claudebot@anthropic.com)" "-"
74.7.227.0 - - [13/Nov/2025:00:38:15 -0500] "GET /?path=//kunden/kunden/kunden/kunden/kunden/kunden/kunden/proc/thread-self/root/proc/thread-self/root/kunden/kunden/proc/thread-self/root/kunden/usr/lib/ruby/vendor_ruby/rubygems/resolver/molinillo HTTP/1.1" 200 17654 noticias-web.online "-" "Mozilla/5.0 AppleWebKit/537.36 (KHTML, like Gecko; compatible; GPTBot/1.3; +https://openai.com/gptbot)" "-"
23.23.103.0 - - [13/Nov/2025:00:38:15 -0500] "GET /assuntos-gerais/faca-o-login-e-jogue-online-2/?fileloc=//lib/susshi/exec/stage-create&path=//lib/susshi/exec HTTP/1.1" 200 14400 noticias-web.online "-" "Mozilla/5.0 AppleWebKit/537.36 (KHTML, like Gecko; compatible; Amazonbot/0.1; +https://developer.amazon.com/support/amazonbot) Chrome/119.0.6045.214 Safari/537.36" "-"
216.73.216.0 - - [13/Nov/2025:00:38:17 -0500] "GET /goods376532064?path=%2Fhomepages%2F4%2Fd860090557%2Fhtdocs%2Fclickandbuilds HTTP/1.1" 200 30496 noticias-web.online "-" "Mozilla/5.0 AppleWebKit/537.36 (KHTML, like Gecko; compatible; ClaudeBot/1.0; +claudebot@anthropic.com)" "-"
74.7.227.0 - - [13/Nov/2025:00:38:18 -0500] "GET /?path=//kunden/kunden/kunden/kunden/kunden/kunden/kunden/proc/thread-self/root/proc/thread-self/root/kunden/kunden/proc/thread-self/root/kunden/usr/lib/ruby/vendor_ruby/rubygems/ssl_certs/rubygems.org HTTP/1.1" 200 20210 noticias-web.online "-" "Mozilla/5.0 AppleWebKit/537.36 (KHTML, like Gecko; compatible; GPTBot/1.3; +https://openai.com/gptbot)" "-"
2001:41d0:300:: - - [13/Nov/2025:00:38:18 -0500] "GET /?fileloc=//homepages/46/d332441856/.created&path=//homepages/46/d332441856 HTTP/1.1" 200 12327 noticias-web.online "-" "Mozilla/5.0 (compatible; MJ12bot/v1.4.8; http://mj12bot.com/)" "-"
23.23.137.0 - - [13/Nov/2025:00:38:19 -0500] "GET /assuntos-gerais/mostbet-login-facil-e-rapido-mostbet-registration-hoje-em-dia-2/?fileloc=//lib/python3.9/distutils/command/bdist_wininst.py&path=//lib/python3.9/distutils/command HTTP/1.1" 200 29545 noticias-web.online "-" "Mozilla/5.0 AppleWebKit/537.36 (KHTML, like Gecko; compatible; Amazonbot/0.1; +https://developer.amazon.com/support/amazonbot) Chrome/119.0.6045.214 Safari/537.36" "-"
216.73.216.0 - - [13/Nov/2025:00:38:20 -0500] "GET /?path=%2F%2Fhomepages%2F36%2Fd855272055%2Fmanaged HTTP/1.1" 200 12773 noticias-web.online "-" "Mozilla/5.0 AppleWebKit/537.36 (KHTML, like Gecko; compatible; ClaudeBot/1.0; +claudebot@anthropic.com)" "-"
74.7.227.0 - - [13/Nov/2025:00:38:21 -0500] "GET /?path=//kunden/kunden/kunden/kunden/kunden/kunden/kunden/proc/thread-self/root/proc/thread-self/root/kunden/kunden/proc/thread-self/root/kunden/usr/lib/terminfo/E HTTP/1.1" 200 19151 noticias-web.online "-" "Mozilla/5.0 AppleWebKit/537.36 (KHTML, like Gecko; compatible; GPTBot/1.3; +https://openai.com/gptbot)" "-"
2001:41d0:300:: - - [13/Nov/2025:00:38:23 -0500] "GET /?fileloc=//homepages/46/d332441856/DASTOOLSTART&path=//homepages/46/d332441856 HTTP/1.1" 200 12320 noticias-web.online "-" "Mozilla/5.0 (compatible; MJ12bot/v1.4.8; http://mj12bot.com/)" "-"
216.73.216.0 - - [13/Nov/2025:00:38:23 -0500] "GET /goods2048716736?fileloc=%2Fhomepages%2F4%2Fd860090557%2Fhtdocs%2Fclickandbuilds%2FNotciasWebOnline%2F.htaccess&path=%2Fhomepages%2F4%2Fd860090557%2Fhtdocs%2Fclickandbuilds%2FNotciasWebOnline HTTP/1.1" 200 14665 noticias-web.online "-" "Mozilla/5.0 AppleWebKit/537.36 (KHTML, like Gecko; compatible; ClaudeBot/1.0; +claudebot@anthropic.com)" "-"
3.94.156.0 - - [13/Nov/2025:00:38:24 -0500] "GET /assuntos-gerais/mostbet-login-facil-e-rapido-mostbet-registration-hoje-em-dia-2/?fileloc=//kunden/kunden/lib/locale/pt_BR/LC_COLLATE&path=//kunden/kunden/lib/locale/pt_BR HTTP/1.1" 200 12424 noticias-web.online "-" "Mozilla/5.0 AppleWebKit/537.36 (KHTML, like Gecko; compatible; Amazonbot/0.1; +https://developer.amazon.com/support/amazonbot) Chrome/119.0.6045.214 Safari/537.36" "-"
74.7.227.0 - - [13/Nov/2025:00:38:24 -0500] "GET /?path=//kunden/kunden/kunden/kunden/kunden/kunden/kunden/proc/thread-self/root/proc/thread-self/root/kunden/kunden/proc/thread-self/root/kunden/usr/lib/terminfo/p HTTP/1.1" 200 17156 noticias-web.online "-" "Mozilla/5.0 AppleWebKit/537.36 (KHTML, like Gecko; compatible; GPTBot/1.3; +https://openai.com/gptbot)" "-"
216.73.216.0 - - [13/Nov/2025:00:38:26 -0500] "GET /assuntos-gerais/exploring-the-future-of-interactive-entertainment-and-design/feed?fileloc=%2F%2Fkunden%2Fkunden%2Fbin%2Frdoc2.7&path=%2F%2Fkunden%2Fkunden%2Fbin HTTP/1.1" 200 12851 noticias-web.online "-" "Mozilla/5.0 AppleWebKit/537.36 (KHTML, like Gecko; compatible; ClaudeBot/1.0; +claudebot@anthropic.com)" "-"
2001:41d0:300:: - - [13/Nov/2025:00:38:27 -0500] "GET /?fileloc=//homepages/46/d332441856/htaccesslist&path=//homepages/46/d332441856 HTTP/1.1" 200 12320 noticias-web.online "-" "Mozilla/5.0 (compatible; MJ12bot/v1.4.8; http://mj12bot.com/)" "-"
74.7.227.0 - - [13/Nov/2025:00:38:27 -0500] "GET /?path=//kunden/kunden/kunden/kunden/kunden/kunden/kunden/proc/thread-self/root/proc/thread-self/root/kunden/kunden/proc/thread-self/root/kunden/usr/lib/terminfo/h HTTP/1.1" 200 17149 noticias-web.online "-" "Mozilla/5.0 AppleWebKit/537.36 (KHTML, like Gecko; compatible; GPTBot/1.3; +https://openai.com/gptbot)" "-"
18.208.11.0 - - [13/Nov/2025:00:38:28 -0500] "GET /assuntos-gerais/faca-o-login-e-jogue-online-2/?fileloc=//proc/thread-self/root/lib/aspell/en_US-w_accents-only.rws&path=//proc/thread-self/root/lib/aspell HTTP/1.1" 200 12450 noticias-web.online "-" "Mozilla/5.0 AppleWebKit/537.36 (KHTML, like Gecko; compatible; Amazonbot/0.1; +https://developer.amazon.com/support/amazonbot) Chrome/119.0.6045.214 Safari/537.36" "-"
216.73.216.0 - - [13/Nov/2025:00:38:29 -0500] "GET /2025/07/20?fileloc=%2F%2Fkunden%2Fkunden%2Flib%2Flocale%2Ffur_IT%2FLC_NUMERIC&path=%2F%2Fkunden%2Fkunden%2Flib%2Flocale%2Ffur_IT HTTP/1.1" 200 12486 noticias-web.online "-" "Mozilla/5.0 AppleWebKit/537.36 (KHTML, like Gecko; compatible; ClaudeBot/1.0; +claudebot@anthropic.com)" "-"
74.7.227.0 - - [13/Nov/2025:00:38:30 -0500] "GET /?path=//kunden/kunden/kunden/kunden/kunden/kunden/kunden/proc/thread-self/root/proc/thread-self/root/kunden/kunden/proc/thread-self/root/kunden/usr/lib/ruby/vendor_ruby/rubygems/resolver/molinillo/lib HTTP/1.1" 200 20063 noticias-web.online "-" "Mozilla/5.0 AppleWebKit/537.36 (KHTML, like Gecko; compatible; GPTBot/1.3; +https://openai.com/gptbot)" "-"
2001:41d0:300:: - - [13/Nov/2025:00:38:31 -0500] "GET /?fileloc=//homepages/46/d332441856/htpasswd&path=//homepages/46/d332441856 HTTP/1.1" 200 12316 noticias-web.online "-" "Mozilla/5.0 (compatible; MJ12bot/v1.4.8; http://mj12bot.com/)" "-"
34.195.60.0 - - [13/Nov/2025:00:38:31 -0500] "GET /assuntos-gerais/mostbet-login-facil-e-rapido-mostbet-registration-hoje-em-dia/?fileloc=//kunden/kunden/etc/ssl/certs/Buypass_Class_2_Root_CA.pem&path=//kunden/kunden/etc/ssl/certs HTTP/1.1" 200 14344 noticias-web.online "-" "Mozilla/5.0 AppleWebKit/537.36 (KHTML, like Gecko; compatible; Amazonbot/0.1; +https://developer.amazon.com/support/amazonbot) Chrome/119.0.6045.214 Safari/537.36" "-"
216.73.216.0 - - [13/Nov/2025:00:38:32 -0500] "GET /assuntos-gerais/what-to-know-about-wagering-requirements-on-glory-casino-bonus?fileloc=%2F%2Fusr%2Fshare%2Fman%2Fman1%2Fx86_64-linux-gnu-strip.1.gz&path=%2F%2Fusr%2Fshare%2Fman%2Fman1 HTTP/1.1" 200 12347 noticias-web.online "-" "Mozilla/5.0 AppleWebKit/537.36 (KHTML, like Gecko; compatible; ClaudeBot/1.0; +claudebot@anthropic.com)" "-"
74.7.227.0 - - [13/Nov/2025:00:38:34 -0500] "GET /?path=//kunden/kunden/kunden/kunden/kunden/kunden/kunden/proc/thread-self/root/proc/thread-self/root/kunden/kunden/proc/thread-self/root/kunden/usr/lib/terminfo/l HTTP/1.1" 200 17153 noticias-web.online "-" "Mozilla/5.0 AppleWebKit/537.36 (KHTML, like Gecko; compatible; GPTBot/1.3; +https://openai.com/gptbot)" "-"
2001:41d0:300:: - - [13/Nov/2025:00:38:35 -0500] "GET /?fileloc=//homepages/46/d332441856/phpinilist&path=//homepages/46/d332441856 HTTP/1.1" 200 12318 noticias-web.online "-" "Mozilla/5.0 (compatible; MJ12bot/v1.4.8; http://mj12bot.com/)" "-"
18.205.213.0 - - [13/Nov/2025:00:38:35 -0500] "GET /assuntos-gerais/how-to-try-out-slot-equipment-a-detailed-newcomers-guide-2/?fileloc=//kunden/kunden/lib/python3/dist-packages/apt/cdrom.py&path=//kunden/kunden/lib/python3/dist-packages/apt HTTP/1.1" 200 16223 noticias-web.online "-" "Mozilla/5.0 AppleWebKit/537.36 (KHTML, like Gecko; compatible; Amazonbot/0.1; +https://developer.amazon.com/support/amazonbot) Chrome/119.0.6045.214 Safari/537.36" "-"
216.73.216.0 - - [13/Nov/2025:00:38:35 -0500] "GET /?fileloc=%2F%2Fhomepages%2F45%2Fd333854299%2F.created&path=%2F%2Fhomepages%2F45%2Fd333854299 HTTP/1.1" 200 12327 noticias-web.online "-" "Mozilla/5.0 AppleWebKit/537.36 (KHTML, like Gecko; compatible; ClaudeBot/1.0; +claudebot@anthropic.com)" "-"
74.7.227.0 - - [13/Nov/2025:00:38:37 -0500] "GET /?path=//kunden/kunden/kunden/kunden/kunden/kunden/kunden/proc/thread-self/root/proc/thread-self/root/kunden/kunden/proc/thread-self/root/kunden/usr/lib/terminfo/s HTTP/1.1" 200 31170 noticias-web.online "-" "Mozilla/5.0 AppleWebKit/537.36 (KHTML, like Gecko; compatible; GPTBot/1.3; +https://openai.com/gptbot)" "-"
216.73.216.0 - - [13/Nov/2025:00:38:38 -0500] "GET /assuntos-gerais/how-to-try-out-slot-equipment-a-detailed-newcomers-guide-2/feed?path=%2Fhomepages%2F14%2Fd333447107%2Fmanaged HTTP/1.1" 200 12769 noticias-web.online "-" "Mozilla/5.0 AppleWebKit/537.36 (KHTML, like Gecko; compatible; ClaudeBot/1.0; +claudebot@anthropic.com)" "-"
74.7.227.0 - - [13/Nov/2025:00:38:40 -0500] "GET /?path=//kunden/kunden/kunden/kunden/kunden/kunden/kunden/proc/thread-self/root/proc/thread-self/root/kunden/kunden/proc/thread-self/root/kunden/usr/lib/terminfo/t HTTP/1.1" 200 19155 noticias-web.online "-" "Mozilla/5.0 AppleWebKit/537.36 (KHTML, like Gecko; compatible; GPTBot/1.3; +https://openai.com/gptbot)" "-"
2001:41d0:300:: - - [13/Nov/2025:00:38:40 -0500] "GET /?fileloc=//homepages/46/d333257823/.created&path=//homepages/46/d333257823 HTTP/1.1" 200 12327 noticias-web.online "-" "Mozilla/5.0 (compatible; MJ12bot/v1.4.8; http://mj12bot.com/)" "-"
54.162.69.0 - - [13/Nov/2025:00:38:40 -0500] "GET /assuntos-gerais/mostbet-login-facil-e-rapido-mostbet-registration-hoje-em-dia/?fileloc=//proc/thread-self/root/lib/aspell/en_US.multi&path=//proc/thread-self/root/lib/aspell HTTP/1.1" 200 12533 noticias-web.online "-" "Mozilla/5.0 AppleWebKit/537.36 (KHTML, like Gecko; compatible; Amazonbot/0.1; +https://developer.amazon.com/support/amazonbot) Chrome/119.0.6045.214 Safari/537.36" "-"
216.73.216.0 - - [13/Nov/2025:00:38:41 -0500] "GET /assuntos-gerais/exploring-the-future-of-interactive-entertainment-and-design/feed?fileloc=%2F%2Fkunden%2Fkunden%2Fbin%2Fdeb-systemd-helper&path=%2F%2Fkunden%2Fkunden%2Fbin HTTP/1.1" 200 34684 noticias-web.online "-" "Mozilla/5.0 AppleWebKit/537.36 (KHTML, like Gecko; compatible; ClaudeBot/1.0; +claudebot@anthropic.com)" "-"
81.95.107.0 - - [13/Nov/2025:00:38:41 -0500] "GET /wp-admin/ALFA_DATA/alfacgiapi/ HTTP/1.1" 503 299 cleancleaningnow.com "-" "Mozilla/5.0 (Windows NT 10.0; Win64; x64) AppleWebKit/537.36 (KHTML, like Gecko) Chrome/87.0.4280.141 Safari/537.36" "-"
66.249.74.0 - - [13/Nov/2025:00:38:43 -0500] "GET /goods52674400?kg=0052609358 HTTP/1.1" 200 202536 noticias-web.online "-" "Mozilla/5.0 (Linux; Android 6.0.1; Nexus 5X Build/MMB29P) AppleWebKit/537.36 (KHTML, like Gecko) Chrome/141.0.7390.122 Mobile Safari/537.36 (compatible; Googlebot/2.1; +http://www.google.com/bot.html)" "-"
74.7.227.0 - - [13/Nov/2025:00:38:43 -0500] "GET /?path=//kunden/kunden/kunden/kunden/kunden/kunden/kunden/proc/thread-self/root/proc/thread-self/root/kunden/kunden/proc/thread-self/root/kunden/usr/lib/terminfo/c HTTP/1.1" 200 21141 noticias-web.online "-" "Mozilla/5.0 AppleWebKit/537.36 (KHTML, like Gecko; compatible; GPTBot/1.3; +https://openai.com/gptbot)" "-"
44.215.61.0 - - [13/Nov/2025:00:38:44 -0500] "GET /assuntos-gerais/vikten-av-bankrollhantering-i-stake-plinko/?path=//lib/python3/dist-packages/apt/progress/__pycache__ HTTP/1.1" 200 17778 noticias-web.online "-" "Mozilla/5.0 AppleWebKit/537.36 (KHTML, like Gecko; compatible; Amazonbot/0.1; +https://developer.amazon.com/support/amazonbot) Chrome/119.0.6045.214 Safari/537.36" "-"
216.73.216.0 - - [13/Nov/2025:00:38:44 -0500] "GET /assuntos-gerais/how-to-try-out-slot-equipment-a-detailed-newcomers-guide-2/feed?path=%2F%2Fproc%2Ffs%2Fext4%2Fdm-1 HTTP/1.1" 200 17058 noticias-web.online "-" "Mozilla/5.0 AppleWebKit/537.36 (KHTML, like Gecko; compatible; ClaudeBot/1.0; +claudebot@anthropic.com)" "-"
2001:41d0:300:: - - [13/Nov/2025:00:38:44 -0500] "GET /?fileloc=//homepages/46/d333257823/DASTOOLSTART&path=//homepages/46/d333257823 HTTP/1.1" 200 12320 noticias-web.online "-" "Mozilla/5.0 (compatible; MJ12bot/v1.4.8; http://mj12bot.com/)" "-"
74.7.227.0 - - [13/Nov/2025:00:38:46 -0500] "GET /?path=//kunden/kunden/kunden/kunden/kunden/kunden/kunden/proc/thread-self/root/proc/thread-self/root/kunden/kunden/proc/thread-self/root/kunden/usr/lib/ruby/vendor_ruby/rubygems/resolver/molinillo/lib/molinillo HTTP/1.1" 200 35172 noticias-web.online "-" "Mozilla/5.0 AppleWebKit/537.36 (KHTML, like Gecko; compatible; GPTBot/1.3; +https://openai.com/gptbot)" "-"
216.73.216.0 - - [13/Nov/2025:00:38:47 -0500] "GET /assuntos-gerais/impact-of-winolympia-rtp-on-your-online-slot-winning-strategies/feed?fileloc=%2F%2Fhomepages%2F45%2Fd331041161%2Fhtaccesslist&path=%2F%2Fhomepages%2F45%2Fd331041161 HTTP/1.1" 200 12320 noticias-web.online "-" "Mozilla/5.0 AppleWebKit/537.36 (KHTML, like Gecko; compatible; ClaudeBot/1.0; +claudebot@anthropic.com)" "-"
2001:41d0:300:: - - [13/Nov/2025:00:38:49 -0500] "GET /?fileloc=//homepages/46/d333257823/htaccesslist&path=//homepages/46/d333257823 HTTP/1.1" 200 12320 noticias-web.online "-" "Mozilla/5.0 (compatible; MJ12bot/v1.4.8; http://mj12bot.com/)" "-"
184.72.84.0 - - [13/Nov/2025:00:38:49 -0500] "GET /assuntos-gerais/faca-o-login-e-jogue-online-2/?fileloc=//proc/sys/net/ipv4/icmp_echo_ignore_all&path=//proc/sys/net/ipv4 HTTP/1.1" 200 12338 noticias-web.online "-" "Mozilla/5.0 AppleWebKit/537.36 (KHTML, like Gecko; compatible; Amazonbot/0.1; +https://developer.amazon.com/support/amazonbot) Chrome/119.0.6045.214 Safari/537.36" "-"
74.7.227.0 - - [13/Nov/2025:00:38:49 -0500] "GET /?path=//kunden/kunden/kunden/kunden/kunden/kunden/kunden/proc/thread-self/root/proc/thread-self/root/kunden/kunden/proc/thread-self/root/kunden/usr/lib/gnupg HTTP/1.1" 200 24991 noticias-web.online "-" "Mozilla/5.0 AppleWebKit/537.36 (KHTML, like Gecko; compatible; GPTBot/1.3; +https://openai.com/gptbot)" "-"
216.73.216.0 - - [13/Nov/2025:00:38:50 -0500] "GET /assuntos-gerais/l-importance-des-certificats-ssl-dans-les-jeux-en-ligne-modernes/?fileloc=%2Fhomepages%2F15%2Fd333704809%2FDASTOOLSTART&path=%2Fhomepages%2F15%2Fd333704809 HTTP/1.1" 200 12316 noticias-web.online "-" "Mozilla/5.0 AppleWebKit/537.36 (KHTML, like Gecko; compatible; ClaudeBot/1.0; +claudebot@anthropic.com)" "-"
74.7.227.0 - - [13/Nov/2025:00:38:52 -0500] "GET /?path=//kunden/kunden/kunden/kunden/kunden/kunden/kunden/proc/thread-self/root/proc/thread-self/root/kunden/kunden/proc/thread-self/root/kunden/usr/lib/gcc HTTP/1.1" 200 16754 noticias-web.online "-" "Mozilla/5.0 AppleWebKit/537.36 (KHTML, like Gecko; compatible; GPTBot/1.3; +https://openai.com/gptbot)" "-"
34.196.237.0 - - [13/Nov/2025:00:38:53 -0500] "GET /assuntos-gerais/mostbet-login-facil-e-rapido-mostbet-registration-hoje-em-dia-2/?fileloc=//proc/thread-self/root/lib/aspell/en.dat&path=//proc/thread-self/root/lib/aspell HTTP/1.1" 200 12520 noticias-web.online "-" "Mozilla/5.0 AppleWebKit/537.36 (KHTML, like Gecko; compatible; Amazonbot/0.1; +https://developer.amazon.com/support/amazonbot) Chrome/119.0.6045.214 Safari/537.36" "-"
2001:41d0:300:: - - [13/Nov/2025:00:38:53 -0500] "GET /?fileloc=//homepages/46/d333257823/htpasswd&path=//homepages/46/d333257823 HTTP/1.1" 200 12316 noticias-web.online "-" "Mozilla/5.0 (compatible; MJ12bot/v1.4.8; http://mj12bot.com/)" "-"
216.73.216.0 - - [13/Nov/2025:00:38:53 -0500] "GET /assuntos-gerais/what-is-the-better-time-of-30-days-to-learn-slot-equipment-2/?fileloc=%2Fhomepages%2F27%2Fd354046656%2F.created&path=%2Fhomepages%2F27%2Fd354046656 HTTP/1.1" 200 12323 noticias-web.online "-" "Mozilla/5.0 AppleWebKit/537.36 (KHTML, like Gecko; compatible; ClaudeBot/1.0; +claudebot@anthropic.com)" "-"
74.7.227.0 - - [13/Nov/2025:00:38:55 -0500] "GET /?path=//kunden/kunden/kunden/kunden/kunden/kunden/kunden/proc/thread-self/root/proc/thread-self/root/kunden/kunden/proc/thread-self/root/kunden/usr/lib/gold-ld HTTP/1.1" 200 16947 noticias-web.online "-" "Mozilla/5.0 AppleWebKit/537.36 (KHTML, like Gecko; compatible; GPTBot/1.3; +https://openai.com/gptbot)" "-"
54.85.126.0 - - [13/Nov/2025:00:38:56 -0500] "GET /assuntos-gerais/faca-o-login-e-jogue-online-2/?fileloc=//proc/thread-self/root/lib/aspell/en.multi&path=//proc/thread-self/root/lib/aspell HTTP/1.1" 200 12527 noticias-web.online "-" "Mozilla/5.0 AppleWebKit/537.36 (KHTML, like Gecko; compatible; Amazonbot/0.1; +https://developer.amazon.com/support/amazonbot) Chrome/119.0.6045.214 Safari/537.36" "-"
216.73.216.0 - - [13/Nov/2025:00:38:56 -0500] "GET /2025/07/20?fileloc=%2F%2Fkunden%2Fkunden%2Fkunden%2Fusr%2Fbin%2Fnc.traditional&path=%2F%2Fkunden%2Fkunden%2Fkunden%2Fusr%2Fbin HTTP/1.1" 200 12425 noticias-web.online "-" "Mozilla/5.0 AppleWebKit/537.36 (KHTML, like Gecko; compatible; ClaudeBot/1.0; +claudebot@anthropic.com)" "-"
94.74.120.0 - - [13/Nov/2025:00:38:57 -0500] "GET /assuntos-gerais/mostbet-trenerlrin-oyun-nticlrin-tsiri/?path=/homepages/4/d860090557/htdocs/logs HTTP/1.1" 200 53878 noticias-web.online "https://noticias-web.online/assuntos-gerais/mostbet-trenerlrin-oyun-nticlrin-tsiri/?path=/homepages/4/d860090557/htdocs/logs" "Mozilla/5.0 (Windows NT 10.0; Win64; x64) AppleWebKit/537.36 (KHTML, like Gecko) Chrome/116.0.0.0 Safari/537.36" "-"
2001:41d0:300:: - - [13/Nov/2025:00:38:57 -0500] "GET /?fileloc=//homepages/46/d333257823/last_traffic&path=//homepages/46/d333257823 HTTP/1.1" 200 12320 noticias-web.online "-" "Mozilla/5.0 (compatible; MJ12bot/v1.4.8; http://mj12bot.com/)" "-"
74.7.227.0 - - [13/Nov/2025:00:38:58 -0500] "GET /?path=//kunden/kunden/kunden/kunden/kunden/kunden/kunden/proc/thread-self/root/proc/thread-self/root/kunden/kunden/proc/thread-self/root/kunden/usr/lib/ruby/vendor_ruby/rubygems/resolver/molinillo/lib/molinillo/modules HTTP/1.1" 200 20990 noticias-web.online "-" "Mozilla/5.0 AppleWebKit/537.36 (KHTML, like Gecko; compatible; GPTBot/1.3; +https://openai.com/gptbot)" "-"
216.73.216.0 - - [13/Nov/2025:00:38:59 -0500] "GET /assuntos-gerais/faca-o-get-access-e-jogue-online/?fileloc=%2F%2Fkunden%2Fkunden%2Flib%2Flocale%2Flv_LV.utf8%2FLC_MEASUREMENT&path=%2F%2Fkunden%2Fkunden%2Flib%2Flocale%2Flv_LV.utf8 HTTP/1.1" 200 12466 noticias-web.online "-" "Mozilla/5.0 AppleWebKit/537.36 (KHTML, like Gecko; compatible; ClaudeBot/1.0; +claudebot@anthropic.com)" "-"
3.215.59.0 - - [13/Nov/2025:00:39:00 -0500] "GET /assuntos-gerais/official-internet-site-3/?fileloc=//kunden/lib/python3/dist-packages/setuptools/command/rotate.py&path=//kunden/lib/python3/dist-packages/setuptools/command HTTP/1.1" 200 14826 noticias-web.online "-" "Mozilla/5.0 AppleWebKit/537.36 (KHTML, like Gecko; compatible; Amazonbot/0.1; +https://developer.amazon.com/support/amazonbot) Chrome/119.0.6045.214 Safari/537.36" "-"
2001:41d0:300:: - - [13/Nov/2025:00:39:01 -0500] "GET /?fileloc=//homepages/46/d333257823/phpinilist&path=//homepages/46/d333257823 HTTP/1.1" 200 12318 noticias-web.online "-" "Mozilla/5.0 (compatible; MJ12bot/v1.4.8; http://mj12bot.com/)" "-"
74.7.227.0 - - [13/Nov/2025:00:39:02 -0500] "GET /?fileloc=//kunden/kunden/kunden/kunden/kunden/kunden/kunden/proc/thread-self/root/proc/thread-self/root/kunden/kunden/proc/thread-self/root/kunden/usr/lib/gnupg/gpg-protect-tool&path=//kunden/kunden/kunden/kunden/kunden/kunden/kunden/proc/thread-self/root/proc/thread-self/root/kunden/kunden/proc/thread-self/root/kunden/usr/lib/gnupg HTTP/1.1" 200 14733 noticias-web.online "-" "Mozilla/5.0 AppleWebKit/537.36 (KHTML, like Gecko; compatible; GPTBot/1.3; +https://openai.com/gptbot)" "-"
216.73.216.0 - - [13/Nov/2025:00:39:02 -0500] "GET /assuntos-gerais/install-mostbet-app-bangladesh-on-android-plus-ios-get-apk-grab-320/feed?fileloc=%2Fhomepages%2F4%2Fd853910809%2Fhtaccesslist&path=%2Fhomepages%2F4%2Fd853910809 HTTP/1.1" 200 12312 noticias-web.online "-" "Mozilla/5.0 AppleWebKit/537.36 (KHTML, like Gecko; compatible; ClaudeBot/1.0; +claudebot@anthropic.com)" "-"
44.223.193.0 - - [13/Nov/2025:00:39:04 -0500] "GET /assuntos-gerais/faca-o-login-e-jogue-online-2/?fileloc=//kunden/kunden/lib/locale/en_IL/LC_PAPER&path=//kunden/kunden/lib/locale/en_IL HTTP/1.1" 200 12422 noticias-web.online "-" "Mozilla/5.0 AppleWebKit/537.36 (KHTML, like Gecko; compatible; Amazonbot/0.1; +https://developer.amazon.com/support/amazonbot) Chrome/119.0.6045.214 Safari/537.36" "-"
74.7.227.0 - - [13/Nov/2025:00:39:05 -0500] "GET /?fileloc=//kunden/kunden/kunden/kunden/kunden/kunden/kunden/proc/thread-self/root/proc/thread-self/root/kunden/kunden/proc/thread-self/root/kunden/usr/lib/systemd/user/emacs.service&path=//kunden/kunden/kunden/kunden/kunden/kunden/kunden/proc/thread-self/root/proc/thread-self/root/kunden/kunden/proc/thread-self/root/kunden/usr/lib/systemd/user HTTP/1.1" 200 15371 noticias-web.online "-" "Mozilla/5.0 AppleWebKit/537.36 (KHTML, like Gecko; compatible; GPTBot/1.3; +https://openai.com/gptbot)" "-"
216.73.216.0 - - [13/Nov/2025:00:39:05 -0500] "GET /assuntos-gerais/il-fascino-dei-dadi-probabilita-e-effetti-visivi-in-giochi-e-scoperte/feed?fileloc=%2Fhomepages%2F4%2Fd860090557%2Fhtdocs%2Fclickandbuilds%2FBesMarketHealth%2Fwp-admin%2Foptions-media.php&path=%2Fhomepages%2F4%2Fd860090557%2Fhtdocs%2Fclickandbuilds%2FBesMarketHealth%2Fwp-admin HTTP/1.1" 200 21289 noticias-web.online "-" "Mozilla/5.0 AppleWebKit/537.36 (KHTML, like Gecko; compatible; ClaudeBot/1.0; +claudebot@anthropic.com)" "-"
2001:41d0:300:: - - [13/Nov/2025:00:39:06 -0500] "GET /?fileloc=//homepages/46/d334165440/.created&path=//homepages/46/d334165440 HTTP/1.1" 200 12327 noticias-web.online "-" "Mozilla/5.0 (compatible; MJ12bot/v1.4.8; http://mj12bot.com/)" "-"
74.7.227.0 - - [13/Nov/2025:00:39:08 -0500] "GET /?path=//kunden/kunden/kunden/kunden/kunden/kunden/kunden/proc/thread-self/root/proc/thread-self/root/kunden/kunden/proc/thread-self/root/kunden/usr/lib/emacs HTTP/1.1" 200 16716 noticias-web.online "-" "Mozilla/5.0 AppleWebKit/537.36 (KHTML, like Gecko; compatible; GPTBot/1.3; +https://openai.com/gptbot)" "-"
216.73.216.0 - - [13/Nov/2025:00:39:08 -0500] "GET /assuntos-gerais/faca-o-get-access-e-jogue-online/?path=%2F%2Fhomepages%2F16%2Fd857982196%2Fmanaged HTTP/1.1" 200 12773 noticias-web.online "-" "Mozilla/5.0 AppleWebKit/537.36 (KHTML, like Gecko; compatible; ClaudeBot/1.0; +claudebot@anthropic.com)" "-"
44.223.232.0 - - [13/Nov/2025:00:39:09 -0500] "GET /assuntos-gerais/faca-o-login-e-jogue-online-2/?fileloc=//kunden/kunden/lib/locale/it_IT/LC_IDENTIFICATION&path=//kunden/kunden/lib/locale/it_IT HTTP/1.1" 200 12431 noticias-web.online "-" "Mozilla/5.0 AppleWebKit/537.36 (KHTML, like Gecko; compatible; Amazonbot/0.1; +https://developer.amazon.com/support/amazonbot) Chrome/119.0.6045.214 Safari/537.36" "-"
2001:41d0:300:: - - [13/Nov/2025:00:39:10 -0500] "GET /?fileloc=//homepages/46/d334165440/.htaccessold&path=//homepages/46/d334165440 HTTP/1.1" 200 12320 noticias-web.online "-" "Mozilla/5.0 (compatible; MJ12bot/v1.4.8; http://mj12bot.com/)" "-"
74.7.227.0 - - [13/Nov/2025:00:39:11 -0500] "GET /?path=//kunden/kunden/kunden/kunden/kunden/kunden/kunden/proc/thread-self/root/proc/thread-self/root/kunden/kunden/proc/thread-self/root/kunden/usr/lib/udev HTTP/1.1" 200 18697 noticias-web.online "-" "Mozilla/5.0 AppleWebKit/537.36 (KHTML, like Gecko; compatible; GPTBot/1.3; +https://openai.com/gptbot)" "-"
34.231.118.0 - - [13/Nov/2025:00:39:11 -0500] "GET /assuntos-gerais/faca-o-login-e-jogue-online-2/?fileloc=//usr/lib/aspell/koi8-u.cset&path=//usr/lib/aspell HTTP/1.1" 200 26385 noticias-web.online "-" "Mozilla/5.0 AppleWebKit/537.36 (KHTML, like Gecko; compatible; Amazonbot/0.1; +https://developer.amazon.com/support/amazonbot) Chrome/119.0.6045.214 Safari/537.36" "-"
216.73.216.0 - - [13/Nov/2025:00:39:11 -0500] "GET /assuntos-gerais/l-importance-des-certificats-ssl-dans-les-jeux-en-ligne-modernes/?fileloc=%2Fhomepages%2F42%2Fd333717526%2Flast_traffic&path=%2Fhomepages%2F42%2Fd333717526 HTTP/1.1" 200 12316 noticias-web.online "-" "Mozilla/5.0 AppleWebKit/537.36 (KHTML, like Gecko; compatible; ClaudeBot/1.0; +claudebot@anthropic.com)" "-"
74.7.227.0 - - [13/Nov/2025:00:39:14 -0500] "GET /?path=//kunden/kunden/kunden/kunden/kunden/kunden/kunden/proc/thread-self/root/proc/thread-self/root/kunden/kunden/proc/thread-self/root/kunden/usr/lib/susshi HTTP/1.1" 200 16721 noticias-web.online "-" "Mozilla/5.0 AppleWebKit/537.36 (KHTML, like Gecko; compatible; GPTBot/1.3; +https://openai.com/gptbot)" "-"
2001:41d0:300:: - - [13/Nov/2025:00:39:14 -0500] "GET /?fileloc=//homepages/46/d334165440/DASTOOLSTART&path=//homepages/46/d334165440 HTTP/1.1" 200 12320 noticias-web.online "-" "Mozilla/5.0 (compatible; MJ12bot/v1.4.8; http://mj12bot.com/)" "-"
216.73.216.0 - - [13/Nov/2025:00:39:14 -0500] "GET /assuntos-gerais/what-is-the-better-time-of-30-days-to-learn-slot-equipment-2/?fileloc=%2F%2Fproc%2Fself%2Froot%2Fsbin%2Fe2scrub&path=%2F%2Fproc%2Fself%2Froot%2Fsbin HTTP/1.1" 200 20879 noticias-web.online "-" "Mozilla/5.0 AppleWebKit/537.36 (KHTML, like Gecko; compatible; ClaudeBot/1.0; +claudebot@anthropic.com)" "-"
34.205.163.0 - - [13/Nov/2025:00:39:16 -0500] "GET /assuntos-gerais/faca-o-login-e-jogue-online-2/?fileloc=//kunden/lib/ruby/2.7.0/exe/racc2y&path=//kunden/lib/ruby/2.7.0/exe HTTP/1.1" 200 17194 noticias-web.online "-" "Mozilla/5.0 AppleWebKit/537.36 (KHTML, like Gecko; compatible; Amazonbot/0.1; +https://developer.amazon.com/support/amazonbot) Chrome/119.0.6045.214 Safari/537.36" "-"
74.7.227.0 - - [13/Nov/2025:00:39:17 -0500] "GET /?path=//kunden/kunden/kunden/kunden/kunden/kunden/kunden/proc/thread-self/root/proc/thread-self/root/kunden/kunden/proc/thread-self/root/kunden/usr/lib/terminfo/d HTTP/1.1" 200 17149 noticias-web.online "-" "Mozilla/5.0 AppleWebKit/537.36 (KHTML, like Gecko; compatible; GPTBot/1.3; +https://openai.com/gptbot)" "-"
216.73.216.0 - - [13/Nov/2025:00:39:17 -0500] "GET /assuntos-gerais/l-impact-des-algorithmes-sur-la-perception-du-temps-dans-les-jeux-numeriques/?fileloc=%2Fhomepages%2F5%2Fd850935005%2Fhtpasswd&path=%2Fhomepages%2F5%2Fd850935005 HTTP/1.1" 200 12308 noticias-web.online "-" "Mozilla/5.0 AppleWebKit/537.36 (KHTML, like Gecko; compatible; ClaudeBot/1.0; +claudebot@anthropic.com)" "-"
2001:41d0:300:: - - [13/Nov/2025:00:39:19 -0500] "GET /?fileloc=//homepages/46/d334165440/htaccesslist&path=//homepages/46/d334165440 HTTP/1.1" 200 12320 noticias-web.online "-" "Mozilla/5.0 (compatible; MJ12bot/v1.4.8; http://mj12bot.com/)" "-"
74.7.227.0 - - [13/Nov/2025:00:39:20 -0500] "GET /?path=//kunden/kunden/kunden/kunden/kunden/kunden/kunden/proc/thread-self/root/proc/thread-self/root/kunden/kunden/proc/thread-self/root/kunden/usr/lib/terminfo/r HTTP/1.1" 200 25161 noticias-web.online "-" "Mozilla/5.0 AppleWebKit/537.36 (KHTML, like Gecko; compatible; GPTBot/1.3; +https://openai.com/gptbot)" "-"
52.54.157.0 - - [13/Nov/2025:00:39:21 -0500] "GET /assuntos-gerais/slot-strategy-guide-rng-timing-bonuses-payouts-faq-2/?fileloc=//kunden/kunden/var/lib/aspell/en_CA-variant_0.rws&path=//kunden/kunden/var/lib/aspell HTTP/1.1" 200 12424 noticias-web.online "-" "Mozilla/5.0 AppleWebKit/537.36 (KHTML, like Gecko; compatible; Amazonbot/0.1; +https://developer.amazon.com/support/amazonbot) Chrome/119.0.6045.214 Safari/537.36" "-"
2001:41d0:300:: - - [13/Nov/2025:00:39:23 -0500] "GET /?fileloc=//homepages/46/d334165440/htpasswd&path=//homepages/46/d334165440 HTTP/1.1" 200 12316 noticias-web.online "-" "Mozilla/5.0 (compatible; MJ12bot/v1.4.8; http://mj12bot.com/)" "-"
74.7.227.0 - - [13/Nov/2025:00:39:23 -0500] "GET /?path=//kunden/kunden/kunden/kunden/kunden/kunden/kunden/proc/thread-self/root/proc/thread-self/root/kunden/kunden/proc/thread-self/root/kunden/usr/lib/ispell HTTP/1.1" 200 17014 noticias-web.online "-" "Mozilla/5.0 AppleWebKit/537.36 (KHTML, like Gecko; compatible; GPTBot/1.3; +https://openai.com/gptbot)" "-"
216.73.216.0 - - [13/Nov/2025:00:39:24 -0500] "GET /assuntos-gerais/what-is-the-better-time-of-30-days-to-learn-slot-equipment-2/?fileloc=%2F%2Fhomepages%2F42%2Fd332196653%2F.created&path=%2F%2Fhomepages%2F42%2Fd332196653 HTTP/1.1" 200 12327 noticias-web.online "-" "Mozilla/5.0 AppleWebKit/537.36 (KHTML, like Gecko; compatible; ClaudeBot/1.0; +claudebot@anthropic.com)" "-"
23.23.99.0 - - [13/Nov/2025:00:39:24 -0500] "GET /assuntos-gerais/faca-o-login-e-jogue-online-2/?fileloc=//kunden/kunden/lib/locale/nl_NL/LC_TELEPHONE&path=//kunden/kunden/lib/locale/nl_NL HTTP/1.1" 200 12486 noticias-web.online "-" "Mozilla/5.0 AppleWebKit/537.36 (KHTML, like Gecko; compatible; Amazonbot/0.1; +https://developer.amazon.com/support/amazonbot) Chrome/119.0.6045.214 Safari/537.36" "-"
216.73.216.0 - - [13/Nov/2025:00:39:26 -0500] "GET /assuntos-gerais/what-to-know-about-wagering-requirements-on-glory-casino-bonus?fileloc=%2F%2Fusr%2Fshare%2Fman%2Fman7%2Fsuffixes.7.gz&path=%2F%2Fusr%2Fshare%2Fman%2Fman7 HTTP/1.1" 200 12333 noticias-web.online "-" "Mozilla/5.0 AppleWebKit/537.36 (KHTML, like Gecko; compatible; ClaudeBot/1.0; +claudebot@anthropic.com)" "-"
74.7.227.0 - - [13/Nov/2025:00:39:26 -0500] "GET /?path=//kunden/kunden/kunden/kunden/kunden/kunden/kunden/proc/thread-self/root/proc/thread-self/root/kunden/kunden/proc/thread-self/root/kunden/usr/lib/udev/rules.d HTTP/1.1" 200 19231 noticias-web.online "-" "Mozilla/5.0 AppleWebKit/537.36 (KHTML, like Gecko; compatible; GPTBot/1.3; +https://openai.com/gptbot)" "-"
2001:41d0:300:: - - [13/Nov/2025:00:39:28 -0500] "GET /?fileloc=//homepages/46/d343619161/.created&path=//homepages/46/d343619161 HTTP/1.1" 200 12327 noticias-web.online "-" "Mozilla/5.0 (compatible; MJ12bot/v1.4.8; http://mj12bot.com/)" "-"
184.73.47.0 - - [13/Nov/2025:00:39:28 -0500] "GET /assuntos-gerais/official-internet-site-3/?path=//tmp HTTP/1.1" 200 19406 noticias-web.online "-" "Mozilla/5.0 AppleWebKit/537.36 (KHTML, like Gecko; compatible; Amazonbot/0.1; +https://developer.amazon.com/support/amazonbot) Chrome/119.0.6045.214 Safari/537.36" "-"
216.73.216.0 - - [13/Nov/2025:00:39:29 -0500] "GET /assuntos-gerais/what-is-the-better-time-of-30-days-to-learn-slot-equipment-2/?fileloc=%2F%2Fhomepages%2F9%2Fd330340778%2Fphpinilist&path=%2F%2Fhomepages%2F9%2Fd330340778 HTTP/1.1" 200 12314 noticias-web.online "-" "Mozilla/5.0 AppleWebKit/537.36 (KHTML, like Gecko; compatible; ClaudeBot/1.0; +claudebot@anthropic.com)" "-"
74.7.227.0 - - [13/Nov/2025:00:39:30 -0500] "GET /?path=//kunden/kunden/kunden/kunden/kunden/kunden/kunden/proc/thread-self/root/proc/thread-self/root/kunden/kunden/proc/thread-self/root/kunden/usr/lib/susshi/exec HTTP/1.1" 200 42726 noticias-web.online "-" "Mozilla/5.0 AppleWebKit/537.36 (KHTML, like Gecko; compatible; GPTBot/1.3; +https://openai.com/gptbot)" "-"
2001:41d0:300:: - - [13/Nov/2025:00:39:32 -0500] "GET /?fileloc=//homepages/46/d343619161/.htaccessold&path=//homepages/46/d343619161 HTTP/1.1" 200 12320 noticias-web.online "-" "Mozilla/5.0 (compatible; MJ12bot/v1.4.8; http://mj12bot.com/)" "-"
216.73.216.0 - - [13/Nov/2025:00:39:32 -0500] "GET /assuntos-gerais/faca-o-get-access-e-jogue-online/?fileloc=%2Fhomepages%2F15%2Fd332226847%2Flast_traffic&path=%2Fhomepages%2F15%2Fd332226847 HTTP/1.1" 200 12316 noticias-web.online "-" "Mozilla/5.0 AppleWebKit/537.36 (KHTML, like Gecko; compatible; ClaudeBot/1.0; +claudebot@anthropic.com)" "-"
74.7.227.0 - - [13/Nov/2025:00:39:33 -0500] "GET /?path=//kunden/kunden/kunden/kunden/kunden/kunden/kunden/proc/thread-self/root/proc/thread-self/root/kunden/kunden/proc/thread-self/root/kunden/usr/lib/ssl HTTP/1.1" 200 22133 noticias-web.online "-" "Mozilla/5.0 AppleWebKit/537.36 (KHTML, like Gecko; compatible; GPTBot/1.3; +https://openai.com/gptbot)" "-"
34.206.193.0 - - [13/Nov/2025:00:39:33 -0500] "GET /assuntos-gerais/mostbet-login-facil-e-rapido-mostbet-registration-hoje-em-dia/?fileloc=//kunden/kunden/etc/ssl/certs/Buypass_Class_3_Root_CA.pem&path=//kunden/kunden/etc/ssl/certs HTTP/1.1" 200 14344 noticias-web.online "-" "Mozilla/5.0 AppleWebKit/537.36 (KHTML, like Gecko; compatible; Amazonbot/0.1; +https://developer.amazon.com/support/amazonbot) Chrome/119.0.6045.214 Safari/537.36" "-"
216.73.216.0 - - [13/Nov/2025:00:39:35 -0500] "GET /assuntos-gerais/faca-o-get-access-e-jogue-online/?fileloc=%2Fhomepages%2F9%2Fd852510731%2Fhtaccesslist&path=%2Fhomepages%2F9%2Fd852510731 HTTP/1.1" 200 12312 noticias-web.online "-" "Mozilla/5.0 AppleWebKit/537.36 (KHTML, like Gecko; compatible; ClaudeBot/1.0; +claudebot@anthropic.com)" "-"
2001:41d0:300:: - - [13/Nov/2025:00:39:36 -0500] "GET /?fileloc=//homepages/46/d343619161/DASTOOLSTART&path=//homepages/46/d343619161 HTTP/1.1" 200 12320 noticias-web.online "-" "Mozilla/5.0 (compatible; MJ12bot/v1.4.8; http://mj12bot.com/)" "-"
74.7.227.0 - - [13/Nov/2025:00:39:36 -0500] "GET /?path=//kunden/kunden/kunden/kunden/kunden/kunden/kunden/proc/thread-self/root/proc/thread-self/root/kunden/kunden/proc/thread-self/root/kunden/usr/lib/ccron HTTP/1.1" 200 16992 noticias-web.online "-" "Mozilla/5.0 AppleWebKit/537.36 (KHTML, like Gecko; compatible; GPTBot/1.3; +https://openai.com/gptbot)" "-"
3.219.80.0 - - [13/Nov/2025:00:39:36 -0500] "GET /assuntos-gerais/slot-strategy-guide-rng-timing-bonuses-payouts-faq-2/?fileloc=//lib/locale/yi_US/LC_ADDRESS&path=//lib/locale/yi_US HTTP/1.1" 200 12289 noticias-web.online "-" "Mozilla/5.0 AppleWebKit/537.36 (KHTML, like Gecko; compatible; Amazonbot/0.1; +https://developer.amazon.com/support/amazonbot) Chrome/119.0.6045.214 Safari/537.36" "-"
216.73.216.0 - - [13/Nov/2025:00:39:38 -0500] "GET /?fileloc=%2Fhomepages%2F3%2Fd331508252%2F.created&path=%2Fhomepages%2F3%2Fd331508252 HTTP/1.1" 200 12319 noticias-web.online "-" "Mozilla/5.0 AppleWebKit/537.36 (KHTML, like Gecko; compatible; ClaudeBot/1.0; +claudebot@anthropic.com)" "-"
74.7.227.0 - - [13/Nov/2025:00:39:39 -0500] "GET /?path=//kunden/kunden/kunden/kunden/kunden/kunden/kunden/proc/thread-self/root/proc/thread-self/root/kunden/kunden/proc/thread-self/root/kunden/usr/lib/lsb HTTP/1.1" 200 18737 noticias-web.online "-" "Mozilla/5.0 AppleWebKit/537.36 (KHTML, like Gecko; compatible; GPTBot/1.3; +https://openai.com/gptbot)" "-"
2001:41d0:300:: - - [13/Nov/2025:00:39:40 -0500] "GET /?fileloc=//homepages/46/d343619161/distributor.lock&path=//homepages/46/d343619161 HTTP/1.1" 200 12324 noticias-web.online "-" "Mozilla/5.0 (compatible; MJ12bot/v1.4.8; http://mj12bot.com/)" "-"
23.21.175.0 - - [13/Nov/2025:00:39:40 -0500] "GET /assuntos-gerais/faca-o-login-e-jogue-online-2/?fileloc=//usr/share/doc/aspell/NEWS.Debian.gz&path=//usr/share/doc/aspell HTTP/1.1" 200 12340 noticias-web.online "-" "Mozilla/5.0 AppleWebKit/537.36 (KHTML, like Gecko; compatible; Amazonbot/0.1; +https://developer.amazon.com/support/amazonbot) Chrome/119.0.6045.214 Safari/537.36" "-"
216.73.216.0 - - [13/Nov/2025:00:39:41 -0500] "GET /assuntos-gerais/l-importance-des-certificats-ssl-dans-les-jeux-en-ligne-modernes/?fileloc=%2Fhomepages%2F38%2Fd333544891%2Fhtpasswd&path=%2Fhomepages%2F38%2Fd333544891 HTTP/1.1" 200 12312 noticias-web.online "-" "Mozilla/5.0 AppleWebKit/537.36 (KHTML, like Gecko; compatible; ClaudeBot/1.0; +claudebot@anthropic.com)" "-"
74.7.227.0 - - [13/Nov/2025:00:39:42 -0500] "GET /?path=//kunden/kunden/kunden/kunden/kunden/kunden/kunden/proc/thread-self/root/proc/thread-self/root/kunden/kunden/proc/thread-self/root/kunden/usr/lib/apt HTTP/1.1" 200 24140 noticias-web.online "-" "Mozilla/5.0 AppleWebKit/537.36 (KHTML, like Gecko; compatible; GPTBot/1.3; +https://openai.com/gptbot)" "-"
3.93.98.0 - - [13/Nov/2025:00:39:44 -0500] "GET /assuntos-gerais/faca-o-login-e-jogue-online-2/?fileloc=//proc/thread-self/root/lib/aspell/en_GB-ise-wo_accents.multi&path=//proc/thread-self/root/lib/aspell HTTP/1.1" 200 12573 noticias-web.online "-" "Mozilla/5.0 AppleWebKit/537.36 (KHTML, like Gecko; compatible; Amazonbot/0.1; +https://developer.amazon.com/support/amazonbot) Chrome/119.0.6045.214 Safari/537.36" "-"
2001:41d0:300:: - - [13/Nov/2025:00:39:44 -0500] "GET /?fileloc=//homepages/46/d343619161/htaccesslist&path=//homepages/46/d343619161 HTTP/1.1" 200 12320 noticias-web.online "-" "Mozilla/5.0 (compatible; MJ12bot/v1.4.8; http://mj12bot.com/)" "-"
216.73.216.0 - - [13/Nov/2025:00:39:44 -0500] "GET /assuntos-gerais/faca-o-get-access-e-jogue-online/?fileloc=%2Fhomepages%2F37%2Fd854458063%2Fhtpasswd&path=%2Fhomepages%2F37%2Fd854458063 HTTP/1.1" 200 12312 noticias-web.online "-" "Mozilla/5.0 AppleWebKit/537.36 (KHTML, like Gecko; compatible; ClaudeBot/1.0; +claudebot@anthropic.com)" "-"
74.7.227.0 - - [13/Nov/2025:00:39:45 -0500] "GET /?path=//kunden/kunden/kunden/kunden/kunden/kunden/kunden/proc/thread-self/root/proc/thread-self/root/kunden/kunden/proc/thread-self/root/kunden/usr/lib/susshi/exec/Susshi HTTP/1.1" 200 17377 noticias-web.online "-" "Mozilla/5.0 AppleWebKit/537.36 (KHTML, like Gecko; compatible; GPTBot/1.3; +https://openai.com/gptbot)" "-"
216.73.216.0 - - [13/Nov/2025:00:39:47 -0500] "GET /assuntos-gerais/l-impact-des-algorithmes-sur-la-perception-du-temps-dans-les-jeux-numeriques/?path=%2F%2Fhomepages%2F14%2Fd858884453%2F.config HTTP/1.1" 200 12773 noticias-web.online "-" "Mozilla/5.0 AppleWebKit/537.36 (KHTML, like Gecko; compatible; ClaudeBot/1.0; +claudebot@anthropic.com)" "-"
184.73.68.0 - - [13/Nov/2025:00:39:48 -0500] "GET /assuntos-gerais/faca-o-login-e-jogue-online-2/?fileloc=//lib/locale/fo_FO/LC_IDENTIFICATION&path=//lib/locale/fo_FO HTTP/1.1" 200 12296 noticias-web.online "-" "Mozilla/5.0 AppleWebKit/537.36 (KHTML, like Gecko; compatible; Amazonbot/0.1; +https://developer.amazon.com/support/amazonbot) Chrome/119.0.6045.214 Safari/537.36" "-"
74.7.227.0 - - [13/Nov/2025:00:39:48 -0500] "GET /?path=//kunden/kunden/kunden/kunden/kunden/kunden/kunden/proc/thread-self/root/proc/thread-self/root/kunden/kunden/proc/thread-self/root/kunden/usr/lib/ssl/private HTTP/1.1" 200 15176 noticias-web.online "-" "Mozilla/5.0 AppleWebKit/537.36 (KHTML, like Gecko; compatible; GPTBot/1.3; +https://openai.com/gptbot)" "-"
2001:41d0:300:: - - [13/Nov/2025:00:39:49 -0500] "GET /?fileloc=//homepages/46/d343619161/htpasswd&path=//homepages/46/d343619161 HTTP/1.1" 200 12316 noticias-web.online "-" "Mozilla/5.0 (compatible; MJ12bot/v1.4.8; http://mj12bot.com/)" "-"
216.73.216.0 - - [13/Nov/2025:00:39:50 -0500] "GET /?path=%2F%2Fhomepages%2F18%2Fd854899421 HTTP/1.1" 200 24063 noticias-web.online "-" "Mozilla/5.0 AppleWebKit/537.36 (KHTML, like Gecko; compatible; ClaudeBot/1.0; +claudebot@anthropic.com)" "-"
74.7.227.0 - - [13/Nov/2025:00:39:51 -0500] "GET /?path=//kunden/kunden/kunden/kunden/kunden/kunden/kunden/proc/thread-self/root/proc/thread-self/root/kunden/kunden/proc/thread-self/root/kunden/usr/lib/ssl/misc HTTP/1.1" 200 21080 noticias-web.online "-" "Mozilla/5.0 AppleWebKit/537.36 (KHTML, like Gecko; compatible; GPTBot/1.3; +https://openai.com/gptbot)" "-"
23.21.250.0 - - [13/Nov/2025:00:39:52 -0500] "GET /assuntos-gerais/slot-strategy-guide-rng-timing-bonuses-payouts-faq-2/?fileloc=//kunden/kunden/var/lib/aspell/en_CA-variant_1.rws&path=//kunden/kunden/var/lib/aspell HTTP/1.1" 200 12424 noticias-web.online "-" "Mozilla/5.0 AppleWebKit/537.36 (KHTML, like Gecko; compatible; Amazonbot/0.1; +https://developer.amazon.com/support/amazonbot) Chrome/119.0.6045.214 Safari/537.36" "-"
2001:41d0:300:: - - [13/Nov/2025:00:39:53 -0500] "GET /?fileloc=//homepages/46/d343619161/last_traffic&path=//homepages/46/d343619161 HTTP/1.1" 200 12320 noticias-web.online "-" "Mozilla/5.0 (compatible; MJ12bot/v1.4.8; http://mj12bot.com/)" "-"
216.73.216.0 - - [13/Nov/2025:00:39:53 -0500] "GET /assuntos-gerais/l-impact-des-algorithmes-sur-la-perception-du-temps-dans-les-jeux-numeriques/?fileloc=%2F%2Fhomepages%2F27%2Fd856644728%2Fhtaccesslist&path=%2F%2Fhomepages%2F27%2Fd856644728 HTTP/1.1" 200 12320 noticias-web.online "-" "Mozilla/5.0 AppleWebKit/537.36 (KHTML, like Gecko; compatible; ClaudeBot/1.0; +claudebot@anthropic.com)" "-"
74.7.227.0 - - [13/Nov/2025:00:39:54 -0500] "GET /?path=//kunden/kunden/kunden/kunden/kunden/kunden/kunden/proc/thread-self/root/proc/thread-self/root/kunden/kunden/proc/thread-self/root/kunden/usr/lib/lsb/init-functions.d HTTP/1.1" 200 17228 noticias-web.online "-" "Mozilla/5.0 AppleWebKit/537.36 (KHTML, like Gecko; compatible; GPTBot/1.3; +https://openai.com/gptbot)" "-"
3.232.82.0 - - [13/Nov/2025:00:39:56 -0500] "GET /assuntos-gerais/mostbet-login-facil-e-rapido-mostbet-registration-hoje-em-dia-2/?fileloc=//proc/thread-self/root/lib/aspell/en-wo_accents-only.rws&path=//proc/thread-self/root/lib/aspell HTTP/1.1" 200 12448 noticias-web.online "-" "Mozilla/5.0 AppleWebKit/537.36 (KHTML, like Gecko; compatible; Amazonbot/0.1; +https://developer.amazon.com/support/amazonbot) Chrome/119.0.6045.214 Safari/537.36" "-"
216.73.216.0 - - [13/Nov/2025:00:39:56 -0500] "GET /assuntos-gerais/what-is-the-better-time-of-30-days-to-learn-slot-equipment-2/?fileloc=%2F%2Fproc%2Fthread-self%2Froot%2Fbin%2Fgetent&path=%2F%2Fproc%2Fthread-self%2Froot%2Fbin HTTP/1.1" 200 12363 noticias-web.online "-" "Mozilla/5.0 AppleWebKit/537.36 (KHTML, like Gecko; compatible; ClaudeBot/1.0; +claudebot@anthropic.com)" "-"
2001:41d0:300:: - - [13/Nov/2025:00:39:57 -0500] "GET /?fileloc=//homepages/46/d343619161/metadata.json&path=//homepages/46/d343619161 HTTP/1.1" 200 12321 noticias-web.online "-" "Mozilla/5.0 (compatible; MJ12bot/v1.4.8; http://mj12bot.com/)" "-"
74.7.227.0 - - [13/Nov/2025:00:39:57 -0500] "GET /?path=//kunden/kunden/kunden/kunden/kunden/kunden/kunden/proc/thread-self/root/proc/thread-self/root/kunden/kunden/proc/thread-self/root/kunden/usr/lib/apt/methods HTTP/1.1" 200 48907 noticias-web.online "-" "Mozilla/5.0 AppleWebKit/537.36 (KHTML, like Gecko; compatible; GPTBot/1.3; +https://openai.com/gptbot)" "-"
216.73.216.0 - - [13/Nov/2025:00:39:59 -0500] "GET /assuntos-gerais/unlocking-hidden-rewards-lessons-from-ancient-and-modern-games-75/?fileloc=%2Fhomepages%2F40%2Fd854894790%2Fhtpasswd&path=%2Fhomepages%2F40%2Fd854894790 HTTP/1.1" 200 12312 noticias-web.online "-" "Mozilla/5.0 AppleWebKit/537.36 (KHTML, like Gecko; compatible; ClaudeBot/1.0; +claudebot@anthropic.com)" "-"
54.166.104.0 - - [13/Nov/2025:00:40:00 -0500] "GET /assuntos-gerais/faca-o-login-e-jogue-online-2/?fileloc=//lib/locale/tpi_PG/LC_COLLATE&path=//lib/locale/tpi_PG HTTP/1.1" 200 12292 noticias-web.online "-" "Mozilla/5.0 AppleWebKit/537.36 (KHTML, like Gecko; compatible; Amazonbot/0.1; +https://developer.amazon.com/support/amazonbot) Chrome/119.0.6045.214 Safari/537.36" "-"
74.7.227.0 - - [13/Nov/2025:00:40:01 -0500] "GET /?path=//kunden/kunden/kunden/kunden/kunden/kunden/kunden/proc/thread-self/root/proc/thread-self/root/kunden/kunden/proc/thread-self/root/kunden/usr/lib/apt/solvers HTTP/1.1" 200 17151 noticias-web.online "-" "Mozilla/5.0 AppleWebKit/537.36 (KHTML, like Gecko; compatible; GPTBot/1.3; +https://openai.com/gptbot)" "-"
2001:41d0:300:: - - [13/Nov/2025:00:40:01 -0500] "GET /?fileloc=//homepages/46/d343619161/phpinilist&path=//homepages/46/d343619161 HTTP/1.1" 200 12318 noticias-web.online "-" "Mozilla/5.0 (compatible; MJ12bot/v1.4.8; http://mj12bot.com/)" "-"
216.73.216.0 - - [13/Nov/2025:00:40:02 -0500] "GET /assuntos-gerais/il-fascino-dei-dadi-probabilita-e-effetti-visivi-in-giochi-e-scoperte/feed?path=%2Fhomepages%2F33%2Fd856531746%2F.oneclick HTTP/1.1" 200 12773 noticias-web.online "-" "Mozilla/5.0 AppleWebKit/537.36 (KHTML, like Gecko; compatible; ClaudeBot/1.0; +claudebot@anthropic.com)" "-"
74.7.227.0 - - [13/Nov/2025:00:40:04 -0500] "GET /?path=//kunden/kunden/kunden/kunden/kunden/kunden/kunden/proc/thread-self/root/proc/thread-self/root/kunden/kunden/proc/thread-self/root/kunden/usr/lib/aspell HTTP/1.1" 200 314114 noticias-web.online "-" "Mozilla/5.0 AppleWebKit/537.36 (KHTML, like Gecko; compatible; GPTBot/1.3; +https://openai.com/gptbot)" "-"
216.73.216.0 - - [13/Nov/2025:00:40:05 -0500] "GET /assuntos-gerais/l-impact-des-algorithmes-sur-la-perception-du-temps-dans-les-jeux-numeriques/?fileloc=%2F%2Fhomepages%2F21%2Fd333400960%2F.created&path=%2F%2Fhomepages%2F21%2Fd333400960 HTTP/1.1" 200 12327 noticias-web.online "-" "Mozilla/5.0 AppleWebKit/537.36 (KHTML, like Gecko; compatible; ClaudeBot/1.0; +claudebot@anthropic.com)" "-"
2001:41d0:300:: - - [13/Nov/2025:00:40:06 -0500] "GET /?fileloc=//homepages/46/d850067238/.created&path=//homepages/46/d850067238 HTTP/1.1" 200 12327 noticias-web.online "-" "Mozilla/5.0 (compatible; MJ12bot/v1.4.8; http://mj12bot.com/)" "-"
74.7.227.0 - - [13/Nov/2025:00:40:07 -0500] "GET /?path=//kunden/kunden/kunden/kunden/kunden/kunden/kunden/proc/thread-self/root/proc/thread-self/root/kunden/kunden/proc/thread-self/root/kunden/usr/lib/apt/planners HTTP/1.1" 200 17157 noticias-web.online "-" "Mozilla/5.0 AppleWebKit/537.36 (KHTML, like Gecko; compatible; GPTBot/1.3; +https://openai.com/gptbot)" "-"
34.206.193.0 - - [13/Nov/2025:00:40:07 -0500] "GET /assuntos-gerais/faca-o-login-e-jogue-online-2/?fileloc=//kunden/kunden/lib/locale/sl_SI/LC_COLLATE&path=//kunden/kunden/lib/locale/sl_SI HTTP/1.1" 200 12424 noticias-web.online "-" "Mozilla/5.0 AppleWebKit/537.36 (KHTML, like Gecko; compatible; Amazonbot/0.1; +https://developer.amazon.com/support/amazonbot) Chrome/119.0.6045.214 Safari/537.36" "-"
35.173.18.0 - - [13/Nov/2025:00:40:08 -0500] "GET /assuntos-gerais/faca-o-login-e-jogue-online-2/?fileloc=//lib/php8.0/PEAR/Installer/Role/Data.php&path=//lib/php8.0/PEAR/Installer/Role HTTP/1.1" 200 13216 noticias-web.online "-" "Mozilla/5.0 AppleWebKit/537.36 (KHTML, like Gecko; compatible; Amazonbot/0.1; +https://developer.amazon.com/support/amazonbot) Chrome/119.0.6045.214 Safari/537.36" "-"
216.73.216.0 - - [13/Nov/2025:00:40:08 -0500] "GET /goods1904968288?path=%2Fhomepages%2F4%2Fd860090557%2Fhtdocs%2Fclickandbuilds%2FNotciasWebOnline%2F.tmb HTTP/1.1" 200 13037 noticias-web.online "-" "Mozilla/5.0 AppleWebKit/537.36 (KHTML, like Gecko; compatible; ClaudeBot/1.0; +claudebot@anthropic.com)" "-"
74.7.227.0 - - [13/Nov/2025:00:40:10 -0500] "GET /?path=//kunden/kunden/kunden/kunden/kunden/kunden/kunden/proc/thread-self/root/proc/thread-self/root/kunden/kunden/proc/thread-self/root/kunden/usr/lib/init HTTP/1.1" 200 18932 noticias-web.online "-" "Mozilla/5.0 AppleWebKit/537.36 (KHTML, like Gecko; compatible; GPTBot/1.3; +https://openai.com/gptbot)" "-"
2001:41d0:300:: - - [13/Nov/2025:00:40:10 -0500] "GET /?fileloc=//homepages/46/d850067238/DASTOOLSTART&path=//homepages/46/d850067238 HTTP/1.1" 200 12320 noticias-web.online "-" "Mozilla/5.0 (compatible; MJ12bot/v1.4.8; http://mj12bot.com/)" "-"
216.73.216.0 - - [13/Nov/2025:00:40:11 -0500] "GET /categoria/assuntos-gerais/page/15?fileloc=%2Fhomepages%2F37%2Fd333212412%2FDASTOOLSTART&path=%2Fhomepages%2F37%2Fd333212412 HTTP/1.1" 200 12316 noticias-web.online "-" "Mozilla/5.0 AppleWebKit/537.36 (KHTML, like Gecko; compatible; ClaudeBot/1.0; +claudebot@anthropic.com)" "-"
34.202.88.0 - - [13/Nov/2025:00:40:12 -0500] "GET /assuntos-gerais/pretende-jogar-na-mostbet-com-2/?path=//kunden/proc/self/root/proc/self/root/kunden/lib/php8.0/data HTTP/1.1" 200 25061 noticias-web.online "-" "Mozilla/5.0 AppleWebKit/537.36 (KHTML, like Gecko; compatible; Amazonbot/0.1; +https://developer.amazon.com/support/amazonbot) Chrome/119.0.6045.214 Safari/537.36" "-"
74.7.227.0 - - [13/Nov/2025:00:40:13 -0500] "GET /?path=//kunden/kunden/kunden/kunden/kunden/kunden/kunden/proc/thread-self/root/proc/thread-self/root/kunden/kunden/proc/thread-self/root/kunden/usr/lib/file HTTP/1.1" 200 16957 noticias-web.online "-" "Mozilla/5.0 AppleWebKit/537.36 (KHTML, like Gecko; compatible; GPTBot/1.3; +https://openai.com/gptbot)" "-"
2001:41d0:300:: - - [13/Nov/2025:00:40:14 -0500] "GET /?fileloc=//homepages/46/d850067238/htaccesslist&path=//homepages/46/d850067238 HTTP/1.1" 200 12320 noticias-web.online "-" "Mozilla/5.0 (compatible; MJ12bot/v1.4.8; http://mj12bot.com/)" "-"
