74.7.227.0 - - [13/Nov/2025:00:30:16 -0500] "GET /?path=//kunden/kunden/kunden/kunden/kunden/kunden/kunden/proc/thread-self/root/proc/thread-self/root/kunden/kunden/kunden/proc/thread-self/root/usr/lib/locale/fy_NL HTTP/1.1" 200 38985 noticias-web.online "-" "Mozilla/5.0 AppleWebKit/537.36 (KHTML, like Gecko; compatible; GPTBot/1.3; +https://openai.com/gptbot)" "-"
216.73.216.0 - - [13/Nov/2025:00:30:19 -0500] "GET /assuntos-gerais/how-time-and-perception-shape-modern-games-like-monopoly-big-baller?fileloc=%2Fhomepages%2F15%2Fd857359586%2Fhtaccesslist&path=%2Fhomepages%2F15%2Fd857359586 HTTP/1.1" 200 12316 noticias-web.online "-" "Mozilla/5.0 AppleWebKit/537.36 (KHTML, like Gecko; compatible; ClaudeBot/1.0; +claudebot@anthropic.com)" "-"
52.202.52.0 - - [13/Nov/2025:00:30:19 -0500] "GET /assuntos-gerais/pretende-jogar-na-mostbet-com-2/?path=//kunden/kunden/kunden/etc/ld.so.conf.d HTTP/1.1" 200 15919 noticias-web.online "-" "Mozilla/5.0 AppleWebKit/537.36 (KHTML, like Gecko; compatible; Amazonbot/0.1; +https://developer.amazon.com/support/amazonbot) Chrome/119.0.6045.214 Safari/537.36" "-"
74.7.227.0 - - [13/Nov/2025:00:30:19 -0500] "GET /?path=//kunden/kunden/kunden/kunden/kunden/kunden/kunden/proc/thread-self/root/proc/thread-self/root/kunden/kunden/kunden/proc/thread-self/root/usr/lib/locale/mi_NZ HTTP/1.1" 200 38990 noticias-web.online "-" "Mozilla/5.0 AppleWebKit/537.36 (KHTML, like Gecko; compatible; GPTBot/1.3; +https://openai.com/gptbot)" "-"
216.73.216.0 - - [13/Nov/2025:00:30:22 -0500] "GET /assuntos-gerais/l-importance-des-certificats-ssl-dans-les-jeux-en-ligne-modernes/?fileloc=%2Fhomepages%2F11%2Fd333514032%2FDASTOOLSTART&path=%2Fhomepages%2F11%2Fd333514032 HTTP/1.1" 200 12316 noticias-web.online "-" "Mozilla/5.0 AppleWebKit/537.36 (KHTML, like Gecko; compatible; ClaudeBot/1.0; +claudebot@anthropic.com)" "-"
74.7.227.0 - - [13/Nov/2025:00:30:23 -0500] "GET /?path=//kunden/kunden/kunden/kunden/kunden/kunden/kunden/proc/thread-self/root/proc/thread-self/root/kunden/kunden/kunden/proc/thread-self/root/usr/lib/locale/ms_MY HTTP/1.1" 200 38992 noticias-web.online "-" "Mozilla/5.0 AppleWebKit/537.36 (KHTML, like Gecko; compatible; GPTBot/1.3; +https://openai.com/gptbot)" "-"
3.224.215.0 - - [13/Nov/2025:00:30:23 -0500] "GET /assuntos-gerais/mostbet-bangladesh-official-site-athletics-betting-and-gambling-establishment-freebets-and-freespins/?fileloc=//kunden/kunden/bin/pgmhist&path=//kunden/kunden/bin HTTP/1.1" 200 12295 noticias-web.online "-" "Mozilla/5.0 AppleWebKit/537.36 (KHTML, like Gecko; compatible; Amazonbot/0.1; +https://developer.amazon.com/support/amazonbot) Chrome/119.0.6045.214 Safari/537.36" "-"
216.73.216.0 - - [13/Nov/2025:00:30:25 -0500] "GET /assuntos-gerais/what-is-the-better-time-of-30-days-to-learn-slot-equipment-2/?path=%2F%2Fhomepages%2F36%2Fd332429391%2Fmanaged HTTP/1.1" 200 12773 noticias-web.online "-" "Mozilla/5.0 AppleWebKit/537.36 (KHTML, like Gecko; compatible; ClaudeBot/1.0; +claudebot@anthropic.com)" "-"
74.7.227.0 - - [13/Nov/2025:00:30:26 -0500] "GET /?path=//kunden/kunden/kunden/kunden/kunden/kunden/kunden/proc/thread-self/root/proc/thread-self/root/kunden/kunden/kunden/proc/thread-self/root/usr/lib/locale/ml_IN HTTP/1.1" 200 38990 noticias-web.online "-" "Mozilla/5.0 AppleWebKit/537.36 (KHTML, like Gecko; compatible; GPTBot/1.3; +https://openai.com/gptbot)" "-"
44.223.232.0 - - [13/Nov/2025:00:30:27 -0500] "GET /assuntos-gerais/site-oficial-aqui-no-brasil-apostas-esportivas-e-cassino-online-3/?fileloc=//kunden/bin/chsh&path=//kunden/bin HTTP/1.1" 200 12235 noticias-web.online "-" "Mozilla/5.0 AppleWebKit/537.36 (KHTML, like Gecko; compatible; Amazonbot/0.1; +https://developer.amazon.com/support/amazonbot) Chrome/119.0.6045.214 Safari/537.36" "-"
216.73.216.0 - - [13/Nov/2025:00:30:28 -0500] "GET /assuntos-gerais/how-to-try-out-slot-equipment-a-detailed-newcomers-guide-2/feed?path=%2F%2Fproc%2Fself%2Froot%2Fhomepages%2F13%2Fd354030803 HTTP/1.1" 200 29249 noticias-web.online "-" "Mozilla/5.0 AppleWebKit/537.36 (KHTML, like Gecko; compatible; ClaudeBot/1.0; +claudebot@anthropic.com)" "-"
138.199.35.0 - - [13/Nov/2025:00:30:29 -0500] "GET / HTTP/1.1" 403 - bestproductssales.com "-" "Mozilla/5.0 (Windows NT 10.0; Win64; x64) AppleWebKit/537.36 (KHTML, like Gecko) Chrome/78.0.3904.108 Safari/537.36" "-"
138.199.35.0 - - [13/Nov/2025:00:30:29 -0500] "GET / HTTP/1.1" 403 - bestproductssales.com "-" "Mozilla/5.0 (Windows NT 10.0; Win64; x64) AppleWebKit/537.36 (KHTML, like Gecko) Chrome/78.0.3904.108 Safari/537.36" "-"
138.199.35.0 - - [13/Nov/2025:00:30:29 -0500] "GET /wp-includes/wlwmanifest.xml HTTP/1.1" 403 - bestproductssales.com "-" "Mozilla/5.0 (Windows NT 10.0; Win64; x64) AppleWebKit/537.36 (KHTML, like Gecko) Chrome/78.0.3904.108 Safari/537.36" "-"
138.199.35.0 - - [13/Nov/2025:00:30:29 -0500] "GET /xmlrpc.php?rsd HTTP/1.1" 403 - bestproductssales.com "-" "Mozilla/5.0 (Windows NT 10.0; Win64; x64) AppleWebKit/537.36 (KHTML, like Gecko) Chrome/78.0.3904.108 Safari/537.36" "-"
138.199.35.0 - - [13/Nov/2025:00:30:29 -0500] "GET / HTTP/1.1" 403 - bestproductssales.com "-" "Mozilla/5.0 (Windows NT 10.0; Win64; x64) AppleWebKit/537.36 (KHTML, like Gecko) Chrome/78.0.3904.108 Safari/537.36" "-"
138.199.35.0 - - [13/Nov/2025:00:30:29 -0500] "GET /blog/wp-includes/wlwmanifest.xml HTTP/1.1" 403 - bestproductssales.com "-" "Mozilla/5.0 (Windows NT 10.0; Win64; x64) AppleWebKit/537.36 (KHTML, like Gecko) Chrome/78.0.3904.108 Safari/537.36" "-"
138.199.35.0 - - [13/Nov/2025:00:30:29 -0500] "GET /web/wp-includes/wlwmanifest.xml HTTP/1.1" 403 - bestproductssales.com "-" "Mozilla/5.0 (Windows NT 10.0; Win64; x64) AppleWebKit/537.36 (KHTML, like Gecko) Chrome/78.0.3904.108 Safari/537.36" "-"
138.199.35.0 - - [13/Nov/2025:00:30:29 -0500] "GET /wordpress/wp-includes/wlwmanifest.xml HTTP/1.1" 403 - bestproductssales.com "-" "Mozilla/5.0 (Windows NT 10.0; Win64; x64) AppleWebKit/537.36 (KHTML, like Gecko) Chrome/78.0.3904.108 Safari/537.36" "-"
138.199.35.0 - - [13/Nov/2025:00:30:29 -0500] "GET /website/wp-includes/wlwmanifest.xml HTTP/1.1" 403 - bestproductssales.com "-" "Mozilla/5.0 (Windows NT 10.0; Win64; x64) AppleWebKit/537.36 (KHTML, like Gecko) Chrome/78.0.3904.108 Safari/537.36" "-"
138.199.35.0 - - [13/Nov/2025:00:30:29 -0500] "GET /wp/wp-includes/wlwmanifest.xml HTTP/1.1" 403 - bestproductssales.com "-" "Mozilla/5.0 (Windows NT 10.0; Win64; x64) AppleWebKit/537.36 (KHTML, like Gecko) Chrome/78.0.3904.108 Safari/537.36" "-"
138.199.35.0 - - [13/Nov/2025:00:30:29 -0500] "GET /news/wp-includes/wlwmanifest.xml HTTP/1.1" 403 - bestproductssales.com "-" "Mozilla/5.0 (Windows NT 10.0; Win64; x64) AppleWebKit/537.36 (KHTML, like Gecko) Chrome/78.0.3904.108 Safari/537.36" "-"
138.199.35.0 - - [13/Nov/2025:00:30:29 -0500] "GET /2018/wp-includes/wlwmanifest.xml HTTP/1.1" 403 - bestproductssales.com "-" "Mozilla/5.0 (Windows NT 10.0; Win64; x64) AppleWebKit/537.36 (KHTML, like Gecko) Chrome/78.0.3904.108 Safari/537.36" "-"
138.199.35.0 - - [13/Nov/2025:00:30:29 -0500] "GET /2019/wp-includes/wlwmanifest.xml HTTP/1.1" 403 - bestproductssales.com "-" "Mozilla/5.0 (Windows NT 10.0; Win64; x64) AppleWebKit/537.36 (KHTML, like Gecko) Chrome/78.0.3904.108 Safari/537.36" "-"
138.199.35.0 - - [13/Nov/2025:00:30:29 -0500] "GET /shop/wp-includes/wlwmanifest.xml HTTP/1.1" 403 - bestproductssales.com "-" "Mozilla/5.0 (Windows NT 10.0; Win64; x64) AppleWebKit/537.36 (KHTML, like Gecko) Chrome/78.0.3904.108 Safari/537.36" "-"
138.199.35.0 - - [13/Nov/2025:00:30:29 -0500] "GET /wp1/wp-includes/wlwmanifest.xml HTTP/1.1" 403 - bestproductssales.com "-" "Mozilla/5.0 (Windows NT 10.0; Win64; x64) AppleWebKit/537.36 (KHTML, like Gecko) Chrome/78.0.3904.108 Safari/537.36" "-"
138.199.35.0 - - [13/Nov/2025:00:30:29 -0500] "GET /test/wp-includes/wlwmanifest.xml HTTP/1.1" 403 - bestproductssales.com "-" "Mozilla/5.0 (Windows NT 10.0; Win64; x64) AppleWebKit/537.36 (KHTML, like Gecko) Chrome/78.0.3904.108 Safari/537.36" "-"
74.7.227.0 - - [13/Nov/2025:00:30:29 -0500] "GET /?fileloc=//kunden/kunden/kunden/kunden/kunden/kunden/kunden/proc/thread-self/root/proc/thread-self/root/kunden/kunden/kunden/proc/thread-self/root/usr/lib/locale/raj_IN/LC_TIME&path=//kunden/kunden/kunden/kunden/kunden/kunden/kunden/proc/thread-self/root/proc/thread-self/root/kunden/kunden/kunden/proc/thread-self/root/usr/lib/locale/raj_IN HTTP/1.1" 200 14920 noticias-web.online "-" "Mozilla/5.0 AppleWebKit/537.36 (KHTML, like Gecko; compatible; GPTBot/1.3; +https://openai.com/gptbot)" "-"
138.199.35.0 - - [13/Nov/2025:00:30:30 -0500] "GET /media/wp-includes/wlwmanifest.xml HTTP/1.1" 403 - bestproductssales.com "-" "Mozilla/5.0 (Windows NT 10.0; Win64; x64) AppleWebKit/537.36 (KHTML, like Gecko) Chrome/78.0.3904.108 Safari/537.36" "-"
138.199.35.0 - - [13/Nov/2025:00:30:30 -0500] "GET /wp2/wp-includes/wlwmanifest.xml HTTP/1.1" 403 - bestproductssales.com "-" "Mozilla/5.0 (Windows NT 10.0; Win64; x64) AppleWebKit/537.36 (KHTML, like Gecko) Chrome/78.0.3904.108 Safari/537.36" "-"
138.199.35.0 - - [13/Nov/2025:00:30:30 -0500] "GET /site/wp-includes/wlwmanifest.xml HTTP/1.1" 403 - bestproductssales.com "-" "Mozilla/5.0 (Windows NT 10.0; Win64; x64) AppleWebKit/537.36 (KHTML, like Gecko) Chrome/78.0.3904.108 Safari/537.36" "-"
138.199.35.0 - - [13/Nov/2025:00:30:30 -0500] "GET /cms/wp-includes/wlwmanifest.xml HTTP/1.1" 403 - bestproductssales.com "-" "Mozilla/5.0 (Windows NT 10.0; Win64; x64) AppleWebKit/537.36 (KHTML, like Gecko) Chrome/78.0.3904.108 Safari/537.36" "-"
138.199.35.0 - - [13/Nov/2025:00:30:30 -0500] "GET /sito/wp-includes/wlwmanifest.xml HTTP/1.1" 403 - bestproductssales.com "-" "Mozilla/5.0 (Windows NT 10.0; Win64; x64) AppleWebKit/537.36 (KHTML, like Gecko) Chrome/78.0.3904.108 Safari/537.36" "-"
216.73.216.0 - - [13/Nov/2025:00:30:31 -0500] "GET /assuntos-gerais/l-impact-des-algorithmes-sur-la-perception-du-temps-dans-les-jeux-numeriques/?path=%2Fhomepages%2F45%2Fd859042921 HTTP/1.1" 200 26996 noticias-web.online "-" "Mozilla/5.0 AppleWebKit/537.36 (KHTML, like Gecko; compatible; ClaudeBot/1.0; +claudebot@anthropic.com)" "-"
52.71.216.0 - - [13/Nov/2025:00:30:31 -0500] "GET /assuntos-gerais/vikten-av-bankrollhantering-i-stake-plinko/?fileloc=//kunden/kunden/bin/prove&path=//kunden/kunden/bin HTTP/1.1" 200 26491 noticias-web.online "-" "Mozilla/5.0 AppleWebKit/537.36 (KHTML, like Gecko; compatible; Amazonbot/0.1; +https://developer.amazon.com/support/amazonbot) Chrome/119.0.6045.214 Safari/537.36" "-"
217.113.194.0 - - [13/Nov/2025:00:30:31 -0500] "GET /assuntos-gerais/mostbet-turkiye-guncel-giris-bonuslari-oyunlar/feed/?path=/homepages/17 HTTP/1.1" 200 68596 noticias-web.online "-" "Mozilla/5.0 (compatible; Barkrowler/0.9; +https://babbar.tech/crawler)" "-"
74.7.227.0 - - [13/Nov/2025:00:30:32 -0500] "GET /?path=//kunden/kunden/kunden/kunden/kunden/kunden/kunden/proc/thread-self/root/proc/thread-self/root/kunden/kunden/kunden/proc/thread-self/root/usr/lib/locale/gez_ET HTTP/1.1" 200 39039 noticias-web.online "-" "Mozilla/5.0 AppleWebKit/537.36 (KHTML, like Gecko; compatible; GPTBot/1.3; +https://openai.com/gptbot)" "-"
216.73.216.0 - - [13/Nov/2025:00:30:34 -0500] "GET /assuntos-gerais/what-to-know-about-wagering-requirements-on-glory-casino-bonus?fileloc=%2F%2Fusr%2Fshare%2Fman%2Fman3%2Fgetwc.3.gz&path=%2F%2Fusr%2Fshare%2Fman%2Fman3 HTTP/1.1" 200 12330 noticias-web.online "-" "Mozilla/5.0 AppleWebKit/537.36 (KHTML, like Gecko; compatible; ClaudeBot/1.0; +claudebot@anthropic.com)" "-"
44.205.180.0 - - [13/Nov/2025:00:30:35 -0500] "GET /assuntos-gerais/slot-strategy-guide-rng-timing-bonuses-payouts-faq-2/?path=//usr/share/doc/aptitude HTTP/1.1" 200 21520 noticias-web.online "-" "Mozilla/5.0 AppleWebKit/537.36 (KHTML, like Gecko; compatible; Amazonbot/0.1; +https://developer.amazon.com/support/amazonbot) Chrome/119.0.6045.214 Safari/537.36" "-"
74.7.227.0 - - [13/Nov/2025:00:30:35 -0500] "GET /?path=//kunden/kunden/kunden/kunden/kunden/kunden/kunden/proc/thread-self/root/proc/thread-self/root/kunden/kunden/kunden/proc/thread-self/root/usr/lib/locale/bg_BG HTTP/1.1" 200 38990 noticias-web.online "-" "Mozilla/5.0 AppleWebKit/537.36 (KHTML, like Gecko; compatible; GPTBot/1.3; +https://openai.com/gptbot)" "-"
74.7.227.0 - - [13/Nov/2025:00:30:39 -0500] "GET /?path=//kunden/kunden/kunden/kunden/kunden/kunden/kunden/proc/thread-self/root/kunden/kunden/kunden/proc/thread-self/root/proc/thread-self/root/kunden/usr/lib/dpkg/methods HTTP/1.1" 200 17135 noticias-web.online "-" "Mozilla/5.0 AppleWebKit/537.36 (KHTML, like Gecko; compatible; GPTBot/1.3; +https://openai.com/gptbot)" "-"
54.90.244.0 - - [13/Nov/2025:00:30:39 -0500] "GET /assuntos-gerais/mostbet-login-facil-e-rapido-mostbet-registration-hoje-em-dia/?path=//kunden/kunden/kunden/proc/self/root/kunden/tmp HTTP/1.1" 200 20598 noticias-web.online "-" "Mozilla/5.0 AppleWebKit/537.36 (KHTML, like Gecko; compatible; Amazonbot/0.1; +https://developer.amazon.com/support/amazonbot) Chrome/119.0.6045.214 Safari/537.36" "-"
216.73.216.0 - - [13/Nov/2025:00:30:40 -0500] "GET /?path=%2F%2Fkunden%2Fproc%2Fthread-self%2Froot%2Fhomepages%2F18%2Fd849338851 HTTP/1.1" 200 31543 noticias-web.online "-" "Mozilla/5.0 AppleWebKit/537.36 (KHTML, like Gecko; compatible; ClaudeBot/1.0; +claudebot@anthropic.com)" "-"
66.249.74.0 - - [13/Nov/2025:00:30:41 -0500] "GET /goods52751200?kg=0052686062 HTTP/1.1" 200 207780 noticias-web.online "-" "Mozilla/5.0 (Linux; Android 6.0.1; Nexus 5X Build/MMB29P) AppleWebKit/537.36 (KHTML, like Gecko) Chrome/141.0.7390.122 Mobile Safari/537.36 (compatible; Googlebot/2.1; +http://www.google.com/bot.html)" "-"
74.7.227.0 - - [13/Nov/2025:00:30:42 -0500] "GET /?path=//kunden/kunden/kunden/kunden/kunden/kunden/kunden/proc/thread-self/root/proc/thread-self/root/kunden/kunden/kunden/proc/thread-self/root/usr/lib/locale/eo HTTP/1.1" 200 38843 noticias-web.online "-" "Mozilla/5.0 AppleWebKit/537.36 (KHTML, like Gecko; compatible; GPTBot/1.3; +https://openai.com/gptbot)" "-"
216.73.216.0 - - [13/Nov/2025:00:30:43 -0500] "GET /assuntos-gerais/unlocking-hidden-rewards-lessons-from-ancient-and-modern-games-75/?path=%2Fhomepages%2F28%2Fd853054963%2F.config HTTP/1.1" 200 12769 noticias-web.online "-" "Mozilla/5.0 AppleWebKit/537.36 (KHTML, like Gecko; compatible; ClaudeBot/1.0; +claudebot@anthropic.com)" "-"
52.4.76.0 - - [13/Nov/2025:00:30:44 -0500] "GET /assuntos-gerais/hur-gratis-plinko-forbattrar-sociala-interaktioner/?path=//kunden/kunden/lib/locale/tl_PH HTTP/1.1" 200 30699 noticias-web.online "-" "Mozilla/5.0 AppleWebKit/537.36 (KHTML, like Gecko; compatible; Amazonbot/0.1; +https://developer.amazon.com/support/amazonbot) Chrome/119.0.6045.214 Safari/537.36" "-"
74.7.227.0 - - [13/Nov/2025:00:30:45 -0500] "GET /?path=//kunden/kunden/kunden/kunden/kunden/kunden/kunden/proc/thread-self/root/proc/thread-self/root/kunden/kunden/kunden/proc/thread-self/root/kunden/usr/lib/emacs HTTP/1.1" 200 16929 noticias-web.online "-" "Mozilla/5.0 AppleWebKit/537.36 (KHTML, like Gecko; compatible; GPTBot/1.3; +https://openai.com/gptbot)" "-"
216.73.216.0 - - [13/Nov/2025:00:30:46 -0500] "GET /assuntos-gerais/impact-of-winolympia-rtp-on-your-online-slot-winning-strategies/feed?path=%2Fhomepages%2F41%2Fd332338827%2Fhtdocs HTTP/1.1" 200 12767 noticias-web.online "-" "Mozilla/5.0 AppleWebKit/537.36 (KHTML, like Gecko; compatible; ClaudeBot/1.0; +claudebot@anthropic.com)" "-"
98.82.66.0 - - [13/Nov/2025:00:30:47 -0500] "GET /assuntos-gerais/winning-roulette-tips-from-a-specialist-player-professional-different-roulette-games-systems-strategies-2/?path=//lib/php8.0/doc HTTP/1.1" 200 32720 noticias-web.online "-" "Mozilla/5.0 AppleWebKit/537.36 (KHTML, like Gecko; compatible; Amazonbot/0.1; +https://developer.amazon.com/support/amazonbot) Chrome/119.0.6045.214 Safari/537.36" "-"
74.7.227.0 - - [13/Nov/2025:00:30:48 -0500] "GET /?path=//kunden/kunden/kunden/kunden/kunden/kunden/kunden/proc/thread-self/root/proc/thread-self/root/kunden/proc/thread-self/root/kunden/kunden/etc/kernel/postinst.d HTTP/1.1" 200 17042 noticias-web.online "-" "Mozilla/5.0 AppleWebKit/537.36 (KHTML, like Gecko; compatible; GPTBot/1.3; +https://openai.com/gptbot)" "-"
217.113.194.0 - - [13/Nov/2025:00:30:49 -0500] "GET /assuntos-gerais/mostbet-turkiye-guncel-giris-bonuslari-oyunlar/feed/?path=/homepages/30 HTTP/1.1" 200 81916 noticias-web.online "-" "Mozilla/5.0 (compatible; Barkrowler/0.9; +https://babbar.tech/crawler)" "-"
216.73.216.0 - - [13/Nov/2025:00:30:49 -0500] "GET /assuntos-gerais/how-to-try-out-slot-equipment-a-detailed-newcomers-guide-2/feed?fileloc=%2Fhomepages%2F45%2Fd330179228%2Fphpinilist&path=%2Fhomepages%2F45%2Fd330179228 HTTP/1.1" 200 12314 noticias-web.online "-" "Mozilla/5.0 AppleWebKit/537.36 (KHTML, like Gecko; compatible; ClaudeBot/1.0; +claudebot@anthropic.com)" "-"
2001:8d8:500:: - - [13/Nov/2025:00:30:51 -0500] "GET /wp-login.php HTTP/1.1" 200 59394 noticias-web.online "-" "GRequests/0.10" "-"
74.7.227.0 - - [13/Nov/2025:00:30:52 -0500] "GET /?path=//kunden/kunden/kunden/kunden/kunden/kunden/kunden/proc/thread-self/root/proc/thread-self/root/kunden/kunden/proc/thread-self/root/kunden/kunden/kunden/lib/lsb HTTP/1.1" 200 19012 noticias-web.online "-" "Mozilla/5.0 AppleWebKit/537.36 (KHTML, like Gecko; compatible; GPTBot/1.3; +https://openai.com/gptbot)" "-"
216.73.216.0 - - [13/Nov/2025:00:30:52 -0500] "GET /assuntos-gerais/what-to-know-about-wagering-requirements-on-glory-casino-bonus?fileloc=%2F%2Fusr%2Fshare%2Fman%2Fman1%2Fperl5201delta.1.gz&path=%2F%2Fusr%2Fshare%2Fman%2Fman1 HTTP/1.1" 200 12338 noticias-web.online "-" "Mozilla/5.0 AppleWebKit/537.36 (KHTML, like Gecko; compatible; ClaudeBot/1.0; +claudebot@anthropic.com)" "-"
74.7.227.0 - - [13/Nov/2025:00:30:55 -0500] "GET /?path=//kunden/kunden/kunden/kunden/kunden/kunden/kunden/proc/thread-self/root/kunden/kunden/kunden/proc/thread-self/root/proc/thread-self/root/kunden/etc/terminfo HTTP/1.1" 200 16990 noticias-web.online "-" "Mozilla/5.0 AppleWebKit/537.36 (KHTML, like Gecko; compatible; GPTBot/1.3; +https://openai.com/gptbot)" "-"
216.73.216.0 - - [13/Nov/2025:00:30:55 -0500] "GET /assuntos-gerais/how-to-try-out-slot-equipment-a-detailed-newcomers-guide-2/feed?fileloc=%2F%2Fproc%2Fself%2Froot%2Fhomepages%2F14%2Fd330739860%2Fphpinilist&path=%2F%2Fproc%2Fself%2Froot%2Fhomepages%2F14%2Fd330739860 HTTP/1.1" 200 12489 noticias-web.online "-" "Mozilla/5.0 AppleWebKit/537.36 (KHTML, like Gecko; compatible; ClaudeBot/1.0; +claudebot@anthropic.com)" "-"
34.239.85.0 - - [13/Nov/2025:00:30:55 -0500] "GET /assuntos-gerais/mostbet-login-facil-e-rapido-mostbet-registration-hoje-em-dia/?fileloc=//proc/self/root/usr/lib/aspell/british-variant_1.alias&path=//proc/self/root/usr/lib/aspell HTTP/1.1" 200 12559 noticias-web.online "-" "Mozilla/5.0 AppleWebKit/537.36 (KHTML, like Gecko; compatible; Amazonbot/0.1; +https://developer.amazon.com/support/amazonbot) Chrome/119.0.6045.214 Safari/537.36" "-"
34.235.239.0 - - [13/Nov/2025:00:30:56 -0500] "GET /assuntos-gerais/vikten-av-bankrollhantering-i-stake-plinko/?path=//kunden/proc/self/root/kunden/kunden/media HTTP/1.1" 200 12935 noticias-web.online "-" "Mozilla/5.0 AppleWebKit/537.36 (KHTML, like Gecko; compatible; Amazonbot/0.1; +https://developer.amazon.com/support/amazonbot) Chrome/119.0.6045.214 Safari/537.36" "-"
216.73.216.0 - - [13/Nov/2025:00:30:58 -0500] "GET /assuntos-gerais/the-way-to-play-blackjack-rules-gameplay-more/?path=%2F%2Fhomepages%2F25%2Fd858607164%2F.oneclick HTTP/1.1" 200 12777 noticias-web.online "-" "Mozilla/5.0 AppleWebKit/537.36 (KHTML, like Gecko; compatible; ClaudeBot/1.0; +claudebot@anthropic.com)" "-"
74.7.227.0 - - [13/Nov/2025:00:30:58 -0500] "GET /?path=//kunden/kunden/kunden/kunden/kunden/kunden/kunden/proc/thread-self/root/kunden/kunden/kunden/proc/thread-self/root/proc/thread-self/root/usr/local/bin HTTP/1.1" 200 18920 noticias-web.online "-" "Mozilla/5.0 AppleWebKit/537.36 (KHTML, like Gecko; compatible; GPTBot/1.3; +https://openai.com/gptbot)" "-"
54.225.81.0 - - [13/Nov/2025:00:30:59 -0500] "GET /assuntos-gerais/mostbet-login-facil-e-rapido-mostbet-registration-hoje-em-dia/?fileloc=//proc/self/root/lib/locale/sat_IN/LC_IDENTIFICATION&path=//proc/self/root/lib/locale/sat_IN HTTP/1.1" 200 12470 noticias-web.online "-" "Mozilla/5.0 AppleWebKit/537.36 (KHTML, like Gecko; compatible; Amazonbot/0.1; +https://developer.amazon.com/support/amazonbot) Chrome/119.0.6045.214 Safari/537.36" "-"
216.73.216.0 - - [13/Nov/2025:00:31:01 -0500] "GET /assuntos-gerais/l-impact-des-algorithmes-sur-la-perception-du-temps-dans-les-jeux-numeriques/?fileloc=%2Fhomepages%2F42%2Fd332520718%2Fhtpasswd&path=%2Fhomepages%2F42%2Fd332520718 HTTP/1.1" 200 12312 noticias-web.online "-" "Mozilla/5.0 AppleWebKit/537.36 (KHTML, like Gecko; compatible; ClaudeBot/1.0; +claudebot@anthropic.com)" "-"
74.7.227.0 - - [13/Nov/2025:00:31:01 -0500] "GET /?path=//kunden/kunden/kunden/kunden/kunden/kunden/kunden/proc/thread-self/root/proc/thread-self/root/kunden/proc/thread-self/root/kunden/kunden/usr/include/linux/hsi HTTP/1.1" 200 19214 noticias-web.online "-" "Mozilla/5.0 AppleWebKit/537.36 (KHTML, like Gecko; compatible; GPTBot/1.3; +https://openai.com/gptbot)" "-"
23.21.227.0 - - [13/Nov/2025:00:31:03 -0500] "GET /2025/10/26/?path=//proc/self/root/kunden/kunden/lib/locale/af_ZA HTTP/1.1" 200 31591 noticias-web.online "-" "Mozilla/5.0 AppleWebKit/537.36 (KHTML, like Gecko; compatible; Amazonbot/0.1; +https://developer.amazon.com/support/amazonbot) Chrome/119.0.6045.214 Safari/537.36" "-"
216.73.216.0 - - [13/Nov/2025:00:31:04 -0500] "GET /assuntos-gerais/how-to-try-out-slot-equipment-a-detailed-newcomers-guide-2/feed?fileloc=%2F%2Fproc%2Fself%2Froot%2Fhomepages%2F1%2Fd853226862%2Fhtpasswd&path=%2F%2Fproc%2Fself%2Froot%2Fhomepages%2F1%2Fd853226862 HTTP/1.1" 200 12483 noticias-web.online "-" "Mozilla/5.0 AppleWebKit/537.36 (KHTML, like Gecko; compatible; ClaudeBot/1.0; +claudebot@anthropic.com)" "-"
74.7.227.0 - - [13/Nov/2025:00:31:04 -0500] "GET /?path=//kunden/kunden/kunden/kunden/kunden/kunden/kunden/proc/thread-self/root/proc/thread-self/root/kunden/kunden/proc/thread-self/root/kunden/kunden/kunden/lib/lsb/init-functions.d HTTP/1.1" 200 17483 noticias-web.online "-" "Mozilla/5.0 AppleWebKit/537.36 (KHTML, like Gecko; compatible; GPTBot/1.3; +https://openai.com/gptbot)" "-"
217.113.194.0 - - [13/Nov/2025:00:31:04 -0500] "GET /assuntos-gerais/mostbet-turkiye-guncel-giris-bonuslari-oyunlar/feed/?path=/homepages/18 HTTP/1.1" 200 68596 noticias-web.online "-" "Mozilla/5.0 (compatible; Barkrowler/0.9; +https://babbar.tech/crawler)" "-"
216.73.216.0 - - [13/Nov/2025:00:31:07 -0500] "GET /2025/07/20?fileloc=%2F%2Fkunden%2Flib%2Flocale%2Fkm_KH%2FLC_IDENTIFICATION&path=%2F%2Fkunden%2Flib%2Flocale%2Fkm_KH HTTP/1.1" 200 12360 noticias-web.online "-" "Mozilla/5.0 AppleWebKit/537.36 (KHTML, like Gecko; compatible; ClaudeBot/1.0; +claudebot@anthropic.com)" "-"
74.7.227.0 - - [13/Nov/2025:00:31:07 -0500] "GET /?path=//kunden/kunden/kunden/kunden/kunden/kunden/kunden/proc/thread-self/root/proc/thread-self/root/kunden/proc/thread-self/root/kunden/kunden/srv HTTP/1.1" 200 14647 noticias-web.online "-" "Mozilla/5.0 AppleWebKit/537.36 (KHTML, like Gecko; compatible; GPTBot/1.3; +https://openai.com/gptbot)" "-"
100.29.63.0 - - [13/Nov/2025:00:31:07 -0500] "GET /assuntos-gerais/mostbet-login-facil-e-rapido-mostbet-registration-hoje-em-dia-2/?fileloc=//kunden/kunden/lib/locale/es_CR/LC_NUMERIC&path=//kunden/kunden/lib/locale/es_CR HTTP/1.1" 200 12424 noticias-web.online "-" "Mozilla/5.0 AppleWebKit/537.36 (KHTML, like Gecko; compatible; Amazonbot/0.1; +https://developer.amazon.com/support/amazonbot) Chrome/119.0.6045.214 Safari/537.36" "-"
2001:41d0:300:: - - [13/Nov/2025:00:31:10 -0500] "GET /robots.txt HTTP/1.1" 200 89 noticias-web.online "-" "Mozilla/5.0 (compatible; MJ12bot/v1.4.8; http://mj12bot.com/)" "-"
216.73.216.0 - - [13/Nov/2025:00:31:10 -0500] "GET /?path=%2F%2Fkunden%2Fproc%2Fthread-self%2Froot%2Fhomepages%2F18%2Fd856811005 HTTP/1.1" 200 33141 noticias-web.online "-" "Mozilla/5.0 AppleWebKit/537.36 (KHTML, like Gecko; compatible; ClaudeBot/1.0; +claudebot@anthropic.com)" "-"
74.7.227.0 - - [13/Nov/2025:00:31:11 -0500] "GET /?path=//kunden/kunden/kunden/kunden/kunden/kunden/kunden/proc/thread-self/root/proc/thread-self/root/kunden/kunden/proc/thread-self/root/kunden/kunden/var/tmp HTTP/1.1" 200 24450 noticias-web.online "-" "Mozilla/5.0 AppleWebKit/537.36 (KHTML, like Gecko; compatible; GPTBot/1.3; +https://openai.com/gptbot)" "-"
2a03:2880:f800:: - - [13/Nov/2025:00:31:11 -0500] "GET /assuntos-gerais/mastering-data-driven-personalization-in-email-campaigns-from-technical-setup-to-optimization/?path=/homepages/10 HTTP/1.1" 200 75256 noticias-web.online "-" "meta-externalagent/1.1 (+https://developers.facebook.com/docs/sharing/webmasters/crawler)" "-"
54.156.55.0 - - [13/Nov/2025:00:31:11 -0500] "GET /assuntos-gerais/vikten-av-bankrollhantering-i-stake-plinko/?path=//proc/self/root/kunden/lib/locale/lv_LV HTTP/1.1" 200 31183 noticias-web.online "-" "Mozilla/5.0 AppleWebKit/537.36 (KHTML, like Gecko; compatible; Amazonbot/0.1; +https://developer.amazon.com/support/amazonbot) Chrome/119.0.6045.214 Safari/537.36" "-"
216.73.216.0 - - [13/Nov/2025:00:31:13 -0500] "GET /?path=%2F%2Fhomepages%2F33%2Fd333901052%2F.oneclick HTTP/1.1" 200 12777 noticias-web.online "-" "Mozilla/5.0 AppleWebKit/537.36 (KHTML, like Gecko; compatible; ClaudeBot/1.0; +claudebot@anthropic.com)" "-"
74.7.227.0 - - [13/Nov/2025:00:31:14 -0500] "GET /?path=//kunden/kunden/kunden/kunden/kunden/kunden/kunden/proc/thread-self/root/proc/thread-self/root/kunden/proc/thread-self/root/kunden/var/spool HTTP/1.1" 200 16339 noticias-web.online "-" "Mozilla/5.0 AppleWebKit/537.36 (KHTML, like Gecko; compatible; GPTBot/1.3; +https://openai.com/gptbot)" "-"
2001:41d0:300:: - - [13/Nov/2025:00:31:14 -0500] "GET /?fileloc=//etc/alternatives/mailx&path=//etc/alternatives HTTP/1.1" 200 12251 noticias-web.online "-" "Mozilla/5.0 (compatible; MJ12bot/v1.4.8; http://mj12bot.com/)" "-"
18.232.36.0 - - [13/Nov/2025:00:31:15 -0500] "GET /assuntos-gerais/faca-o-login-e-jogue-online-2/?path=//kunden/kunden/kunden/proc/thread-self/root/lib/locale/se_NO HTTP/1.1" 200 32392 noticias-web.online "-" "Mozilla/5.0 AppleWebKit/537.36 (KHTML, like Gecko; compatible; Amazonbot/0.1; +https://developer.amazon.com/support/amazonbot) Chrome/119.0.6045.214 Safari/537.36" "-"
216.73.216.0 - - [13/Nov/2025:00:31:16 -0500] "GET /assuntos-gerais/ultimate-bets-casino-experience?fileloc=%2F%2Fusr%2Fshare%2Fzoneinfo%2FAfrica%2FMogadishu&path=%2F%2Fusr%2Fshare%2Fzoneinfo%2FAfrica HTTP/1.1" 200 12355 noticias-web.online "-" "Mozilla/5.0 AppleWebKit/537.36 (KHTML, like Gecko; compatible; ClaudeBot/1.0; +claudebot@anthropic.com)" "-"
74.7.227.0 - - [13/Nov/2025:00:31:17 -0500] "GET /?path=//kunden/kunden/kunden/kunden/kunden/kunden/kunden/proc/thread-self/root/proc/thread-self/root/kunden/proc/thread-self/root/kunden/var/cache/man/fr HTTP/1.1" 200 25735 noticias-web.online "-" "Mozilla/5.0 AppleWebKit/537.36 (KHTML, like Gecko; compatible; GPTBot/1.3; +https://openai.com/gptbot)" "-"
216.73.216.0 - - [13/Nov/2025:00:31:19 -0500] "GET /assuntos-gerais/impact-of-winolympia-rtp-on-your-online-slot-winning-strategies/feed?fileloc=%2F%2Fusr%2Fbin%2Fpamstretch-gen&path=%2F%2Fusr%2Fbin HTTP/1.1" 200 13758 noticias-web.online "-" "Mozilla/5.0 AppleWebKit/537.36 (KHTML, like Gecko; compatible; ClaudeBot/1.0; +claudebot@anthropic.com)" "-"
3.93.98.0 - - [13/Nov/2025:00:31:19 -0500] "GET /assuntos-gerais/pretende-jogar-na-mostbet-com-2/?path=//kunden/proc/thread-self/root/proc/self/root/dev/pts HTTP/1.1" 200 13113 noticias-web.online "-" "Mozilla/5.0 AppleWebKit/537.36 (KHTML, like Gecko; compatible; Amazonbot/0.1; +https://developer.amazon.com/support/amazonbot) Chrome/119.0.6045.214 Safari/537.36" "-"
74.7.227.0 - - [13/Nov/2025:00:31:20 -0500] "GET /?path=//kunden/kunden/kunden/kunden/kunden/kunden/kunden/proc/thread-self/root/proc/thread-self/root/kunden/kunden/proc/thread-self/root/usr/include/netrose HTTP/1.1" 200 16778 noticias-web.online "-" "Mozilla/5.0 AppleWebKit/537.36 (KHTML, like Gecko; compatible; GPTBot/1.3; +https://openai.com/gptbot)" "-"
217.113.194.0 - - [13/Nov/2025:00:31:20 -0500] "GET /assuntos-gerais/mostbet-turkiye-guncel-giris-bonuslari-oyunlar/feed/?path=/homepages/29 HTTP/1.1" 200 84580 noticias-web.online "-" "Mozilla/5.0 (compatible; Barkrowler/0.9; +https://babbar.tech/crawler)" "-"
216.73.216.0 - - [13/Nov/2025:00:31:22 -0500] "GET /assuntos-gerais/how-to-try-out-slot-equipment-a-detailed-newcomers-guide-2/feed?fileloc=%2Fhomepages%2F25%2Fd859650141%2Fhtaccesslist&path=%2Fhomepages%2F25%2Fd859650141 HTTP/1.1" 200 12316 noticias-web.online "-" "Mozilla/5.0 AppleWebKit/537.36 (KHTML, like Gecko; compatible; ClaudeBot/1.0; +claudebot@anthropic.com)" "-"
54.84.161.0 - - [13/Nov/2025:00:31:23 -0500] "GET /assuntos-gerais/mostbet-bangladesh-official-site-athletics-betting-and-gambling-establishment-freebets-and-freespins/?fileloc=//kunden/kunden/bin/www-browser&path=//kunden/kunden/bin HTTP/1.1" 200 12299 noticias-web.online "-" "Mozilla/5.0 AppleWebKit/537.36 (KHTML, like Gecko; compatible; Amazonbot/0.1; +https://developer.amazon.com/support/amazonbot) Chrome/119.0.6045.214 Safari/537.36" "-"
74.7.227.0 - - [13/Nov/2025:00:31:23 -0500] "GET /?path=//kunden/kunden/kunden/kunden/kunden/kunden/kunden/proc/thread-self/root/proc/thread-self/root/kunden/kunden/kunden/proc/thread-self/root/kunden/usr/lib/klibc HTTP/1.1" 200 16925 noticias-web.online "-" "Mozilla/5.0 AppleWebKit/537.36 (KHTML, like Gecko; compatible; GPTBot/1.3; +https://openai.com/gptbot)" "-"
2001:41d0:300:: - - [13/Nov/2025:00:31:24 -0500] "GET /?fileloc=//homepages/0/d334902307/DASTOOLSTART&path=//homepages/0/d334902307 HTTP/1.1" 200 12316 noticias-web.online "-" "Mozilla/5.0 (compatible; MJ12bot/v1.4.8; http://mj12bot.com/)" "-"
216.73.216.0 - - [13/Nov/2025:00:31:25 -0500] "GET /assuntos-gerais/nouvelles-machines-a-sous-gratuites-sans-telechargement-2-five-hundred-jeux/?fileloc=%2Fhomepages%2F4%2Fd860090557%2Fhtdocs%2Fclickandbuilds%2FBesMarketHealth%2Fwp-includes%2Fblocks%2Fcode%2Fstyle.min.css&path=%2Fhomepages%2F4%2Fd860090557%2Fhtdocs%2Fclickandbuilds%2FBesMarketHealth%2Fwp-includes%2Fblocks%2Fcode HTTP/1.1" 200 13074 noticias-web.online "-" "Mozilla/5.0 AppleWebKit/537.36 (KHTML, like Gecko; compatible; ClaudeBot/1.0; +claudebot@anthropic.com)" "-"
74.7.227.0 - - [13/Nov/2025:00:31:27 -0500] "GET /?path=//kunden/kunden/kunden/kunden/kunden/kunden/kunden/proc/thread-self/root/proc/thread-self/root/kunden/kunden/proc/thread-self/root/kunden/kunden/var/tmp/.priv HTTP/1.1" 200 15187 noticias-web.online "-" "Mozilla/5.0 AppleWebKit/537.36 (KHTML, like Gecko; compatible; GPTBot/1.3; +https://openai.com/gptbot)" "-"
18.215.77.0 - - [13/Nov/2025:00:31:27 -0500] "GET /2025/10/28/?path=//kunden/kunden/proc/thread-self/root/lib/locale/sa_IN HTTP/1.1" 200 31970 noticias-web.online "-" "Mozilla/5.0 AppleWebKit/537.36 (KHTML, like Gecko; compatible; Amazonbot/0.1; +https://developer.amazon.com/support/amazonbot) Chrome/119.0.6045.214 Safari/537.36" "-"
216.73.216.0 - - [13/Nov/2025:00:31:28 -0500] "GET /assuntos-gerais/l-impact-des-algorithmes-sur-la-perception-du-temps-dans-les-jeux-numeriques/?path=%2Fhomepages%2F5%2Fd859244699%2F.oneclick HTTP/1.1" 200 12769 noticias-web.online "-" "Mozilla/5.0 AppleWebKit/537.36 (KHTML, like Gecko; compatible; ClaudeBot/1.0; +claudebot@anthropic.com)" "-"
74.7.227.0 - - [13/Nov/2025:00:31:30 -0500] "GET /?path=//kunden/kunden/kunden/kunden/kunden/kunden/kunden/proc/thread-self/root/proc/thread-self/root/kunden/proc/thread-self/root/kunden/kunden/etc/groff HTTP/1.1" 200 18733 noticias-web.online "-" "Mozilla/5.0 AppleWebKit/537.36 (KHTML, like Gecko; compatible; GPTBot/1.3; +https://openai.com/gptbot)" "-"
2001:41d0:300:: - - [13/Nov/2025:00:31:31 -0500] "GET /?fileloc=//homepages/45/d855205042/htaccesslist&path=//homepages/45/d855205042 HTTP/1.1" 200 12320 noticias-web.online "-" "Mozilla/5.0 (compatible; MJ12bot/v1.4.8; http://mj12bot.com/)" "-"
216.73.216.0 - - [13/Nov/2025:00:31:31 -0500] "GET /assuntos-gerais/how-to-try-out-slot-equipment-a-detailed-newcomers-guide-2/feed?fileloc=%2F%2Fproc%2Fself%2Froot%2Fhomepages%2F26%2Fd855474286%2F.created&path=%2F%2Fproc%2Fself%2Froot%2Fhomepages%2F26%2Fd855474286 HTTP/1.1" 200 12498 noticias-web.online "-" "Mozilla/5.0 AppleWebKit/537.36 (KHTML, like Gecko; compatible; ClaudeBot/1.0; +claudebot@anthropic.com)" "-"
52.71.218.0 - - [13/Nov/2025:00:31:31 -0500] "GET /assuntos-gerais/gratis-demo-stone-cold-bluff-eller-riktiga-pengar/?fileloc=//kunden/kunden/bin/vimdiff&path=//kunden/kunden/bin HTTP/1.1" 200 12295 noticias-web.online "-" "Mozilla/5.0 AppleWebKit/537.36 (KHTML, like Gecko; compatible; Amazonbot/0.1; +https://developer.amazon.com/support/amazonbot) Chrome/119.0.6045.214 Safari/537.36" "-"
74.7.227.0 - - [13/Nov/2025:00:31:33 -0500] "GET /?path=//kunden/kunden/kunden/kunden/kunden/kunden/kunden/proc/thread-self/root/proc/thread-self/root/kunden/proc/thread-self/root/kunden/var/cache/man/fr/cat7 HTTP/1.1" 200 15160 noticias-web.online "-" "Mozilla/5.0 AppleWebKit/537.36 (KHTML, like Gecko; compatible; GPTBot/1.3; +https://openai.com/gptbot)" "-"
216.73.216.0 - - [13/Nov/2025:00:31:34 -0500] "GET /2025/07/20?fileloc=%2F%2Fkunden%2Fkunden%2Flib%2FlibGraphicsMagick-Q16.so.3.22.0&path=%2F%2Fkunden%2Fkunden%2Flib HTTP/1.1" 200 12319 noticias-web.online "-" "Mozilla/5.0 AppleWebKit/537.36 (KHTML, like Gecko; compatible; ClaudeBot/1.0; +claudebot@anthropic.com)" "-"
50.17.193.0 - - [13/Nov/2025:00:31:35 -0500] "GET /assuntos-gerais/official-internet-site-3/?path=//proc/thread-self/root/kunden/proc/self/root/lib/locale/es_DO.utf8 HTTP/1.1" 200 32750 noticias-web.online "-" "Mozilla/5.0 AppleWebKit/537.36 (KHTML, like Gecko; compatible; Amazonbot/0.1; +https://developer.amazon.com/support/amazonbot) Chrome/119.0.6045.214 Safari/537.36" "-"
74.7.227.0 - - [13/Nov/2025:00:31:36 -0500] "GET /?path=//kunden/kunden/kunden/kunden/kunden/kunden/kunden/proc/thread-self/root/proc/thread-self/root/kunden/proc/thread-self/root/kunden/var/spool/cron HTTP/1.1" 200 14813 noticias-web.online "-" "Mozilla/5.0 AppleWebKit/537.36 (KHTML, like Gecko; compatible; GPTBot/1.3; +https://openai.com/gptbot)" "-"
217.113.194.0 - - [13/Nov/2025:00:31:37 -0500] "GET /assuntos-gerais/mostbet-turkiye-guncel-giris-bonuslari-oyunlar/feed/?path=/homepages/25 HTTP/1.1" 200 79252 noticias-web.online "-" "Mozilla/5.0 (compatible; Barkrowler/0.9; +https://babbar.tech/crawler)" "-"
2001:41d0:300:: - - [13/Nov/2025:00:31:37 -0500] "GET /?fileloc=//homepages/45/d855205042/htpasswd&path=//homepages/45/d855205042 HTTP/1.1" 200 12316 noticias-web.online "-" "Mozilla/5.0 (compatible; MJ12bot/v1.4.8; http://mj12bot.com/)" "-"
216.73.216.0 - - [13/Nov/2025:00:31:37 -0500] "GET /assuntos-gerais/il-fascino-dei-dadi-probabilita-e-effetti-visivi-in-giochi-e-scoperte/feed?path=%2Fhomepages%2F37%2Fd853805327%2Fhtdocs HTTP/1.1" 200 12767 noticias-web.online "-" "Mozilla/5.0 AppleWebKit/537.36 (KHTML, like Gecko; compatible; ClaudeBot/1.0; +claudebot@anthropic.com)" "-"
74.7.227.0 - - [13/Nov/2025:00:31:39 -0500] "GET /?path=//kunden/kunden/kunden/kunden/kunden/kunden/kunden/proc/thread-self/root/proc/thread-self/root/kunden/proc/thread-self/root/kunden/var/cache/man/fr/cat5 HTTP/1.1" 200 15160 noticias-web.online "-" "Mozilla/5.0 AppleWebKit/537.36 (KHTML, like Gecko; compatible; GPTBot/1.3; +https://openai.com/gptbot)" "-"
52.200.93.0 - - [13/Nov/2025:00:31:39 -0500] "GET /assuntos-gerais/faca-o-login-e-jogue-online-2/?fileloc=//kunden/kunden/proc/self/root/bin/etags&path=//kunden/kunden/proc/self/root/bin HTTP/1.1" 200 12476 noticias-web.online "-" "Mozilla/5.0 AppleWebKit/537.36 (KHTML, like Gecko; compatible; Amazonbot/0.1; +https://developer.amazon.com/support/amazonbot) Chrome/119.0.6045.214 Safari/537.36" "-"
216.73.216.0 - - [13/Nov/2025:00:31:40 -0500] "GET /assuntos-gerais/faca-o-get-access-e-jogue-online/?path=%2F%2Fhomepages%2F33%2Fd857798396%2F.oneclick HTTP/1.1" 200 12777 noticias-web.online "-" "Mozilla/5.0 AppleWebKit/537.36 (KHTML, like Gecko; compatible; ClaudeBot/1.0; +claudebot@anthropic.com)" "-"
66.249.74.0 - - [13/Nov/2025:00:31:41 -0500] "GET /goods52698624?kg=0052633551 HTTP/1.1" 200 201830 noticias-web.online "-" "Mozilla/5.0 (Linux; Android 6.0.1; Nexus 5X Build/MMB29P) AppleWebKit/537.36 (KHTML, like Gecko) Chrome/141.0.7390.122 Mobile Safari/537.36 (compatible; Googlebot/2.1; +http://www.google.com/bot.html)" "-"
74.7.227.0 - - [13/Nov/2025:00:31:42 -0500] "GET /?path=//kunden/kunden/kunden/kunden/kunden/kunden/kunden/proc/thread-self/root/proc/thread-self/root/kunden/kunden/kunden/proc/thread-self/root/kunden/usr/lib/klibc/bin HTTP/1.1" 200 17369 noticias-web.online "-" "Mozilla/5.0 AppleWebKit/537.36 (KHTML, like Gecko; compatible; GPTBot/1.3; +https://openai.com/gptbot)" "-"
216.73.216.0 - - [13/Nov/2025:00:31:43 -0500] "GET /assuntos-gerais/what-is-the-better-time-of-30-days-to-learn-slot-equipment-2/?path=%2F%2Fhomepages%2F35%2Fd330250940%2Fmanaged HTTP/1.1" 200 12773 noticias-web.online "-" "Mozilla/5.0 AppleWebKit/537.36 (KHTML, like Gecko; compatible; ClaudeBot/1.0; +claudebot@anthropic.com)" "-"
2001:41d0:300:: - - [13/Nov/2025:00:31:43 -0500] "GET /?fileloc=//homepages/45/d855205042/last_traffic&path=//homepages/45/d855205042 HTTP/1.1" 200 12320 noticias-web.online "-" "Mozilla/5.0 (compatible; MJ12bot/v1.4.8; http://mj12bot.com/)" "-"
54.86.59.0 - - [13/Nov/2025:00:31:43 -0500] "GET /2025/10/28/?path=//kunden/kunden/kunden/lib/locale/eu_ES@euro HTTP/1.1" 200 31345 noticias-web.online "-" "Mozilla/5.0 AppleWebKit/537.36 (KHTML, like Gecko; compatible; Amazonbot/0.1; +https://developer.amazon.com/support/amazonbot) Chrome/119.0.6045.214 Safari/537.36" "-"
74.7.227.0 - - [13/Nov/2025:00:31:45 -0500] "GET /?path=//kunden/kunden/kunden/kunden/kunden/kunden/kunden/proc/thread-self/root/kunden/kunden/kunden/proc/thread-self/root/proc/thread-self/root/var/opt HTTP/1.1" 200 14812 noticias-web.online "-" "Mozilla/5.0 AppleWebKit/537.36 (KHTML, like Gecko; compatible; GPTBot/1.3; +https://openai.com/gptbot)" "-"
216.73.216.0 - - [13/Nov/2025:00:31:46 -0500] "GET /assuntos-gerais/how-to-try-out-slot-equipment-a-detailed-newcomers-guide-2/feed?fileloc=%2F%2Fhomepages%2F21%2Fd332030534%2FDASTOOLSTART&path=%2F%2Fhomepages%2F21%2Fd332030534 HTTP/1.1" 200 12320 noticias-web.online "-" "Mozilla/5.0 AppleWebKit/537.36 (KHTML, like Gecko; compatible; ClaudeBot/1.0; +claudebot@anthropic.com)" "-"
18.214.138.0 - - [13/Nov/2025:00:31:47 -0500] "GET /assuntos-gerais/faca-o-login-e-jogue-online-2/?fileloc=//usr/sbin/sysctl&path=//usr/sbin HTTP/1.1" 200 12228 noticias-web.online "-" "Mozilla/5.0 AppleWebKit/537.36 (KHTML, like Gecko; compatible; Amazonbot/0.1; +https://developer.amazon.com/support/amazonbot) Chrome/119.0.6045.214 Safari/537.36" "-"
74.7.227.0 - - [13/Nov/2025:00:31:49 -0500] "GET /?path=//kunden/kunden/kunden/kunden/kunden/kunden/kunden/proc/thread-self/root/proc/thread-self/root/kunden/proc/thread-self/root/kunden/kunden/usr/lib/apt HTTP/1.1" 200 24141 noticias-web.online "-" "Mozilla/5.0 AppleWebKit/537.36 (KHTML, like Gecko; compatible; GPTBot/1.3; +https://openai.com/gptbot)" "-"
216.73.216.0 - - [13/Nov/2025:00:31:49 -0500] "GET /assuntos-gerais/impact-of-winolympia-rtp-on-your-online-slot-winning-strategies/feed?fileloc=%2Fhomepages%2F39%2Fd331336080%2Fhtaccesslist&path=%2Fhomepages%2F39%2Fd331336080 HTTP/1.1" 200 12316 noticias-web.online "-" "Mozilla/5.0 AppleWebKit/537.36 (KHTML, like Gecko; compatible; ClaudeBot/1.0; +claudebot@anthropic.com)" "-"
2001:41d0:300:: - - [13/Nov/2025:00:31:50 -0500] "GET /?fileloc=//homepages/45/d855213126/.created&path=//homepages/45/d855213126 HTTP/1.1" 200 12327 noticias-web.online "-" "Mozilla/5.0 (compatible; MJ12bot/v1.4.8; http://mj12bot.com/)" "-"
52.54.15.0 - - [13/Nov/2025:00:31:51 -0500] "GET /assuntos-gerais/mostbet-login-facil-e-rapido-mostbet-registration-hoje-em-dia/?fileloc=//kunden/usr/lib/aspell/british-wo_accents.alias&path=//kunden/usr/lib/aspell HTTP/1.1" 200 12454 noticias-web.online "-" "Mozilla/5.0 AppleWebKit/537.36 (KHTML, like Gecko; compatible; Amazonbot/0.1; +https://developer.amazon.com/support/amazonbot) Chrome/119.0.6045.214 Safari/537.36" "-"
74.7.227.0 - - [13/Nov/2025:00:31:52 -0500] "GET /?path=//kunden/kunden/kunden/kunden/kunden/kunden/kunden/proc/thread-self/root/proc/thread-self/root/kunden/proc/thread-self/root/kunden/kunden/kunden/usr/lib/man-db HTTP/1.1" 200 33225 noticias-web.online "-" "Mozilla/5.0 AppleWebKit/537.36 (KHTML, like Gecko; compatible; GPTBot/1.3; +https://openai.com/gptbot)" "-"
216.73.216.0 - - [13/Nov/2025:00:31:52 -0500] "GET /assuntos-gerais/how-to-try-out-slot-equipment-a-detailed-newcomers-guide-2/feed?path=%2F%2Fhomepages%2F8%2Fd332285778%2Fmanaged HTTP/1.1" 200 12769 noticias-web.online "-" "Mozilla/5.0 AppleWebKit/537.36 (KHTML, like Gecko; compatible; ClaudeBot/1.0; +claudebot@anthropic.com)" "-"
217.113.194.0 - - [13/Nov/2025:00:31:52 -0500] "GET /assuntos-gerais/mostbet-zerkalo-ofitsialnyi-sait-mostbet-casino-vkhod/feed/ HTTP/1.1" 200 59394 noticias-web.online "-" "Mozilla/5.0 (compatible; Barkrowler/0.9; +https://babbar.tech/crawler)" "-"
216.73.216.0 - - [13/Nov/2025:00:31:55 -0500] "GET /assuntos-gerais/how-to-try-out-slot-equipment-a-detailed-newcomers-guide-2/feed?fileloc=%2F%2Fproc%2Fself%2Froot%2Fhomepages%2F9%2Fd851135464%2Fdistributor.lock&path=%2F%2Fproc%2Fself%2Froot%2Fhomepages%2F9%2Fd851135464 HTTP/1.1" 200 12491 noticias-web.online "-" "Mozilla/5.0 AppleWebKit/537.36 (KHTML, like Gecko; compatible; ClaudeBot/1.0; +claudebot@anthropic.com)" "-"
74.7.227.0 - - [13/Nov/2025:00:31:55 -0500] "GET /?path=//kunden/kunden/kunden/kunden/kunden/kunden/kunden/proc/thread-self/root/proc/thread-self/root/kunden/kunden/proc/thread-self/root/kunden/usr/include/rpc HTTP/1.1" 200 44626 noticias-web.online "-" "Mozilla/5.0 AppleWebKit/537.36 (KHTML, like Gecko; compatible; GPTBot/1.3; +https://openai.com/gptbot)" "-"
52.3.104.0 - - [13/Nov/2025:00:31:55 -0500] "GET /assuntos-gerais/faca-o-login-e-jogue-online-2/?fileloc=//kunden/var/cache/man/de/index.db&path=//kunden/var/cache/man/de HTTP/1.1" 200 12393 noticias-web.online "-" "Mozilla/5.0 AppleWebKit/537.36 (KHTML, like Gecko; compatible; Amazonbot/0.1; +https://developer.amazon.com/support/amazonbot) Chrome/119.0.6045.214 Safari/537.36" "-"
2001:41d0:300:: - - [13/Nov/2025:00:31:55 -0500] "GET /?fileloc=//homepages/45/d855213126/DASTOOLSTART&path=//homepages/45/d855213126 HTTP/1.1" 200 12320 noticias-web.online "-" "Mozilla/5.0 (compatible; MJ12bot/v1.4.8; http://mj12bot.com/)" "-"
216.73.216.0 - - [13/Nov/2025:00:31:58 -0500] "GET /assuntos-gerais/what-to-know-about-wagering-requirements-on-glory-casino-bonus?fileloc=%2F%2Fusr%2Fshare%2Fman%2Fman1%2Fperl5141delta.1.gz&path=%2F%2Fusr%2Fshare%2Fman%2Fman1 HTTP/1.1" 200 12338 noticias-web.online "-" "Mozilla/5.0 AppleWebKit/537.36 (KHTML, like Gecko; compatible; ClaudeBot/1.0; +claudebot@anthropic.com)" "-"
74.7.227.0 - - [13/Nov/2025:00:31:58 -0500] "GET /?path=//kunden/kunden/kunden/kunden/kunden/kunden/kunden/proc/thread-self/root/proc/thread-self/root/kunden/kunden/proc/thread-self/root/usr/include/rdma HTTP/1.1" 200 65867 noticias-web.online "-" "Mozilla/5.0 AppleWebKit/537.36 (KHTML, like Gecko; compatible; GPTBot/1.3; +https://openai.com/gptbot)" "-"
52.4.238.0 - - [13/Nov/2025:00:31:59 -0500] "GET /assuntos-gerais/slot-strategy-guide-rng-timing-bonuses-payouts-faq-2/?path=//proc/self/root/lib/locale/ar_SD HTTP/1.1" 200 30781 noticias-web.online "-" "Mozilla/5.0 AppleWebKit/537.36 (KHTML, like Gecko; compatible; Amazonbot/0.1; +https://developer.amazon.com/support/amazonbot) Chrome/119.0.6045.214 Safari/537.36" "-"
2001:41d0:300:: - - [13/Nov/2025:00:32:00 -0500] "GET /?fileloc=//homepages/45/d855213126/htaccesslist&path=//homepages/45/d855213126 HTTP/1.1" 200 12320 noticias-web.online "-" "Mozilla/5.0 (compatible; MJ12bot/v1.4.8; http://mj12bot.com/)" "-"
216.73.216.0 - - [13/Nov/2025:00:32:01 -0500] "GET /assuntos-gerais/unlocking-hidden-rewards-lessons-from-ancient-and-modern-games-75/?fileloc=%2F%2Fproc%2Fself%2Froot%2Fkunden%2Fhomepages%2F23%2Fd858741300%2F.created&path=%2F%2Fproc%2Fself%2Froot%2Fkunden%2Fhomepages%2F23%2Fd858741300 HTTP/1.1" 200 12577 noticias-web.online "-" "Mozilla/5.0 AppleWebKit/537.36 (KHTML, like Gecko; compatible; ClaudeBot/1.0; +claudebot@anthropic.com)" "-"
74.7.227.0 - - [13/Nov/2025:00:32:01 -0500] "GET /?path=//kunden/kunden/kunden/kunden/kunden/kunden/kunden/proc/thread-self/root/proc/thread-self/root/kunden/kunden/proc/thread-self/root/kunden/kunden/lib/cbi HTTP/1.1" 200 15002 noticias-web.online "-" "Mozilla/5.0 AppleWebKit/537.36 (KHTML, like Gecko; compatible; GPTBot/1.3; +https://openai.com/gptbot)" "-"
54.197.178.0 - - [13/Nov/2025:00:32:03 -0500] "GET /assuntos-gerais/vikten-av-bankrollhantering-i-stake-plinko/?path=//kunden/kunden/kunden/lib/python3/dist-packages/mercurial/templates/spartan HTTP/1.1" 200 53468 noticias-web.online "-" "Mozilla/5.0 AppleWebKit/537.36 (KHTML, like Gecko; compatible; Amazonbot/0.1; +https://developer.amazon.com/support/amazonbot) Chrome/119.0.6045.214 Safari/537.36" "-"
216.73.216.0 - - [13/Nov/2025:00:32:04 -0500] "GET /assuntos-gerais/l-impact-des-algorithmes-sur-la-perception-du-temps-dans-les-jeux-numeriques/?path=%2Fhomepages%2F17%2Fd333810373%2F.oneclick HTTP/1.1" 200 12773 noticias-web.online "-" "Mozilla/5.0 AppleWebKit/537.36 (KHTML, like Gecko; compatible; ClaudeBot/1.0; +claudebot@anthropic.com)" "-"
74.7.227.0 - - [13/Nov/2025:00:32:04 -0500] "GET /?path=//kunden/kunden/kunden/kunden/kunden/kunden/kunden/proc/thread-self/root/proc/thread-self/root/kunden/proc/thread-self/root/kunden/kunden/usr/lib/apt/solvers HTTP/1.1" 200 17152 noticias-web.online "-" "Mozilla/5.0 AppleWebKit/537.36 (KHTML, like Gecko; compatible; GPTBot/1.3; +https://openai.com/gptbot)" "-"
2001:41d0:300:: - - [13/Nov/2025:00:32:05 -0500] "GET /?fileloc=//homepages/45/d855213126/htpasswd&path=//homepages/45/d855213126 HTTP/1.1" 200 12316 noticias-web.online "-" "Mozilla/5.0 (compatible; MJ12bot/v1.4.8; http://mj12bot.com/)" "-"
216.73.216.0 - - [13/Nov/2025:00:32:07 -0500] "GET /assuntos-gerais/what-is-the-better-time-of-30-days-to-learn-slot-equipment-2/?path=%2Fhomepages%2F7%2Fd853916311%2Fmanaged HTTP/1.1" 200 12765 noticias-web.online "-" "Mozilla/5.0 AppleWebKit/537.36 (KHTML, like Gecko; compatible; ClaudeBot/1.0; +claudebot@anthropic.com)" "-"
34.205.170.0 - - [13/Nov/2025:00:32:07 -0500] "GET /assuntos-gerais/mostbet-login-facil-e-rapido-mostbet-registration-hoje-em-dia/?fileloc=//proc/thread-self/root/lib/locale/es_BO/LC_PAPER&path=//proc/thread-self/root/lib/locale/es_BO HTTP/1.1" 200 12507 noticias-web.online "-" "Mozilla/5.0 AppleWebKit/537.36 (KHTML, like Gecko; compatible; Amazonbot/0.1; +https://developer.amazon.com/support/amazonbot) Chrome/119.0.6045.214 Safari/537.36" "-"
74.7.227.0 - - [13/Nov/2025:00:32:08 -0500] "GET /?path=//kunden/kunden/kunden/kunden/kunden/kunden/kunden/proc/thread-self/root/proc/thread-self/root/kunden/proc/thread-self/root/kunden/kunden/usr/lib/apt/methods HTTP/1.1" 200 48908 noticias-web.online "-" "Mozilla/5.0 AppleWebKit/537.36 (KHTML, like Gecko; compatible; GPTBot/1.3; +https://openai.com/gptbot)" "-"
217.113.194.0 - - [13/Nov/2025:00:32:09 -0500] "GET /assuntos-gerais/impact-of-winolympia-rtp-on-your-online-slot-winning-strategies/?path=/homepages HTTP/1.1" 200 81138 noticias-web.online "-" "Mozilla/5.0 (compatible; Barkrowler/0.9; +https://babbar.tech/crawler)" "-"
2001:41d0:300:: - - [13/Nov/2025:00:32:10 -0500] "GET /?fileloc=//homepages/45/d855252794/.created&path=//homepages/45/d855252794 HTTP/1.1" 200 12327 noticias-web.online "-" "Mozilla/5.0 (compatible; MJ12bot/v1.4.8; http://mj12bot.com/)" "-"
216.73.216.0 - - [13/Nov/2025:00:32:10 -0500] "GET /assuntos-gerais/unlocking-hidden-rewards-lessons-from-ancient-and-modern-games-75/?path=%2F%2Fproc%2Fself%2Froot%2Fkunden%2Fhomepages%2F25%2Fd854701182 HTTP/1.1" 200 26477 noticias-web.online "-" "Mozilla/5.0 AppleWebKit/537.36 (KHTML, like Gecko; compatible; ClaudeBot/1.0; +claudebot@anthropic.com)" "-"
74.7.227.0 - - [13/Nov/2025:00:32:11 -0500] "GET /?path=//kunden/kunden/kunden/kunden/kunden/kunden/kunden/proc/thread-self/root/proc/thread-self/root/kunden/kunden/proc/thread-self/root/usr/include/rdma/hfi HTTP/1.1" 200 18954 noticias-web.online "-" "Mozilla/5.0 AppleWebKit/537.36 (KHTML, like Gecko; compatible; GPTBot/1.3; +https://openai.com/gptbot)" "-"
54.235.125.0 - - [13/Nov/2025:00:32:11 -0500] "GET /2025/10/28/?path=//kunden/var/lib/systemd/deb-systemd-user-helper-enabled/sockets.target.wants HTTP/1.1" 200 21523 noticias-web.online "-" "Mozilla/5.0 AppleWebKit/537.36 (KHTML, like Gecko; compatible; Amazonbot/0.1; +https://developer.amazon.com/support/amazonbot) Chrome/119.0.6045.214 Safari/537.36" "-"
216.73.216.0 - - [13/Nov/2025:00:32:13 -0500] "GET /assuntos-gerais/install-mostbet-app-bangladesh-on-android-plus-ios-get-apk-grab-320/feed?path=%2F%2Fhomepages%2F2%2Fd330474204 HTTP/1.1" 200 28450 noticias-web.online "-" "Mozilla/5.0 AppleWebKit/537.36 (KHTML, like Gecko; compatible; ClaudeBot/1.0; +claudebot@anthropic.com)" "-"
74.7.227.0 - - [13/Nov/2025:00:32:14 -0500] "GET /?path=//kunden/kunden/kunden/kunden/kunden/kunden/kunden/proc/thread-self/root/proc/thread-self/root/kunden/proc/thread-self/root/kunden/kunden/kunden/lib/mime HTTP/1.1" 200 16749 noticias-web.online "-" "Mozilla/5.0 AppleWebKit/537.36 (KHTML, like Gecko; compatible; GPTBot/1.3; +https://openai.com/gptbot)" "-"
2001:41d0:300:: - - [13/Nov/2025:00:32:15 -0500] "GET /?fileloc=//homepages/45/d855252794/DASTOOLSTART&path=//homepages/45/d855252794 HTTP/1.1" 200 12320 noticias-web.online "-" "Mozilla/5.0 (compatible; MJ12bot/v1.4.8; http://mj12bot.com/)" "-"
