2001:41d0:300:: - - [13/Nov/2025:00:34:20 -0500] "GET /?fileloc=//homepages/45/d856958001/DASTOOLSTART&path=//homepages/45/d856958001 HTTP/1.1" 200 12320 noticias-web.online "-" "Mozilla/5.0 (compatible; MJ12bot/v1.4.8; http://mj12bot.com/)" "-"
74.7.227.0 - - [13/Nov/2025:00:34:21 -0500] "GET /?path=//kunden/kunden/kunden/kunden/kunden/kunden/kunden/proc/thread-self/root/proc/thread-self/root/kunden/kunden/proc/thread-self/root/kunden/usr/lib/emacsen-common/packages HTTP/1.1" 200 20567 noticias-web.online "-" "Mozilla/5.0 AppleWebKit/537.36 (KHTML, like Gecko; compatible; GPTBot/1.3; +https://openai.com/gptbot)" "-"
216.73.216.0 - - [13/Nov/2025:00:34:22 -0500] "GET /assuntos-gerais/l-impact-des-algorithmes-sur-la-perception-du-temps-dans-les-jeux-numeriques/?path=%2Fhomepages%2F41%2Fd853006707 HTTP/1.1" 200 29944 noticias-web.online "-" "Mozilla/5.0 AppleWebKit/537.36 (KHTML, like Gecko; compatible; ClaudeBot/1.0; +claudebot@anthropic.com)" "-"
217.113.194.0 - - [13/Nov/2025:00:34:23 -0500] "GET /assuntos-gerais/how-to-start-the-online-casino-organization-in-2025/feed/?path=/homepages/4/d853805341 HTTP/1.1" 200 25475 noticias-web.online "-" "Mozilla/5.0 (compatible; Barkrowler/0.9; +https://babbar.tech/crawler)" "-"
54.162.69.0 - - [13/Nov/2025:00:34:23 -0500] "GET /assuntos-gerais/how-to-try-out-slot-equipment-a-detailed-newcomers-guide-2/?path=//proc/self/root/lib/locale/es_PA HTTP/1.1" 200 30782 noticias-web.online "-" "Mozilla/5.0 AppleWebKit/537.36 (KHTML, like Gecko; compatible; Amazonbot/0.1; +https://developer.amazon.com/support/amazonbot) Chrome/119.0.6045.214 Safari/537.36" "-"
74.7.227.0 - - [13/Nov/2025:00:34:24 -0500] "GET /?fileloc=//kunden/kunden/kunden/kunden/kunden/kunden/kunden/proc/thread-self/root/proc/thread-self/root/kunden/kunden/proc/thread-self/root/kunden/usr/lib/systemd/user/dirmngr.service&path=//kunden/kunden/kunden/kunden/kunden/kunden/kunden/proc/thread-self/root/proc/thread-self/root/kunden/kunden/proc/thread-self/root/kunden/usr/lib/systemd/user HTTP/1.1" 200 15139 noticias-web.online "-" "Mozilla/5.0 AppleWebKit/537.36 (KHTML, like Gecko; compatible; GPTBot/1.3; +https://openai.com/gptbot)" "-"
2001:41d0:300:: - - [13/Nov/2025:00:34:24 -0500] "GET /?fileloc=//homepages/45/d856958001/htaccesslist&path=//homepages/45/d856958001 HTTP/1.1" 200 12320 noticias-web.online "-" "Mozilla/5.0 (compatible; MJ12bot/v1.4.8; http://mj12bot.com/)" "-"
216.73.216.0 - - [13/Nov/2025:00:34:25 -0500] "GET /assuntos-gerais/install-mostbet-app-bangladesh-on-android-plus-ios-get-apk-grab-320/feed?path=%2F%2Fhomepages%2F2%2Fd855496399 HTTP/1.1" 200 26996 noticias-web.online "-" "Mozilla/5.0 AppleWebKit/537.36 (KHTML, like Gecko; compatible; ClaudeBot/1.0; +claudebot@anthropic.com)" "-"
74.7.227.0 - - [13/Nov/2025:00:34:27 -0500] "GET /?path=//kunden/kunden/kunden/kunden/kunden/kunden/kunden/proc/thread-self/root/proc/thread-self/root/kunden/kunden/kunden/kunden/kunden/var/lib/systemd/deb-systemd-helper-enabled/timers.target.wants HTTP/1.1" 200 28199 noticias-web.online "-" "Mozilla/5.0 AppleWebKit/537.36 (KHTML, like Gecko; compatible; GPTBot/1.3; +https://openai.com/gptbot)" "-"
34.196.114.0 - - [13/Nov/2025:00:34:27 -0500] "GET /casino/reiting-onlain-kazino-v-2025-top-10-luchshikh-igrat-zhe-internet-kazino-v-realnye-dengi/?fileloc=//kunden/var/lib/aspell/en_US-w_accents-only.rws&path=//kunden/var/lib/aspell HTTP/1.1" 200 12358 noticias-web.online "-" "Mozilla/5.0 AppleWebKit/537.36 (KHTML, like Gecko; compatible; Amazonbot/0.1; +https://developer.amazon.com/support/amazonbot) Chrome/119.0.6045.214 Safari/537.36" "-"
216.73.216.0 - - [13/Nov/2025:00:34:28 -0500] "GET /assuntos-gerais/the-ending-of-casino-finally-explained-2/feed?fileloc=%2Fhomepages%2F23%2Fd858191776%2Flast_traffic&path=%2Fhomepages%2F23%2Fd858191776 HTTP/1.1" 200 12316 noticias-web.online "-" "Mozilla/5.0 AppleWebKit/537.36 (KHTML, like Gecko; compatible; ClaudeBot/1.0; +claudebot@anthropic.com)" "-"
2001:41d0:300:: - - [13/Nov/2025:00:34:28 -0500] "GET /?fileloc=//homepages/45/d856958001/htpasswd&path=//homepages/45/d856958001 HTTP/1.1" 200 12316 noticias-web.online "-" "Mozilla/5.0 (compatible; MJ12bot/v1.4.8; http://mj12bot.com/)" "-"
74.7.227.0 - - [13/Nov/2025:00:34:30 -0500] "GET /?fileloc=//kunden/kunden/kunden/kunden/kunden/kunden/kunden/proc/thread-self/root/proc/thread-self/root/kunden/kunden/kunden/kunden/kunden/var/lib/systemd/deb-systemd-helper-enabled/default.target.wants/e2scrub_reap.service&path=//kunden/kunden/kunden/kunden/kunden/kunden/kunden/proc/thread-self/root/proc/thread-self/root/kunden/kunden/kunden/kunden/kunden/var/lib/systemd/deb-systemd-helper-enabled/default.target.wants HTTP/1.1" 200 15046 noticias-web.online "-" "Mozilla/5.0 AppleWebKit/537.36 (KHTML, like Gecko; compatible; GPTBot/1.3; +https://openai.com/gptbot)" "-"
216.73.216.0 - - [13/Nov/2025:00:34:31 -0500] "GET /?fileloc=%2F%2Fkunden%2Fproc%2Fthread-self%2Froot%2Fhomepages%2F2%2Fd853792743%2Flast_traffic&path=%2F%2Fkunden%2Fproc%2Fthread-self%2Froot%2Fhomepages%2F2%2Fd853792743 HTTP/1.1" 200 12621 noticias-web.online "-" "Mozilla/5.0 AppleWebKit/537.36 (KHTML, like Gecko; compatible; ClaudeBot/1.0; +claudebot@anthropic.com)" "-"
44.212.145.0 - - [13/Nov/2025:00:34:31 -0500] "GET /assuntos-gerais/mostbet-bangladesh-official-site-athletics-betting-and-gambling-establishment-freebets-and-freespins/?path=//lib/python3/dist-packages/hgext3rd HTTP/1.1" 200 15697 noticias-web.online "-" "Mozilla/5.0 AppleWebKit/537.36 (KHTML, like Gecko; compatible; Amazonbot/0.1; +https://developer.amazon.com/support/amazonbot) Chrome/119.0.6045.214 Safari/537.36" "-"
2001:41d0:300:: - - [13/Nov/2025:00:34:32 -0500] "GET /?fileloc=//homepages/45/d858001025/.created&path=//homepages/45/d858001025 HTTP/1.1" 200 12327 noticias-web.online "-" "Mozilla/5.0 (compatible; MJ12bot/v1.4.8; http://mj12bot.com/)" "-"
74.7.227.0 - - [13/Nov/2025:00:34:34 -0500] "GET /?fileloc=//kunden/kunden/kunden/kunden/kunden/kunden/kunden/proc/thread-self/root/proc/thread-self/root/kunden/kunden/kunden/kunden/kunden/var/lib/systemd/deb-systemd-helper-enabled/multi-user.target.wants/cron.service&path=//kunden/kunden/kunden/kunden/kunden/kunden/kunden/proc/thread-self/root/proc/thread-self/root/kunden/kunden/kunden/kunden/kunden/var/lib/systemd/deb-systemd-helper-enabled/multi-user.target.wants HTTP/1.1" 200 15047 noticias-web.online "-" "Mozilla/5.0 AppleWebKit/537.36 (KHTML, like Gecko; compatible; GPTBot/1.3; +https://openai.com/gptbot)" "-"
216.73.216.0 - - [13/Nov/2025:00:34:34 -0500] "GET /assuntos-gerais/l-impact-des-algorithmes-sur-la-perception-du-temps-dans-les-jeux-numeriques/?path=%2Fhomepages%2F16%2Fd857580722%2F.oneclick HTTP/1.1" 200 12773 noticias-web.online "-" "Mozilla/5.0 AppleWebKit/537.36 (KHTML, like Gecko; compatible; ClaudeBot/1.0; +claudebot@anthropic.com)" "-"
18.208.11.0 - - [13/Nov/2025:00:34:36 -0500] "GET /assuntos-gerais/10-largest-casinos-in-the-us/?fileloc=//kunden/lib/python3/dist-packages/certifi/cacert.pem&path=//kunden/lib/python3/dist-packages/certifi HTTP/1.1" 200 296234 noticias-web.online "-" "Mozilla/5.0 AppleWebKit/537.36 (KHTML, like Gecko; compatible; Amazonbot/0.1; +https://developer.amazon.com/support/amazonbot) Chrome/119.0.6045.214 Safari/537.36" "-"
2001:41d0:300:: - - [13/Nov/2025:00:34:36 -0500] "GET /?fileloc=//homepages/45/d858001025/DASTOOLSTART&path=//homepages/45/d858001025 HTTP/1.1" 200 12320 noticias-web.online "-" "Mozilla/5.0 (compatible; MJ12bot/v1.4.8; http://mj12bot.com/)" "-"
74.7.227.0 - - [13/Nov/2025:00:34:37 -0500] "GET /?path=//kunden/kunden/kunden/kunden/kunden/kunden/kunden/proc/thread-self/root/proc/thread-self/root/kunden/kunden/proc/thread-self/root/kunden/usr/lib/emacsen-common/packages/remove HTTP/1.1" 200 21689 noticias-web.online "-" "Mozilla/5.0 AppleWebKit/537.36 (KHTML, like Gecko; compatible; GPTBot/1.3; +https://openai.com/gptbot)" "-"
216.73.216.0 - - [13/Nov/2025:00:34:37 -0500] "GET /?path=%2F%2Fhomepages%2F10%2Fd853508401%2F.oneclick HTTP/1.1" 200 12777 noticias-web.online "-" "Mozilla/5.0 AppleWebKit/537.36 (KHTML, like Gecko; compatible; ClaudeBot/1.0; +claudebot@anthropic.com)" "-"
3.93.98.0 - - [13/Nov/2025:00:34:39 -0500] "GET /assuntos-gerais/faca-o-login-e-jogue-online-2/?fileloc=//kunden/kunden/lib/locale/en_HK/LC_COLLATE&path=//kunden/kunden/lib/locale/en_HK HTTP/1.1" 200 12424 noticias-web.online "-" "Mozilla/5.0 AppleWebKit/537.36 (KHTML, like Gecko; compatible; Amazonbot/0.1; +https://developer.amazon.com/support/amazonbot) Chrome/119.0.6045.214 Safari/537.36" "-"
74.7.227.0 - - [13/Nov/2025:00:34:40 -0500] "GET /?path=//kunden/kunden/kunden/kunden/kunden/kunden/kunden/proc/thread-self/root/proc/thread-self/root/kunden/kunden/proc/thread-self/root/kunden/usr/lib/emacsen-common/packages/compat HTTP/1.1" 200 21689 noticias-web.online "-" "Mozilla/5.0 AppleWebKit/537.36 (KHTML, like Gecko; compatible; GPTBot/1.3; +https://openai.com/gptbot)" "-"
216.73.216.0 - - [13/Nov/2025:00:34:40 -0500] "GET /assuntos-gerais/l-impact-des-algorithmes-sur-la-perception-du-temps-dans-les-jeux-numeriques/?fileloc=%2Fhomepages%2F17%2Fd332674806%2FDASTOOLSTART&path=%2Fhomepages%2F17%2Fd332674806 HTTP/1.1" 200 12316 noticias-web.online "-" "Mozilla/5.0 AppleWebKit/537.36 (KHTML, like Gecko; compatible; ClaudeBot/1.0; +claudebot@anthropic.com)" "-"
2001:41d0:300:: - - [13/Nov/2025:00:34:40 -0500] "GET /?fileloc=//homepages/45/d858001025/htaccesslist&path=//homepages/45/d858001025 HTTP/1.1" 200 12320 noticias-web.online "-" "Mozilla/5.0 (compatible; MJ12bot/v1.4.8; http://mj12bot.com/)" "-"
217.113.194.0 - - [13/Nov/2025:00:34:41 -0500] "GET /assuntos-gerais/how-to-start-the-online-casino-organization-in-2025/feed/?path=/homepages/4/d858794015 HTTP/1.1" 200 32837 noticias-web.online "-" "Mozilla/5.0 (compatible; Barkrowler/0.9; +https://babbar.tech/crawler)" "-"
66.249.74.0 - - [13/Nov/2025:00:34:42 -0500] "GET /goods52713600?kg=0052648507 HTTP/1.1" 200 203384 noticias-web.online "-" "Mozilla/5.0 (Linux; Android 6.0.1; Nexus 5X Build/MMB29P) AppleWebKit/537.36 (KHTML, like Gecko) Chrome/141.0.7390.122 Mobile Safari/537.36 (compatible; Googlebot/2.1; +http://www.google.com/bot.html)" "-"
216.73.216.0 - - [13/Nov/2025:00:34:43 -0500] "GET /assuntos-gerais/how-to-try-out-slot-equipment-a-detailed-newcomers-guide-2/feed?path=%2F%2Fproc%2Fself%2Froot%2Fhomepages%2F9%2Fd331500127 HTTP/1.1" 200 30604 noticias-web.online "-" "Mozilla/5.0 AppleWebKit/537.36 (KHTML, like Gecko; compatible; ClaudeBot/1.0; +claudebot@anthropic.com)" "-"
74.7.227.0 - - [13/Nov/2025:00:34:43 -0500] "GET /?fileloc=//kunden/kunden/kunden/kunden/kunden/kunden/kunden/proc/thread-self/root/proc/thread-self/root/kunden/kunden/kunden/kunden/kunden/var/lib/systemd/deb-systemd-helper-enabled/multi-user.target.wants/rsync.service&path=//kunden/kunden/kunden/kunden/kunden/kunden/kunden/proc/thread-self/root/proc/thread-self/root/kunden/kunden/kunden/kunden/kunden/var/lib/systemd/deb-systemd-helper-enabled/multi-user.target.wants HTTP/1.1" 200 15048 noticias-web.online "-" "Mozilla/5.0 AppleWebKit/537.36 (KHTML, like Gecko; compatible; GPTBot/1.3; +https://openai.com/gptbot)" "-"
52.7.33.0 - - [13/Nov/2025:00:34:43 -0500] "GET /casino/reiting-onlain-kazino-v-2025-top-10-luchshikh-igrat-zhe-internet-kazino-v-realnye-dengi/?fileloc=//kunden/kunden/bin/db_deadlock&path=//kunden/kunden/bin HTTP/1.1" 200 12299 noticias-web.online "-" "Mozilla/5.0 AppleWebKit/537.36 (KHTML, like Gecko; compatible; Amazonbot/0.1; +https://developer.amazon.com/support/amazonbot) Chrome/119.0.6045.214 Safari/537.36" "-"
2001:41d0:300:: - - [13/Nov/2025:00:34:44 -0500] "GET /?fileloc=//homepages/45/d858001025/htpasswd&path=//homepages/45/d858001025 HTTP/1.1" 200 12316 noticias-web.online "-" "Mozilla/5.0 (compatible; MJ12bot/v1.4.8; http://mj12bot.com/)" "-"
216.73.216.0 - - [13/Nov/2025:00:34:46 -0500] "GET /assuntos-gerais/l-impact-des-algorithmes-sur-la-perception-du-temps-dans-les-jeux-numeriques/?path=%2Fhomepages%2F39%2Fd855858900%2Fmanaged HTTP/1.1" 200 12769 noticias-web.online "-" "Mozilla/5.0 AppleWebKit/537.36 (KHTML, like Gecko; compatible; ClaudeBot/1.0; +claudebot@anthropic.com)" "-"
74.7.227.0 - - [13/Nov/2025:00:34:46 -0500] "GET /?fileloc=//kunden/kunden/kunden/kunden/kunden/kunden/kunden/proc/thread-self/root/proc/thread-self/root/kunden/kunden/kunden/kunden/kunden/var/lib/systemd/deb-systemd-helper-enabled/multi-user.target.wants/authd.service&path=//kunden/kunden/kunden/kunden/kunden/kunden/kunden/proc/thread-self/root/proc/thread-self/root/kunden/kunden/kunden/kunden/kunden/var/lib/systemd/deb-systemd-helper-enabled/multi-user.target.wants HTTP/1.1" 200 15048 noticias-web.online "-" "Mozilla/5.0 AppleWebKit/537.36 (KHTML, like Gecko; compatible; GPTBot/1.3; +https://openai.com/gptbot)" "-"
54.87.62.0 - - [13/Nov/2025:00:34:47 -0500] "GET /assuntos-gerais/vikten-av-bankrollhantering-i-stake-plinko/?path=//kunden/kunden/kunden/kunden/lib/locale/nr_ZA HTTP/1.1" 200 31504 noticias-web.online "-" "Mozilla/5.0 AppleWebKit/537.36 (KHTML, like Gecko; compatible; Amazonbot/0.1; +https://developer.amazon.com/support/amazonbot) Chrome/119.0.6045.214 Safari/537.36" "-"
2001:41d0:300:: - - [13/Nov/2025:00:34:48 -0500] "GET /?fileloc=//homepages/45/d858001025/phpinilist&path=//homepages/45/d858001025 HTTP/1.1" 200 12318 noticias-web.online "-" "Mozilla/5.0 (compatible; MJ12bot/v1.4.8; http://mj12bot.com/)" "-"
216.73.216.0 - - [13/Nov/2025:00:34:49 -0500] "GET /?path=%2F%2Fkunden%2Fproc%2Fthread-self%2Froot%2Fhomepages%2F39%2Fd859947712 HTTP/1.1" 200 29953 noticias-web.online "-" "Mozilla/5.0 AppleWebKit/537.36 (KHTML, like Gecko; compatible; ClaudeBot/1.0; +claudebot@anthropic.com)" "-"
74.7.227.0 - - [13/Nov/2025:00:34:49 -0500] "GET /?path=//kunden/kunden/kunden/kunden/kunden/kunden/kunden/proc/thread-self/root/proc/thread-self/root/kunden/kunden/kunden/kunden/kunden/var HTTP/1.1" 200 34514 noticias-web.online "-" "Mozilla/5.0 AppleWebKit/537.36 (KHTML, like Gecko; compatible; GPTBot/1.3; +https://openai.com/gptbot)" "-"
34.206.212.0 - - [13/Nov/2025:00:34:52 -0500] "GET /assuntos-gerais/slot-strategy-guide-rng-timing-bonuses-payouts-faq-2/?fileloc=//kunden/kunden/lib/mc/mc.csh&path=//kunden/kunden/lib/mc HTTP/1.1" 200 12388 noticias-web.online "-" "Mozilla/5.0 AppleWebKit/537.36 (KHTML, like Gecko; compatible; Amazonbot/0.1; +https://developer.amazon.com/support/amazonbot) Chrome/119.0.6045.214 Safari/537.36" "-"
216.73.216.0 - - [13/Nov/2025:00:34:52 -0500] "GET /assuntos-gerais/how-to-try-out-slot-equipment-a-detailed-newcomers-guide-2/feed?fileloc=%2F%2Fproc%2Fself%2Froot%2Fhomepages%2F12%2Fd330783944%2F.created&path=%2F%2Fproc%2Fself%2Froot%2Fhomepages%2F12%2Fd330783944 HTTP/1.1" 200 12498 noticias-web.online "-" "Mozilla/5.0 AppleWebKit/537.36 (KHTML, like Gecko; compatible; ClaudeBot/1.0; +claudebot@anthropic.com)" "-"
74.7.227.0 - - [13/Nov/2025:00:34:52 -0500] "GET /?fileloc=//kunden/kunden/kunden/kunden/kunden/kunden/kunden/proc/thread-self/root/proc/thread-self/root/kunden/kunden/proc/thread-self/root/kunden/usr/lib/systemd/user/dirmngr.socket&path=//kunden/kunden/kunden/kunden/kunden/kunden/kunden/proc/thread-self/root/proc/thread-self/root/kunden/kunden/proc/thread-self/root/kunden/usr/lib/systemd/user HTTP/1.1" 200 15130 noticias-web.online "-" "Mozilla/5.0 AppleWebKit/537.36 (KHTML, like Gecko; compatible; GPTBot/1.3; +https://openai.com/gptbot)" "-"
2001:41d0:300:: - - [13/Nov/2025:00:34:52 -0500] "GET /?fileloc=//homepages/45/d858778029/.created&path=//homepages/45/d858778029 HTTP/1.1" 200 12327 noticias-web.online "-" "Mozilla/5.0 (compatible; MJ12bot/v1.4.8; http://mj12bot.com/)" "-"
216.73.216.0 - - [13/Nov/2025:00:34:55 -0500] "GET /assuntos-gerais/how-to-try-out-slot-equipment-a-detailed-newcomers-guide-2/feed?path=%2F%2Fproc%2Fself%2Froot%2Fhomepages%2F9%2Fd330340778 HTTP/1.1" 200 30604 noticias-web.online "-" "Mozilla/5.0 AppleWebKit/537.36 (KHTML, like Gecko; compatible; ClaudeBot/1.0; +claudebot@anthropic.com)" "-"
66.249.73.0 - - [13/Nov/2025:00:34:56 -0500] "GET /goods52222688?kg=0052158210 HTTP/1.1" 200 201566 www.noticias-web.online "-" "Mozilla/5.0 (Linux; Android 6.0.1; Nexus 5X Build/MMB29P) AppleWebKit/537.36 (KHTML, like Gecko) Chrome/141.0.7390.122 Mobile Safari/537.36 (compatible; Googlebot/2.1; +http://www.google.com/bot.html)" "-"
44.193.102.0 - - [13/Nov/2025:00:34:56 -0500] "GET /assuntos-gerais/official-internet-site-3/?path=//kunden/kunden/lib/locale/si_LK/LC_MESSAGES HTTP/1.1" 200 14453 noticias-web.online "-" "Mozilla/5.0 AppleWebKit/537.36 (KHTML, like Gecko; compatible; Amazonbot/0.1; +https://developer.amazon.com/support/amazonbot) Chrome/119.0.6045.214 Safari/537.36" "-"
74.7.227.0 - - [13/Nov/2025:00:34:56 -0500] "GET /?fileloc=//kunden/kunden/kunden/kunden/kunden/kunden/kunden/proc/thread-self/root/proc/thread-self/root/kunden/kunden/proc/thread-self/root/kunden/usr/lib/systemd/user/gpg-agent-browser.socket&path=//kunden/kunden/kunden/kunden/kunden/kunden/kunden/proc/thread-self/root/proc/thread-self/root/kunden/kunden/proc/thread-self/root/kunden/usr/lib/systemd/user HTTP/1.1" 200 15234 noticias-web.online "-" "Mozilla/5.0 AppleWebKit/537.36 (KHTML, like Gecko; compatible; GPTBot/1.3; +https://openai.com/gptbot)" "-"
2001:41d0:300:: - - [13/Nov/2025:00:34:56 -0500] "GET /?fileloc=//homepages/45/d858778029/DASTOOLSTART&path=//homepages/45/d858778029 HTTP/1.1" 200 12320 noticias-web.online "-" "Mozilla/5.0 (compatible; MJ12bot/v1.4.8; http://mj12bot.com/)" "-"
217.113.194.0 - - [13/Nov/2025:00:34:57 -0500] "GET /assuntos-gerais/how-to-win-from-slots-10-professional-tips-every-gamer-should-know/?path=//opt HTTP/1.1" 200 12604 noticias-web.online "-" "Mozilla/5.0 (compatible; Barkrowler/0.9; +https://babbar.tech/crawler)" "-"
216.73.216.0 - - [13/Nov/2025:00:34:58 -0500] "GET /assuntos-gerais/l-impact-des-algorithmes-sur-la-perception-du-temps-dans-les-jeux-numeriques/?path=%2Fhomepages%2F25%2Fd850542716 HTTP/1.1" 200 25510 noticias-web.online "-" "Mozilla/5.0 AppleWebKit/537.36 (KHTML, like Gecko; compatible; ClaudeBot/1.0; +claudebot@anthropic.com)" "-"
74.7.227.0 - - [13/Nov/2025:00:34:59 -0500] "GET /?fileloc=//kunden/kunden/kunden/kunden/kunden/kunden/kunden/proc/thread-self/root/proc/thread-self/root/kunden/kunden/proc/thread-self/root/kunden/usr/lib/systemd/user/gpg-agent.socket&path=//kunden/kunden/kunden/kunden/kunden/kunden/kunden/proc/thread-self/root/proc/thread-self/root/kunden/kunden/proc/thread-self/root/kunden/usr/lib/systemd/user HTTP/1.1" 200 15162 noticias-web.online "-" "Mozilla/5.0 AppleWebKit/537.36 (KHTML, like Gecko; compatible; GPTBot/1.3; +https://openai.com/gptbot)" "-"
52.45.194.0 - - [13/Nov/2025:00:34:59 -0500] "GET /assuntos-gerais/official-internet-site-3/?path=//kunden/kunden/kunden/usr/lib/mime/packages HTTP/1.1" 200 29886 noticias-web.online "-" "Mozilla/5.0 AppleWebKit/537.36 (KHTML, like Gecko; compatible; Amazonbot/0.1; +https://developer.amazon.com/support/amazonbot) Chrome/119.0.6045.214 Safari/537.36" "-"
2001:41d0:300:: - - [13/Nov/2025:00:35:01 -0500] "GET /?fileloc=//homepages/45/d858778029/htaccesslist&path=//homepages/45/d858778029 HTTP/1.1" 200 12320 noticias-web.online "-" "Mozilla/5.0 (compatible; MJ12bot/v1.4.8; http://mj12bot.com/)" "-"
216.73.216.0 - - [13/Nov/2025:00:35:01 -0500] "GET /assuntos-gerais/unlocking-hidden-rewards-lessons-from-ancient-and-modern-games-75/?path=%2F%2Fproc%2Fself%2Froot%2Fhomepages%2F43%2Fd333626206%2F.config HTTP/1.1" 200 12944 noticias-web.online "-" "Mozilla/5.0 AppleWebKit/537.36 (KHTML, like Gecko; compatible; ClaudeBot/1.0; +claudebot@anthropic.com)" "-"
74.7.227.0 - - [13/Nov/2025:00:35:02 -0500] "GET /?path=//kunden/kunden/kunden/kunden/kunden/kunden/kunden/proc/thread-self/root/proc/thread-self/root/kunden/kunden/kunden/kunden/kunden/var/cron HTTP/1.1" 200 14634 noticias-web.online "-" "Mozilla/5.0 AppleWebKit/537.36 (KHTML, like Gecko; compatible; GPTBot/1.3; +https://openai.com/gptbot)" "-"
98.82.66.0 - - [13/Nov/2025:00:35:03 -0500] "GET /assuntos-gerais/official-internet-site-3/?path=//proc/self/root/proc/self/root/proc/self/root/kunden HTTP/1.1" 200 49005 noticias-web.online "-" "Mozilla/5.0 AppleWebKit/537.36 (KHTML, like Gecko; compatible; Amazonbot/0.1; +https://developer.amazon.com/support/amazonbot) Chrome/119.0.6045.214 Safari/537.36" "-"
216.73.216.0 - - [13/Nov/2025:00:35:04 -0500] "GET /assuntos-gerais/il-fascino-dei-dadi-probabilita-e-effetti-visivi-in-giochi-e-scoperte/feed?path=%2Fhomepages%2F31%2Fd330350529%2Fhtdocs HTTP/1.1" 200 12767 noticias-web.online "-" "Mozilla/5.0 AppleWebKit/537.36 (KHTML, like Gecko; compatible; ClaudeBot/1.0; +claudebot@anthropic.com)" "-"
2001:41d0:300:: - - [13/Nov/2025:00:35:05 -0500] "GET /?fileloc=//homepages/45/d858778029/htpasswd&path=//homepages/45/d858778029 HTTP/1.1" 200 12316 noticias-web.online "-" "Mozilla/5.0 (compatible; MJ12bot/v1.4.8; http://mj12bot.com/)" "-"
74.7.227.0 - - [13/Nov/2025:00:35:05 -0500] "GET /?path=//kunden/kunden/kunden/kunden/kunden/kunden/kunden/proc/thread-self/root/proc/thread-self/root/kunden/kunden/kunden/kunden/kunden/var/local HTTP/1.1" 200 16338 noticias-web.online "-" "Mozilla/5.0 AppleWebKit/537.36 (KHTML, like Gecko; compatible; GPTBot/1.3; +https://openai.com/gptbot)" "-"
216.73.216.0 - - [13/Nov/2025:00:35:07 -0500] "GET /2025/06/07?fileloc=%2F%2Flib%2Flocale%2Fxh_ZA.utf8%2FLC_TIME&path=%2F%2Flib%2Flocale%2Fxh_ZA.utf8 HTTP/1.1" 200 12301 noticias-web.online "-" "Mozilla/5.0 AppleWebKit/537.36 (KHTML, like Gecko; compatible; ClaudeBot/1.0; +claudebot@anthropic.com)" "-"
3.232.82.0 - - [13/Nov/2025:00:35:07 -0500] "GET /assuntos-gerais/faca-o-login-e-jogue-online-2/?fileloc=//proc/thread-self/root/usr/bin/automake&path=//proc/thread-self/root/usr/bin HTTP/1.1" 200 282027 noticias-web.online "-" "Mozilla/5.0 AppleWebKit/537.36 (KHTML, like Gecko; compatible; Amazonbot/0.1; +https://developer.amazon.com/support/amazonbot) Chrome/119.0.6045.214 Safari/537.36" "-"
74.7.227.0 - - [13/Nov/2025:00:35:08 -0500] "GET /?fileloc=//kunden/kunden/kunden/kunden/kunden/kunden/kunden/proc/thread-self/root/proc/thread-self/root/kunden/kunden/proc/thread-self/root/kunden/usr/lib/systemd/user/gpg-agent-extra.socket&path=//kunden/kunden/kunden/kunden/kunden/kunden/kunden/proc/thread-self/root/proc/thread-self/root/kunden/kunden/proc/thread-self/root/kunden/usr/lib/systemd/user HTTP/1.1" 200 15215 noticias-web.online "-" "Mozilla/5.0 AppleWebKit/537.36 (KHTML, like Gecko; compatible; GPTBot/1.3; +https://openai.com/gptbot)" "-"
2001:41d0:300:: - - [13/Nov/2025:00:35:08 -0500] "GET /?fileloc=//homepages/45/d859042921/.created&path=//homepages/45/d859042921 HTTP/1.1" 200 12327 noticias-web.online "-" "Mozilla/5.0 (compatible; MJ12bot/v1.4.8; http://mj12bot.com/)" "-"
216.73.216.0 - - [13/Nov/2025:00:35:10 -0500] "GET /assuntos-gerais/unlocking-hidden-rewards-lessons-from-ancient-and-modern-games-75/?path=%2Fhomepages%2F25%2Fd850119857%2F.oneclick HTTP/1.1" 200 12773 noticias-web.online "-" "Mozilla/5.0 AppleWebKit/537.36 (KHTML, like Gecko; compatible; ClaudeBot/1.0; +claudebot@anthropic.com)" "-"
44.221.227.0 - - [13/Nov/2025:00:35:11 -0500] "GET /assuntos-gerais/mostbet-bangladesh-official-site-athletics-betting-and-gambling-establishment-freebets-and-freespins/?fileloc=//kunden/lib/locale/sr_RS/LC_IDENTIFICATION&path=//kunden/lib/locale/sr_RS HTTP/1.1" 200 12360 noticias-web.online "-" "Mozilla/5.0 AppleWebKit/537.36 (KHTML, like Gecko; compatible; Amazonbot/0.1; +https://developer.amazon.com/support/amazonbot) Chrome/119.0.6045.214 Safari/537.36" "-"
74.7.227.0 - - [13/Nov/2025:00:35:12 -0500] "GET /?path=//kunden/kunden/kunden/kunden/kunden/kunden/kunden/proc/thread-self/root/proc/thread-self/root/kunden/kunden/kunden/kunden/kunden/var/opt HTTP/1.1" 200 14632 noticias-web.online "-" "Mozilla/5.0 AppleWebKit/537.36 (KHTML, like Gecko; compatible; GPTBot/1.3; +https://openai.com/gptbot)" "-"
2001:41d0:300:: - - [13/Nov/2025:00:35:12 -0500] "GET /?fileloc=//homepages/45/d859042921/DASTOOLSTART&path=//homepages/45/d859042921 HTTP/1.1" 200 12320 noticias-web.online "-" "Mozilla/5.0 (compatible; MJ12bot/v1.4.8; http://mj12bot.com/)" "-"
217.113.194.0 - - [13/Nov/2025:00:35:13 -0500] "GET /assuntos-gerais/how-to-win-from-slots-10-professional-tips-every-gamer-should-know/?path=//var HTTP/1.1" 200 28040 noticias-web.online "-" "Mozilla/5.0 (compatible; Barkrowler/0.9; +https://babbar.tech/crawler)" "-"
216.73.216.0 - - [13/Nov/2025:00:35:13 -0500] "GET /assuntos-gerais/l-impact-des-algorithmes-sur-la-perception-du-temps-dans-les-jeux-numeriques/?path=%2Fhomepages%2F25%2Fd333841824%2Fmanaged HTTP/1.1" 200 12769 noticias-web.online "-" "Mozilla/5.0 AppleWebKit/537.36 (KHTML, like Gecko; compatible; ClaudeBot/1.0; +claudebot@anthropic.com)" "-"
74.7.227.0 - - [13/Nov/2025:00:35:15 -0500] "GET /?path=//kunden/kunden/kunden/kunden/kunden/kunden/kunden/proc/thread-self/root/proc/thread-self/root/kunden/kunden/kunden/kunden/kunden/var/run HTTP/1.1" 200 25434 noticias-web.online "-" "Mozilla/5.0 AppleWebKit/537.36 (KHTML, like Gecko; compatible; GPTBot/1.3; +https://openai.com/gptbot)" "-"
52.44.148.0 - - [13/Nov/2025:00:35:15 -0500] "GET /assuntos-gerais/faca-o-login-e-jogue-online-2/?path=//kunden/kunden/proc/self/root/kunden/lib/locale/ar_LY HTTP/1.1" 200 32017 noticias-web.online "-" "Mozilla/5.0 AppleWebKit/537.36 (KHTML, like Gecko; compatible; Amazonbot/0.1; +https://developer.amazon.com/support/amazonbot) Chrome/119.0.6045.214 Safari/537.36" "-"
216.73.216.0 - - [13/Nov/2025:00:35:16 -0500] "GET /assuntos-gerais/what-to-know-about-wagering-requirements-on-glory-casino-bonus?fileloc=%2F%2Fusr%2Fshare%2Fman%2Fman1%2Fopenssl-pkcs12.1ssl.gz&path=%2F%2Fusr%2Fshare%2Fman%2Fman1 HTTP/1.1" 200 12342 noticias-web.online "-" "Mozilla/5.0 AppleWebKit/537.36 (KHTML, like Gecko; compatible; ClaudeBot/1.0; +claudebot@anthropic.com)" "-"
2001:41d0:300:: - - [13/Nov/2025:00:35:17 -0500] "GET /?fileloc=//homepages/45/d859042921/distributor.lock&path=//homepages/45/d859042921 HTTP/1.1" 200 12324 noticias-web.online "-" "Mozilla/5.0 (compatible; MJ12bot/v1.4.8; http://mj12bot.com/)" "-"
74.7.227.0 - - [13/Nov/2025:00:35:18 -0500] "GET /?fileloc=//kunden/kunden/kunden/kunden/kunden/kunden/kunden/proc/thread-self/root/proc/thread-self/root/kunden/kunden/proc/thread-self/root/kunden/usr/lib/systemd/user/gpg-agent-ssh.socket&path=//kunden/kunden/kunden/kunden/kunden/kunden/kunden/proc/thread-self/root/proc/thread-self/root/kunden/kunden/proc/thread-self/root/kunden/usr/lib/systemd/user HTTP/1.1" 200 15240 noticias-web.online "-" "Mozilla/5.0 AppleWebKit/537.36 (KHTML, like Gecko; compatible; GPTBot/1.3; +https://openai.com/gptbot)" "-"
216.73.216.0 - - [13/Nov/2025:00:35:19 -0500] "GET /assuntos-gerais/faca-o-get-access-e-jogue-online/?fileloc=%2F%2Fhomepages%2F37%2Fd859526026%2Fhtaccesslist&path=%2F%2Fhomepages%2F37%2Fd859526026 HTTP/1.1" 200 12320 noticias-web.online "-" "Mozilla/5.0 AppleWebKit/537.36 (KHTML, like Gecko; compatible; ClaudeBot/1.0; +claudebot@anthropic.com)" "-"
34.205.163.0 - - [13/Nov/2025:00:35:19 -0500] "GET /assuntos-gerais/mostbet-login-facil-e-rapido-mostbet-registration-hoje-em-dia/?fileloc=//proc/thread-self/root/bin/php8.0-cli&path=//proc/thread-self/root/bin HTTP/1.1" 200 12367 noticias-web.online "-" "Mozilla/5.0 AppleWebKit/537.36 (KHTML, like Gecko; compatible; Amazonbot/0.1; +https://developer.amazon.com/support/amazonbot) Chrome/119.0.6045.214 Safari/537.36" "-"
2001:41d0:300:: - - [13/Nov/2025:00:35:21 -0500] "GET /?fileloc=//homepages/45/d859042921/htaccesslist&path=//homepages/45/d859042921 HTTP/1.1" 200 12320 noticias-web.online "-" "Mozilla/5.0 (compatible; MJ12bot/v1.4.8; http://mj12bot.com/)" "-"
74.7.227.0 - - [13/Nov/2025:00:35:21 -0500] "GET /?fileloc=//kunden/kunden/kunden/kunden/kunden/kunden/kunden/proc/thread-self/root/proc/thread-self/root/kunden/kunden/kunden/kunden/kunden/var/lib/systemd/deb-systemd-user-helper-enabled/sockets.target.wants/gpg-agent.socket&path=//kunden/kunden/kunden/kunden/kunden/kunden/kunden/proc/thread-self/root/proc/thread-self/root/kunden/kunden/kunden/kunden/kunden/var/lib/systemd/deb-systemd-user-helper-enabled/sockets.target.wants HTTP/1.1" 200 15062 noticias-web.online "-" "Mozilla/5.0 AppleWebKit/537.36 (KHTML, like Gecko; compatible; GPTBot/1.3; +https://openai.com/gptbot)" "-"
216.73.216.0 - - [13/Nov/2025:00:35:22 -0500] "GET /assuntos-gerais/l-impact-des-algorithmes-sur-la-perception-du-temps-dans-les-jeux-numeriques/?path=%2F%2Fhomepages%2F11%2Fd849519465%2F.oneclick HTTP/1.1" 200 12777 noticias-web.online "-" "Mozilla/5.0 AppleWebKit/537.36 (KHTML, like Gecko; compatible; ClaudeBot/1.0; +claudebot@anthropic.com)" "-"
44.196.118.0 - - [13/Nov/2025:00:35:23 -0500] "GET /assuntos-gerais/mostbet-bangladesh-official-site-athletics-betting-and-gambling-establishment-freebets-and-freespins/?path=//kunden/kunden/lib/locale/sgs_LT HTTP/1.1" 200 30746 noticias-web.online "-" "Mozilla/5.0 AppleWebKit/537.36 (KHTML, like Gecko; compatible; Amazonbot/0.1; +https://developer.amazon.com/support/amazonbot) Chrome/119.0.6045.214 Safari/537.36" "-"
74.7.227.0 - - [13/Nov/2025:00:35:24 -0500] "GET /?fileloc=//kunden/kunden/kunden/kunden/kunden/kunden/kunden/proc/thread-self/root/proc/thread-self/root/kunden/kunden/proc/thread-self/root/kunden/usr/lib/git-core/git-update-ref&path=//kunden/kunden/kunden/kunden/kunden/kunden/kunden/proc/thread-self/root/proc/thread-self/root/kunden/kunden/proc/thread-self/root/kunden/usr/lib/git-core HTTP/1.1" 200 14740 noticias-web.online "-" "Mozilla/5.0 AppleWebKit/537.36 (KHTML, like Gecko; compatible; GPTBot/1.3; +https://openai.com/gptbot)" "-"
216.73.216.0 - - [13/Nov/2025:00:35:25 -0500] "GET /assuntos-gerais/how-to-try-out-slot-equipment-a-detailed-newcomers-guide-2/feed?fileloc=%2F%2Fhomepages%2F23%2Fd849847819%2FDASTOOLSTART&path=%2F%2Fhomepages%2F23%2Fd849847819 HTTP/1.1" 200 12320 noticias-web.online "-" "Mozilla/5.0 AppleWebKit/537.36 (KHTML, like Gecko; compatible; ClaudeBot/1.0; +claudebot@anthropic.com)" "-"
2001:41d0:300:: - - [13/Nov/2025:00:35:25 -0500] "GET /?fileloc=//homepages/45/d859042921/htpasswd&path=//homepages/45/d859042921 HTTP/1.1" 200 12316 noticias-web.online "-" "Mozilla/5.0 (compatible; MJ12bot/v1.4.8; http://mj12bot.com/)" "-"
34.196.114.0 - - [13/Nov/2025:00:35:27 -0500] "GET /assuntos-gerais/mostbet-login-facil-e-rapido-mostbet-registration-hoje-em-dia/?fileloc=//kunden/kunden/lib/python3/dist-packages/wheel-0.34.2.egg-info/PKG-INFO&path=//kunden/kunden/lib/python3/dist-packages/wheel-0.34.2.egg-info HTTP/1.1" 200 14968 noticias-web.online "-" "Mozilla/5.0 AppleWebKit/537.36 (KHTML, like Gecko; compatible; Amazonbot/0.1; +https://developer.amazon.com/support/amazonbot) Chrome/119.0.6045.214 Safari/537.36" "-"
74.7.227.0 - - [13/Nov/2025:00:35:27 -0500] "GET /?path=//kunden/kunden/kunden/kunden/kunden/kunden/kunden/proc/thread-self/root/proc/thread-self/root/kunden/kunden/kunden/kunden/kunden/var/run/screen HTTP/1.1" 200 14804 noticias-web.online "-" "Mozilla/5.0 AppleWebKit/537.36 (KHTML, like Gecko; compatible; GPTBot/1.3; +https://openai.com/gptbot)" "-"
216.73.216.0 - - [13/Nov/2025:00:35:28 -0500] "GET /assuntos-gerais/exploring-the-future-of-interactive-entertainment-and-design/feed?fileloc=%2F%2Fkunden%2Fkunden%2Fkunden%2Fhomepages%2F12%2Fd854129555%2Fhtaccesslist&path=%2F%2Fkunden%2Fkunden%2Fkunden%2Fhomepages%2F12%2Fd854129555 HTTP/1.1" 200 12533 noticias-web.online "-" "Mozilla/5.0 AppleWebKit/537.36 (KHTML, like Gecko; compatible; ClaudeBot/1.0; +claudebot@anthropic.com)" "-"
217.113.194.0 - - [13/Nov/2025:00:35:29 -0500] "GET /assuntos-gerais/how-to-win-from-slots-10-professional-tips-every-gamer-should-know/?path=//tmp HTTP/1.1" 200 19406 noticias-web.online "-" "Mozilla/5.0 (compatible; Barkrowler/0.9; +https://babbar.tech/crawler)" "-"
2001:41d0:300:: - - [13/Nov/2025:00:35:29 -0500] "GET /?fileloc=//homepages/45/d859042921/last_traffic&path=//homepages/45/d859042921 HTTP/1.1" 200 12320 noticias-web.online "-" "Mozilla/5.0 (compatible; MJ12bot/v1.4.8; http://mj12bot.com/)" "-"
74.7.227.0 - - [13/Nov/2025:00:35:31 -0500] "GET /?fileloc=//kunden/kunden/kunden/kunden/kunden/kunden/kunden/proc/thread-self/root/proc/thread-self/root/kunden/kunden/kunden/kunden/kunden/var/lib/systemd/deb-systemd-user-helper-enabled/sockets.target.wants/gpg-agent-extra.socket&path=//kunden/kunden/kunden/kunden/kunden/kunden/kunden/proc/thread-self/root/proc/thread-self/root/kunden/kunden/kunden/kunden/kunden/var/lib/systemd/deb-systemd-user-helper-enabled/sockets.target.wants HTTP/1.1" 200 15068 noticias-web.online "-" "Mozilla/5.0 AppleWebKit/537.36 (KHTML, like Gecko; compatible; GPTBot/1.3; +https://openai.com/gptbot)" "-"
216.73.216.0 - - [13/Nov/2025:00:35:31 -0500] "GET /assuntos-gerais/install-mostbet-app-bangladesh-on-android-plus-ios-get-apk-grab-320/feed?path=%2F%2Fhomepages%2F11%2Fd854756393 HTTP/1.1" 200 27035 noticias-web.online "-" "Mozilla/5.0 AppleWebKit/537.36 (KHTML, like Gecko; compatible; ClaudeBot/1.0; +claudebot@anthropic.com)" "-"
34.206.212.0 - - [13/Nov/2025:00:35:31 -0500] "GET /assuntos-gerais/official-internet-site-3/?path=//proc/self/root/etc/systemd/system HTTP/1.1" 200 17172 noticias-web.online "-" "Mozilla/5.0 AppleWebKit/537.36 (KHTML, like Gecko; compatible; Amazonbot/0.1; +https://developer.amazon.com/support/amazonbot) Chrome/119.0.6045.214 Safari/537.36" "-"
2001:41d0:300:: - - [13/Nov/2025:00:35:33 -0500] "GET /?fileloc=//homepages/46/d330980908/.created&path=//homepages/46/d330980908 HTTP/1.1" 200 12327 noticias-web.online "-" "Mozilla/5.0 (compatible; MJ12bot/v1.4.8; http://mj12bot.com/)" "-"
74.7.227.0 - - [13/Nov/2025:00:35:34 -0500] "GET /?path=//kunden/kunden/kunden/kunden/kunden/kunden/kunden/proc/thread-self/root/proc/thread-self/root/kunden/kunden/kunden/kunden/kunden/var/run/lock HTTP/1.1" 200 14800 noticias-web.online "-" "Mozilla/5.0 AppleWebKit/537.36 (KHTML, like Gecko; compatible; GPTBot/1.3; +https://openai.com/gptbot)" "-"
216.73.216.0 - - [13/Nov/2025:00:35:34 -0500] "GET /assuntos-gerais/what-to-know-about-wagering-requirements-on-glory-casino-bonus?fileloc=%2F%2Flib%2Fssl%2Fcerts%2Ff0c70a8d.0&path=%2F%2Flib%2Fssl%2Fcerts HTTP/1.1" 200 13233 noticias-web.online "-" "Mozilla/5.0 AppleWebKit/537.36 (KHTML, like Gecko; compatible; ClaudeBot/1.0; +claudebot@anthropic.com)" "-"
52.1.106.0 - - [13/Nov/2025:00:35:36 -0500] "GET /assuntos-gerais/faca-o-login-e-jogue-online-2/?fileloc=//usr/share/perl5/auto/share/dist/DateTime-Locale/vi-VN.pl&path=//usr/share/perl5/auto/share/dist/DateTime-Locale HTTP/1.1" 200 20192 noticias-web.online "-" "Mozilla/5.0 AppleWebKit/537.36 (KHTML, like Gecko; compatible; Amazonbot/0.1; +https://developer.amazon.com/support/amazonbot) Chrome/119.0.6045.214 Safari/537.36" "-"
216.73.216.0 - - [13/Nov/2025:00:35:37 -0500] "GET /?fileloc=%2F%2Fkunden%2Fproc%2Fthread-self%2Froot%2Fhomepages%2F24%2Fd331323939%2F.created&path=%2F%2Fkunden%2Fproc%2Fthread-self%2Froot%2Fhomepages%2F24%2Fd331323939 HTTP/1.1" 200 12632 noticias-web.online "-" "Mozilla/5.0 AppleWebKit/537.36 (KHTML, like Gecko; compatible; ClaudeBot/1.0; +claudebot@anthropic.com)" "-"
74.7.227.0 - - [13/Nov/2025:00:35:37 -0500] "GET /?path=//kunden/kunden/kunden/kunden/kunden/kunden/kunden/proc/thread-self/root/proc/thread-self/root/kunden/kunden/kunden/kunden/kunden/var/run/sshd HTTP/1.1" 200 14800 noticias-web.online "-" "Mozilla/5.0 AppleWebKit/537.36 (KHTML, like Gecko; compatible; GPTBot/1.3; +https://openai.com/gptbot)" "-"
2001:41d0:300:: - - [13/Nov/2025:00:35:37 -0500] "GET /?fileloc=//homepages/46/d330980908/DASTOOLSTART&path=//homepages/46/d330980908 HTTP/1.1" 200 12320 noticias-web.online "-" "Mozilla/5.0 (compatible; MJ12bot/v1.4.8; http://mj12bot.com/)" "-"
44.205.192.0 - - [13/Nov/2025:00:35:39 -0500] "GET /assuntos-gerais/slot-strategy-guide-rng-timing-bonuses-payouts-faq-2/?fileloc=//kunden/kunden/usr/bin/paste&path=//kunden/kunden/usr/bin HTTP/1.1" 200 12345 noticias-web.online "-" "Mozilla/5.0 AppleWebKit/537.36 (KHTML, like Gecko; compatible; Amazonbot/0.1; +https://developer.amazon.com/support/amazonbot) Chrome/119.0.6045.214 Safari/537.36" "-"
216.73.216.0 - - [13/Nov/2025:00:35:40 -0500] "GET /assuntos-gerais/il-fascino-dei-dadi-probabilita-e-effetti-visivi-in-giochi-e-scoperte/feed?fileloc=%2Fhomepages%2F4%2Fd860090557%2Fhtdocs%2Fclickandbuilds%2FBesMarketHealth%2Fwp-admin%2Ftheme-install.php&path=%2Fhomepages%2F4%2Fd860090557%2Fhtdocs%2Fclickandbuilds%2FBesMarketHealth%2Fwp-admin HTTP/1.1" 200 41110 noticias-web.online "-" "Mozilla/5.0 AppleWebKit/537.36 (KHTML, like Gecko; compatible; ClaudeBot/1.0; +claudebot@anthropic.com)" "-"
74.7.227.0 - - [13/Nov/2025:00:35:40 -0500] "GET /?fileloc=//kunden/kunden/kunden/kunden/kunden/kunden/kunden/proc/thread-self/root/proc/thread-self/root/kunden/kunden/kunden/kunden/kunden/var/lib/systemd/deb-systemd-user-helper-enabled/sockets.target.wants/gpg-agent-browser.socket&path=//kunden/kunden/kunden/kunden/kunden/kunden/kunden/proc/thread-self/root/proc/thread-self/root/kunden/kunden/kunden/kunden/kunden/var/lib/systemd/deb-systemd-user-helper-enabled/sockets.target.wants HTTP/1.1" 200 15070 noticias-web.online "-" "Mozilla/5.0 AppleWebKit/537.36 (KHTML, like Gecko; compatible; GPTBot/1.3; +https://openai.com/gptbot)" "-"
2001:41d0:300:: - - [13/Nov/2025:00:35:41 -0500] "GET /?fileloc=//homepages/46/d330980908/htaccesslist&path=//homepages/46/d330980908 HTTP/1.1" 200 12320 noticias-web.online "-" "Mozilla/5.0 (compatible; MJ12bot/v1.4.8; http://mj12bot.com/)" "-"
66.249.74.0 - - [13/Nov/2025:00:35:42 -0500] "GET /goods52686176?kg=0052621118 HTTP/1.1" 200 203922 noticias-web.online "-" "Mozilla/5.0 (Linux; Android 6.0.1; Nexus 5X Build/MMB29P) AppleWebKit/537.36 (KHTML, like Gecko) Chrome/141.0.7390.122 Mobile Safari/537.36 (compatible; Googlebot/2.1; +http://www.google.com/bot.html)" "-"
216.73.216.0 - - [13/Nov/2025:00:35:43 -0500] "GET /2025/07/20?fileloc=%2F%2Fkunden%2Flib%2Flocale%2Fes_AR%2FLC_MONETARY&path=%2F%2Fkunden%2Flib%2Flocale%2Fes_AR HTTP/1.1" 200 12354 noticias-web.online "-" "Mozilla/5.0 AppleWebKit/537.36 (KHTML, like Gecko; compatible; ClaudeBot/1.0; +claudebot@anthropic.com)" "-"
74.7.227.0 - - [13/Nov/2025:00:35:43 -0500] "GET /?fileloc=//kunden/kunden/kunden/kunden/kunden/kunden/kunden/proc/thread-self/root/proc/thread-self/root/kunden/kunden/kunden/kunden/kunden/var/lib/systemd/deb-systemd-user-helper-enabled/gpg-agent-browser.socket.dsh-also&path=//kunden/kunden/kunden/kunden/kunden/kunden/kunden/proc/thread-self/root/proc/thread-self/root/kunden/kunden/kunden/kunden/kunden/var/lib/systemd/deb-systemd-user-helper-enabled HTTP/1.1" 200 14882 noticias-web.online "-" "Mozilla/5.0 AppleWebKit/537.36 (KHTML, like Gecko; compatible; GPTBot/1.3; +https://openai.com/gptbot)" "-"
54.159.18.0 - - [13/Nov/2025:00:35:43 -0500] "GET /2025/10/26/?path=//kunden/kunden/kunden/homepages/4 HTTP/1.1" 200 88153 noticias-web.online "-" "Mozilla/5.0 AppleWebKit/537.36 (KHTML, like Gecko; compatible; Amazonbot/0.1; +https://developer.amazon.com/support/amazonbot) Chrome/119.0.6045.214 Safari/537.36" "-"
217.113.194.0 - - [13/Nov/2025:00:35:45 -0500] "GET /assuntos-gerais/how-to-win-from-slots-10-professional-tips-every-gamer-should-know/?path=//lib HTTP/1.1" 200 90801 noticias-web.online "-" "Mozilla/5.0 (compatible; Barkrowler/0.9; +https://babbar.tech/crawler)" "-"
2001:41d0:300:: - - [13/Nov/2025:00:35:45 -0500] "GET /?fileloc=//homepages/46/d330980908/htpasswd&path=//homepages/46/d330980908 HTTP/1.1" 200 12316 noticias-web.online "-" "Mozilla/5.0 (compatible; MJ12bot/v1.4.8; http://mj12bot.com/)" "-"
216.73.216.0 - - [13/Nov/2025:00:35:46 -0500] "GET /?path=%2F%2Fkunden%2Fproc%2Fthread-self%2Froot%2Fhomepages%2F13%2Fd860372143%2F.oneclick HTTP/1.1" 200 13082 noticias-web.online "-" "Mozilla/5.0 AppleWebKit/537.36 (KHTML, like Gecko; compatible; ClaudeBot/1.0; +claudebot@anthropic.com)" "-"
74.7.227.0 - - [13/Nov/2025:00:35:46 -0500] "GET /?fileloc=//kunden/kunden/kunden/kunden/kunden/kunden/kunden/proc/thread-self/root/proc/thread-self/root/kunden/kunden/kunden/kunden/kunden/var/lib/systemd/deb-systemd-user-helper-enabled/gpg-agent.socket.dsh-also&path=//kunden/kunden/kunden/kunden/kunden/kunden/kunden/proc/thread-self/root/proc/thread-self/root/kunden/kunden/kunden/kunden/kunden/var/lib/systemd/deb-systemd-user-helper-enabled HTTP/1.1" 200 14866 noticias-web.online "-" "Mozilla/5.0 AppleWebKit/537.36 (KHTML, like Gecko; compatible; GPTBot/1.3; +https://openai.com/gptbot)" "-"
3.89.170.0 - - [13/Nov/2025:00:35:47 -0500] "GET /assuntos-gerais/mostbet-login-facil-e-rapido-mostbet-registration-hoje-em-dia-2/?fileloc=//proc/thread-self/root/bin/chmod&path=//proc/thread-self/root/bin HTTP/1.1" 200 12362 noticias-web.online "-" "Mozilla/5.0 AppleWebKit/537.36 (KHTML, like Gecko; compatible; Amazonbot/0.1; +https://developer.amazon.com/support/amazonbot) Chrome/119.0.6045.214 Safari/537.36" "-"
216.73.216.0 - - [13/Nov/2025:00:35:49 -0500] "GET /assuntos-gerais/l-impact-des-algorithmes-sur-la-perception-du-temps-dans-les-jeux-numeriques/?fileloc=%2Fhomepages%2F25%2Fd858013178%2F.created&path=%2Fhomepages%2F25%2Fd858013178 HTTP/1.1" 200 12323 noticias-web.online "-" "Mozilla/5.0 AppleWebKit/537.36 (KHTML, like Gecko; compatible; ClaudeBot/1.0; +claudebot@anthropic.com)" "-"
2001:41d0:300:: - - [13/Nov/2025:00:35:49 -0500] "GET /?fileloc=//homepages/46/d330980908/last_traffic&path=//homepages/46/d330980908 HTTP/1.1" 200 12320 noticias-web.online "-" "Mozilla/5.0 (compatible; MJ12bot/v1.4.8; http://mj12bot.com/)" "-"
74.7.227.0 - - [13/Nov/2025:00:35:50 -0500] "GET /?fileloc=//kunden/kunden/kunden/kunden/kunden/kunden/kunden/proc/thread-self/root/proc/thread-self/root/kunden/kunden/kunden/kunden/kunden/var/lib/systemd/deb-systemd-user-helper-enabled/sockets.target.wants/gpg-agent-ssh.socket&path=//kunden/kunden/kunden/kunden/kunden/kunden/kunden/proc/thread-self/root/proc/thread-self/root/kunden/kunden/kunden/kunden/kunden/var/lib/systemd/deb-systemd-user-helper-enabled/sockets.target.wants HTTP/1.1" 200 15066 noticias-web.online "-" "Mozilla/5.0 AppleWebKit/537.36 (KHTML, like Gecko; compatible; GPTBot/1.3; +https://openai.com/gptbot)" "-"
52.70.123.0 - - [13/Nov/2025:00:35:51 -0500] "GET /assuntos-gerais/slot-strategy-guide-rng-timing-bonuses-payouts-faq-2/?path=//usr/lib/locale/nl_BE@euro HTTP/1.1" 200 30396 noticias-web.online "-" "Mozilla/5.0 AppleWebKit/537.36 (KHTML, like Gecko; compatible; Amazonbot/0.1; +https://developer.amazon.com/support/amazonbot) Chrome/119.0.6045.214 Safari/537.36" "-"
173.239.218.0 - - [13/Nov/2025:00:35:52 -0500] "POST /wp-login.php HTTP/1.1" 503 18955 slcommercialcleaning.com "-" "Mozilla/5.0" "-"
216.73.216.0 - - [13/Nov/2025:00:35:52 -0500] "GET /2025/07/20?fileloc=%2F%2Fkunden%2Flib%2Flocale%2Ftpi_PG%2FLC_PAPER&path=%2F%2Fkunden%2Flib%2Flocale%2Ftpi_PG HTTP/1.1" 200 12354 noticias-web.online "-" "Mozilla/5.0 AppleWebKit/537.36 (KHTML, like Gecko; compatible; ClaudeBot/1.0; +claudebot@anthropic.com)" "-"
74.208.56.0 - - [13/Nov/2025:00:35:53 -0500] "POST /wp-cron.php?doing_wp_cron=1763012153.4764380455017089843750 HTTP/1.1" 200 - slcommercialcleaning.com "-" "WordPress/6.8.3; https://slcommercialcleaning.com" "-"
74.7.227.0 - - [13/Nov/2025:00:35:53 -0500] "GET /?fileloc=//kunden/kunden/kunden/kunden/kunden/kunden/kunden/proc/thread-self/root/proc/thread-self/root/kunden/kunden/kunden/kunden/kunden/var/lib/systemd/deb-systemd-user-helper-enabled/sockets.target.wants/dirmngr.socket&path=//kunden/kunden/kunden/kunden/kunden/kunden/kunden/proc/thread-self/root/proc/thread-self/root/kunden/kunden/kunden/kunden/kunden/var/lib/systemd/deb-systemd-user-helper-enabled/sockets.target.wants HTTP/1.1" 200 15060 noticias-web.online "-" "Mozilla/5.0 AppleWebKit/537.36 (KHTML, like Gecko; compatible; GPTBot/1.3; +https://openai.com/gptbot)" "-"
2001:41d0:300:: - - [13/Nov/2025:00:35:53 -0500] "GET /?fileloc=//homepages/46/d330980908/phpinilist&path=//homepages/46/d330980908 HTTP/1.1" 200 12318 noticias-web.online "-" "Mozilla/5.0 (compatible; MJ12bot/v1.4.8; http://mj12bot.com/)" "-"
216.73.216.0 - - [13/Nov/2025:00:35:55 -0500] "GET /assuntos-gerais/l-impact-des-algorithmes-sur-la-perception-du-temps-dans-les-jeux-numeriques/?path=%2Fhomepages%2F41%2Fd855502313%2Fmanaged HTTP/1.1" 200 12769 noticias-web.online "-" "Mozilla/5.0 AppleWebKit/537.36 (KHTML, like Gecko; compatible; ClaudeBot/1.0; +claudebot@anthropic.com)" "-"
52.44.174.0 - - [13/Nov/2025:00:35:55 -0500] "GET /assuntos-gerais/mostbet-login-facil-e-rapido-mostbet-registration-hoje-em-dia-2/?fileloc=//proc/self/root/kunden/kunden/bin/yuvsplittoppm&path=//proc/self/root/kunden/kunden/bin HTTP/1.1" 200 12472 noticias-web.online "-" "Mozilla/5.0 AppleWebKit/537.36 (KHTML, like Gecko; compatible; Amazonbot/0.1; +https://developer.amazon.com/support/amazonbot) Chrome/119.0.6045.214 Safari/537.36" "-"
74.7.227.0 - - [13/Nov/2025:00:35:56 -0500] "GET /?fileloc=//kunden/kunden/kunden/kunden/kunden/kunden/kunden/proc/thread-self/root/proc/thread-self/root/kunden/kunden/kunden/kunden/kunden/var/lib/systemd/deb-systemd-user-helper-enabled/gpg-agent-ssh.socket.dsh-also&path=//kunden/kunden/kunden/kunden/kunden/kunden/kunden/proc/thread-self/root/proc/thread-self/root/kunden/kunden/kunden/kunden/kunden/var/lib/systemd/deb-systemd-user-helper-enabled HTTP/1.1" 200 14874 noticias-web.online "-" "Mozilla/5.0 AppleWebKit/537.36 (KHTML, like Gecko; compatible; GPTBot/1.3; +https://openai.com/gptbot)" "-"
2001:41d0:300:: - - [13/Nov/2025:00:35:57 -0500] "GET /?fileloc=//homepages/46/d331503642/.created&path=//homepages/46/d331503642 HTTP/1.1" 200 12327 noticias-web.online "-" "Mozilla/5.0 (compatible; MJ12bot/v1.4.8; http://mj12bot.com/)" "-"
216.73.216.0 - - [13/Nov/2025:00:35:58 -0500] "GET /assuntos-gerais/l-impact-des-algorithmes-sur-la-perception-du-temps-dans-les-jeux-numeriques/?path=%2F%2Fhomepages%2F38%2Fd854885059 HTTP/1.1" 200 31473 noticias-web.online "-" "Mozilla/5.0 AppleWebKit/537.36 (KHTML, like Gecko; compatible; ClaudeBot/1.0; +claudebot@anthropic.com)" "-"
74.7.227.0 - - [13/Nov/2025:00:35:59 -0500] "GET /?fileloc=//kunden/kunden/kunden/kunden/kunden/kunden/kunden/proc/thread-self/root/proc/thread-self/root/kunden/kunden/kunden/kunden/kunden/var/lib/systemd/deb-systemd-user-helper-enabled/gpg-agent-extra.socket.dsh-also&path=//kunden/kunden/kunden/kunden/kunden/kunden/kunden/proc/thread-self/root/proc/thread-self/root/kunden/kunden/kunden/kunden/kunden/var/lib/systemd/deb-systemd-user-helper-enabled HTTP/1.1" 200 14878 noticias-web.online "-" "Mozilla/5.0 AppleWebKit/537.36 (KHTML, like Gecko; compatible; GPTBot/1.3; +https://openai.com/gptbot)" "-"
18.207.79.0 - - [13/Nov/2025:00:35:59 -0500] "GET /assuntos-gerais/1xbet-apk-versus-web-platform-pros-and-cons/?path=//kunden/kunden/kunden/lib/locale/ia_FR HTTP/1.1" 200 31096 noticias-web.online "-" "Mozilla/5.0 AppleWebKit/537.36 (KHTML, like Gecko; compatible; Amazonbot/0.1; +https://developer.amazon.com/support/amazonbot) Chrome/119.0.6045.214 Safari/537.36" "-"
217.113.194.0 - - [13/Nov/2025:00:36:00 -0500] "GET /assuntos-gerais/how-to-win-from-slots-10-professional-tips-every-gamer-should-know/?path=//root HTTP/1.1" 200 12606 noticias-web.online "-" "Mozilla/5.0 (compatible; Barkrowler/0.9; +https://babbar.tech/crawler)" "-"
216.73.216.0 - - [13/Nov/2025:00:36:01 -0500] "GET /assuntos-gerais/impact-of-winolympia-rtp-on-your-online-slot-winning-strategies/feed?path=%2Fhomepages%2F4%2Fd860090557%2Fhtdocs%2Fclickandbuilds%2FBestProductsSales%2Fwp-includes%2Fblocks%2Fsite-logo HTTP/1.1" 200 32584 noticias-web.online "-" "Mozilla/5.0 AppleWebKit/537.36 (KHTML, like Gecko; compatible; ClaudeBot/1.0; +claudebot@anthropic.com)" "-"
74.7.227.0 - - [13/Nov/2025:00:36:02 -0500] "GET /?fileloc=//kunden/kunden/kunden/kunden/kunden/kunden/kunden/proc/thread-self/root/proc/thread-self/root/kunden/kunden/kunden/kunden/kunden/var/lib/systemd/deb-systemd-user-helper-enabled/dirmngr.socket.dsh-also&path=//kunden/kunden/kunden/kunden/kunden/kunden/kunden/proc/thread-self/root/proc/thread-self/root/kunden/kunden/kunden/kunden/kunden/var/lib/systemd/deb-systemd-user-helper-enabled HTTP/1.1" 200 14862 noticias-web.online "-" "Mozilla/5.0 AppleWebKit/537.36 (KHTML, like Gecko; compatible; GPTBot/1.3; +https://openai.com/gptbot)" "-"
2001:41d0:300:: - - [13/Nov/2025:00:36:03 -0500] "GET /?fileloc=//homepages/46/d331503642/DASTOOLSTART&path=//homepages/46/d331503642 HTTP/1.1" 200 12320 noticias-web.online "-" "Mozilla/5.0 (compatible; MJ12bot/v1.4.8; http://mj12bot.com/)" "-"
54.83.180.0 - - [13/Nov/2025:00:36:03 -0500] "GET /assuntos-gerais/mostbet-login-facil-e-rapido-mostbet-registration-hoje-em-dia/?path=//kunden/kunden/lib/python3/dist-packages/hgext/lfs/__pycache__ HTTP/1.1" 200 21483 noticias-web.online "-" "Mozilla/5.0 AppleWebKit/537.36 (KHTML, like Gecko; compatible; Amazonbot/0.1; +https://developer.amazon.com/support/amazonbot) Chrome/119.0.6045.214 Safari/537.36" "-"
216.73.216.0 - - [13/Nov/2025:00:36:04 -0500] "GET /assuntos-gerais/the-ending-of-casino-finally-explained-2/feed?fileloc=%2F%2Fhomepages%2F0%2Fd852659947%2Fdistributor.lock&path=%2F%2Fhomepages%2F0%2Fd852659947 HTTP/1.1" 200 12320 noticias-web.online "-" "Mozilla/5.0 AppleWebKit/537.36 (KHTML, like Gecko; compatible; ClaudeBot/1.0; +claudebot@anthropic.com)" "-"
74.7.227.0 - - [13/Nov/2025:00:36:05 -0500] "GET /?path=//kunden/kunden/kunden/kunden/kunden/kunden/kunden/proc/thread-self/root/proc/thread-self/root/kunden/kunden/proc/thread-self/root/kunden/usr/lib/ruby HTTP/1.1" 200 20181 noticias-web.online "-" "Mozilla/5.0 AppleWebKit/537.36 (KHTML, like Gecko; compatible; GPTBot/1.3; +https://openai.com/gptbot)" "-"
