74.7.227.0 - - [13/Nov/2025:00:14:16 -0500] "GET /?path=//kunden/kunden/kunden/kunden/kunden/kunden/kunden/proc/thread-self/root/proc/thread-self/root/kunden/kunden/kunden/proc/thread-self/root/usr/lib/locale/ug_CN HTTP/1.1" 200 38987 noticias-web.online "-" "Mozilla/5.0 AppleWebKit/537.36 (KHTML, like Gecko; compatible; GPTBot/1.3; +https://openai.com/gptbot)" "-"
74.7.227.0 - - [13/Nov/2025:00:14:19 -0500] "GET /?path=//kunden/kunden/kunden/kunden/kunden/kunden/kunden/proc/thread-self/root/proc/thread-self/root/kunden/kunden/kunden/proc/thread-self/root/usr/lib/locale/uz_UZ HTTP/1.1" 200 38992 noticias-web.online "-" "Mozilla/5.0 AppleWebKit/537.36 (KHTML, like Gecko; compatible; GPTBot/1.3; +https://openai.com/gptbot)" "-"
216.73.216.0 - - [13/Nov/2025:00:14:20 -0500] "GET /assuntos-gerais/exploring-the-future-of-interactive-entertainment-and-design/feed?fileloc=%2Fhomepages%2F4%2Fd860090557%2Fhtdocs%2Fclickandbuilds%2FSLCCommercial-orig%2Fwp-includes%2Fblocks%2Fcover.php&path=%2Fhomepages%2F4%2Fd860090557%2Fhtdocs%2Fclickandbuilds%2FSLCCommercial-orig%2Fwp-includes%2Fblocks HTTP/1.1" 200 16009 noticias-web.online "-" "Mozilla/5.0 AppleWebKit/537.36 (KHTML, like Gecko; compatible; ClaudeBot/1.0; +claudebot@anthropic.com)" "-"
52.44.229.0 - - [13/Nov/2025:00:14:21 -0500] "GET /2025/10/26/?path=//proc/self/root/kunden/proc/self/root/proc/self/root/lib/locale/zh_TW HTTP/1.1" 200 33083 noticias-web.online "-" "Mozilla/5.0 AppleWebKit/537.36 (KHTML, like Gecko; compatible; Amazonbot/0.1; +https://developer.amazon.com/support/amazonbot) Chrome/119.0.6045.214 Safari/537.36" "-"
217.113.194.0 - - [13/Nov/2025:00:14:23 -0500] "GET /assuntos-gerais/mostbet-turkiye-guncel-giris-bonuslari-oyunlar/feed/?path=/homepages/46 HTTP/1.1" 200 63268 noticias-web.online "-" "Mozilla/5.0 (compatible; Barkrowler/0.9; +https://babbar.tech/crawler)" "-"
74.7.227.0 - - [13/Nov/2025:00:14:23 -0500] "GET /?path=//kunden/kunden/kunden/kunden/kunden/kunden/kunden/proc/thread-self/root/proc/thread-self/root/kunden/kunden/kunden/proc/thread-self/root/usr/lib/locale/es_NI HTTP/1.1" 200 38992 noticias-web.online "-" "Mozilla/5.0 AppleWebKit/537.36 (KHTML, like Gecko; compatible; GPTBot/1.3; +https://openai.com/gptbot)" "-"
216.73.216.0 - - [13/Nov/2025:00:14:23 -0500] "GET /assuntos-gerais/exploring-the-future-of-interactive-entertainment-and-design/feed?path=%2Fhomepages%2F4%2Fd860090557%2Fhtdocs%2Fclickandbuilds%2FSLCCommercial-orig%2Fwp-includes%2Fjs%2Fswfupload HTTP/1.1" 200 21974 noticias-web.online "-" "Mozilla/5.0 AppleWebKit/537.36 (KHTML, like Gecko; compatible; ClaudeBot/1.0; +claudebot@anthropic.com)" "-"
3.220.148.0 - - [13/Nov/2025:00:14:25 -0500] "GET /2025/10/28/?path=//proc/self/root/kunden/kunden/proc/thread-self/root/lib/locale/bo_CN HTTP/1.1" 200 32907 noticias-web.online "-" "Mozilla/5.0 AppleWebKit/537.36 (KHTML, like Gecko; compatible; Amazonbot/0.1; +https://developer.amazon.com/support/amazonbot) Chrome/119.0.6045.214 Safari/537.36" "-"
66.249.73.0 - - [13/Nov/2025:00:14:25 -0500] "GET /goods94255936?kg=0094138917 HTTP/1.1" 200 206402 www.noticias-web.online "-" "Mozilla/5.0 (Linux; Android 6.0.1; Nexus 5X Build/MMB29P) AppleWebKit/537.36 (KHTML, like Gecko) Chrome/141.0.7390.122 Mobile Safari/537.36 (compatible; Googlebot/2.1; +http://www.google.com/bot.html)" "-"
74.7.227.0 - - [13/Nov/2025:00:14:26 -0500] "GET /?path=//kunden/kunden/kunden/kunden/kunden/kunden/kunden/proc/thread-self/root/proc/thread-self/root/kunden/kunden/kunden/proc/thread-self/root/usr/lib/locale/cs_CZ HTTP/1.1" 200 38987 noticias-web.online "-" "Mozilla/5.0 AppleWebKit/537.36 (KHTML, like Gecko; compatible; GPTBot/1.3; +https://openai.com/gptbot)" "-"
216.73.216.0 - - [13/Nov/2025:00:14:26 -0500] "GET /assuntos-gerais/exploring-the-future-of-interactive-entertainment-and-design/feed?path=%2Fhomepages%2F4%2Fd860090557%2Fhtdocs%2Fclickandbuilds%2FSLCCommercial-orig%2Fwp-includes%2Fblocks%2Fpattern HTTP/1.1" 200 15030 noticias-web.online "-" "Mozilla/5.0 AppleWebKit/537.36 (KHTML, like Gecko; compatible; ClaudeBot/1.0; +claudebot@anthropic.com)" "-"
107.20.181.0 - - [13/Nov/2025:00:14:28 -0500] "GET /assuntos-gerais/mostbet-login-facil-e-rapido-mostbet-registration-hoje-em-dia/?fileloc=//proc/self/root/kunden/proc/thread-self/root/kunden/bin/netstat&path=//proc/self/root/kunden/proc/thread-self/root/kunden/bin HTTP/1.1" 200 12730 noticias-web.online "-" "Mozilla/5.0 AppleWebKit/537.36 (KHTML, like Gecko; compatible; Amazonbot/0.1; +https://developer.amazon.com/support/amazonbot) Chrome/119.0.6045.214 Safari/537.36" "-"
74.7.227.0 - - [13/Nov/2025:00:14:29 -0500] "GET /?path=//kunden/kunden/kunden/kunden/kunden/kunden/kunden/proc/thread-self/root/proc/thread-self/root/kunden/kunden/kunden/proc/thread-self/root/usr/lib/locale/kl_GL HTTP/1.1" 200 38992 noticias-web.online "-" "Mozilla/5.0 AppleWebKit/537.36 (KHTML, like Gecko; compatible; GPTBot/1.3; +https://openai.com/gptbot)" "-"
216.73.216.0 - - [13/Nov/2025:00:14:29 -0500] "GET /assuntos-gerais/what-to-know-about-wagering-requirements-on-glory-casino-bonus?fileloc=%2F%2Flib%2Fruby%2Fvendor_ruby%2Fminitest%2Fhell.rb&path=%2F%2Flib%2Fruby%2Fvendor_ruby%2Fminitest HTTP/1.1" 200 12599 noticias-web.online "-" "Mozilla/5.0 AppleWebKit/537.36 (KHTML, like Gecko; compatible; ClaudeBot/1.0; +claudebot@anthropic.com)" "-"
216.73.216.0 - - [13/Nov/2025:00:14:32 -0500] "GET /assuntos-gerais/how-to-try-out-slot-equipment-a-detailed-newcomers-guide-2/feed?fileloc=%2F%2Fusr%2Flib%2Flocale%2Fcsb_PL%2FLC_PAPER&path=%2F%2Fusr%2Flib%2Flocale%2Fcsb_PL HTTP/1.1" 200 12336 noticias-web.online "-" "Mozilla/5.0 AppleWebKit/537.36 (KHTML, like Gecko; compatible; ClaudeBot/1.0; +claudebot@anthropic.com)" "-"
54.156.248.0 - - [13/Nov/2025:00:14:32 -0500] "GET /assuntos-gerais/mostbet-login-facil-e-rapido-mostbet-registration-hoje-em-dia/?path=//kunden/proc/self/root/kunden/kunden/lib/terminfo/E HTTP/1.1" 200 16226 noticias-web.online "-" "Mozilla/5.0 AppleWebKit/537.36 (KHTML, like Gecko; compatible; Amazonbot/0.1; +https://developer.amazon.com/support/amazonbot) Chrome/119.0.6045.214 Safari/537.36" "-"
74.7.227.0 - - [13/Nov/2025:00:14:32 -0500] "GET /?path=//kunden/kunden/kunden/kunden/kunden/kunden/kunden/proc/thread-self/root/proc/thread-self/root/kunden/kunden/kunden/proc/thread-self/root/usr/lib/locale/niu_NU HTTP/1.1" 200 39038 noticias-web.online "-" "Mozilla/5.0 AppleWebKit/537.36 (KHTML, like Gecko; compatible; GPTBot/1.3; +https://openai.com/gptbot)" "-"
66.249.74.0 - - [13/Nov/2025:00:14:33 -0500] "GET /?goods50918400?kg=0050855551 HTTP/1.1" 200 202967 noticias-web.online "-" "Mozilla/5.0 (Linux; Android 6.0.1; Nexus 5X Build/MMB29P) AppleWebKit/537.36 (KHTML, like Gecko) Chrome/141.0.7390.122 Mobile Safari/537.36 (compatible; Googlebot/2.1; +http://www.google.com/bot.html)" "-"
216.73.216.0 - - [13/Nov/2025:00:14:35 -0500] "GET /2025/07/20?fileloc=%2F%2Fkunden%2Flib%2Fx86_64-linux-gnu%2Fsecurity%2Fpam_warn.so&path=%2F%2Fkunden%2Flib%2Fx86_64-linux-gnu%2Fsecurity HTTP/1.1" 200 12403 noticias-web.online "-" "Mozilla/5.0 AppleWebKit/537.36 (KHTML, like Gecko; compatible; ClaudeBot/1.0; +claudebot@anthropic.com)" "-"
44.196.118.0 - - [13/Nov/2025:00:14:35 -0500] "GET /2025/10/26/?path=//proc/self/root/proc/self/root/kunden/proc/thread-self/root/lib/locale/es_VE HTTP/1.1" 200 33447 noticias-web.online "-" "Mozilla/5.0 AppleWebKit/537.36 (KHTML, like Gecko; compatible; Amazonbot/0.1; +https://developer.amazon.com/support/amazonbot) Chrome/119.0.6045.214 Safari/537.36" "-"
74.7.227.0 - - [13/Nov/2025:00:14:35 -0500] "GET /?path=//kunden/kunden/kunden/kunden/kunden/kunden/kunden/proc/thread-self/root/proc/thread-self/root/kunden/kunden/kunden/proc/thread-self/root/usr/lib/locale/fr_LU HTTP/1.1" 200 38991 noticias-web.online "-" "Mozilla/5.0 AppleWebKit/537.36 (KHTML, like Gecko; compatible; GPTBot/1.3; +https://openai.com/gptbot)" "-"
216.73.216.0 - - [13/Nov/2025:00:14:38 -0500] "GET /assuntos-gerais/l-impact-des-algorithmes-sur-la-perception-du-temps-dans-les-jeux-numeriques/?fileloc=%2F%2Fusr%2Fshare%2Fdoc%2Flibavahi-client3%2FREADME&path=%2F%2Fusr%2Fshare%2Fdoc%2Flibavahi-client3 HTTP/1.1" 200 13880 noticias-web.online "-" "Mozilla/5.0 AppleWebKit/537.36 (KHTML, like Gecko; compatible; ClaudeBot/1.0; +claudebot@anthropic.com)" "-"
74.7.227.0 - - [13/Nov/2025:00:14:39 -0500] "GET /?path=//kunden/kunden/kunden/kunden/kunden/kunden/kunden/proc/thread-self/root/proc/thread-self/root/kunden/kunden/kunden/proc/thread-self/root/usr/lib/locale/sat_IN HTTP/1.1" 200 39038 noticias-web.online "-" "Mozilla/5.0 AppleWebKit/537.36 (KHTML, like Gecko; compatible; GPTBot/1.3; +https://openai.com/gptbot)" "-"
217.113.194.0 - - [13/Nov/2025:00:14:39 -0500] "GET /assuntos-gerais/mostbet-turkiye-guncel-giris-bonuslari-oyunlar/feed/?path=/homepages/45 HTTP/1.1" 200 75256 noticias-web.online "-" "Mozilla/5.0 (compatible; Barkrowler/0.9; +https://babbar.tech/crawler)" "-"
18.235.81.0 - - [13/Nov/2025:00:14:40 -0500] "GET /assuntos-gerais/vikten-av-bankrollhantering-i-stake-plinko/?path=//kunden/kunden/kunden/usr/lib/terminfo/c HTTP/1.1" 200 17524 noticias-web.online "-" "Mozilla/5.0 AppleWebKit/537.36 (KHTML, like Gecko; compatible; Amazonbot/0.1; +https://developer.amazon.com/support/amazonbot) Chrome/119.0.6045.214 Safari/537.36" "-"
216.73.216.0 - - [13/Nov/2025:00:14:41 -0500] "GET /assuntos-gerais/exploring-the-future-of-interactive-entertainment-and-design/feed?fileloc=%2Fhomepages%2F4%2Fd860090557%2Fhtdocs%2Fclickandbuilds%2FSLCCommercial-orig%2Fwp-includes%2Fblocks%2Fquery%2Fview.js&path=%2Fhomepages%2F4%2Fd860090557%2Fhtdocs%2Fclickandbuilds%2FSLCCommercial-orig%2Fwp-includes%2Fblocks%2Fquery HTTP/1.1" 200 17955 noticias-web.online "-" "Mozilla/5.0 AppleWebKit/537.36 (KHTML, like Gecko; compatible; ClaudeBot/1.0; +claudebot@anthropic.com)" "-"
74.7.227.0 - - [13/Nov/2025:00:14:42 -0500] "GET /?path=//kunden/kunden/kunden/kunden/kunden/kunden/kunden/proc/thread-self/root/proc/thread-self/root/kunden/kunden/kunden/proc/thread-self/root/usr/lib/locale/se_NO HTTP/1.1" 200 38989 noticias-web.online "-" "Mozilla/5.0 AppleWebKit/537.36 (KHTML, like Gecko; compatible; GPTBot/1.3; +https://openai.com/gptbot)" "-"
216.73.216.0 - - [13/Nov/2025:00:14:44 -0500] "GET /assuntos-gerais/exploring-the-future-of-interactive-entertainment-and-design/feed?fileloc=%2Fhomepages%2F4%2Fd860090557%2Fhtdocs%2Fclickandbuilds%2FSLCCommercial-orig%2Fwp-includes%2FID3%2Fphp.ini&path=%2Fhomepages%2F4%2Fd860090557%2Fhtdocs%2Fclickandbuilds%2FSLCCommercial-orig%2Fwp-includes%2FID3 HTTP/1.1" 200 13304 noticias-web.online "-" "Mozilla/5.0 AppleWebKit/537.36 (KHTML, like Gecko; compatible; ClaudeBot/1.0; +claudebot@anthropic.com)" "-"
34.203.111.0 - - [13/Nov/2025:00:14:44 -0500] "GET /assuntos-gerais/mostbet-login-facil-e-rapido-mostbet-registration-hoje-em-dia/?fileloc=//kunden/proc/self/root/proc/self/root/kunden/bin/select-editor&path=//kunden/proc/self/root/proc/self/root/kunden/bin HTTP/1.1" 200 15440 noticias-web.online "-" "Mozilla/5.0 AppleWebKit/537.36 (KHTML, like Gecko; compatible; Amazonbot/0.1; +https://developer.amazon.com/support/amazonbot) Chrome/119.0.6045.214 Safari/537.36" "-"
74.7.227.0 - - [13/Nov/2025:00:14:45 -0500] "GET /?path=//kunden/kunden/kunden/kunden/kunden/kunden/kunden/proc/thread-self/root/proc/thread-self/root/kunden/kunden/kunden/proc/thread-self/root/usr/lib/locale/eu_FR@euro HTTP/1.1" 200 39237 noticias-web.online "-" "Mozilla/5.0 AppleWebKit/537.36 (KHTML, like Gecko; compatible; GPTBot/1.3; +https://openai.com/gptbot)" "-"
216.73.216.0 - - [13/Nov/2025:00:14:47 -0500] "GET /assuntos-gerais/l-impact-des-algorithmes-sur-la-perception-du-temps-dans-les-jeux-numeriques/?fileloc=%2F%2Fusr%2Fshare%2Fdoc%2Fcoreutils%2FAUTHORS&path=%2F%2Fusr%2Fshare%2Fdoc%2Fcoreutils HTTP/1.1" 200 16154 noticias-web.online "-" "Mozilla/5.0 AppleWebKit/537.36 (KHTML, like Gecko; compatible; ClaudeBot/1.0; +claudebot@anthropic.com)" "-"
34.231.45.0 - - [13/Nov/2025:00:14:47 -0500] "GET /assuntos-gerais/slot-strategy-guide-rng-timing-bonuses-payouts-faq-2/?path=//kunden/kunden/usr/share/perl5/Encode HTTP/1.1" 200 14392 noticias-web.online "-" "Mozilla/5.0 AppleWebKit/537.36 (KHTML, like Gecko; compatible; Amazonbot/0.1; +https://developer.amazon.com/support/amazonbot) Chrome/119.0.6045.214 Safari/537.36" "-"
74.7.227.0 - - [13/Nov/2025:00:14:48 -0500] "GET /?path=//kunden/kunden/kunden/kunden/kunden/kunden/kunden/proc/thread-self/root/proc/thread-self/root/kunden/kunden/kunden/proc/thread-self/root/usr/lib/locale/gd_GB HTTP/1.1" 200 38992 noticias-web.online "-" "Mozilla/5.0 AppleWebKit/537.36 (KHTML, like Gecko; compatible; GPTBot/1.3; +https://openai.com/gptbot)" "-"
216.73.216.0 - - [13/Nov/2025:00:14:50 -0500] "GET /assuntos-gerais/pretende-jogar-na-mostbet-com-2?fileloc=%2F%2Fkunden%2Fkunden%2Flib%2Fruby%2Fvendor_ruby%2Fxmlrpc%2Fcreate.rb&path=%2F%2Fkunden%2Fkunden%2Flib%2Fruby%2Fvendor_ruby%2Fxmlrpc HTTP/1.1" 200 19785 noticias-web.online "-" "Mozilla/5.0 AppleWebKit/537.36 (KHTML, like Gecko; compatible; ClaudeBot/1.0; +claudebot@anthropic.com)" "-"
74.7.227.0 - - [13/Nov/2025:00:14:51 -0500] "GET /?fileloc=//kunden/kunden/kunden/kunden/kunden/kunden/kunden/proc/thread-self/root/proc/thread-self/root/kunden/kunden/kunden/proc/thread-self/root/usr/lib/locale/kl_GL/LC_NAME&path=//kunden/kunden/kunden/kunden/kunden/kunden/kunden/proc/thread-self/root/proc/thread-self/root/kunden/kunden/kunden/proc/thread-self/root/usr/lib/locale/kl_GL HTTP/1.1" 200 14984 noticias-web.online "-" "Mozilla/5.0 AppleWebKit/537.36 (KHTML, like Gecko; compatible; GPTBot/1.3; +https://openai.com/gptbot)" "-"
18.232.36.0 - - [13/Nov/2025:00:14:52 -0500] "GET /assuntos-gerais/faca-o-login-e-jogue-online-2/?fileloc=//kunden/lib/python3.9/difflib.py&path=//kunden/lib/python3.9 HTTP/1.1" 200 101560 noticias-web.online "-" "Mozilla/5.0 AppleWebKit/537.36 (KHTML, like Gecko; compatible; Amazonbot/0.1; +https://developer.amazon.com/support/amazonbot) Chrome/119.0.6045.214 Safari/537.36" "-"
216.73.216.0 - - [13/Nov/2025:00:14:53 -0500] "GET /assuntos-gerais/faca-o-get-access-e-jogue-online/?fileloc=%2F%2Fkunden%2Fkunden%2Fusr%2Flib%2Fx86_64-linux-gnu%2Flibicutu.so.67.1&path=%2F%2Fkunden%2Fkunden%2Fusr%2Flib%2Fx86_64-linux-gnu HTTP/1.1" 200 12451 noticias-web.online "-" "Mozilla/5.0 AppleWebKit/537.36 (KHTML, like Gecko; compatible; ClaudeBot/1.0; +claudebot@anthropic.com)" "-"
74.7.227.0 - - [13/Nov/2025:00:14:54 -0500] "GET /?path=//kunden/kunden/kunden/kunden/kunden/kunden/kunden/proc/thread-self/root/proc/thread-self/root/kunden/kunden/kunden/proc/thread-self/root/usr/lib/locale/nl_NL@euro HTTP/1.1" 200 39237 noticias-web.online "-" "Mozilla/5.0 AppleWebKit/537.36 (KHTML, like Gecko; compatible; GPTBot/1.3; +https://openai.com/gptbot)" "-"
217.113.194.0 - - [13/Nov/2025:00:14:56 -0500] "GET /assuntos-gerais/mostbet-turkiye-guncel-giris-bonuslari-oyunlar/feed/?path=/homepages/28 HTTP/1.1" 200 64600 noticias-web.online "-" "Mozilla/5.0 (compatible; Barkrowler/0.9; +https://babbar.tech/crawler)" "-"
18.206.47.0 - - [13/Nov/2025:00:14:56 -0500] "GET /assuntos-gerais/slot-strategy-guide-rng-timing-bonuses-payouts-faq-2/?fileloc=//lib/locale/wa_BE/LC_TELEPHONE&path=//lib/locale/wa_BE HTTP/1.1" 200 12351 noticias-web.online "-" "Mozilla/5.0 AppleWebKit/537.36 (KHTML, like Gecko; compatible; Amazonbot/0.1; +https://developer.amazon.com/support/amazonbot) Chrome/119.0.6045.214 Safari/537.36" "-"
216.73.216.0 - - [13/Nov/2025:00:14:56 -0500] "GET /assuntos-gerais/l-impact-des-algorithmes-sur-la-perception-du-temps-dans-les-jeux-numeriques/?fileloc=%2F%2Fusr%2Finclude%2Fscsi%2Fscsi_ioctl.h&path=%2F%2Fusr%2Finclude%2Fscsi HTTP/1.1" 200 13614 noticias-web.online "-" "Mozilla/5.0 AppleWebKit/537.36 (KHTML, like Gecko; compatible; ClaudeBot/1.0; +claudebot@anthropic.com)" "-"
74.7.227.0 - - [13/Nov/2025:00:14:57 -0500] "GET /?path=//kunden/kunden/kunden/kunden/kunden/kunden/kunden/proc/thread-self/root/proc/thread-self/root/kunden/kunden/kunden/proc/thread-self/root/usr/lib/locale/ar_IQ HTTP/1.1" 200 38990 noticias-web.online "-" "Mozilla/5.0 AppleWebKit/537.36 (KHTML, like Gecko; compatible; GPTBot/1.3; +https://openai.com/gptbot)" "-"
66.249.74.0 - - [13/Nov/2025:00:14:59 -0500] "GET /?goods51960000?kg=0051895849 HTTP/1.1" 200 205219 noticias-web.online "-" "Mozilla/5.0 (Linux; Android 6.0.1; Nexus 5X Build/MMB29P) AppleWebKit/537.36 (KHTML, like Gecko) Chrome/141.0.7390.122 Mobile Safari/537.36 (compatible; Googlebot/2.1; +http://www.google.com/bot.html)" "-"
216.73.216.0 - - [13/Nov/2025:00:14:59 -0500] "GET /assuntos-gerais/najlepsze-zaklady-sportowe-online-w-polsce/feed?fileloc=%2F%2Fvar%2Flib%2Flibxml-sax-perl%2FParserDetails.d%2F10-XML%3A%3ASAX%3A%3APurePerl&path=%2F%2Fvar%2Flib%2Flibxml-sax-perl%2FParserDetails.d HTTP/1.1" 200 12478 noticias-web.online "-" "Mozilla/5.0 AppleWebKit/537.36 (KHTML, like Gecko; compatible; ClaudeBot/1.0; +claudebot@anthropic.com)" "-"
74.7.227.0 - - [13/Nov/2025:00:15:01 -0500] "GET /?path=//kunden/kunden/kunden/kunden/kunden/kunden/kunden/proc/thread-self/root/proc/thread-self/root/kunden/kunden/kunden/proc/thread-self/root/usr/lib/locale/id_ID HTTP/1.1" 200 38992 noticias-web.online "-" "Mozilla/5.0 AppleWebKit/537.36 (KHTML, like Gecko; compatible; GPTBot/1.3; +https://openai.com/gptbot)" "-"
216.73.216.0 - - [13/Nov/2025:00:15:02 -0500] "GET /assuntos-gerais/unlocking-hidden-rewards-lessons-from-ancient-and-modern-games-75/?path=%2F%2Fproc%2Fself%2Froot%2Fusr%2Fshare%2Fperl5%2FWWW%2FRobotRules HTTP/1.1" 200 14556 noticias-web.online "-" "Mozilla/5.0 AppleWebKit/537.36 (KHTML, like Gecko; compatible; ClaudeBot/1.0; +claudebot@anthropic.com)" "-"
3.93.253.0 - - [13/Nov/2025:00:15:03 -0500] "GET /assuntos-gerais/official-internet-site-3/?path=//proc/thread-self/root/lib/locale/ar_AE HTTP/1.1" 200 31152 noticias-web.online "-" "Mozilla/5.0 AppleWebKit/537.36 (KHTML, like Gecko; compatible; Amazonbot/0.1; +https://developer.amazon.com/support/amazonbot) Chrome/119.0.6045.214 Safari/537.36" "-"
44.223.232.0 - - [13/Nov/2025:00:15:04 -0500] "GET /assuntos-gerais/vikten-av-bankrollhantering-i-stake-plinko/?fileloc=//lib/locale/sl_SI/LC_NAME&path=//lib/locale/sl_SI HTTP/1.1" 200 12353 noticias-web.online "-" "Mozilla/5.0 AppleWebKit/537.36 (KHTML, like Gecko; compatible; Amazonbot/0.1; +https://developer.amazon.com/support/amazonbot) Chrome/119.0.6045.214 Safari/537.36" "-"
74.7.227.0 - - [13/Nov/2025:00:15:04 -0500] "GET /?path=//kunden/kunden/kunden/kunden/kunden/kunden/kunden/proc/thread-self/root/proc/thread-self/root/kunden/kunden/kunden/proc/thread-self/root/usr/lib/locale/ar_TN HTTP/1.1" 200 38991 noticias-web.online "-" "Mozilla/5.0 AppleWebKit/537.36 (KHTML, like Gecko; compatible; GPTBot/1.3; +https://openai.com/gptbot)" "-"
216.73.216.0 - - [13/Nov/2025:00:15:05 -0500] "GET /assuntos-gerais/l-impact-des-algorithmes-sur-la-perception-du-temps-dans-les-jeux-numeriques/?fileloc=%2F%2Fusr%2Fshare%2Fdoc%2Flibnpth0%2Fchangelog.Debian.gz&path=%2F%2Fusr%2Fshare%2Fdoc%2Flibnpth0 HTTP/1.1" 200 12351 noticias-web.online "-" "Mozilla/5.0 AppleWebKit/537.36 (KHTML, like Gecko; compatible; ClaudeBot/1.0; +claudebot@anthropic.com)" "-"
74.7.227.0 - - [13/Nov/2025:00:15:07 -0500] "GET /?path=//kunden/kunden/kunden/kunden/kunden/kunden/kunden/proc/thread-self/root/proc/thread-self/root/kunden/kunden/kunden/proc/thread-self/root/usr/lib/locale/kk_KZ HTTP/1.1" 200 38992 noticias-web.online "-" "Mozilla/5.0 AppleWebKit/537.36 (KHTML, like Gecko; compatible; GPTBot/1.3; +https://openai.com/gptbot)" "-"
35.170.205.0 - - [13/Nov/2025:00:15:07 -0500] "GET /assuntos-gerais/official-internet-site-3/?path=//proc/self/root/kunden/kunden/lib/locale/en_BW HTTP/1.1" 200 31591 noticias-web.online "-" "Mozilla/5.0 AppleWebKit/537.36 (KHTML, like Gecko; compatible; Amazonbot/0.1; +https://developer.amazon.com/support/amazonbot) Chrome/119.0.6045.214 Safari/537.36" "-"
216.73.216.0 - - [13/Nov/2025:00:15:08 -0500] "GET /assuntos-gerais/10-largest-casinos-in-the-us-2/?fileloc=%2F%2Flib%2Fgcc%2Fx86_64-linux-gnu%2F10%2Fcrtoffloadend.o&path=%2F%2Flib%2Fgcc%2Fx86_64-linux-gnu%2F10 HTTP/1.1" 200 12371 noticias-web.online "-" "Mozilla/5.0 AppleWebKit/537.36 (KHTML, like Gecko; compatible; ClaudeBot/1.0; +claudebot@anthropic.com)" "-"
74.7.227.0 - - [13/Nov/2025:00:15:10 -0500] "GET /?path=//kunden/kunden/kunden/kunden/kunden/kunden/kunden/proc/thread-self/root/proc/thread-self/root/kunden/kunden/kunden/proc/thread-self/root/usr/lib/locale/chr_US HTTP/1.1" 200 39037 noticias-web.online "-" "Mozilla/5.0 AppleWebKit/537.36 (KHTML, like Gecko; compatible; GPTBot/1.3; +https://openai.com/gptbot)" "-"
216.73.216.0 - - [13/Nov/2025:00:15:11 -0500] "GET /assuntos-gerais/what-to-know-about-wagering-requirements-on-glory-casino-bonus?fileloc=%2F%2Fusr%2Fshare%2Fcmake-3.18%2FModules%2FFindVulkan.cmake&path=%2F%2Fusr%2Fshare%2Fcmake-3.18%2FModules HTTP/1.1" 200 14933 noticias-web.online "-" "Mozilla/5.0 AppleWebKit/537.36 (KHTML, like Gecko; compatible; ClaudeBot/1.0; +claudebot@anthropic.com)" "-"
3.224.215.0 - - [13/Nov/2025:00:15:11 -0500] "GET /assuntos-gerais/how-to-try-out-slot-equipment-a-detailed-newcomers-guide-2/?path=//usr/share/doc/libsoap-lite-perl/examples HTTP/1.1" 200 60917 noticias-web.online "-" "Mozilla/5.0 AppleWebKit/537.36 (KHTML, like Gecko; compatible; Amazonbot/0.1; +https://developer.amazon.com/support/amazonbot) Chrome/119.0.6045.214 Safari/537.36" "-"
74.7.227.0 - - [13/Nov/2025:00:15:13 -0500] "GET /?path=//kunden/kunden/kunden/kunden/kunden/kunden/kunden/proc/thread-self/root/proc/thread-self/root/kunden/kunden/kunden/proc/thread-self/root/usr/lib/locale/ak_GH HTTP/1.1" 200 38989 noticias-web.online "-" "Mozilla/5.0 AppleWebKit/537.36 (KHTML, like Gecko; compatible; GPTBot/1.3; +https://openai.com/gptbot)" "-"
217.113.194.0 - - [13/Nov/2025:00:15:13 -0500] "GET /assuntos-gerais/mostbet-turkiye-guncel-giris-bonuslari-oyunlar/feed/?path=/homepages/38 HTTP/1.1" 200 64600 noticias-web.online "-" "Mozilla/5.0 (compatible; Barkrowler/0.9; +https://babbar.tech/crawler)" "-"
216.73.216.0 - - [13/Nov/2025:00:15:14 -0500] "GET /assuntos-gerais/exploring-the-future-of-interactive-entertainment-and-design/feed?fileloc=%2Fhomepages%2F4%2Fd860090557%2Fhtdocs%2Fclickandbuilds%2FSLCCommercial-orig%2Fwp-includes%2Fblocks%2Fimage%2Fphp.ini&path=%2Fhomepages%2F4%2Fd860090557%2Fhtdocs%2Fclickandbuilds%2FSLCCommercial-orig%2Fwp-includes%2Fblocks%2Fimage HTTP/1.1" 200 13435 noticias-web.online "-" "Mozilla/5.0 AppleWebKit/537.36 (KHTML, like Gecko; compatible; ClaudeBot/1.0; +claudebot@anthropic.com)" "-"
50.19.102.0 - - [13/Nov/2025:00:15:15 -0500] "GET /assuntos-gerais/mostbet-login-facil-e-rapido-mostbet-registration-hoje-em-dia/?path=//kunden/proc/self/root/kunden/lib/php8.0/Cache HTTP/1.1" 200 15963 noticias-web.online "-" "Mozilla/5.0 AppleWebKit/537.36 (KHTML, like Gecko; compatible; Amazonbot/0.1; +https://developer.amazon.com/support/amazonbot) Chrome/119.0.6045.214 Safari/537.36" "-"
74.7.227.0 - - [13/Nov/2025:00:15:17 -0500] "GET /?path=//kunden/kunden/kunden/kunden/kunden/kunden/kunden/proc/thread-self/root/proc/thread-self/root/kunden/kunden/kunden/proc/thread-self/root/usr/lib/locale/es_GT HTTP/1.1" 200 38992 noticias-web.online "-" "Mozilla/5.0 AppleWebKit/537.36 (KHTML, like Gecko; compatible; GPTBot/1.3; +https://openai.com/gptbot)" "-"
216.73.216.0 - - [13/Nov/2025:00:15:18 -0500] "GET /assuntos-gerais/mostbet-bukmekerskaia-kontora-tolko-kazino-rabochee-zerkalo-mostbet/feed?fileloc=%2F%2Fusr%2Finclude%2Fruby-2.7.0%2Fruby%2Fintern.h&path=%2F%2Fusr%2Finclude%2Fruby-2.7.0%2Fruby HTTP/1.1" 200 71281 noticias-web.online "-" "Mozilla/5.0 AppleWebKit/537.36 (KHTML, like Gecko; compatible; ClaudeBot/1.0; +claudebot@anthropic.com)" "-"
54.197.102.0 - - [13/Nov/2025:00:15:19 -0500] "GET /assuntos-gerais/pretende-jogar-na-mostbet-com-2/?path=//kunden/proc/thread-self/root/lib/php8.0/data/Mail_mimeDecode HTTP/1.1" 200 16290 noticias-web.online "-" "Mozilla/5.0 AppleWebKit/537.36 (KHTML, like Gecko; compatible; Amazonbot/0.1; +https://developer.amazon.com/support/amazonbot) Chrome/119.0.6045.214 Safari/537.36" "-"
74.7.227.0 - - [13/Nov/2025:00:15:19 -0500] "GET /?path=//kunden/kunden/kunden/kunden/kunden/kunden/kunden/proc/thread-self/root/proc/thread-self/root/kunden/kunden/kunden/proc/thread-self/root/usr/lib/locale/en_CA HTTP/1.1" 200 38992 noticias-web.online "-" "Mozilla/5.0 AppleWebKit/537.36 (KHTML, like Gecko; compatible; GPTBot/1.3; +https://openai.com/gptbot)" "-"
216.73.216.0 - - [13/Nov/2025:00:15:20 -0500] "GET /assuntos-gerais/unlocking-hidden-rewards-lessons-from-ancient-and-modern-games-75/?fileloc=%2F%2Fproc%2Fself%2Froot%2Fusr%2Fshare%2Fnano%2Fperl.nanorc&path=%2F%2Fproc%2Fself%2Froot%2Fusr%2Fshare%2Fnano HTTP/1.1" 200 14450 noticias-web.online "-" "Mozilla/5.0 AppleWebKit/537.36 (KHTML, like Gecko; compatible; ClaudeBot/1.0; +claudebot@anthropic.com)" "-"
74.7.227.0 - - [13/Nov/2025:00:15:23 -0500] "GET /?path=//kunden/kunden/kunden/kunden/kunden/kunden/kunden/proc/thread-self/root/proc/thread-self/root/kunden/kunden/kunden/proc/thread-self/root/usr/lib/locale/hak_TW HTTP/1.1" 200 39039 noticias-web.online "-" "Mozilla/5.0 AppleWebKit/537.36 (KHTML, like Gecko; compatible; GPTBot/1.3; +https://openai.com/gptbot)" "-"
216.73.216.0 - - [13/Nov/2025:00:15:23 -0500] "GET /assuntos-gerais/what-to-know-about-wagering-requirements-on-glory-casino-bonus?fileloc=%2F%2Fusr%2Fshare%2Fcmake-3.18%2FModules%2FFindSubversion.cmake&path=%2F%2Fusr%2Fshare%2Fcmake-3.18%2FModules HTTP/1.1" 200 19173 noticias-web.online "-" "Mozilla/5.0 AppleWebKit/537.36 (KHTML, like Gecko; compatible; ClaudeBot/1.0; +claudebot@anthropic.com)" "-"
44.220.2.0 - - [13/Nov/2025:00:15:23 -0500] "GET /casino/reiting-onlain-kazino-v-2025-top-10-luchshikh-igrat-zhe-internet-kazino-v-realnye-dengi/?path=//lib/locale/en_HK HTTP/1.1" 200 29920 noticias-web.online "-" "Mozilla/5.0 AppleWebKit/537.36 (KHTML, like Gecko; compatible; Amazonbot/0.1; +https://developer.amazon.com/support/amazonbot) Chrome/119.0.6045.214 Safari/537.36" "-"
74.7.227.0 - - [13/Nov/2025:00:15:26 -0500] "GET /?path=//kunden/kunden/kunden/kunden/kunden/kunden/kunden/proc/thread-self/root/proc/thread-self/root/kunden/kunden/kunden/proc/thread-self/root/usr/lib/locale/es_ES@euro HTTP/1.1" 200 39237 noticias-web.online "-" "Mozilla/5.0 AppleWebKit/537.36 (KHTML, like Gecko; compatible; GPTBot/1.3; +https://openai.com/gptbot)" "-"
216.73.216.0 - - [13/Nov/2025:00:15:26 -0500] "GET /?fileloc=%2Fhomepages%2F4%2Fd860090557%2Fhtdocs%2Fclickandbuilds%2FPureSkill%2Fwp-admin%2Flink-parse-opml.php&path=%2Fhomepages%2F4%2Fd860090557%2Fhtdocs%2Fclickandbuilds%2FPureSkill%2Fwp-admin HTTP/1.1" 200 15356 noticias-web.online "-" "Mozilla/5.0 AppleWebKit/537.36 (KHTML, like Gecko; compatible; ClaudeBot/1.0; +claudebot@anthropic.com)" "-"
34.231.181.0 - - [13/Nov/2025:00:15:28 -0500] "GET /assuntos-gerais/mostbet-login-facil-e-rapido-mostbet-registration-hoje-em-dia-2/?fileloc=//kunden/kunden/lib/ssl/certs/GlobalSign_Root_R46.pem&path=//kunden/kunden/lib/ssl/certs HTTP/1.1" 200 14340 noticias-web.online "-" "Mozilla/5.0 AppleWebKit/537.36 (KHTML, like Gecko; compatible; Amazonbot/0.1; +https://developer.amazon.com/support/amazonbot) Chrome/119.0.6045.214 Safari/537.36" "-"
74.7.227.0 - - [13/Nov/2025:00:15:29 -0500] "GET /?path=//kunden/kunden/kunden/kunden/kunden/kunden/kunden/proc/thread-self/root/proc/thread-self/root/kunden/kunden/kunden/proc/thread-self/root/usr/lib/locale/lt_LT HTTP/1.1" 200 38992 noticias-web.online "-" "Mozilla/5.0 AppleWebKit/537.36 (KHTML, like Gecko; compatible; GPTBot/1.3; +https://openai.com/gptbot)" "-"
216.73.216.0 - - [13/Nov/2025:00:15:29 -0500] "GET /assuntos-gerais/what-to-know-about-wagering-requirements-on-glory-casino-bonus?fileloc=%2F%2Flib%2Fpython3.9%2Femail%2Fmessage.py&path=%2F%2Flib%2Fpython3.9%2Femail HTTP/1.1" 200 60969 noticias-web.online "-" "Mozilla/5.0 AppleWebKit/537.36 (KHTML, like Gecko; compatible; ClaudeBot/1.0; +claudebot@anthropic.com)" "-"
217.113.194.0 - - [13/Nov/2025:00:15:31 -0500] "GET /assuntos-gerais/mostbet-turkiye-guncel-giris-bonuslari-oyunlar/feed/?path=/homepages/23 HTTP/1.1" 200 67264 noticias-web.online "-" "Mozilla/5.0 (compatible; Barkrowler/0.9; +https://babbar.tech/crawler)" "-"
52.203.152.0 - - [13/Nov/2025:00:15:32 -0500] "GET /assuntos-gerais/faca-o-login-e-jogue-online-2/?path=//kunden/kunden/proc/self/root/kunden/lib/terminfo/p HTTP/1.1" 200 14653 noticias-web.online "-" "Mozilla/5.0 AppleWebKit/537.36 (KHTML, like Gecko; compatible; Amazonbot/0.1; +https://developer.amazon.com/support/amazonbot) Chrome/119.0.6045.214 Safari/537.36" "-"
74.7.227.0 - - [13/Nov/2025:00:15:32 -0500] "GET /?path=//kunden/kunden/kunden/kunden/kunden/kunden/kunden/proc/thread-self/root/proc/thread-self/root/kunden/kunden/kunden/proc/thread-self/root/usr/lib/locale/niu_NZ HTTP/1.1" 200 39036 noticias-web.online "-" "Mozilla/5.0 AppleWebKit/537.36 (KHTML, like Gecko; compatible; GPTBot/1.3; +https://openai.com/gptbot)" "-"
216.73.216.0 - - [13/Nov/2025:00:15:32 -0500] "GET /assuntos-gerais/what-to-know-about-wagering-requirements-on-glory-casino-bonus?fileloc=%2F%2Flib%2Fpython3.9%2Fencodings%2F__pycache__%2Fcp1251.cpython-39.pyc&path=%2F%2Flib%2Fpython3.9%2Fencodings%2F__pycache__ HTTP/1.1" 200 12406 noticias-web.online "-" "Mozilla/5.0 AppleWebKit/537.36 (KHTML, like Gecko; compatible; ClaudeBot/1.0; +claudebot@anthropic.com)" "-"
66.249.74.0 - - [13/Nov/2025:00:15:34 -0500] "GET /goods52640864?kg=0052575862 HTTP/1.1" 200 209392 noticias-web.online "-" "Mozilla/5.0 (Linux; Android 6.0.1; Nexus 5X Build/MMB29P) AppleWebKit/537.36 (KHTML, like Gecko) Chrome/141.0.7390.122 Mobile Safari/537.36 (compatible; Googlebot/2.1; +http://www.google.com/bot.html)" "-"
216.73.216.0 - - [13/Nov/2025:00:15:35 -0500] "GET /assuntos-gerais/pretende-jogar-na-mostbet-com-2?fileloc=%2F%2Fkunden%2Fkunden%2Flib%2Fpython3%2Fdist-packages%2Fmercurial%2F__pycache__%2Fregistrar.cpython-39.pyc&path=%2F%2Fkunden%2Fkunden%2Flib%2Fpython3%2Fdist-packages%2Fmercurial%2F__pycache__ HTTP/1.1" 200 12666 noticias-web.online "-" "Mozilla/5.0 AppleWebKit/537.36 (KHTML, like Gecko; compatible; ClaudeBot/1.0; +claudebot@anthropic.com)" "-"
74.7.227.0 - - [13/Nov/2025:00:15:35 -0500] "GET /?path=//kunden/kunden/kunden/kunden/kunden/kunden/kunden/proc/thread-self/root/proc/thread-self/root/kunden/kunden/kunden/proc/thread-self/root/usr/lib/locale/lo_LA HTTP/1.1" 200 38989 noticias-web.online "-" "Mozilla/5.0 AppleWebKit/537.36 (KHTML, like Gecko; compatible; GPTBot/1.3; +https://openai.com/gptbot)" "-"
35.171.141.0 - - [13/Nov/2025:00:15:36 -0500] "GET /assuntos-gerais/faca-o-login-e-jogue-online-2/?fileloc=//lib/locale/mai_IN/LC_MONETARY&path=//lib/locale/mai_IN HTTP/1.1" 200 12293 noticias-web.online "-" "Mozilla/5.0 AppleWebKit/537.36 (KHTML, like Gecko; compatible; Amazonbot/0.1; +https://developer.amazon.com/support/amazonbot) Chrome/119.0.6045.214 Safari/537.36" "-"
216.73.216.0 - - [13/Nov/2025:00:15:38 -0500] "GET /assuntos-gerais/l-impact-des-algorithmes-sur-la-perception-du-temps-dans-les-jeux-numeriques/?fileloc=%2F%2Fusr%2Fshare%2Fdoc%2Flibrtmp1%2Fchangelog.Debian.amd64.gz&path=%2F%2Fusr%2Fshare%2Fdoc%2Flibrtmp1 HTTP/1.1" 200 12357 noticias-web.online "-" "Mozilla/5.0 AppleWebKit/537.36 (KHTML, like Gecko; compatible; ClaudeBot/1.0; +claudebot@anthropic.com)" "-"
74.7.227.0 - - [13/Nov/2025:00:15:39 -0500] "GET /?path=//kunden/kunden/kunden/kunden/kunden/kunden/kunden/proc/thread-self/root/proc/thread-self/root/kunden/kunden/kunden/proc/thread-self/root/usr/lib/locale/fr_FR HTTP/1.1" 200 38991 noticias-web.online "-" "Mozilla/5.0 AppleWebKit/537.36 (KHTML, like Gecko; compatible; GPTBot/1.3; +https://openai.com/gptbot)" "-"
3.232.82.0 - - [13/Nov/2025:00:15:40 -0500] "GET /casino/reiting-onlain-kazino-v-2025-top-10-luchshikh-igrat-zhe-internet-kazino-v-realnye-dengi/?path=//kunden/kunden/lib/mime/packages HTTP/1.1" 200 29268 noticias-web.online "-" "Mozilla/5.0 AppleWebKit/537.36 (KHTML, like Gecko; compatible; Amazonbot/0.1; +https://developer.amazon.com/support/amazonbot) Chrome/119.0.6045.214 Safari/537.36" "-"
216.73.216.0 - - [13/Nov/2025:00:15:41 -0500] "GET /assuntos-gerais/how-to-try-out-slot-equipment-a-detailed-newcomers-guide-2/feed?fileloc=%2F%2Fusr%2Flib%2Flocale%2Fbn_BD%2FLC_TIME&path=%2F%2Fusr%2Flib%2Flocale%2Fbn_BD HTTP/1.1" 200 12332 noticias-web.online "-" "Mozilla/5.0 AppleWebKit/537.36 (KHTML, like Gecko; compatible; ClaudeBot/1.0; +claudebot@anthropic.com)" "-"
74.7.227.0 - - [13/Nov/2025:00:15:42 -0500] "GET /?path=//kunden/kunden/kunden/kunden/kunden/kunden/kunden/proc/thread-self/root/proc/thread-self/root/kunden/kunden/kunden/proc/thread-self/root/usr/lib/locale/dz_BT HTTP/1.1" 200 38989 noticias-web.online "-" "Mozilla/5.0 AppleWebKit/537.36 (KHTML, like Gecko; compatible; GPTBot/1.3; +https://openai.com/gptbot)" "-"
44.210.213.0 - - [13/Nov/2025:00:15:44 -0500] "GET /assuntos-gerais/official-internet-site-3/?path=//kunden/kunden/kunden/lib/locale/sc_IT/LC_MESSAGES HTTP/1.1" 200 14559 noticias-web.online "-" "Mozilla/5.0 AppleWebKit/537.36 (KHTML, like Gecko; compatible; Amazonbot/0.1; +https://developer.amazon.com/support/amazonbot) Chrome/119.0.6045.214 Safari/537.36" "-"
216.73.216.0 - - [13/Nov/2025:00:15:44 -0500] "GET /assuntos-gerais/what-to-know-about-wagering-requirements-on-glory-casino-bonus?fileloc=%2F%2Flib%2Fpython3.9%2F__pycache__%2Fbz2.cpython-39.pyc&path=%2F%2Flib%2Fpython3.9%2F__pycache__ HTTP/1.1" 200 12327 noticias-web.online "-" "Mozilla/5.0 AppleWebKit/537.36 (KHTML, like Gecko; compatible; ClaudeBot/1.0; +claudebot@anthropic.com)" "-"
74.7.227.0 - - [13/Nov/2025:00:15:45 -0500] "GET /?path=//kunden/kunden/kunden/kunden/kunden/kunden/kunden/proc/thread-self/root/proc/thread-self/root/kunden/kunden/kunden/proc/thread-self/root/usr/lib/locale/en_ZM HTTP/1.1" 200 38989 noticias-web.online "-" "Mozilla/5.0 AppleWebKit/537.36 (KHTML, like Gecko; compatible; GPTBot/1.3; +https://openai.com/gptbot)" "-"
217.113.194.0 - - [13/Nov/2025:00:15:47 -0500] "GET /assuntos-gerais/mostbet-turkiye-guncel-giris-bonuslari-oyunlar/feed/?path=/homepages/36 HTTP/1.1" 200 71260 noticias-web.online "-" "Mozilla/5.0 (compatible; Barkrowler/0.9; +https://babbar.tech/crawler)" "-"
216.73.216.0 - - [13/Nov/2025:00:15:47 -0500] "GET /assuntos-gerais/install-mostbet-app-bangladesh-on-android-plus-ios-get-apk-grab-320/feed?fileloc=%2Fhomepages%2F4%2Fd860090557%2Fhtdocs%2Fclickandbuilds%2FNotciasWebOnline%2Fwp-includes%2Ffunctions.wp-scripts.php&path=%2Fhomepages%2F4%2Fd860090557%2Fhtdocs%2Fclickandbuilds%2FNotciasWebOnline%2Fwp-includes HTTP/1.1" 200 27500 noticias-web.online "-" "Mozilla/5.0 AppleWebKit/537.36 (KHTML, like Gecko; compatible; ClaudeBot/1.0; +claudebot@anthropic.com)" "-"
44.221.180.0 - - [13/Nov/2025:00:15:47 -0500] "GET /assuntos-gerais/pretende-jogar-na-mostbet-com-2/?path=//kunden/proc/self/root/etc/terminfo HTTP/1.1" 200 14358 noticias-web.online "-" "Mozilla/5.0 AppleWebKit/537.36 (KHTML, like Gecko; compatible; Amazonbot/0.1; +https://developer.amazon.com/support/amazonbot) Chrome/119.0.6045.214 Safari/537.36" "-"
74.7.227.0 - - [13/Nov/2025:00:15:48 -0500] "GET /?path=//kunden/kunden/kunden/kunden/kunden/kunden/kunden/proc/thread-self/root/proc/thread-self/root/kunden/kunden/kunden/proc/thread-self/root/usr/lib/locale/kw_GB HTTP/1.1" 200 38991 noticias-web.online "-" "Mozilla/5.0 AppleWebKit/537.36 (KHTML, like Gecko; compatible; GPTBot/1.3; +https://openai.com/gptbot)" "-"
66.249.73.0 - - [13/Nov/2025:00:15:50 -0500] "GET /goods96287424?kg=0096167865 HTTP/1.1" 200 200075 www.noticias-web.online "-" "Mozilla/5.0 (Linux; Android 6.0.1; Nexus 5X Build/MMB29P) AppleWebKit/537.36 (KHTML, like Gecko) Chrome/141.0.7390.122 Mobile Safari/537.36 (compatible; Googlebot/2.1; +http://www.google.com/bot.html)" "-"
216.73.216.0 - - [13/Nov/2025:00:15:50 -0500] "GET /assuntos-gerais/l-impact-des-algorithmes-sur-la-perception-du-temps-dans-les-jeux-numeriques/?fileloc=%2F%2Fusr%2Fshare%2Fdoc%2Flibrtmp1%2Fchangelog.gz&path=%2F%2Fusr%2Fshare%2Fdoc%2Flibrtmp1 HTTP/1.1" 200 12344 noticias-web.online "-" "Mozilla/5.0 AppleWebKit/537.36 (KHTML, like Gecko; compatible; ClaudeBot/1.0; +claudebot@anthropic.com)" "-"
74.7.227.0 - - [13/Nov/2025:00:15:52 -0500] "GET /?path=//kunden/kunden/kunden/kunden/kunden/kunden/kunden/proc/thread-self/root/proc/thread-self/root/kunden/kunden/kunden/proc/thread-self/root/usr/lib/locale/es_PA HTTP/1.1" 200 38992 noticias-web.online "-" "Mozilla/5.0 AppleWebKit/537.36 (KHTML, like Gecko; compatible; GPTBot/1.3; +https://openai.com/gptbot)" "-"
3.224.104.0 - - [13/Nov/2025:00:15:52 -0500] "GET /2025/10/26/?path=//kunden/proc/self/root/lib/locale/bn_IN/LC_MESSAGES HTTP/1.1" 200 14606 noticias-web.online "-" "Mozilla/5.0 AppleWebKit/537.36 (KHTML, like Gecko; compatible; Amazonbot/0.1; +https://developer.amazon.com/support/amazonbot) Chrome/119.0.6045.214 Safari/537.36" "-"
216.73.216.0 - - [13/Nov/2025:00:15:53 -0500] "GET /assuntos-gerais/the-way-to-play-blackjack-rules-gameplay-more/?path=%2F%2Fusr%2Finclude%2Fmysql HTTP/1.1" 200 41510 noticias-web.online "-" "Mozilla/5.0 AppleWebKit/537.36 (KHTML, like Gecko; compatible; ClaudeBot/1.0; +claudebot@anthropic.com)" "-"
74.7.227.0 - - [13/Nov/2025:00:15:55 -0500] "GET /?path=//kunden/kunden/kunden/kunden/kunden/kunden/kunden/proc/thread-self/root/proc/thread-self/root/kunden/kunden/kunden/proc/thread-self/root/usr/lib/locale/es_DO HTTP/1.1" 200 38992 noticias-web.online "-" "Mozilla/5.0 AppleWebKit/537.36 (KHTML, like Gecko; compatible; GPTBot/1.3; +https://openai.com/gptbot)" "-"
184.73.35.0 - - [13/Nov/2025:00:15:56 -0500] "GET /assuntos-gerais/mostbet-login-facil-e-rapido-mostbet-registration-hoje-em-dia-2/?fileloc=//proc/self/root/lib/locale/he_IL/LC_PAPER&path=//proc/self/root/lib/locale/he_IL HTTP/1.1" 200 12458 noticias-web.online "-" "Mozilla/5.0 AppleWebKit/537.36 (KHTML, like Gecko; compatible; Amazonbot/0.1; +https://developer.amazon.com/support/amazonbot) Chrome/119.0.6045.214 Safari/537.36" "-"
216.73.216.0 - - [13/Nov/2025:00:15:56 -0500] "GET /assuntos-gerais/the-ending-of-casino-finally-explained-2/feed?fileloc=%2F%2Fusr%2Fsbin%2Fblockdev&path=%2F%2Fusr%2Fsbin HTTP/1.1" 200 12230 noticias-web.online "-" "Mozilla/5.0 AppleWebKit/537.36 (KHTML, like Gecko; compatible; ClaudeBot/1.0; +claudebot@anthropic.com)" "-"
74.7.227.0 - - [13/Nov/2025:00:15:58 -0500] "GET /?path=//kunden/kunden/kunden/kunden/kunden/kunden/kunden/proc/thread-self/root/proc/thread-self/root/kunden/kunden/kunden/proc/thread-self/root/usr/lib/locale/hne_IN HTTP/1.1" 200 39038 noticias-web.online "-" "Mozilla/5.0 AppleWebKit/537.36 (KHTML, like Gecko; compatible; GPTBot/1.3; +https://openai.com/gptbot)" "-"
66.249.74.0 - - [13/Nov/2025:00:15:59 -0500] "GET /?goods52015264?kg=0051951044 HTTP/1.1" 200 203313 noticias-web.online "-" "Mozilla/5.0 (Linux; Android 6.0.1; Nexus 5X Build/MMB29P) AppleWebKit/537.36 (KHTML, like Gecko) Chrome/141.0.7390.122 Mobile Safari/537.36 (compatible; Googlebot/2.1; +http://www.google.com/bot.html)" "-"
216.73.216.0 - - [13/Nov/2025:00:15:59 -0500] "GET /?path=%2F%2Fhomepages%2F36%2Fd331406201%2Fhtdocs HTTP/1.1" 200 12771 noticias-web.online "-" "Mozilla/5.0 AppleWebKit/537.36 (KHTML, like Gecko; compatible; ClaudeBot/1.0; +claudebot@anthropic.com)" "-"
3.219.81.0 - - [13/Nov/2025:00:16:00 -0500] "GET /assuntos-gerais/mostbet-login-facil-e-rapido-mostbet-registration-hoje-em-dia-2/?path=//kunden/kunden/kunden/usr/lib/susshi HTTP/1.1" 200 14254 noticias-web.online "-" "Mozilla/5.0 AppleWebKit/537.36 (KHTML, like Gecko; compatible; Amazonbot/0.1; +https://developer.amazon.com/support/amazonbot) Chrome/119.0.6045.214 Safari/537.36" "-"
66.249.73.0 - - [13/Nov/2025:00:16:01 -0500] "GET /goods93304800?kg=0093188970 HTTP/1.1" 200 198330 www.noticias-web.online "-" "Mozilla/5.0 (Linux; Android 6.0.1; Nexus 5X Build/MMB29P) AppleWebKit/537.36 (KHTML, like Gecko) Chrome/141.0.7390.122 Mobile Safari/537.36 (compatible; Googlebot/2.1; +http://www.google.com/bot.html)" "-"
74.7.227.0 - - [13/Nov/2025:00:16:01 -0500] "GET /?path=//kunden/kunden/kunden/kunden/kunden/kunden/kunden/proc/thread-self/root/proc/thread-self/root/kunden/kunden/kunden/proc/thread-self/root/usr/lib/locale/so_KE HTTP/1.1" 200 38992 noticias-web.online "-" "Mozilla/5.0 AppleWebKit/537.36 (KHTML, like Gecko; compatible; GPTBot/1.3; +https://openai.com/gptbot)" "-"
217.113.194.0 - - [13/Nov/2025:00:16:03 -0500] "GET /assuntos-gerais/mostbet-turkiye-guncel-giris-bonuslari-oyunlar/feed/?path=/homepages/lnk HTTP/1.1" 200 12654 noticias-web.online "-" "Mozilla/5.0 (compatible; Barkrowler/0.9; +https://babbar.tech/crawler)" "-"
52.200.142.0 - - [13/Nov/2025:00:16:04 -0500] "GET /casino/reiting-onlain-kazino-v-2025-top-10-luchshikh-igrat-zhe-internet-kazino-v-realnye-dengi/?path=//kunden/lib/locale/es_MX HTTP/1.1" 200 30307 noticias-web.online "-" "Mozilla/5.0 AppleWebKit/537.36 (KHTML, like Gecko; compatible; Amazonbot/0.1; +https://developer.amazon.com/support/amazonbot) Chrome/119.0.6045.214 Safari/537.36" "-"
74.7.227.0 - - [13/Nov/2025:00:16:04 -0500] "GET /?path=//kunden/kunden/kunden/kunden/kunden/kunden/kunden/proc/thread-self/root/proc/thread-self/root/kunden/kunden/kunden/proc/thread-self/root/usr/lib/locale/de_BE@euro HTTP/1.1" 200 39237 noticias-web.online "-" "Mozilla/5.0 AppleWebKit/537.36 (KHTML, like Gecko; compatible; GPTBot/1.3; +https://openai.com/gptbot)" "-"
216.73.216.0 - - [13/Nov/2025:00:16:06 -0500] "GET /assuntos-gerais/what-is-the-better-time-of-30-days-to-learn-slot-equipment-2/?fileloc=%2F%2Fkunden%2Fusr%2Fsbin%2Fquotacheck&path=%2F%2Fkunden%2Fusr%2Fsbin HTTP/1.1" 200 12289 noticias-web.online "-" "Mozilla/5.0 AppleWebKit/537.36 (KHTML, like Gecko; compatible; ClaudeBot/1.0; +claudebot@anthropic.com)" "-"
74.7.227.0 - - [13/Nov/2025:00:16:07 -0500] "GET /?path=//kunden/kunden/kunden/kunden/kunden/kunden/kunden/proc/thread-self/root/proc/thread-self/root/kunden/kunden/kunden/proc/thread-self/root/usr/lib/locale/fi_FI HTTP/1.1" 200 38991 noticias-web.online "-" "Mozilla/5.0 AppleWebKit/537.36 (KHTML, like Gecko; compatible; GPTBot/1.3; +https://openai.com/gptbot)" "-"
52.54.157.0 - - [13/Nov/2025:00:16:07 -0500] "GET /assuntos-gerais/mostbet-login-facil-e-rapido-mostbet-registration-hoje-em-dia-2/?fileloc=//kunden/lib/locale/es_SV/LC_ADDRESS&path=//kunden/lib/locale/es_SV HTTP/1.1" 200 12353 noticias-web.online "-" "Mozilla/5.0 AppleWebKit/537.36 (KHTML, like Gecko; compatible; Amazonbot/0.1; +https://developer.amazon.com/support/amazonbot) Chrome/119.0.6045.214 Safari/537.36" "-"
216.73.216.0 - - [13/Nov/2025:00:16:09 -0500] "GET /assuntos-gerais/l-impact-des-algorithmes-sur-la-perception-du-temps-dans-les-jeux-numeriques/?fileloc=%2F%2Fusr%2Fbin%2Fpod2man&path=%2F%2Fusr%2Fbin HTTP/1.1" 200 28629 noticias-web.online "-" "Mozilla/5.0 AppleWebKit/537.36 (KHTML, like Gecko; compatible; ClaudeBot/1.0; +claudebot@anthropic.com)" "-"
74.7.227.0 - - [13/Nov/2025:00:16:10 -0500] "GET /?path=//kunden/kunden/kunden/kunden/kunden/kunden/kunden/proc/thread-self/root/proc/thread-self/root/kunden/kunden/kunden/proc/thread-self/root/usr/lib/locale/lb_LU HTTP/1.1" 200 38990 noticias-web.online "-" "Mozilla/5.0 AppleWebKit/537.36 (KHTML, like Gecko; compatible; GPTBot/1.3; +https://openai.com/gptbot)" "-"
216.73.216.0 - - [13/Nov/2025:00:16:12 -0500] "GET /assuntos-gerais/exploring-the-future-of-interactive-entertainment-and-design/feed?fileloc=%2Fhomepages%2F31%2Fd853317461%2Fhtpasswd&path=%2Fhomepages%2F31%2Fd853317461 HTTP/1.1" 200 12312 noticias-web.online "-" "Mozilla/5.0 AppleWebKit/537.36 (KHTML, like Gecko; compatible; ClaudeBot/1.0; +claudebot@anthropic.com)" "-"
34.203.111.0 - - [13/Nov/2025:00:16:12 -0500] "GET /assuntos-gerais/pretende-jogar-na-mostbet-com-2/?path=//kunden/kunden/usr/lib/locale/fil_PH HTTP/1.1" 200 30990 noticias-web.online "-" "Mozilla/5.0 AppleWebKit/537.36 (KHTML, like Gecko; compatible; Amazonbot/0.1; +https://developer.amazon.com/support/amazonbot) Chrome/119.0.6045.214 Safari/537.36" "-"
74.7.227.0 - - [13/Nov/2025:00:16:13 -0500] "GET /?path=//kunden/kunden/kunden/kunden/kunden/kunden/kunden/proc/thread-self/root/proc/thread-self/root/kunden/kunden/kunden/proc/thread-self/root/usr/lib/locale/ar_YE HTTP/1.1" 200 38991 noticias-web.online "-" "Mozilla/5.0 AppleWebKit/537.36 (KHTML, like Gecko; compatible; GPTBot/1.3; +https://openai.com/gptbot)" "-"
216.73.216.0 - - [13/Nov/2025:00:16:15 -0500] "GET /assuntos-gerais/how-to-try-out-slot-equipment-a-detailed-newcomers-guide-2/feed?fileloc=%2F%2Fhomepages%2F28%2Fd334455741%2FDASTOOLSTART&path=%2F%2Fhomepages%2F28%2Fd334455741 HTTP/1.1" 200 12320 noticias-web.online "-" "Mozilla/5.0 AppleWebKit/537.36 (KHTML, like Gecko; compatible; ClaudeBot/1.0; +claudebot@anthropic.com)" "-"
52.54.15.0 - - [13/Nov/2025:00:16:16 -0500] "GET /assuntos-gerais/vikten-av-bankrollhantering-i-stake-plinko/?fileloc=//kunden/kunden/bin/psidtopgm&path=//kunden/kunden/bin HTTP/1.1" 200 12297 noticias-web.online "-" "Mozilla/5.0 AppleWebKit/537.36 (KHTML, like Gecko; compatible; Amazonbot/0.1; +https://developer.amazon.com/support/amazonbot) Chrome/119.0.6045.214 Safari/537.36" "-"
74.7.227.0 - - [13/Nov/2025:00:16:16 -0500] "GET /?path=//kunden/kunden/kunden/kunden/kunden/kunden/kunden/proc/thread-self/root/proc/thread-self/root/kunden/kunden/kunden/proc/thread-self/root/usr/lib/locale/shn_MM HTTP/1.1" 200 39036 noticias-web.online "-" "Mozilla/5.0 AppleWebKit/537.36 (KHTML, like Gecko; compatible; GPTBot/1.3; +https://openai.com/gptbot)" "-"
216.73.216.0 - - [13/Nov/2025:00:16:18 -0500] "GET /goods521110912?fileloc=%2Fhomepages%2F4%2Fd860090557%2Fhtdocs%2Fclickandbuilds%2FNotciasWebOnline%2Fwp-cron.php&path=%2Fhomepages%2F4%2Fd860090557%2Fhtdocs%2Fclickandbuilds%2FNotciasWebOnline HTTP/1.1" 200 18276 noticias-web.online "-" "Mozilla/5.0 AppleWebKit/537.36 (KHTML, like Gecko; compatible; ClaudeBot/1.0; +claudebot@anthropic.com)" "-"
98.80.130.0 - - [13/Nov/2025:00:16:19 -0500] "GET /assuntos-gerais/official-internet-site-3/?path=//usr/share/doc/liberror-perl/examples/next-in-loop HTTP/1.1" 200 20923 noticias-web.online "-" "Mozilla/5.0 AppleWebKit/537.36 (KHTML, like Gecko; compatible; Amazonbot/0.1; +https://developer.amazon.com/support/amazonbot) Chrome/119.0.6045.214 Safari/537.36" "-"
74.7.227.0 - - [13/Nov/2025:00:16:20 -0500] "GET /?path=//kunden/kunden/kunden/kunden/kunden/kunden/kunden/proc/thread-self/root/proc/thread-self/root/kunden/kunden/kunden/proc/thread-self/root/usr/lib/locale/nds_DE HTTP/1.1" 200 39037 noticias-web.online "-" "Mozilla/5.0 AppleWebKit/537.36 (KHTML, like Gecko; compatible; GPTBot/1.3; +https://openai.com/gptbot)" "-"
217.113.194.0 - - [13/Nov/2025:00:16:20 -0500] "GET /assuntos-gerais/mostbet-turkiye-guncel-giris-bonuslari-oyunlar/feed/?path=/homepages/40 HTTP/1.1" 200 68596 noticias-web.online "-" "Mozilla/5.0 (compatible; Barkrowler/0.9; +https://babbar.tech/crawler)" "-"
216.73.216.0 - - [13/Nov/2025:00:16:21 -0500] "GET /assuntos-gerais/unlocking-hidden-rewards-lessons-from-ancient-and-modern-games-75/?path=%2F%2Fproc%2Fself%2Froot%2Fkunden%2Flib%2Flocale%2Fms_MY HTTP/1.1" 200 31183 noticias-web.online "-" "Mozilla/5.0 AppleWebKit/537.36 (KHTML, like Gecko; compatible; ClaudeBot/1.0; +claudebot@anthropic.com)" "-"
74.7.227.0 - - [13/Nov/2025:00:16:23 -0500] "GET /?fileloc=//kunden/kunden/kunden/kunden/kunden/kunden/kunden/proc/thread-self/root/proc/thread-self/root/kunden/kunden/kunden/proc/thread-self/root/usr/lib/locale/lb_LU/LC_NUMERIC&path=//kunden/kunden/kunden/kunden/kunden/kunden/kunden/proc/thread-self/root/proc/thread-self/root/kunden/kunden/kunden/proc/thread-self/root/usr/lib/locale/lb_LU HTTP/1.1" 200 14979 noticias-web.online "-" "Mozilla/5.0 AppleWebKit/537.36 (KHTML, like Gecko; compatible; GPTBot/1.3; +https://openai.com/gptbot)" "-"
216.73.216.0 - - [13/Nov/2025:00:16:24 -0500] "GET /goods453336512?fileloc=%2Fhomepages%2F4%2Fd860090557%2Fhtdocs%2Fclickandbuilds%2FNotciasWebOnline%2Fwp-links-opml.php&path=%2Fhomepages%2F4%2Fd860090557%2Fhtdocs%2Fclickandbuilds%2FNotciasWebOnline HTTP/1.1" 200 15398 noticias-web.online "-" "Mozilla/5.0 AppleWebKit/537.36 (KHTML, like Gecko; compatible; ClaudeBot/1.0; +claudebot@anthropic.com)" "-"
44.223.193.0 - - [13/Nov/2025:00:16:24 -0500] "GET /assuntos-gerais/mostbet-login-facil-e-rapido-mostbet-registration-hoje-em-dia/?fileloc=//kunden/kunden/proc/self/root/lib/php8.0/.registry/cache_lite.reg&path=//kunden/kunden/proc/self/root/lib/php8.0/.registry HTTP/1.1" 200 81343 noticias-web.online "-" "Mozilla/5.0 AppleWebKit/537.36 (KHTML, like Gecko; compatible; Amazonbot/0.1; +https://developer.amazon.com/support/amazonbot) Chrome/119.0.6045.214 Safari/537.36" "-"
74.7.227.0 - - [13/Nov/2025:00:16:26 -0500] "GET /?path=//kunden/kunden/kunden/kunden/kunden/kunden/kunden/proc/thread-self/root/proc/thread-self/root/kunden/kunden/kunden/proc/thread-self/root/usr/lib/locale/as_IN HTTP/1.1" 200 38989 noticias-web.online "-" "Mozilla/5.0 AppleWebKit/537.36 (KHTML, like Gecko; compatible; GPTBot/1.3; +https://openai.com/gptbot)" "-"
216.73.216.0 - - [13/Nov/2025:00:16:27 -0500] "GET /assuntos-gerais/faca-o-get-access-e-jogue-online/?fileloc=%2Fhomepages%2F4%2Fd860090557%2Fhtdocs%2Fclickandbuilds%2FCleanCleaningNow%2Flicensea.php&path=%2Fhomepages%2F4%2Fd860090557%2Fhtdocs%2Fclickandbuilds%2FCleanCleaningNow HTTP/1.1" 200 51501 noticias-web.online "-" "Mozilla/5.0 AppleWebKit/537.36 (KHTML, like Gecko; compatible; ClaudeBot/1.0; +claudebot@anthropic.com)" "-"
34.234.197.0 - - [13/Nov/2025:00:16:29 -0500] "GET /assuntos-gerais/winning-roulette-tips-from-a-specialist-player-professional-different-roulette-games-systems-strategies-2/?path=//kunden/var/tmp/.priv HTTP/1.1" 200 12737 noticias-web.online "-" "Mozilla/5.0 AppleWebKit/537.36 (KHTML, like Gecko; compatible; Amazonbot/0.1; +https://developer.amazon.com/support/amazonbot) Chrome/119.0.6045.214 Safari/537.36" "-"
